[INFO] fetching crate orx-parallel 1.16.0...
[INFO] testing orx-parallel-1.16.0 against beta-2025-02-28 for beta-1.86-3
[INFO] extracting crate orx-parallel 1.16.0 into /workspace/builds/worker-1-tc2/source
[INFO] validating manifest of crates.io crate orx-parallel 1.16.0 on toolchain beta-2025-02-28
[INFO] running `Command { std: CARGO_HOME="/workspace/cargo-home" RUSTUP_HOME="/workspace/rustup-home" "/workspace/cargo-home/bin/cargo" "+beta-2025-02-28" "metadata" "--manifest-path" "Cargo.toml" "--no-deps", kill_on_drop: false }`
[INFO] started tweaking crates.io crate orx-parallel 1.16.0
[INFO] removed 0 missing tests
[INFO] finished tweaking crates.io crate orx-parallel 1.16.0
[INFO] tweaked toml for crates.io crate orx-parallel 1.16.0 written to /workspace/builds/worker-1-tc2/source/Cargo.toml
[INFO] running `Command { std: CARGO_HOME="/workspace/cargo-home" RUSTUP_HOME="/workspace/rustup-home" "/workspace/cargo-home/bin/cargo" "+beta-2025-02-28" "generate-lockfile" "--manifest-path" "Cargo.toml", kill_on_drop: false }`
[INFO] [stderr]     Updating crates.io index
[INFO] [stderr]      Locking 102 packages to latest compatible versions
[INFO] [stderr]       Adding rand v0.8.5 (available: v0.9.0)
[INFO] [stderr]       Adding rand_chacha v0.3.1 (available: v0.9.0)
[INFO] running `Command { std: CARGO_HOME="/workspace/cargo-home" RUSTUP_HOME="/workspace/rustup-home" "/workspace/cargo-home/bin/cargo" "+beta-2025-02-28" "fetch" "--manifest-path" "Cargo.toml", kill_on_drop: false }`
[INFO] running `Command { std: "docker" "create" "-v" "/var/lib/crater-agent-workspace/builds/worker-1-tc2/target:/opt/rustwide/target:rw,Z" "-v" "/var/lib/crater-agent-workspace/builds/worker-1-tc2/source:/opt/rustwide/workdir:ro,Z" "-v" "/var/lib/crater-agent-workspace/cargo-home:/opt/rustwide/cargo-home:ro,Z" "-v" "/var/lib/crater-agent-workspace/rustup-home:/opt/rustwide/rustup-home:ro,Z" "-e" "SOURCE_DIR=/opt/rustwide/workdir" "-e" "CARGO_TARGET_DIR=/opt/rustwide/target" "-e" "CARGO_HOME=/opt/rustwide/cargo-home" "-e" "RUSTUP_HOME=/opt/rustwide/rustup-home" "-w" "/opt/rustwide/workdir" "-m" "1610612736" "--user" "0:0" "--network" "none" "ghcr.io/rust-lang/crates-build-env/linux@sha256:3959728d45483eb673ba100a951a6b9f5012970368db2a9e08e0ac9b67c8a5ad" "/opt/rustwide/cargo-home/bin/cargo" "+beta-2025-02-28" "metadata" "--no-deps" "--format-version=1", kill_on_drop: false }`
[INFO] [stdout] e1cccd39b388f0227e920fd68d1e5bb581216d623b0733a1e6e9fbe31b5681d9
[INFO] running `Command { std: "docker" "start" "-a" "e1cccd39b388f0227e920fd68d1e5bb581216d623b0733a1e6e9fbe31b5681d9", kill_on_drop: false }`
[INFO] running `Command { std: "docker" "inspect" "e1cccd39b388f0227e920fd68d1e5bb581216d623b0733a1e6e9fbe31b5681d9", kill_on_drop: false }`
[INFO] running `Command { std: "docker" "rm" "-f" "e1cccd39b388f0227e920fd68d1e5bb581216d623b0733a1e6e9fbe31b5681d9", kill_on_drop: false }`
[INFO] [stdout] e1cccd39b388f0227e920fd68d1e5bb581216d623b0733a1e6e9fbe31b5681d9
[INFO] running `Command { std: "docker" "create" "-v" "/var/lib/crater-agent-workspace/builds/worker-1-tc2/target:/opt/rustwide/target:rw,Z" "-v" "/var/lib/crater-agent-workspace/builds/worker-1-tc2/source:/opt/rustwide/workdir:ro,Z" "-v" "/var/lib/crater-agent-workspace/cargo-home:/opt/rustwide/cargo-home:ro,Z" "-v" "/var/lib/crater-agent-workspace/rustup-home:/opt/rustwide/rustup-home:ro,Z" "-e" "SOURCE_DIR=/opt/rustwide/workdir" "-e" "CARGO_TARGET_DIR=/opt/rustwide/target" "-e" "CARGO_INCREMENTAL=0" "-e" "RUST_BACKTRACE=full" "-e" "RUSTFLAGS=--cap-lints=warn" "-e" "RUSTDOCFLAGS=--cap-lints=warn" "-e" "CARGO_HOME=/opt/rustwide/cargo-home" "-e" "RUSTUP_HOME=/opt/rustwide/rustup-home" "-w" "/opt/rustwide/workdir" "-m" "1610612736" "--user" "0:0" "--network" "none" "ghcr.io/rust-lang/crates-build-env/linux@sha256:3959728d45483eb673ba100a951a6b9f5012970368db2a9e08e0ac9b67c8a5ad" "/opt/rustwide/cargo-home/bin/cargo" "+beta-2025-02-28" "build" "--frozen" "--message-format=json", kill_on_drop: false }`
[INFO] [stdout] 0883a5e23c107b2cc5c1f91e4202d869d929fd77c21b8f09868a95e04efea399
[INFO] running `Command { std: "docker" "start" "-a" "0883a5e23c107b2cc5c1f91e4202d869d929fd77c21b8f09868a95e04efea399", kill_on_drop: false }`
[INFO] [stderr]    Compiling orx-self-or v1.1.1
[INFO] [stderr]    Compiling orx-pseudo-default v2.0.0
[INFO] [stderr]    Compiling orx-priority-queue v1.5.0
[INFO] [stderr]    Compiling orx-concurrent-iter v1.30.0
[INFO] [stderr]    Compiling orx-iterable v1.2.0
[INFO] [stderr]    Compiling orx-pinned-vec v3.15.0
[INFO] [stderr]    Compiling orx-fixed-vec v3.15.0
[INFO] [stderr]    Compiling orx-split-vec v3.15.0
[INFO] [stderr]    Compiling orx-pinned-concurrent-col v2.12.0
[INFO] [stderr]    Compiling orx-concurrent-ordered-bag v2.11.0
[INFO] [stderr]    Compiling orx-concurrent-bag v2.11.0
[INFO] [stderr]    Compiling orx-parallel v1.16.0 (/opt/rustwide/workdir)
[INFO] [stderr]     Finished `dev` profile [unoptimized + debuginfo] target(s) in 1.93s
[INFO] running `Command { std: "docker" "inspect" "0883a5e23c107b2cc5c1f91e4202d869d929fd77c21b8f09868a95e04efea399", kill_on_drop: false }`
[INFO] running `Command { std: "docker" "rm" "-f" "0883a5e23c107b2cc5c1f91e4202d869d929fd77c21b8f09868a95e04efea399", kill_on_drop: false }`
[INFO] [stdout] 0883a5e23c107b2cc5c1f91e4202d869d929fd77c21b8f09868a95e04efea399
[INFO] running `Command { std: "docker" "create" "-v" "/var/lib/crater-agent-workspace/builds/worker-1-tc2/target:/opt/rustwide/target:rw,Z" "-v" "/var/lib/crater-agent-workspace/builds/worker-1-tc2/source:/opt/rustwide/workdir:ro,Z" "-v" "/var/lib/crater-agent-workspace/cargo-home:/opt/rustwide/cargo-home:ro,Z" "-v" "/var/lib/crater-agent-workspace/rustup-home:/opt/rustwide/rustup-home:ro,Z" "-e" "SOURCE_DIR=/opt/rustwide/workdir" "-e" "CARGO_TARGET_DIR=/opt/rustwide/target" "-e" "CARGO_INCREMENTAL=0" "-e" "RUST_BACKTRACE=full" "-e" "RUSTFLAGS=--cap-lints=warn" "-e" "RUSTDOCFLAGS=--cap-lints=warn" "-e" "CARGO_HOME=/opt/rustwide/cargo-home" "-e" "RUSTUP_HOME=/opt/rustwide/rustup-home" "-w" "/opt/rustwide/workdir" "-m" "1610612736" "--user" "0:0" "--network" "none" "ghcr.io/rust-lang/crates-build-env/linux@sha256:3959728d45483eb673ba100a951a6b9f5012970368db2a9e08e0ac9b67c8a5ad" "/opt/rustwide/cargo-home/bin/cargo" "+beta-2025-02-28" "test" "--frozen" "--no-run" "--message-format=json", kill_on_drop: false }`
[INFO] [stdout] dd42db2bc8d5d7a7f43f108c530cc44193bbf94190ae374ea250570c6d8732dc
[INFO] running `Command { std: "docker" "start" "-a" "dd42db2bc8d5d7a7f43f108c530cc44193bbf94190ae374ea250570c6d8732dc", kill_on_drop: false }`
[INFO] [stderr]    Compiling proc-macro2 v1.0.93
[INFO] [stderr]    Compiling unicode-ident v1.0.17
[INFO] [stderr]    Compiling libc v0.2.170
[INFO] [stderr]    Compiling crossbeam-utils v0.8.21
[INFO] [stderr]    Compiling serde v1.0.218
[INFO] [stderr]    Compiling orx-iterable v1.2.0
[INFO] [stderr]    Compiling autocfg v1.4.0
[INFO] [stderr]    Compiling serde_json v1.0.139
[INFO] [stderr]    Compiling rayon-core v1.12.1
[INFO] [stderr]    Compiling byteorder v1.5.0
[INFO] [stderr]    Compiling either v1.14.0
[INFO] [stderr]    Compiling half v2.4.1
[INFO] [stderr]    Compiling plotters-backend v0.3.7
[INFO] [stderr]    Compiling orx-pinned-vec v3.15.0
[INFO] [stderr]    Compiling num-traits v0.2.19
[INFO] [stderr]    Compiling itoa v1.0.14
[INFO] [stderr]    Compiling orx-fixed-vec v3.15.0
[INFO] [stderr]    Compiling orx-split-vec v3.15.0
[INFO] [stderr]    Compiling anstyle v1.0.10
[INFO] [stderr]    Compiling crossbeam-epoch v0.9.18
[INFO] [stderr]    Compiling quote v1.0.38
[INFO] [stderr]    Compiling getrandom v0.2.15
[INFO] [stderr]    Compiling syn v2.0.98
[INFO] [stderr]    Compiling ryu v1.0.19
[INFO] [stderr]    Compiling crossbeam-deque v0.8.6
[INFO] [stderr]    Compiling ciborium-io v0.2.2
[INFO] [stderr]    Compiling regex-syntax v0.8.5
[INFO] [stderr]    Compiling clap_lex v0.7.4
[INFO] [stderr]    Compiling orx-pinned-concurrent-col v2.12.0
[INFO] [stderr]    Compiling memchr v2.7.4
[INFO] [stderr]    Compiling ciborium-ll v0.2.2
[INFO] [stderr]    Compiling clap_builder v4.5.31
[INFO] [stderr]    Compiling rand_core v0.6.4
[INFO] [stderr]    Compiling plotters-svg v0.3.7
[INFO] [stderr]    Compiling itertools v0.10.5
[INFO] [stderr]    Compiling cast v0.3.0
[INFO] [stderr]    Compiling same-file v1.0.6
[INFO] [stderr]    Compiling walkdir v2.5.0
[INFO] [stderr]    Compiling plotters v0.3.7
[INFO] [stderr]    Compiling rayon v1.10.0
[INFO] [stderr]    Compiling orx-concurrent-bag v2.11.0
[INFO] [stderr]    Compiling orx-concurrent-ordered-bag v2.11.0
[INFO] [stderr]    Compiling is-terminal v0.4.15
[INFO] [stderr]    Compiling oorandom v11.1.4
[INFO] [stderr]    Compiling anes v0.1.6
[INFO] [stderr]    Compiling regex-automata v0.4.9
[INFO] [stderr]    Compiling once_cell v1.20.3
[INFO] [stderr]    Compiling criterion-plot v0.5.0
[INFO] [stderr]    Compiling iana-time-zone v0.1.61
[INFO] [stderr]    Compiling clap v4.5.31
[INFO] [stderr]    Compiling chrono v0.4.40
[INFO] [stderr]    Compiling orx-parallel v1.16.0 (/opt/rustwide/workdir)
[INFO] [stderr]    Compiling regex v1.11.1
[INFO] [stderr]    Compiling test-case-core v3.3.1
[INFO] [stderr]    Compiling serde_derive v1.0.218
[INFO] [stderr]    Compiling zerocopy-derive v0.7.35
[INFO] [stderr]    Compiling test-case-macros v3.3.1
[INFO] [stderr]    Compiling test-case v3.3.1
[INFO] [stderr]    Compiling zerocopy v0.7.35
[INFO] [stderr]    Compiling ppv-lite86 v0.2.20
[INFO] [stderr]    Compiling rand_chacha v0.3.1
[INFO] [stderr]    Compiling rand v0.8.5
[INFO] [stderr]    Compiling ciborium v0.2.2
[INFO] [stderr]    Compiling tinytemplate v1.2.1
[INFO] [stderr]    Compiling criterion v0.5.1
[INFO] [stderr]     Finished `test` profile [unoptimized + debuginfo] target(s) in 25.70s
[INFO] running `Command { std: "docker" "inspect" "dd42db2bc8d5d7a7f43f108c530cc44193bbf94190ae374ea250570c6d8732dc", kill_on_drop: false }`
[INFO] running `Command { std: "docker" "rm" "-f" "dd42db2bc8d5d7a7f43f108c530cc44193bbf94190ae374ea250570c6d8732dc", kill_on_drop: false }`
[INFO] [stdout] dd42db2bc8d5d7a7f43f108c530cc44193bbf94190ae374ea250570c6d8732dc
[INFO] running `Command { std: "docker" "create" "-v" "/var/lib/crater-agent-workspace/builds/worker-1-tc2/target:/opt/rustwide/target:rw,Z" "-v" "/var/lib/crater-agent-workspace/builds/worker-1-tc2/source:/opt/rustwide/workdir:ro,Z" "-v" "/var/lib/crater-agent-workspace/cargo-home:/opt/rustwide/cargo-home:ro,Z" "-v" "/var/lib/crater-agent-workspace/rustup-home:/opt/rustwide/rustup-home:ro,Z" "-e" "SOURCE_DIR=/opt/rustwide/workdir" "-e" "CARGO_TARGET_DIR=/opt/rustwide/target" "-e" "CARGO_INCREMENTAL=0" "-e" "RUST_BACKTRACE=full" "-e" "RUSTFLAGS=--cap-lints=warn" "-e" "RUSTDOCFLAGS=--cap-lints=warn" "-e" "CARGO_HOME=/opt/rustwide/cargo-home" "-e" "RUSTUP_HOME=/opt/rustwide/rustup-home" "-w" "/opt/rustwide/workdir" "-m" "1610612736" "--user" "0:0" "--network" "none" "ghcr.io/rust-lang/crates-build-env/linux@sha256:3959728d45483eb673ba100a951a6b9f5012970368db2a9e08e0ac9b67c8a5ad" "/opt/rustwide/cargo-home/bin/cargo" "+beta-2025-02-28" "test" "--frozen", kill_on_drop: false }`
[INFO] [stdout] 7965b5f9422dcc646f1f83e11b9d0664585050fd0db1c770bd294bb3653d2929
[INFO] running `Command { std: "docker" "start" "-a" "7965b5f9422dcc646f1f83e11b9d0664585050fd0db1c770bd294bb3653d2929", kill_on_drop: false }`
[INFO] [stderr]     Finished `test` profile [unoptimized + debuginfo] target(s) in 0.08s
[INFO] [stderr]      Running unittests src/lib.rs (/opt/rustwide/target/debug/deps/orx_parallel-ceb9e9bea14f9cf1)
[INFO] [stdout] 
[INFO] [stdout] running 0 tests
[INFO] [stdout] 
[INFO] [stdout] test result: ok. 0 passed; 0 failed; 0 ignored; 0 measured; 0 filtered out; finished in 0.00s
[INFO] [stdout] 
[INFO] [stderr]      Running tests/par_empty.rs (/opt/rustwide/target/debug/deps/par_empty-02c2fd2562bca579)
[INFO] [stdout] 
[INFO] [stdout] running 19 tests
[INFO] [stdout] test par_empty_auto_when_zero_chunk_size ... ok
[INFO] [stdout] test par_empty_auto_when_zero_num_threads ... ok
[INFO] [stdout] test par_empty_filtermap ... ok
[INFO] [stdout] test par_empty_filter ... ok
[INFO] [stdout] test par_empty_collect_vec ... ok
[INFO] [stdout] test par_empty_collect_into_vec ... ok
[INFO] [stdout] test par_empty_fmap ... ok
[INFO] [stdout] test par_empty_collect ... ok
[INFO] [stdout] test par_empty_fmap_option ... ok
[INFO] [stdout] test par_empty_map ... ok
[INFO] [stdout] test par_empty_par ... ok
[INFO] [stdout] test par_empty_collect_into ... ok
[INFO] [stdout] test par_empty_foreach ... ok
[INFO] [stdout] test par_empty_count ... ok
[INFO] [stdout] test par_empty_next ... ok
[INFO] [stdout] test par_empty_find ... ok
[INFO] [stdout] test par_empty_reduce_i64 ... FAILED
[INFO] [stdout] test par_empty_reduce_string ... FAILED
[INFO] [stdout] test par_empty_all_any ... ok
[INFO] [stdout] 
[INFO] [stdout] failures:
[INFO] [stdout] 
[INFO] [stdout] ---- par_empty_reduce_i64 stdout ----
[INFO] [stdout] 
[INFO] [stdout] thread 'par_empty_reduce_i64' panicked at tests/reduce_i64.rs:61:5:
[INFO] [stdout] assertion `left == right` failed
[INFO] [stdout]   left: Some(62)
[INFO] [stdout]  right: Some(63)
[INFO] [stdout] stack backtrace:
[INFO] [stdout]    0:     0x5a4164df2bf0 - std::backtrace_rs::backtrace::libunwind::trace::hbdc173d6b02f109a
[INFO] [stdout]                                at /rustc/42212a5c45ab623e38a36a74ea288a2b0277b911/library/std/src/../../backtrace/src/backtrace/libunwind.rs:117:9
[INFO] [stdout]    1:     0x5a4164df2bf0 - std::backtrace_rs::backtrace::trace_unsynchronized::hbf2455cd8fabe77b
[INFO] [stdout]                                at /rustc/42212a5c45ab623e38a36a74ea288a2b0277b911/library/std/src/../../backtrace/src/backtrace/mod.rs:66:14
[INFO] [stdout]    2:     0x5a4164df2bf0 - std::sys::backtrace::_print_fmt::h310d04dbb3341536
[INFO] [stdout]                                at /rustc/42212a5c45ab623e38a36a74ea288a2b0277b911/library/std/src/sys/backtrace.rs:66:9
[INFO] [stdout]    3:     0x5a4164df2bf0 - <std::sys::backtrace::BacktraceLock::print::DisplayBacktrace as core::fmt::Display>::fmt::h109c0a3e31db436f
[INFO] [stdout]                                at /rustc/42212a5c45ab623e38a36a74ea288a2b0277b911/library/std/src/sys/backtrace.rs:39:26
[INFO] [stdout]    4:     0x5a4164e193f3 - core::fmt::rt::Argument::fmt::hd720e0c1f088b034
[INFO] [stdout]                                at /rustc/42212a5c45ab623e38a36a74ea288a2b0277b911/library/core/src/fmt/rt.rs:177:76
[INFO] [stdout]    5:     0x5a4164e193f3 - core::fmt::write::hd3671829af6364f1
[INFO] [stdout]                                at /rustc/42212a5c45ab623e38a36a74ea288a2b0277b911/library/core/src/fmt/mod.rs:1449:21
[INFO] [stdout]    6:     0x5a4164defe33 - std::io::Write::write_fmt::hb8a67d04d85c214e
[INFO] [stdout]                                at /rustc/42212a5c45ab623e38a36a74ea288a2b0277b911/library/std/src/io/mod.rs:1890:15
[INFO] [stdout]    7:     0x5a4164df2a42 - std::sys::backtrace::BacktraceLock::print::h0c74b492af7c203e
[INFO] [stdout]                                at /rustc/42212a5c45ab623e38a36a74ea288a2b0277b911/library/std/src/sys/backtrace.rs:42:9
[INFO] [stdout]    8:     0x5a4164df401f - std::panicking::default_hook::{{closure}}::ha3187647a2c71f3f
[INFO] [stdout]                                at /rustc/42212a5c45ab623e38a36a74ea288a2b0277b911/library/std/src/panicking.rs:298:22
[INFO] [stdout]    9:     0x5a4164df3e38 - std::panicking::default_hook::hd30ec41e71bae477
[INFO] [stdout]                                at /rustc/42212a5c45ab623e38a36a74ea288a2b0277b911/library/std/src/panicking.rs:322:9
[INFO] [stdout]   10:     0x5a4164dba6b5 - <alloc::boxed::Box<F,A> as core::ops::function::Fn<Args>>::call::h820f658ddaf0181b
[INFO] [stdout]                                at /rustc/42212a5c45ab623e38a36a74ea288a2b0277b911/library/alloc/src/boxed.rs:1990:9
[INFO] [stdout]   11:     0x5a4164dba6b5 - test::test_main::{{closure}}::hbb4df7f5323acfb7
[INFO] [stdout]                                at /rustc/42212a5c45ab623e38a36a74ea288a2b0277b911/library/test/src/lib.rs:135:21
[INFO] [stdout]   12:     0x5a4164df4a93 - <alloc::boxed::Box<F,A> as core::ops::function::Fn<Args>>::call::hb0f28446cb5c48d4
[INFO] [stdout]                                at /rustc/42212a5c45ab623e38a36a74ea288a2b0277b911/library/alloc/src/boxed.rs:1990:9
[INFO] [stdout]   13:     0x5a4164df4a93 - std::panicking::rust_panic_with_hook::h27266a0abed10aa3
[INFO] [stdout]                                at /rustc/42212a5c45ab623e38a36a74ea288a2b0277b911/library/std/src/panicking.rs:839:13
[INFO] [stdout]   14:     0x5a4164df476a - std::panicking::begin_panic_handler::{{closure}}::h3b855edddb50a621
[INFO] [stdout]                                at /rustc/42212a5c45ab623e38a36a74ea288a2b0277b911/library/std/src/panicking.rs:704:13
[INFO] [stdout]   15:     0x5a4164df3109 - std::sys::backtrace::__rust_end_short_backtrace::hd74a78f3727f3f2f
[INFO] [stdout]                                at /rustc/42212a5c45ab623e38a36a74ea288a2b0277b911/library/std/src/sys/backtrace.rs:168:18
[INFO] [stdout]   16:     0x5a4164df43fd - rust_begin_unwind
[INFO] [stdout]                                at /rustc/42212a5c45ab623e38a36a74ea288a2b0277b911/library/std/src/panicking.rs:695:5
[INFO] [stdout]   17:     0x5a4164c7ad50 - core::panicking::panic_fmt::hfb8006ac977ca2c2
[INFO] [stdout]                                at /rustc/42212a5c45ab623e38a36a74ea288a2b0277b911/library/core/src/panicking.rs:75:14
[INFO] [stdout]   18:     0x5a4164c7b17a - core::panicking::assert_failed_inner::h348ec5191b9dadcd
[INFO] [stdout]   19:     0x5a4164d7f5e8 - core::panicking::assert_failed::h28bf90e87489a73e
[INFO] [stdout]                                at /rustc/42212a5c45ab623e38a36a74ea288a2b0277b911/library/core/src/panicking.rs:380:5
[INFO] [stdout]   20:     0x5a4164d08e8a - par_empty::reduce_i64::max_by::hc62af9abe2d8a4a8
[INFO] [stdout]                                at /opt/rustwide/workdir/tests/reduce_i64.rs:61:5
[INFO] [stdout]   21:     0x5a4164d23470 - par_empty::par_empty_reduce_i64::test::hafeb72d2033039e8
[INFO] [stdout]                                at /opt/rustwide/workdir/tests/par_empty.rs:291:9
[INFO] [stdout]   22:     0x5a4164d4ce6c - core::ops::function::Fn::call::he5141218bb156637
[INFO] [stdout]                                at /rustc/42212a5c45ab623e38a36a74ea288a2b0277b911/library/core/src/ops/function.rs:79:5
[INFO] [stdout]   23:     0x5a4164d580af - par_empty::utils::test_reduce::h7341dcccbd21b020
[INFO] [stdout]                                at /opt/rustwide/workdir/tests/utils.rs:39:9
[INFO] [stdout]   24:     0x5a4164d23366 - par_empty::par_empty_reduce_i64::h750c82449154d36d
[INFO] [stdout]                                at /opt/rustwide/workdir/tests/par_empty.rs:295:5
[INFO] [stdout]   25:     0x5a4164d23347 - par_empty::par_empty_reduce_i64::{{closure}}::haf263168fb385606
[INFO] [stdout]                                at /opt/rustwide/workdir/tests/par_empty.rs:275:26
[INFO] [stdout]   26:     0x5a4164d4e146 - core::ops::function::FnOnce::call_once::h168d0b5559057b58
[INFO] [stdout]                                at /rustc/42212a5c45ab623e38a36a74ea288a2b0277b911/library/core/src/ops/function.rs:250:5
[INFO] [stdout]   27:     0x5a4164dbfe1b - core::ops::function::FnOnce::call_once::hfc980b37ee564fd5
[INFO] [stdout]                                at /rustc/42212a5c45ab623e38a36a74ea288a2b0277b911/library/core/src/ops/function.rs:250:5
[INFO] [stdout]   28:     0x5a4164dbfe1b - test::__rust_begin_short_backtrace::h368b4ea047339665
[INFO] [stdout]                                at /rustc/42212a5c45ab623e38a36a74ea288a2b0277b911/library/test/src/lib.rs:637:18
[INFO] [stdout]   29:     0x5a4164dbed28 - test::run_test_in_process::{{closure}}::hc337d402eb5d3b20
[INFO] [stdout]                                at /rustc/42212a5c45ab623e38a36a74ea288a2b0277b911/library/test/src/lib.rs:660:60
[INFO] [stdout]   30:     0x5a4164dbed28 - <core::panic::unwind_safe::AssertUnwindSafe<F> as core::ops::function::FnOnce<()>>::call_once::h784eea0510033d16
[INFO] [stdout]                                at /rustc/42212a5c45ab623e38a36a74ea288a2b0277b911/library/core/src/panic/unwind_safe.rs:272:9
[INFO] [stdout]   31:     0x5a4164dbed28 - std::panicking::try::do_call::h4ac543f5ac9f601e
[INFO] [stdout]                                at /rustc/42212a5c45ab623e38a36a74ea288a2b0277b911/library/std/src/panicking.rs:587:40
[INFO] [stdout]   32:     0x5a4164dbed28 - std::panicking::try::h7cd25d12e6b32f31
[INFO] [stdout]                                at /rustc/42212a5c45ab623e38a36a74ea288a2b0277b911/library/std/src/panicking.rs:550:19
[INFO] [stdout]   33:     0x5a4164dbed28 - std::panic::catch_unwind::h9241e8b503f17ed6
[INFO] [stdout]                                at /rustc/42212a5c45ab623e38a36a74ea288a2b0277b911/library/std/src/panic.rs:358:14
[INFO] [stdout]   34:     0x5a4164dbed28 - test::run_test_in_process::h9d79244bd07cbf67
[INFO] [stdout]                                at /rustc/42212a5c45ab623e38a36a74ea288a2b0277b911/library/test/src/lib.rs:660:27
[INFO] [stdout]   35:     0x5a4164dbed28 - test::run_test::{{closure}}::h8956dbf4000fc27f
[INFO] [stdout]                                at /rustc/42212a5c45ab623e38a36a74ea288a2b0277b911/library/test/src/lib.rs:581:43
[INFO] [stdout]   36:     0x5a4164d82ce5 - test::run_test::{{closure}}::h85a46de4136d4def
[INFO] [stdout]                                at /rustc/42212a5c45ab623e38a36a74ea288a2b0277b911/library/test/src/lib.rs:611:41
[INFO] [stdout]   37:     0x5a4164d82ce5 - std::sys::backtrace::__rust_begin_short_backtrace::h9975729e3d3e75dd
[INFO] [stdout]                                at /rustc/42212a5c45ab623e38a36a74ea288a2b0277b911/library/std/src/sys/backtrace.rs:152:18
[INFO] [stdout]   38:     0x5a4164d8665a - std::thread::Builder::spawn_unchecked_::{{closure}}::{{closure}}::hc76cda43ecf21eb7
[INFO] [stdout]                                at /rustc/42212a5c45ab623e38a36a74ea288a2b0277b911/library/std/src/thread/mod.rs:559:17
[INFO] [stdout]   39:     0x5a4164d8665a - <core::panic::unwind_safe::AssertUnwindSafe<F> as core::ops::function::FnOnce<()>>::call_once::h3a15156e6031d8d5
[INFO] [stdout]                                at /rustc/42212a5c45ab623e38a36a74ea288a2b0277b911/library/core/src/panic/unwind_safe.rs:272:9
[INFO] [stdout]   40:     0x5a4164d8665a - std::panicking::try::do_call::hd3fff24e2b851346
[INFO] [stdout]                                at /rustc/42212a5c45ab623e38a36a74ea288a2b0277b911/library/std/src/panicking.rs:587:40
[INFO] [stdout]   41:     0x5a4164d8665a - std::panicking::try::h4f63a178c8d2fcee
[INFO] [stdout]                                at /rustc/42212a5c45ab623e38a36a74ea288a2b0277b911/library/std/src/panicking.rs:550:19
[INFO] [stdout]   42:     0x5a4164d8665a - std::panic::catch_unwind::ha465bcd87c32e925
[INFO] [stdout]                                at /rustc/42212a5c45ab623e38a36a74ea288a2b0277b911/library/std/src/panic.rs:358:14
[INFO] [stdout]   43:     0x5a4164d8665a - std::thread::Builder::spawn_unchecked_::{{closure}}::hb5abd0121f0c5f39
[INFO] [stdout]                                at /rustc/42212a5c45ab623e38a36a74ea288a2b0277b911/library/std/src/thread/mod.rs:557:30
[INFO] [stdout]   44:     0x5a4164d8665a - core::ops::function::FnOnce::call_once{{vtable.shim}}::h004882719769312d
[INFO] [stdout]                                at /rustc/42212a5c45ab623e38a36a74ea288a2b0277b911/library/core/src/ops/function.rs:250:5
[INFO] [stdout]   45:     0x5a4164df88db - <alloc::boxed::Box<F,A> as core::ops::function::FnOnce<Args>>::call_once::h7c6d7f466cecdb42
[INFO] [stdout]                                at /rustc/42212a5c45ab623e38a36a74ea288a2b0277b911/library/alloc/src/boxed.rs:1976:9
[INFO] [stdout]   46:     0x5a4164df88db - <alloc::boxed::Box<F,A> as core::ops::function::FnOnce<Args>>::call_once::had600e8c8715c12c
[INFO] [stdout]                                at /rustc/42212a5c45ab623e38a36a74ea288a2b0277b911/library/alloc/src/boxed.rs:1976:9
[INFO] [stdout]   47:     0x5a4164df88db - std::sys::pal::unix::thread::Thread::new::thread_start::h671b94df33d4fdac
[INFO] [stdout]                                at /rustc/42212a5c45ab623e38a36a74ea288a2b0277b911/library/std/src/sys/pal/unix/thread.rs:106:17
[INFO] [stdout]   48:     0x713836db3ac3 - <unknown>
[INFO] [stdout]   49:     0x713836e44a04 - clone
[INFO] [stdout]   50:                0x0 - <unknown>
[INFO] [stdout] 
[INFO] [stdout] ---- par_empty_reduce_string stdout ----
[INFO] [stdout] 
[INFO] [stdout] thread 'par_empty_reduce_string' panicked at tests/reduce_string.rs:76:5:
[INFO] [stdout] assertion `left == right` failed
[INFO] [stdout]   left: Some("62")
[INFO] [stdout]  right: Some("63")
[INFO] [stdout] stack backtrace:
[INFO] [stdout]    0:     0x5a4164df2bf0 - std::backtrace_rs::backtrace::libunwind::trace::hbdc173d6b02f109a
[INFO] [stdout]                                at /rustc/42212a5c45ab623e38a36a74ea288a2b0277b911/library/std/src/../../backtrace/src/backtrace/libunwind.rs:117:9
[INFO] [stdout]    1:     0x5a4164df2bf0 - std::backtrace_rs::backtrace::trace_unsynchronized::hbf2455cd8fabe77b
[INFO] [stdout]                                at /rustc/42212a5c45ab623e38a36a74ea288a2b0277b911/library/std/src/../../backtrace/src/backtrace/mod.rs:66:14
[INFO] [stdout]    2:     0x5a4164df2bf0 - std::sys::backtrace::_print_fmt::h310d04dbb3341536
[INFO] [stdout]                                at /rustc/42212a5c45ab623e38a36a74ea288a2b0277b911/library/std/src/sys/backtrace.rs:66:9
[INFO] [stdout]    3:     0x5a4164df2bf0 - <std::sys::backtrace::BacktraceLock::print::DisplayBacktrace as core::fmt::Display>::fmt::h109c0a3e31db436f
[INFO] [stdout]                                at /rustc/42212a5c45ab623e38a36a74ea288a2b0277b911/library/std/src/sys/backtrace.rs:39:26
[INFO] [stdout]    4:     0x5a4164e193f3 - core::fmt::rt::Argument::fmt::hd720e0c1f088b034
[INFO] [stdout]                                at /rustc/42212a5c45ab623e38a36a74ea288a2b0277b911/library/core/src/fmt/rt.rs:177:76
[INFO] [stdout]    5:     0x5a4164e193f3 - core::fmt::write::hd3671829af6364f1
[INFO] [stdout]                                at /rustc/42212a5c45ab623e38a36a74ea288a2b0277b911/library/core/src/fmt/mod.rs:1449:21
[INFO] [stdout]    6:     0x5a4164defe33 - std::io::Write::write_fmt::hb8a67d04d85c214e
[INFO] [stdout]                                at /rustc/42212a5c45ab623e38a36a74ea288a2b0277b911/library/std/src/io/mod.rs:1890:15
[INFO] [stdout]    7:     0x5a4164df2a42 - std::sys::backtrace::BacktraceLock::print::h0c74b492af7c203e
[INFO] [stdout]                                at /rustc/42212a5c45ab623e38a36a74ea288a2b0277b911/library/std/src/sys/backtrace.rs:42:9
[INFO] [stdout]    8:     0x5a4164df401f - std::panicking::default_hook::{{closure}}::ha3187647a2c71f3f
[INFO] [stdout]                                at /rustc/42212a5c45ab623e38a36a74ea288a2b0277b911/library/std/src/panicking.rs:298:22
[INFO] [stdout]    9:     0x5a4164df3e38 - std::panicking::default_hook::hd30ec41e71bae477
[INFO] [stdout]                                at /rustc/42212a5c45ab623e38a36a74ea288a2b0277b911/library/std/src/panicking.rs:322:9
[INFO] [stdout]   10:     0x5a4164dba6b5 - <alloc::boxed::Box<F,A> as core::ops::function::Fn<Args>>::call::h820f658ddaf0181b
[INFO] [stdout]                                at /rustc/42212a5c45ab623e38a36a74ea288a2b0277b911/library/alloc/src/boxed.rs:1990:9
[INFO] [stdout]   11:     0x5a4164dba6b5 - test::test_main::{{closure}}::hbb4df7f5323acfb7
[INFO] [stdout]                                at /rustc/42212a5c45ab623e38a36a74ea288a2b0277b911/library/test/src/lib.rs:135:21
[INFO] [stdout]   12:     0x5a4164df4a93 - <alloc::boxed::Box<F,A> as core::ops::function::Fn<Args>>::call::hb0f28446cb5c48d4
[INFO] [stdout]                                at /rustc/42212a5c45ab623e38a36a74ea288a2b0277b911/library/alloc/src/boxed.rs:1990:9
[INFO] [stdout]   13:     0x5a4164df4a93 - std::panicking::rust_panic_with_hook::h27266a0abed10aa3
[INFO] [stdout]                                at /rustc/42212a5c45ab623e38a36a74ea288a2b0277b911/library/std/src/panicking.rs:839:13
[INFO] [stdout]   14:     0x5a4164df476a - std::panicking::begin_panic_handler::{{closure}}::h3b855edddb50a621
[INFO] [stdout]                                at /rustc/42212a5c45ab623e38a36a74ea288a2b0277b911/library/std/src/panicking.rs:704:13
[INFO] [stdout]   15:     0x5a4164df3109 - std::sys::backtrace::__rust_end_short_backtrace::hd74a78f3727f3f2f
[INFO] [stdout]                                at /rustc/42212a5c45ab623e38a36a74ea288a2b0277b911/library/std/src/sys/backtrace.rs:168:18
[INFO] [stdout]   16:     0x5a4164df43fd - rust_begin_unwind
[INFO] [stdout]                                at /rustc/42212a5c45ab623e38a36a74ea288a2b0277b911/library/std/src/panicking.rs:695:5
[INFO] [stdout]   17:     0x5a4164c7ad50 - core::panicking::panic_fmt::hfb8006ac977ca2c2
[INFO] [stdout]                                at /rustc/42212a5c45ab623e38a36a74ea288a2b0277b911/library/core/src/panicking.rs:75:14
[INFO] [stdout]   18:     0x5a4164c7b17a - core::panicking::assert_failed_inner::h348ec5191b9dadcd
[INFO] [stdout]   19:     0x5a4164d7f8a2 - core::panicking::assert_failed::hf764b567b39a4314
[INFO] [stdout]                                at /rustc/42212a5c45ab623e38a36a74ea288a2b0277b911/library/core/src/panicking.rs:380:5
[INFO] [stdout]   20:     0x5a4164d80efc - par_empty::reduce_string::max_by::ha77c8f34fe07e209
[INFO] [stdout]                                at /opt/rustwide/workdir/tests/reduce_string.rs:76:5
[INFO] [stdout]   21:     0x5a4164d23674 - par_empty::par_empty_reduce_string::test::h4eac96ab505c95d5
[INFO] [stdout]                                at /opt/rustwide/workdir/tests/par_empty.rs:314:9
[INFO] [stdout]   22:     0x5a4164d4cd3c - core::ops::function::Fn::call::ha020e93f02e8a21f
[INFO] [stdout]                                at /rustc/42212a5c45ab623e38a36a74ea288a2b0277b911/library/core/src/ops/function.rs:79:5
[INFO] [stdout]   23:     0x5a4164d5844f - par_empty::utils::test_reduce::hd6f2179259054237
[INFO] [stdout]                                at /opt/rustwide/workdir/tests/utils.rs:39:9
[INFO] [stdout]   24:     0x5a4164d23596 - par_empty::par_empty_reduce_string::he05aa3c32ef33c5e
[INFO] [stdout]                                at /opt/rustwide/workdir/tests/par_empty.rs:318:5
[INFO] [stdout]   25:     0x5a4164d23577 - par_empty::par_empty_reduce_string::{{closure}}::h219e129aa9c4472b
[INFO] [stdout]                                at /opt/rustwide/workdir/tests/par_empty.rs:299:29
[INFO] [stdout]   26:     0x5a4164d4e0c6 - core::ops::function::FnOnce::call_once::h10a2e12550a01fb4
[INFO] [stdout]                                at /rustc/42212a5c45ab623e38a36a74ea288a2b0277b911/library/core/src/ops/function.rs:250:5
[INFO] [stdout]   27:     0x5a4164dbfe1b - core::ops::function::FnOnce::call_once::hfc980b37ee564fd5
[INFO] [stdout]                                at /rustc/42212a5c45ab623e38a36a74ea288a2b0277b911/library/core/src/ops/function.rs:250:5
[INFO] [stdout]   28:     0x5a4164dbfe1b - test::__rust_begin_short_backtrace::h368b4ea047339665
[INFO] [stdout]                                at /rustc/42212a5c45ab623e38a36a74ea288a2b0277b911/library/test/src/lib.rs:637:18
[INFO] [stdout]   29:     0x5a4164dbed28 - test::run_test_in_process::{{closure}}::hc337d402eb5d3b20
[INFO] [stdout]                                at /rustc/42212a5c45ab623e38a36a74ea288a2b0277b911/library/test/src/lib.rs:660:60
[INFO] [stdout]   30:     0x5a4164dbed28 - <core::panic::unwind_safe::AssertUnwindSafe<F> as core::ops::function::FnOnce<()>>::call_once::h784eea0510033d16
[INFO] [stdout]                                at /rustc/42212a5c45ab623e38a36a74ea288a2b0277b911/library/core/src/panic/unwind_safe.rs:272:9
[INFO] [stdout]   31:     0x5a4164dbed28 - std::panicking::try::do_call::h4ac543f5ac9f601e
[INFO] [stdout]                                at /rustc/42212a5c45ab623e38a36a74ea288a2b0277b911/library/std/src/panicking.rs:587:40
[INFO] [stdout]   32:     0x5a4164dbed28 - std::panicking::try::h7cd25d12e6b32f31
[INFO] [stdout]                                at /rustc/42212a5c45ab623e38a36a74ea288a2b0277b911/library/std/src/panicking.rs:550:19
[INFO] [stdout]   33:     0x5a4164dbed28 - std::panic::catch_unwind::h9241e8b503f17ed6
[INFO] [stdout]                                at /rustc/42212a5c45ab623e38a36a74ea288a2b0277b911/library/std/src/panic.rs:358:14
[INFO] [stdout]   34:     0x5a4164dbed28 - test::run_test_in_process::h9d79244bd07cbf67
[INFO] [stdout]                                at /rustc/42212a5c45ab623e38a36a74ea288a2b0277b911/library/test/src/lib.rs:660:27
[INFO] [stdout]   35:     0x5a4164dbed28 - test::run_test::{{closure}}::h8956dbf4000fc27f
[INFO] [stdout]                                at /rustc/42212a5c45ab623e38a36a74ea288a2b0277b911/library/test/src/lib.rs:581:43
[INFO] [stdout]   36:     0x5a4164d82ce5 - test::run_test::{{closure}}::h85a46de4136d4def
[INFO] [stdout]                                at /rustc/42212a5c45ab623e38a36a74ea288a2b0277b911/library/test/src/lib.rs:611:41
[INFO] [stdout]   37:     0x5a4164d82ce5 - std::sys::backtrace::__rust_begin_short_backtrace::h9975729e3d3e75dd
[INFO] [stdout]                                at /rustc/42212a5c45ab623e38a36a74ea288a2b0277b911/library/std/src/sys/backtrace.rs:152:18
[INFO] [stdout]   38:     0x5a4164d8665a - std::thread::Builder::spawn_unchecked_::{{closure}}::{{closure}}::hc76cda43ecf21eb7
[INFO] [stdout]                                at /rustc/42212a5c45ab623e38a36a74ea288a2b0277b911/library/std/src/thread/mod.rs:559:17
[INFO] [stdout]   39:     0x5a4164d8665a - <core::panic::unwind_safe::AssertUnwindSafe<F> as core::ops::function::FnOnce<()>>::call_once::h3a15156e6031d8d5
[INFO] [stdout]                                at /rustc/42212a5c45ab623e38a36a74ea288a2b0277b911/library/core/src/panic/unwind_safe.rs:272:9
[INFO] [stdout]   40:     0x5a4164d8665a - std::panicking::try::do_call::hd3fff24e2b851346
[INFO] [stdout]                                at /rustc/42212a5c45ab623e38a36a74ea288a2b0277b911/library/std/src/panicking.rs:587:40
[INFO] [stdout]   41:     0x5a4164d8665a - std::panicking::try::h4f63a178c8d2fcee
[INFO] [stdout]                                at /rustc/42212a5c45ab623e38a36a74ea288a2b0277b911/library/std/src/panicking.rs:550:19
[INFO] [stdout]   42:     0x5a4164d8665a - std::panic::catch_unwind::ha465bcd87c32e925
[INFO] [stdout]                                at /rustc/42212a5c45ab623e38a36a74ea288a2b0277b911/library/std/src/panic.rs:358:14
[INFO] [stdout]   43:     0x5a4164d8665a - std::thread::Builder::spawn_unchecked_::{{closure}}::hb5abd0121f0c5f39
[INFO] [stdout]                                at /rustc/42212a5c45ab623e38a36a74ea288a2b0277b911/library/std/src/thread/mod.rs:557:30
[INFO] [stdout]   44:     0x5a4164d8665a - core::ops::function::FnOnce::call_once{{vtable.shim}}::h004882719769312d
[INFO] [stdout]                                at /rustc/42212a5c45ab623e38a36a74ea288a2b0277b911/library/core/src/ops/function.rs:250:5
[INFO] [stdout]   45:     0x5a4164df88db - <alloc::boxed::Box<F,A> as core::ops::function::FnOnce<Args>>::call_once::h7c6d7f466cecdb42
[INFO] [stdout]                                at /rustc/42212a5c45ab623e38a36a74ea288a2b0277b911/library/alloc/src/boxed.rs:1976:9
[INFO] [stdout]   46:     0x5a4164df88db - <alloc::boxed::Box<F,A> as core::ops::function::FnOnce<Args>>::call_once::had600e8c8715c12c
[INFO] [stdout]                                at /rustc/42212a5c45ab623e38a36a74ea288a2b0277b911/library/alloc/src/boxed.rs:1976:9
[INFO] [stdout]   47:     0x5a4164df88db - std::sys::pal::unix::thread::Thread::new::thread_start::h671b94df33d4fdac
[INFO] [stdout]                                at /rustc/42212a5c45ab623e38a36a74ea288a2b0277b911/library/std/src/sys/pal/unix/thread.rs:106:17
[INFO] [stdout]   48:     0x713836db3ac3 - <unknown>
[INFO] [stdout]   49:     0x713836e44a04 - clone
[INFO] [stdout]   50:                0x0 - <unknown>
[INFO] [stdout] 
[INFO] [stdout] 
[INFO] [stdout] failures:
[INFO] [stdout]     par_empty_reduce_i64
[INFO] [stdout]     par_empty_reduce_string
[INFO] [stdout] 
[INFO] [stdout] test result: FAILED. 17 passed; 2 failed; 0 ignored; 0 measured; 0 filtered out; finished in 0.08s
[INFO] [stdout] 
[INFO] [stderr] error: test failed, to rerun pass `--test par_empty`
[INFO] running `Command { std: "docker" "inspect" "7965b5f9422dcc646f1f83e11b9d0664585050fd0db1c770bd294bb3653d2929", kill_on_drop: false }`
[INFO] running `Command { std: "docker" "rm" "-f" "7965b5f9422dcc646f1f83e11b9d0664585050fd0db1c770bd294bb3653d2929", kill_on_drop: false }`
[INFO] [stdout] 7965b5f9422dcc646f1f83e11b9d0664585050fd0db1c770bd294bb3653d2929
