[INFO] cloning repository https://github.com/xiezy0/vkd_ozks
[INFO] running `Command { std: "git" "-c" "credential.helper=" "-c" "credential.helper=/workspace/cargo-home/bin/git-credential-null" "clone" "--bare" "https://github.com/xiezy0/vkd_ozks" "/workspace/cache/git-repos/https%3A%2F%2Fgithub.com%2Fxiezy0%2Fvkd_ozks", kill_on_drop: false }`
[INFO] [stderr] Cloning into bare repository '/workspace/cache/git-repos/https%3A%2F%2Fgithub.com%2Fxiezy0%2Fvkd_ozks'...
[INFO] running `Command { std: "git" "rev-parse" "HEAD", kill_on_drop: false }`
[INFO] [stdout] 270dd522aaa4f2c3d78355d4b61fe0c20bd0140f
[INFO] testing xiezy0/vkd_ozks against 1.85.0 for beta-1.86-3
[INFO] running `Command { std: "git" "clone" "/workspace/cache/git-repos/https%3A%2F%2Fgithub.com%2Fxiezy0%2Fvkd_ozks" "/workspace/builds/worker-1-tc1/source", kill_on_drop: false }`
[INFO] [stderr] Cloning into '/workspace/builds/worker-1-tc1/source'...
[INFO] [stderr] done.
[INFO] validating manifest of git repo https://github.com/xiezy0/vkd_ozks on toolchain 1.85.0
[INFO] running `Command { std: CARGO_HOME="/workspace/cargo-home" RUSTUP_HOME="/workspace/rustup-home" "/workspace/cargo-home/bin/cargo" "+1.85.0" "metadata" "--manifest-path" "Cargo.toml" "--no-deps", kill_on_drop: false }`
[INFO] started tweaking git repo https://github.com/xiezy0/vkd_ozks
[INFO] finished tweaking git repo https://github.com/xiezy0/vkd_ozks
[INFO] tweaked toml for git repo https://github.com/xiezy0/vkd_ozks written to /workspace/builds/worker-1-tc1/source/Cargo.toml
[INFO] crate git repo https://github.com/xiezy0/vkd_ozks already has a lockfile, it will not be regenerated
[INFO] running `Command { std: CARGO_HOME="/workspace/cargo-home" RUSTUP_HOME="/workspace/rustup-home" "/workspace/cargo-home/bin/cargo" "+1.85.0" "fetch" "--manifest-path" "Cargo.toml", kill_on_drop: false }`
[INFO] [stderr] warning: profiles for the non root package will be ignored, specify profiles at the workspace root:
[INFO] [stderr] package:   /workspace/builds/worker-1-tc1/source/vkd_client/Cargo.toml
[INFO] [stderr] workspace: /workspace/builds/worker-1-tc1/source/Cargo.toml
[INFO] [stderr]     Updating crates.io index
[INFO] [stderr]  Downloading crates ...
[INFO] [stderr]   Downloaded unicode-ident v1.0.2
[INFO] [stderr]   Downloaded quote v1.0.20
[INFO] [stderr]   Downloaded proc-macro2 v1.0.42
[INFO] [stderr]   Downloaded wasm-bindgen-test v0.3.32
[INFO] [stderr]   Downloaded winter-crypto v0.2.0
[INFO] [stderr]   Downloaded criterion v0.3.6
[INFO] [stderr]   Downloaded futures-core v0.3.21
[INFO] [stderr]   Downloaded num_threads v0.1.6
[INFO] [stderr]   Downloaded saturating v0.1.0
[INFO] [stderr]   Downloaded subprocess v0.2.9
[INFO] [stderr]   Downloaded multi_log v0.1.2
[INFO] [stderr]   Downloaded frunk_proc_macros_impl v0.1.0
[INFO] [stderr]   Downloaded shlex v1.1.0
[INFO] [stderr]   Downloaded thiserror v1.0.31
[INFO] [stderr]   Downloaded pem v1.1.0
[INFO] [stderr]   Downloaded futures-channel v0.3.21
[INFO] [stderr]   Downloaded pin-project v1.0.11
[INFO] [stderr]   Downloaded flate2 v1.0.24
[INFO] [stderr]   Downloaded time v0.3.11
[INFO] [stderr]   Downloaded syn v1.0.98
[INFO] [stderr]   Downloaded lexical-write-float v0.8.5
[INFO] [stderr]   Downloaded idna v0.2.3
[INFO] [stderr]   Downloaded mysql_common v0.28.2
[INFO] [stderr]   Downloaded bindgen v0.59.2
[INFO] [stderr]   Downloaded bitvec v0.22.3
[INFO] [stderr]   Downloaded bstr v0.2.17
[INFO] [stderr]   Downloaded futures-util v0.3.21
[INFO] [stderr]   Downloaded lexical-parse-float v0.8.5
[INFO] [stderr]   Downloaded clap v3.2.15
[INFO] [stderr]   Downloaded openssl v0.10.41
[INFO] [stderr]   Downloaded openssl-sys v0.9.75
[INFO] [stderr]   Downloaded futures v0.3.21
[INFO] [stderr]   Downloaded rustversion v1.0.8
[INFO] [stderr]   Downloaded bigdecimal v0.3.0
[INFO] [stderr]   Downloaded sha3 v0.10.1
[INFO] [stderr]   Downloaded miniz_oxide v0.5.3
[INFO] [stderr]   Downloaded frunk_core v0.4.0
[INFO] [stderr]   Downloaded lexical-util v0.8.5
[INFO] [stderr]   Downloaded tokio v1.20.1
[INFO] [stderr]   Downloaded lexical-write-integer v0.8.5
[INFO] [stderr]   Downloaded proptest v1.0.0
[INFO] [stderr]   Downloaded glob v0.3.0
[INFO] [stderr]   Downloaded libloading v0.7.3
[INFO] [stderr]   Downloaded clang-sys v1.3.3
[INFO] [stderr]   Downloaded cmake v0.1.48
[INFO] [stderr]   Downloaded frunk v0.4.0
[INFO] [stderr]   Downloaded lexical-parse-integer v0.8.6
[INFO] [stderr]   Downloaded lexical-core v0.8.5
[INFO] [stderr]   Downloaded lexical v6.1.1
[INFO] [stderr]   Downloaded csv v1.1.6
[INFO] [stderr]   Downloaded pin-project-internal v1.0.11
[INFO] [stderr]   Downloaded thiserror-impl v1.0.31
[INFO] [stderr]   Downloaded futures-executor v0.3.21
[INFO] [stderr]   Downloaded serial_test v0.8.0
[INFO] [stderr]   Downloaded crossbeam v0.8.2
[INFO] [stderr]   Downloaded futures-io v0.3.21
[INFO] [stderr]   Downloaded futures-task v0.3.21
[INFO] [stderr]   Downloaded funty v1.2.0
[INFO] [stderr]   Downloaded wyz v0.4.0
[INFO] [stderr]   Downloaded proc-macro-hack v0.5.19
[INFO] [stderr]   Downloaded rust_decimal v1.25.0
[INFO] [stderr]   Downloaded sha-1 v0.10.0
[INFO] [stderr]   Downloaded serial_test_derive v0.8.0
[INFO] [stderr]   Downloaded crossbeam-queue v0.3.6
[INFO] [stderr]   Downloaded futures-macro v0.3.21
[INFO] [stderr]   Downloaded lru v0.7.8
[INFO] [stderr]   Downloaded cexpr v0.6.0
[INFO] [stderr]   Downloaded lazycell v1.3.0
[INFO] [stderr]   Downloaded radium v0.6.2
[INFO] [stderr]   Downloaded tap v1.0.1
[INFO] [stderr]   Downloaded frunk_derives v0.4.0
[INFO] [stderr]   Downloaded frunk_proc_macros v0.1.0
[INFO] [stderr]   Downloaded serde_json v1.0.82
[INFO] [stderr]   Downloaded plotters v0.3.2
[INFO] [stderr]   Downloaded unicode-normalization v0.1.21
[INFO] [stderr]   Downloaded serde v1.0.140
[INFO] [stderr]   Downloaded peeking_take_while v0.1.2
[INFO] [stderr]   Downloaded frunk_proc_macro_helpers v0.1.0
[INFO] [stderr]   Downloaded mysql_async v0.29.0
[INFO] [stderr]   Downloaded crossbeam-utils v0.8.11
[INFO] [stderr]   Downloaded schannel v0.1.20
[INFO] [stderr]   Downloaded security-framework v2.6.1
[INFO] [stderr]   Downloaded tokio-util v0.6.10
[INFO] [stderr]   Downloaded url v2.2.2
[INFO] [stderr]   Downloaded textwrap v0.15.0
[INFO] [stderr]   Downloaded yaml-rust v0.4.5
[INFO] [stderr]   Downloaded serde_yaml v0.8.26
[INFO] [stderr]   Downloaded crossbeam-epoch v0.9.10
[INFO] [stderr]   Downloaded proptest-derive v0.3.0
[INFO] [stderr]   Downloaded bytes v1.2.0
[INFO] [stderr]   Downloaded socket2 v0.4.4
[INFO] [stderr]   Downloaded ryu v1.0.10
[INFO] [stderr]   Downloaded serde_derive v1.0.140
[INFO] [stderr]   Downloaded uuid v0.8.2
[INFO] [stderr]   Downloaded ignore v0.4.18
[INFO] [stderr]   Downloaded clap_derive v3.2.15
[INFO] [stderr]   Downloaded linked-hash-map v0.5.6
[INFO] [stderr]   Downloaded async-trait v0.1.56
[INFO] [stderr]   Downloaded colored v2.0.0
[INFO] [stderr]   Downloaded cast v0.3.0
[INFO] [stderr]   Downloaded csv-core v0.1.10
[INFO] [stderr]   Downloaded serde_cbor v0.11.2
[INFO] [stderr]   Downloaded zeroize_derive v1.3.2
[INFO] [stderr]   Downloaded ctor v0.1.23
[INFO] [stderr]   Downloaded value-bag v1.0.0-alpha.9
[INFO] [stderr]   Downloaded pkg-config v0.3.25
[INFO] [stderr]   Downloaded security-framework-sys v2.6.1
[INFO] [stderr]   Downloaded native-tls v0.2.10
[INFO] [stderr]   Downloaded futures-sink v0.3.21
[INFO] [stderr]   Downloaded static_assertions v1.1.0
[INFO] [stderr]   Downloaded form_urlencoded v1.0.1
[INFO] [stderr]   Downloaded unicode-bidi v0.3.8
[INFO] [stderr]   Downloaded globset v0.4.9
[INFO] [stderr]   Downloaded thread_local v1.1.4
[INFO] [stderr]   Downloaded predicates v2.1.1
[INFO] [stderr]   Downloaded predicates-tree v1.0.5
[INFO] [stderr]   Downloaded assert_fs v1.0.7
[INFO] [stderr]   Downloaded clap_lex v0.2.4
[INFO] [stderr]   Downloaded redox_syscall v0.1.57
[INFO] [stderr]   Downloaded thread-id v3.3.0
[INFO] [stderr]   Downloaded async-recursion v0.3.2
[INFO] [stderr]   Downloaded unicode-width v0.1.9
[INFO] [stderr]   Downloaded criterion-plot v0.4.5
[INFO] [stderr]   Downloaded oorandom v11.1.3
[INFO] [stderr]   Downloaded plotters-backend v0.3.4
[INFO] [stderr]   Downloaded half v1.8.2
[INFO] [stderr]   Downloaded tinytemplate v1.2.1
[INFO] [stderr]   Downloaded same-file v1.0.6
[INFO] [stderr]   Downloaded keyed_priority_queue v0.3.2
[INFO] [stderr]   Downloaded bit-vec v0.6.3
[INFO] [stderr]   Downloaded bit-set v0.5.3
[INFO] [stderr]   Downloaded quick-error v2.0.1
[INFO] [stderr]   Downloaded rand_xorshift v0.3.0
[INFO] [stderr]   Downloaded quick-error v1.2.3
[INFO] [stderr]   Downloaded wait-timeout v0.2.0
[INFO] [stderr]   Downloaded rusty-fork v0.3.0
[INFO] [stderr]   Downloaded serial_test_derive v0.5.1
[INFO] [stderr]   Downloaded serial_test v0.5.1
[INFO] [stderr]   Downloaded signal-hook-registry v1.4.0
[INFO] [stderr]   Downloaded tokio-macros v1.8.0
[INFO] [stderr]   Downloaded itoa v1.0.2
[INFO] [stderr]   Downloaded wasm-bindgen-futures v0.4.32
[INFO] [stderr]   Downloaded twox-hash v1.6.3
[INFO] [stderr]   Downloaded matches v0.1.9
[INFO] [stderr]   Downloaded percent-encoding v2.1.0
[INFO] [stderr]   Downloaded doc-comment v0.3.3
[INFO] [stderr]   Downloaded globwalk v0.8.1
[INFO] [stderr]   Downloaded difflib v0.4.0
[INFO] [stderr]   Downloaded predicates-core v1.0.3
[INFO] [stderr]   Downloaded termtree v0.2.4
[INFO] [stderr]   Downloaded os_str_bytes v6.2.0
[INFO] [stderr]   Downloaded plotters-svg v0.3.2
[INFO] [stderr]   Downloaded walkdir v2.3.2
[INFO] [stderr]   Downloaded signature v1.5.0
[INFO] [stderr]   Downloaded serde_bytes v0.11.6
[INFO] [stderr]   Downloaded unicode-xid v0.2.3
[INFO] [stderr]   Downloaded mio v0.8.4
[INFO] [stderr]   Downloaded winter-math v0.2.0
[INFO] [stderr]   Downloaded libz-sys v1.1.8
[INFO] [stderr]   Downloaded winter-utils v0.2.0
[INFO] [stderr]   Downloaded wasm-bindgen-test-macro v0.3.32
[INFO] running `Command { std: "docker" "create" "-v" "/var/lib/crater-agent-workspace/builds/worker-1-tc1/target:/opt/rustwide/target:rw,Z" "-v" "/var/lib/crater-agent-workspace/builds/worker-1-tc1/source:/opt/rustwide/workdir:ro,Z" "-v" "/var/lib/crater-agent-workspace/cargo-home:/opt/rustwide/cargo-home:ro,Z" "-v" "/var/lib/crater-agent-workspace/rustup-home:/opt/rustwide/rustup-home:ro,Z" "-e" "SOURCE_DIR=/opt/rustwide/workdir" "-e" "CARGO_TARGET_DIR=/opt/rustwide/target" "-e" "CARGO_HOME=/opt/rustwide/cargo-home" "-e" "RUSTUP_HOME=/opt/rustwide/rustup-home" "-w" "/opt/rustwide/workdir" "-m" "1610612736" "--user" "0:0" "--network" "none" "ghcr.io/rust-lang/crates-build-env/linux@sha256:3959728d45483eb673ba100a951a6b9f5012970368db2a9e08e0ac9b67c8a5ad" "/opt/rustwide/cargo-home/bin/cargo" "+1.85.0" "metadata" "--no-deps" "--format-version=1", kill_on_drop: false }`
[INFO] [stdout] fa9af70de4d81f700123a2a0d00ad5f5d4d1649c46be4e226fd5355595a48cf6
[INFO] running `Command { std: "docker" "start" "-a" "fa9af70de4d81f700123a2a0d00ad5f5d4d1649c46be4e226fd5355595a48cf6", kill_on_drop: false }`
[INFO] running `Command { std: "docker" "inspect" "fa9af70de4d81f700123a2a0d00ad5f5d4d1649c46be4e226fd5355595a48cf6", kill_on_drop: false }`
[INFO] running `Command { std: "docker" "rm" "-f" "fa9af70de4d81f700123a2a0d00ad5f5d4d1649c46be4e226fd5355595a48cf6", kill_on_drop: false }`
[INFO] [stdout] fa9af70de4d81f700123a2a0d00ad5f5d4d1649c46be4e226fd5355595a48cf6
[INFO] running `Command { std: "docker" "create" "-v" "/var/lib/crater-agent-workspace/builds/worker-1-tc1/target:/opt/rustwide/target:rw,Z" "-v" "/var/lib/crater-agent-workspace/builds/worker-1-tc1/source:/opt/rustwide/workdir:ro,Z" "-v" "/var/lib/crater-agent-workspace/cargo-home:/opt/rustwide/cargo-home:ro,Z" "-v" "/var/lib/crater-agent-workspace/rustup-home:/opt/rustwide/rustup-home:ro,Z" "-e" "SOURCE_DIR=/opt/rustwide/workdir" "-e" "CARGO_TARGET_DIR=/opt/rustwide/target" "-e" "CARGO_INCREMENTAL=0" "-e" "RUST_BACKTRACE=full" "-e" "RUSTFLAGS=--cap-lints=warn" "-e" "RUSTDOCFLAGS=--cap-lints=warn" "-e" "CARGO_HOME=/opt/rustwide/cargo-home" "-e" "RUSTUP_HOME=/opt/rustwide/rustup-home" "-w" "/opt/rustwide/workdir" "-m" "1610612736" "--user" "0:0" "--network" "none" "ghcr.io/rust-lang/crates-build-env/linux@sha256:3959728d45483eb673ba100a951a6b9f5012970368db2a9e08e0ac9b67c8a5ad" "/opt/rustwide/cargo-home/bin/cargo" "+1.85.0" "build" "--frozen" "--message-format=json", kill_on_drop: false }`
[INFO] [stdout] 3caae064a08adee493963304bbe0dea87e6de8f234b2532ef351c223a958ee60
[INFO] running `Command { std: "docker" "start" "-a" "3caae064a08adee493963304bbe0dea87e6de8f234b2532ef351c223a958ee60", kill_on_drop: false }`
[INFO] [stderr] warning: profiles for the non root package will be ignored, specify profiles at the workspace root:
[INFO] [stderr] package:   /opt/rustwide/workdir/vkd_client/Cargo.toml
[INFO] [stderr] workspace: /opt/rustwide/workdir/Cargo.toml
[INFO] [stderr]    Compiling proc-macro2 v1.0.42
[INFO] [stderr]    Compiling unicode-ident v1.0.2
[INFO] [stderr]    Compiling quote v1.0.20
[INFO] [stderr]    Compiling syn v1.0.98
[INFO] [stderr]    Compiling libc v0.2.126
[INFO] [stderr]    Compiling generic-array v0.14.5
[INFO] [stderr]    Compiling serde_derive v1.0.140
[INFO] [stderr]    Compiling serde v1.0.140
[INFO] [stderr]    Compiling pkg-config v0.3.25
[INFO] [stderr]    Compiling value-bag v1.0.0-alpha.9
[INFO] [stderr]    Compiling log v0.4.17
[INFO] [stderr]    Compiling getrandom v0.1.16
[INFO] [stderr]    Compiling lock_api v0.4.7
[INFO] [stderr]    Compiling parking_lot_core v0.9.3
[INFO] [stderr]    Compiling static_assertions v1.1.0
[INFO] [stderr]    Compiling smallvec v1.9.0
[INFO] [stderr]    Compiling unicode-xid v0.2.3
[INFO] [stderr]    Compiling glob v0.3.0
[INFO] [stderr]    Compiling lexical-util v0.8.5
[INFO] [stderr]    Compiling openssl-sys v0.9.75
[INFO] [stderr]    Compiling blake3 v1.3.1
[INFO] [stderr]    Compiling crypto-common v0.1.6
[INFO] [stderr]    Compiling block-buffer v0.10.2
[INFO] [stderr]    Compiling digest v0.9.0
[INFO] [stderr]    Compiling digest v0.10.3
[INFO] [stderr]    Compiling block-buffer v0.9.0
[INFO] [stderr]    Compiling clang-sys v1.3.3
[INFO] [stderr]    Compiling getrandom v0.2.7
[INFO] [stderr]    Compiling indexmap v1.9.1
[INFO] [stderr]    Compiling num-traits v0.2.15
[INFO] [stderr]    Compiling tokio v1.20.1
[INFO] [stderr]    Compiling ahash v0.7.6
[INFO] [stderr]    Compiling rand_core v0.5.1
[INFO] [stderr]    Compiling pin-project-lite v0.2.9
[INFO] [stderr]    Compiling hashbrown v0.12.3
[INFO] [stderr]    Compiling crossbeam-utils v0.8.11
[INFO] [stderr]    Compiling byteorder v1.4.3
[INFO] [stderr]    Compiling bytes v1.2.0
[INFO] [stderr]    Compiling parking_lot v0.12.1
[INFO] [stderr]    Compiling signal-hook-registry v1.4.0
[INFO] [stderr]    Compiling num_cpus v1.13.1
[INFO] [stderr]    Compiling socket2 v0.4.4
[INFO] [stderr]    Compiling minimal-lexical v0.2.1
[INFO] [stderr]    Compiling frunk_core v0.4.0
[INFO] [stderr]    Compiling proc-macro-hack v0.5.19
[INFO] [stderr]    Compiling nom v7.1.1
[INFO] [stderr]    Compiling rand_chacha v0.2.2
[INFO] [stderr]    Compiling libloading v0.7.3
[INFO] [stderr]    Compiling proc-macro-error-attr v1.0.4
[INFO] [stderr]    Compiling num-integer v0.1.45
[INFO] [stderr]    Compiling bindgen v0.59.2
[INFO] [stderr]    Compiling signature v1.5.0
[INFO] [stderr]    Compiling futures-core v0.3.21
[INFO] [stderr]    Compiling ryu v1.0.10
[INFO] [stderr]    Compiling winter-utils v0.2.0
[INFO] [stderr]    Compiling sha3 v0.9.1
[INFO] [stderr]    Compiling winter-math v0.2.0
[INFO] [stderr]    Compiling rand v0.7.3
[INFO] [stderr]    Compiling rand_core v0.6.3
[INFO] [stderr]    Compiling sha2 v0.9.9
[INFO] [stderr]    Compiling atty v0.2.14
[INFO] [stderr]    Compiling lexical-parse-integer v0.8.6
[INFO] [stderr]    Compiling lexical-write-integer v0.8.5
[INFO] [stderr]    Compiling libz-sys v1.1.8
[INFO] [stderr]    Compiling proc-macro-error v1.0.4
[INFO] [stderr]    Compiling crossbeam-epoch v0.9.10
[INFO] [stderr]    Compiling cexpr v0.6.0
[INFO] [stderr]    Compiling num-bigint v0.4.3
[INFO] [stderr]    Compiling radium v0.6.2
[INFO] [stderr]    Compiling peeking_take_while v0.1.2
[INFO] [stderr]    Compiling tinyvec_macros v0.1.0
[INFO] [stderr]    Compiling shlex v1.1.0
[INFO] [stderr]    Compiling foreign-types-shared v0.1.1
[INFO] [stderr]    Compiling async-trait v0.1.56
[INFO] [stderr]    Compiling rustc-hash v1.1.0
[INFO] [stderr]    Compiling openssl v0.10.41
[INFO] [stderr]    Compiling crc32fast v1.3.2
[INFO] [stderr]    Compiling lazycell v1.3.0
[INFO] [stderr]    Compiling foreign-types v0.3.2
[INFO] [stderr]    Compiling tinyvec v1.6.0
[INFO] [stderr]    Compiling lexical-write-float v0.8.5
[INFO] [stderr]    Compiling lexical-parse-float v0.8.5
[INFO] [stderr]    Compiling rand_chacha v0.3.1
[INFO] [stderr]    Compiling synstructure v0.12.6
[INFO] [stderr]    Compiling frunk_proc_macro_helpers v0.1.0
[INFO] [stderr]    Compiling winter-crypto v0.2.0
[INFO] [stderr]    Compiling subprocess v0.2.9
[INFO] [stderr]    Compiling cmake v0.1.48
[INFO] [stderr]    Compiling slab v0.4.7
[INFO] [stderr]    Compiling tap v1.0.1
[INFO] [stderr]    Compiling futures-sink v0.3.21
[INFO] [stderr]    Compiling futures-task v0.3.21
[INFO] [stderr]    Compiling rust_decimal v1.25.0
[INFO] [stderr]    Compiling futures-channel v0.3.21
[INFO] [stderr]    Compiling native-tls v0.2.10
[INFO] [stderr]    Compiling serde_json v1.0.82
[INFO] [stderr]    Compiling matches v0.1.9
[INFO] [stderr]    Compiling crossbeam-queue v0.3.6
[INFO] [stderr]    Compiling wyz v0.4.0
[INFO] [stderr]    Compiling unicode-normalization v0.1.21
[INFO] [stderr]    Compiling lexical-core v0.8.5
[INFO] [stderr]    Compiling rand v0.8.5
[INFO] [stderr]    Compiling ctor v0.1.23
[INFO] [stderr]    Compiling zeroize_derive v1.3.2
[INFO] [stderr]    Compiling tokio-macros v1.8.0
[INFO] [stderr]    Compiling frunk_proc_macros_impl v0.1.0
[INFO] [stderr]    Compiling openssl-macros v0.1.0
[INFO] [stderr]    Compiling frunk_proc_macros v0.1.0
[INFO] [stderr]    Compiling frunk_derives v0.4.0
[INFO] [stderr]    Compiling zeroize v1.3.0
[INFO] [stderr]    Compiling curve25519-dalek v3.2.1
[INFO] [stderr]    Compiling mio v0.8.4
[INFO] [stderr]    Compiling thiserror-impl v1.0.31
[INFO] [stderr]    Compiling async-recursion v0.3.2
[INFO] [stderr]    Compiling colored v2.0.0
[INFO] [stderr]    Compiling keyed_priority_queue v0.3.2
[INFO] [stderr]    Compiling heck v0.4.0
[INFO] [stderr]    Compiling itoa v1.0.2
[INFO] [stderr]    Compiling percent-encoding v2.1.0
[INFO] [stderr]    Compiling futures-util v0.3.21
[INFO] [stderr]    Compiling os_str_bytes v6.2.0
[INFO] [stderr]    Compiling openssl-probe v0.1.5
[INFO] [stderr]    Compiling num_threads v0.1.6
[INFO] [stderr]    Compiling funty v1.2.0
[INFO] [stderr]    Compiling hex v0.4.3
[INFO] [stderr]    Compiling unicode-bidi v0.3.8
[INFO] [stderr]    Compiling thiserror v1.0.31
[INFO] [stderr]    Compiling idna v0.2.3
[INFO] [stderr]    Compiling time v0.3.11
[INFO] [stderr]    Compiling clap_lex v0.2.4
[INFO] [stderr]    Compiling bitvec v0.22.3
[INFO] [stderr]    Compiling mysql_common v0.28.2
[INFO] [stderr]    Compiling form_urlencoded v1.0.1
[INFO] [stderr]    Compiling clap_derive v3.2.15
[INFO] [stderr]    Compiling frunk v0.4.0
[INFO] [stderr]    Compiling bigdecimal v0.3.0
[INFO] [stderr]    Compiling futures-macro v0.3.21
[INFO] [stderr]    Compiling pin-project-internal v1.0.11
[INFO] [stderr]    Compiling flate2 v1.0.24
[INFO] [stderr]    Compiling crossbeam-deque v0.8.2
[INFO] [stderr]    Compiling lexical v6.1.1
[INFO] [stderr]    Compiling crossbeam-channel v0.5.6
[INFO] [stderr]    Compiling uuid v0.8.2
[INFO] [stderr]    Compiling sha-1 v0.10.0
[INFO] [stderr]    Compiling sha2 v0.10.2
[INFO] [stderr]    Compiling saturating v0.1.0
[INFO] [stderr]    Compiling linked-hash-map v0.5.6
[INFO] [stderr]    Compiling textwrap v0.15.0
[INFO] [stderr]    Compiling futures-io v0.3.21
[INFO] [stderr]    Compiling strsim v0.10.0
[INFO] [stderr]    Compiling pin-utils v0.1.0
[INFO] [stderr]    Compiling yaml-rust v0.4.5
[INFO] [stderr]    Compiling pin-project v1.0.11
[INFO] [stderr]    Compiling serde_bytes v0.11.6
[INFO] [stderr]    Compiling ed25519 v1.5.2
[INFO] [stderr]    Compiling bincode v1.3.3
[INFO] [stderr]    Compiling ed25519-dalek v1.0.1
[INFO] [stderr]    Compiling tokio-util v0.6.10
[INFO] [stderr]    Compiling vkd v0.6.2 (/opt/rustwide/workdir/vkd)
[INFO] [stderr]    Compiling clap v3.2.15
[INFO] [stderr]    Compiling tokio-native-tls v0.3.0
[INFO] [stderr]    Compiling crossbeam v0.8.2
[INFO] [stderr]    Compiling url v2.2.2
[INFO] [stderr]    Compiling pem v1.1.0
[INFO] [stderr]    Compiling twox-hash v1.6.3
[INFO] [stderr]    Compiling lru v0.7.8
[INFO] [stderr]    Compiling thread-id v3.3.0
[INFO] [stderr]    Compiling serde_yaml v0.8.26
[INFO] [stderr]    Compiling multi_log v0.1.2
[INFO] [stderr]    Compiling vkd_client v0.6.2 (/opt/rustwide/workdir/vkd_client)
[INFO] [stderr]    Compiling vkd_integration_tests v0.0.0 (/opt/rustwide/workdir/integration_tests)
[INFO] [stderr]    Compiling vkd_test_tools v0.6.2 (/opt/rustwide/workdir/vkd_test_tools)
[INFO] [stderr]    Compiling mysql_async v0.29.0
[INFO] [stderr]    Compiling vkd_mysql v0.6.2 (/opt/rustwide/workdir/vkd_mysql)
[INFO] [stdout] warning: associated function `get_statement` is never used
[INFO] [stdout]   --> vkd_mysql/src/mysql_storables.rs:41:8
[INFO] [stdout]    |
[INFO] [stdout] 32 | pub(crate) trait MySqlStorable {
[INFO] [stdout]    |                  ------------- associated function in this trait
[INFO] [stdout] ...
[INFO] [stdout] 41 |     fn get_statement<St: Storable>() -> String;
[INFO] [stdout]    |        ^^^^^^^^^^^^^
[INFO] [stdout]    |
[INFO] [stdout]    = note: `#[warn(dead_code)]` on by default
[INFO] [stdout] 
[INFO] [stdout] 
[INFO] [stderr]    Compiling vkd_app v0.0.0 (/opt/rustwide/workdir/poc)
[INFO] [stderr]     Finished `dev` profile [unoptimized + debuginfo] target(s) in 1m 41s
[INFO] running `Command { std: "docker" "inspect" "3caae064a08adee493963304bbe0dea87e6de8f234b2532ef351c223a958ee60", kill_on_drop: false }`
[INFO] running `Command { std: "docker" "rm" "-f" "3caae064a08adee493963304bbe0dea87e6de8f234b2532ef351c223a958ee60", kill_on_drop: false }`
[INFO] [stdout] 3caae064a08adee493963304bbe0dea87e6de8f234b2532ef351c223a958ee60
[INFO] running `Command { std: "docker" "create" "-v" "/var/lib/crater-agent-workspace/builds/worker-1-tc1/target:/opt/rustwide/target:rw,Z" "-v" "/var/lib/crater-agent-workspace/builds/worker-1-tc1/source:/opt/rustwide/workdir:ro,Z" "-v" "/var/lib/crater-agent-workspace/cargo-home:/opt/rustwide/cargo-home:ro,Z" "-v" "/var/lib/crater-agent-workspace/rustup-home:/opt/rustwide/rustup-home:ro,Z" "-e" "SOURCE_DIR=/opt/rustwide/workdir" "-e" "CARGO_TARGET_DIR=/opt/rustwide/target" "-e" "CARGO_INCREMENTAL=0" "-e" "RUST_BACKTRACE=full" "-e" "RUSTFLAGS=--cap-lints=warn" "-e" "RUSTDOCFLAGS=--cap-lints=warn" "-e" "CARGO_HOME=/opt/rustwide/cargo-home" "-e" "RUSTUP_HOME=/opt/rustwide/rustup-home" "-w" "/opt/rustwide/workdir" "-m" "1610612736" "--user" "0:0" "--network" "none" "ghcr.io/rust-lang/crates-build-env/linux@sha256:3959728d45483eb673ba100a951a6b9f5012970368db2a9e08e0ac9b67c8a5ad" "/opt/rustwide/cargo-home/bin/cargo" "+1.85.0" "test" "--frozen" "--no-run" "--message-format=json", kill_on_drop: false }`
[INFO] [stdout] 63f276284b7399a8c40fb5253851a5044bc545fb2f54e534cb57a791efaf5262
[INFO] running `Command { std: "docker" "start" "-a" "63f276284b7399a8c40fb5253851a5044bc545fb2f54e534cb57a791efaf5262", kill_on_drop: false }`
[INFO] [stderr] warning: profiles for the non root package will be ignored, specify profiles at the workspace root:
[INFO] [stderr] package:   /opt/rustwide/workdir/vkd_client/Cargo.toml
[INFO] [stderr] workspace: /opt/rustwide/workdir/Cargo.toml
[INFO] [stderr]    Compiling regex-automata v0.1.10
[INFO] [stderr]    Compiling same-file v1.0.6
[INFO] [stderr]    Compiling fnv v1.0.7
[INFO] [stderr]    Compiling wasm-bindgen-backend v0.2.82
[INFO] [stderr]    Compiling remove_dir_all v0.5.3
[INFO] [stderr]    Compiling fastrand v1.8.0
[INFO] [stderr]    Compiling parking_lot_core v0.8.5
[INFO] [stderr]    Compiling instant v0.1.12
[INFO] [stderr]    Compiling plotters-backend v0.3.4
[INFO] [stderr]    Compiling rustversion v1.0.8
[INFO] [stderr]    Compiling unicode-width v0.1.9
[INFO] [stderr]    Compiling walkdir v2.3.2
[INFO] [stderr]    Compiling textwrap v0.11.0
[INFO] [stderr]    Compiling bstr v0.2.17
[INFO] [stderr]    Compiling tempfile v3.3.0
[INFO] [stderr]    Compiling plotters-svg v0.3.2
[INFO] [stderr]    Compiling rayon-core v1.9.3
[INFO] [stderr]    Compiling csv-core v0.1.10
[INFO] [stderr]    Compiling thread_local v1.1.4
[INFO] [stderr]    Compiling half v1.8.2
[INFO] [stderr]    Compiling doc-comment v0.3.3
[INFO] [stderr]    Compiling predicates-core v1.0.3
[INFO] [stderr]    Compiling wasm-bindgen-macro-support v0.2.82
[INFO] [stderr]    Compiling globset v0.4.9
[INFO] [stderr]    Compiling cast v0.3.0
[INFO] [stderr]    Compiling itoa v0.4.8
[INFO] [stderr]    Compiling csv v1.1.6
[INFO] [stderr]    Compiling rayon v1.5.3
[INFO] [stderr]    Compiling criterion-plot v0.4.5
[INFO] [stderr]    Compiling serde_cbor v0.11.2
[INFO] [stderr]    Compiling ignore v0.4.18
[INFO] [stderr]    Compiling parking_lot v0.11.2
[INFO] [stderr]    Compiling wasm-bindgen-macro v0.2.82
[INFO] [stderr]    Compiling plotters v0.3.2
[INFO] [stderr]    Compiling clap v2.34.0
[INFO] [stderr]    Compiling futures-executor v0.3.21
[INFO] [stderr]    Compiling tinytemplate v1.2.1
[INFO] [stderr]    Compiling serial_test_derive v0.5.1
[INFO] [stderr]    Compiling termtree v0.2.4
[INFO] [stderr]    Compiling difflib v0.4.0
[INFO] [stderr]    Compiling syn v0.15.44
[INFO] [stderr]    Compiling wasm-bindgen v0.2.82
[INFO] [stderr]    Compiling oorandom v11.1.3
[INFO] [stderr]    Compiling predicates v2.1.1
[INFO] [stderr]    Compiling predicates-tree v1.0.5
[INFO] [stderr]    Compiling serial_test_derive v0.8.0
[INFO] [stderr]    Compiling serial_test v0.5.1
[INFO] [stderr]    Compiling globwalk v0.8.1
[INFO] [stderr]    Compiling futures v0.3.21
[INFO] [stdout] warning: associated function `get_statement` is never used
[INFO] [stdout]   --> vkd_mysql/src/mysql_storables.rs:41:8
[INFO] [stdout]    |
[INFO] [stdout] 32 | pub(crate) trait MySqlStorable {
[INFO] [stdout]    |                  ------------- associated function in this trait
[INFO] [stdout] ...
[INFO] [stdout] 41 |     fn get_statement<St: Storable>() -> String;
[INFO] [stdout]    |        ^^^^^^^^^^^^^
[INFO] [stdout]    |
[INFO] [stdout]    = note: `#[warn(dead_code)]` on by default
[INFO] [stdout] 
[INFO] [stdout] 
[INFO] [stderr]    Compiling wait-timeout v0.2.0
[INFO] [stderr]    Compiling bit-vec v0.6.3
[INFO] [stderr]    Compiling quick-error v1.2.3
[INFO] [stderr]    Compiling rusty-fork v0.3.0
[INFO] [stderr]    Compiling js-sys v0.3.59
[INFO] [stderr]    Compiling console_error_panic_hook v0.1.7
[INFO] [stderr]    Compiling bit-set v0.5.3
[INFO] [stderr]    Compiling assert_fs v1.0.7
[INFO] [stderr]    Compiling rand_xorshift v0.3.0
[INFO] [stderr]    Compiling wasm-bindgen-test-macro v0.3.32
[INFO] [stderr]    Compiling serial_test v0.8.0
[INFO] [stderr]    Compiling quick-error v2.0.1
[INFO] [stderr]    Compiling proptest v1.0.0
[INFO] [stderr]    Compiling vkd_test_tools v0.6.2 (/opt/rustwide/workdir/vkd_test_tools)
[INFO] [stderr]    Compiling vkd_app v0.0.0 (/opt/rustwide/workdir/poc)
[INFO] [stderr]    Compiling vkd_integration_tests v0.0.0 (/opt/rustwide/workdir/integration_tests)
[INFO] [stderr]    Compiling criterion v0.3.6
[INFO] [stderr]    Compiling wasm-bindgen-futures v0.4.32
[INFO] [stderr]    Compiling wasm-bindgen-test v0.3.32
[INFO] [stderr]    Compiling vkd_client v0.6.2 (/opt/rustwide/workdir/vkd_client)
[INFO] [stderr]    Compiling proptest-derive v0.3.0
[INFO] [stderr]    Compiling vkd_mysql v0.6.2 (/opt/rustwide/workdir/vkd_mysql)
[INFO] [stderr]    Compiling vkd v0.6.2 (/opt/rustwide/workdir/vkd)
[INFO] [stdout] warning: associated function `get_statement` is never used
[INFO] [stdout]   --> vkd_mysql/src/mysql_storables.rs:41:8
[INFO] [stdout]    |
[INFO] [stdout] 32 | pub(crate) trait MySqlStorable {
[INFO] [stdout]    |                  ------------- associated function in this trait
[INFO] [stdout] ...
[INFO] [stdout] 41 |     fn get_statement<St: Storable>() -> String;
[INFO] [stdout]    |        ^^^^^^^^^^^^^
[INFO] [stdout]    |
[INFO] [stdout]    = note: `#[warn(dead_code)]` on by default
[INFO] [stdout] 
[INFO] [stdout] 
[INFO] [stdout] warning: non-local `impl` definition, `impl` blocks should be written at the same level as their item
[INFO] [stdout]   --> vkd/src/ecvrf/tests.rs:39:80
[INFO] [stdout]    |
[INFO] [stdout] 39 |     Clone, Copy, Eq, Hash, PartialEq, Serialize, Deserialize, PartialOrd, Ord, Arbitrary, Debug,
[INFO] [stdout]    |                                                                                ^--------
[INFO] [stdout]    |                                                                                |
[INFO] [stdout]    |                                                                                `Arbitrary` is not local
[INFO] [stdout]    |                                                                                move the `impl` block outside of this constant `_IMPL_ARBITRARY_FOR_HashValue`
[INFO] [stdout] 40 | )]
[INFO] [stdout] 41 | pub struct HashValue {
[INFO] [stdout]    |            --------- `HashValue` is not local
[INFO] [stdout]    |
[INFO] [stdout]    = note: the derive macro `Arbitrary` defines the non-local `impl`, and may need to be changed
[INFO] [stdout]    = note: the derive macro `Arbitrary` may come from an old version of the `proptest_derive` crate, try updating your dependency with `cargo update -p proptest_derive`
[INFO] [stdout]    = note: an `impl` is never scoped, even when it is nested inside an item, as it may impact type checking outside of that item, which can be the case if neither the trait or the self type are at the same nesting level as the `impl`
[INFO] [stdout]    = note: items in an anonymous const item (`const _: () = { ... }`) are treated as in the same scope as the anonymous const's declaration for the purpose of this lint
[INFO] [stdout]    = note: `#[warn(non_local_definitions)]` on by default
[INFO] [stdout]    = note: this warning originates in the derive macro `Arbitrary` (in Nightly builds, run with -Z macro-backtrace for more info)
[INFO] [stdout] 
[INFO] [stdout] 
[INFO] [stderr]     Finished `test` profile [unoptimized + debuginfo] target(s) in 30.30s
[INFO] [stderr] warning: the following packages contain code that will be rejected by a future version of Rust: wasm-bindgen v0.2.82
[INFO] [stderr] note: to see what the problems were, use the option `--future-incompat-report`, or run `cargo report future-incompatibilities --id 4`
[INFO] running `Command { std: "docker" "inspect" "63f276284b7399a8c40fb5253851a5044bc545fb2f54e534cb57a791efaf5262", kill_on_drop: false }`
[INFO] running `Command { std: "docker" "rm" "-f" "63f276284b7399a8c40fb5253851a5044bc545fb2f54e534cb57a791efaf5262", kill_on_drop: false }`
[INFO] [stdout] 63f276284b7399a8c40fb5253851a5044bc545fb2f54e534cb57a791efaf5262
[INFO] running `Command { std: "docker" "create" "-v" "/var/lib/crater-agent-workspace/builds/worker-1-tc1/target:/opt/rustwide/target:rw,Z" "-v" "/var/lib/crater-agent-workspace/builds/worker-1-tc1/source:/opt/rustwide/workdir:ro,Z" "-v" "/var/lib/crater-agent-workspace/cargo-home:/opt/rustwide/cargo-home:ro,Z" "-v" "/var/lib/crater-agent-workspace/rustup-home:/opt/rustwide/rustup-home:ro,Z" "-e" "SOURCE_DIR=/opt/rustwide/workdir" "-e" "CARGO_TARGET_DIR=/opt/rustwide/target" "-e" "CARGO_INCREMENTAL=0" "-e" "RUST_BACKTRACE=full" "-e" "RUSTFLAGS=--cap-lints=warn" "-e" "RUSTDOCFLAGS=--cap-lints=warn" "-e" "CARGO_HOME=/opt/rustwide/cargo-home" "-e" "RUSTUP_HOME=/opt/rustwide/rustup-home" "-w" "/opt/rustwide/workdir" "-m" "1610612736" "--user" "0:0" "--network" "none" "ghcr.io/rust-lang/crates-build-env/linux@sha256:3959728d45483eb673ba100a951a6b9f5012970368db2a9e08e0ac9b67c8a5ad" "/opt/rustwide/cargo-home/bin/cargo" "+1.85.0" "test" "--frozen", kill_on_drop: false }`
[INFO] [stdout] bdfa4081a1aa6e293dd023e40204b2ce7a53e3147d394905b2b795dae72c0b0d
[INFO] running `Command { std: "docker" "start" "-a" "bdfa4081a1aa6e293dd023e40204b2ce7a53e3147d394905b2b795dae72c0b0d", kill_on_drop: false }`
[INFO] [stderr] warning: profiles for the non root package will be ignored, specify profiles at the workspace root:
[INFO] [stderr] package:   /opt/rustwide/workdir/vkd_client/Cargo.toml
[INFO] [stderr] workspace: /opt/rustwide/workdir/Cargo.toml
[INFO] [stderr] warning: associated function `get_statement` is never used
[INFO] [stderr]   --> vkd_mysql/src/mysql_storables.rs:41:8
[INFO] [stderr]    |
[INFO] [stderr] 32 | pub(crate) trait MySqlStorable {
[INFO] [stderr]    |                  ------------- associated function in this trait
[INFO] [stderr] ...
[INFO] [stderr] 41 |     fn get_statement<St: Storable>() -> String;
[INFO] [stderr]    |        ^^^^^^^^^^^^^
[INFO] [stderr]    |
[INFO] [stderr]    = note: `#[warn(dead_code)]` on by default
[INFO] [stderr] 
[INFO] [stderr] warning: `vkd_mysql` (lib) generated 1 warning
[INFO] [stderr] warning: non-local `impl` definition, `impl` blocks should be written at the same level as their item
[INFO] [stderr]   --> vkd/src/ecvrf/tests.rs:39:80
[INFO] [stderr]    |
[INFO] [stderr] 39 |     Clone, Copy, Eq, Hash, PartialEq, Serialize, Deserialize, PartialOrd, Ord, Arbitrary, Debug,
[INFO] [stderr]    |                                                                                ^--------
[INFO] [stderr]    |                                                                                |
[INFO] [stderr]    |                                                                                `Arbitrary` is not local
[INFO] [stderr]    |                                                                                move the `impl` block outside of this constant `_IMPL_ARBITRARY_FOR_HashValue`
[INFO] [stderr] 40 | )]
[INFO] [stderr] 41 | pub struct HashValue {
[INFO] [stderr]    |            --------- `HashValue` is not local
[INFO] [stderr]    |
[INFO] [stderr]    = note: the derive macro `Arbitrary` defines the non-local `impl`, and may need to be changed
[INFO] [stderr]    = note: the derive macro `Arbitrary` may come from an old version of the `proptest_derive` crate, try updating your dependency with `cargo update -p proptest_derive`
[INFO] [stderr]    = note: an `impl` is never scoped, even when it is nested inside an item, as it may impact type checking outside of that item, which can be the case if neither the trait or the self type are at the same nesting level as the `impl`
[INFO] [stderr]    = note: items in an anonymous const item (`const _: () = { ... }`) are treated as in the same scope as the anonymous const's declaration for the purpose of this lint
[INFO] [stderr]    = note: `#[warn(non_local_definitions)]` on by default
[INFO] [stderr]    = note: this warning originates in the derive macro `Arbitrary` (in Nightly builds, run with -Z macro-backtrace for more info)
[INFO] [stderr] 
[INFO] [stderr] warning: `vkd` (lib test) generated 1 warning
[INFO] [stderr] warning: `vkd_mysql` (lib test) generated 1 warning (1 duplicate)
[INFO] [stderr]     Finished `test` profile [unoptimized + debuginfo] target(s) in 0.27s
[INFO] [stderr] warning: the following packages contain code that will be rejected by a future version of Rust: wasm-bindgen v0.2.82
[INFO] [stderr] note: to see what the problems were, use the option `--future-incompat-report`, or run `cargo report future-incompatibilities --id 4`
[INFO] [stderr]      Running unittests src/lib.rs (/opt/rustwide/target/debug/deps/vkd-dd8920a46b2a144e)
[INFO] [stdout] 
[INFO] [stdout] running 75 tests
[INFO] [stdout] test ecvrf::tests::test_privatekey_clone ... ok
[INFO] [stdout] test ecvrf::tests::test_nonce_generation ... ok
[INFO] [stdout] test ecvrf::tests::test_hash_to_curve ... ok
[INFO] [stdout] test ecvrf::tests::test_expand_secret_key ... ok
[INFO] [stdout] test ecvrf::tests::test_hash_points ... ok
[INFO] [stdout] test node_label::tests::test_byte_arr_from_u64_larger ... ok
[INFO] [stdout] test ecvrf::tests::test_publickey_clone ... ok
[INFO] [stdout] test node_label::tests::serialize_deserialize ... ok
[INFO] [stdout] test node_label::tests::test_get_bit_at_large ... ok
[INFO] [stdout] test node_label::tests::test_byte_arr_from_u64_small ... ok
[INFO] [stdout] test node_label::tests::test_byte_arr_from_u64_medium ... ok
[INFO] [stdout] test node_label::tests::test_get_bit_at_medium_1 ... ok
[INFO] [stdout] test node_label::tests::test_get_bit_at_medium_2 ... ok
[INFO] [stdout] test node_label::tests::test_get_bit_at_small ... ok
[INFO] [stdout] test node_label::tests::test_get_prefix_small ... ok
[INFO] [stdout] test node_label::tests::test_get_dir_example ... ok
[INFO] [stdout] test node_label::tests::test_node_label_equal_leading_one ... ok
[INFO] [stdout] test node_label::tests::test_node_label_equal_leading_zero ... ok
[INFO] [stdout] test node_label::tests::test_node_label_equal_values_unequal_len ... ok
[INFO] [stdout] test node_label::tests::test_node_label_lcp_dirs_self_leading_one ... ok
[INFO] [stdout] test node_label::tests::test_node_label_lcp_dirs_some_leading_one ... ok
[INFO] [stdout] test node_label::tests::test_node_label_lcp_dirs_some_leading_zero ... ok
[INFO] [stdout] test node_label::tests::test_node_label_lcp_empty ... ok
[INFO] [stdout] test node_label::tests::test_node_label_lcp_other_one ... ok
[INFO] [stdout] test node_label::tests::test_node_label_lcp_other_zero ... ok
[INFO] [stdout] test node_label::tests::test_node_label_lcp_self_prefix_leading_one ... ok
[INFO] [stdout] test node_label::tests::test_node_label_lcp_self_prefix_leading_zero ... ok
[INFO] [stdout] test node_label::tests::test_node_label_lcp_some_leading_one ... ok
[INFO] [stdout] test node_label::tests::test_node_label_lcp_some_leading_zero ... ok
[INFO] [stdout] test node_label::tests::test_node_label_lcp_with_self_leading_zero ... ok
[INFO] [stdout] test node_label::tests::test_node_label_unequal_values ... ok
[INFO] [stdout] test node_label::tests::test_node_label_with_self_leading_one ... ok
[INFO] [stdout] test ordered_append_only_zks::tests::future_epoch_throws_error ... ok
[INFO] [stdout] test node_label::tests::test_get_sibling_prefix ... ok
[INFO] [stdout] test ecvrf::tests::test_output_from_proof ... ok
[INFO] [stdout] test ordered_append_only_zks::tests::test_append_only_proof_very_tiny ... ok
[INFO] [stdout] test ordered_append_only_zks::tests::test_append_only_proof_tiny ... ok
[INFO] [stdout] test ecvrf::tests::test_prove ... ok
[INFO] [stdout] test ordered_append_only_zks::tests::test_membership_proof_intermediate ... ok
[INFO] [stdout] test node_label::tests::test_get_dir_large ... ok
[INFO] [stdout] test ordered_append_only_zks::tests::test_membership_proof_small ... ok
[INFO] [stdout] test ecvrf::tests::test_verify ... ok
[INFO] [stdout] test ordered_append_only_zks::tests::test_nonmembership_proof_small ... ok
[INFO] [stdout] test ordered_append_only_zks::tests::test_membership_proof_failing ... ok
[INFO] [stdout] test ordered_append_only_zks::tests::test_nonmembership_proof_very_small ... ok
[INFO] [stdout] test ordered_append_only_zks::tests::test_batch_insert_basic ... ok
[INFO] [stdout] test ordered_append_only_zks::tests::test_membership_proof_permuted ... ok
[INFO] [stdout] test ordered_append_only_zks::tests::test_insert_permuted ... ok
[INFO] [stdout] test serialization::tests::serialize_deserialize ... ok
[INFO] [stdout] test ordered_append_only_zks::tests::test_nonmembership_proof ... ok
[INFO] [stdout] test storage::transaction::tests::test_commit_order ... ok
[INFO] [stdout] test serialization::tests::history_proof_roundtrip ... ok
[INFO] [stdout] test serialization::tests::audit_proof_roundtrip ... ok
[INFO] [stdout] test tests::test_directory_read_only_mode ... ok
[INFO] [stdout] test tests::test_empty_tree_root_hash ... ok
[INFO] [stdout] test storage::tests::memory_storage_tests::test_v2_in_memory_db ... ok
[INFO] [stdout] test serialization::tests::lookup_proof_roundtrip ... ok
[INFO] [stdout] test ordered_append_only_zks::tests::test_append_only_proof ... ok
[INFO] [stdout] test tests::test_simple_lookup_for_small_tree_blake ... ok
[INFO] [stdout] test storage::tests::memory_storage_tests::test_v2_in_memory_db_with_caching ... ok
[INFO] [stdout] test tests::test_simple_publish ... ok
[INFO] [stdout] test tests::test_simple_lookup ... ok
[INFO] [stdout] test tests::test_simple_lookup_for_small_tree_sha256 ... ok
[INFO] [stdout] test tree_node::tests::test_insert_single_leaf_below_root ... ok
[INFO] [stdout] test tree_node::tests::test_insert_single_leaf_below_root_both_sides ... ok
[INFO] [stdout] test tree_node::tests::test_insert_single_leaf_full_tree ... ok
[INFO] [stdout] test tree_node::tests::test_insert_single_leaf_root ... ok
[INFO] [stdout] test tree_node::tests::test_least_descendant_ep ... ok
[INFO] [stdout] test tests::test_small_key_history ... ok
[INFO] [stdout] test tests::test_simple_audit ... ok
[INFO] [stdout] test tests::test_directory_polling_ozks_change ... ok
[INFO] [stdout] test tests::test_limited_key_history ... ok
[INFO] [stdout] test tests::test_tombstoned_key_history ... ok
[INFO] [stdout] test tests::test_simple_key_history ... ok
[INFO] [stdout] test ecvrf::tests::test_prove_and_verify ... ok
[INFO] [stdout] 
[INFO] [stdout] test result: ok. 75 passed; 0 failed; 0 ignored; 0 measured; 0 filtered out; finished in 1.15s
[INFO] [stdout] 
[INFO] [stderr]      Running unittests src/main.rs (/opt/rustwide/target/debug/deps/vkd_app-31c3d1674004a5db)
[INFO] [stdout] 
[INFO] [stdout] running 0 tests
[INFO] [stdout] 
[INFO] [stdout] test result: ok. 0 passed; 0 failed; 0 ignored; 0 measured; 0 filtered out; finished in 0.00s
[INFO] [stdout] 
[INFO] [stderr]      Running unittests src/lib.rs (/opt/rustwide/target/debug/deps/vkd_client-b49ee2d93072ffa2)
[INFO] [stdout] 
[INFO] [stdout] running 5 tests
[INFO] [stdout] test tests::test_history_proof_single_epoch ... ok
[INFO] [stdout] test tests::test_simple_lookup_for_small_tree ... ok
[INFO] [stdout] test tests::test_simple_lookup ... ok
[INFO] [stdout] test tests::test_tombstoned_key_history ... ok
[INFO] [stdout] test tests::test_history_proof_multiple_epochs ... ok
[INFO] [stdout] 
[INFO] [stdout] test result: ok. 5 passed; 0 failed; 0 ignored; 0 measured; 0 filtered out; finished in 0.18s
[INFO] [stdout] 
[INFO] [stderr]      Running unittests src/lib.rs (/opt/rustwide/target/debug/deps/vkd_integration_tests-adf37379b4a7285f)
[INFO] [stdout] 
[INFO] [stdout] running 3 tests
[INFO] [stdout] test memory_tests::test_directory_operations ... FAILED
[INFO] [stdout] test mysql_tests::test_directory_operations ... FAILED
[INFO] [stdout] test mysql_tests::test_lookups ... FAILED
[INFO] [stdout] 
[INFO] [stdout] failures:
[INFO] [stdout] 
[INFO] [stdout] ---- memory_tests::test_directory_operations stdout ----
[INFO] [stdout] 
[INFO] [stdout] thread 'memory_tests::test_directory_operations' panicked at integration_tests/src/test_util.rs:47:13:
[INFO] [stdout] Error creating file logger!
[INFO] [stdout] stack backtrace:
[INFO] [stdout]    0:     0x5973b866534a - std::backtrace_rs::backtrace::libunwind::trace::h88deb10bd0145eb8
[INFO] [stdout]                                at /rustc/4d91de4e48198da2e33413efdcd9cd2cc0c46688/library/std/src/../../backtrace/src/backtrace/libunwind.rs:116:5
[INFO] [stdout]    1:     0x5973b866534a - std::backtrace_rs::backtrace::trace_unsynchronized::he1036f5481c14dff
[INFO] [stdout]                                at /rustc/4d91de4e48198da2e33413efdcd9cd2cc0c46688/library/std/src/../../backtrace/src/backtrace/mod.rs:66:5
[INFO] [stdout]    2:     0x5973b866534a - std::sys::backtrace::_print_fmt::hecc345b6e70c4b20
[INFO] [stdout]                                at /rustc/4d91de4e48198da2e33413efdcd9cd2cc0c46688/library/std/src/sys/backtrace.rs:66:9
[INFO] [stdout]    3:     0x5973b866534a - <std::sys::backtrace::BacktraceLock::print::DisplayBacktrace as core::fmt::Display>::fmt::he089f96442833f67
[INFO] [stdout]                                at /rustc/4d91de4e48198da2e33413efdcd9cd2cc0c46688/library/std/src/sys/backtrace.rs:39:26
[INFO] [stdout]    4:     0x5973b868d673 - core::fmt::rt::Argument::fmt::h1f77cded99c71a14
[INFO] [stdout]                                at /rustc/4d91de4e48198da2e33413efdcd9cd2cc0c46688/library/core/src/fmt/rt.rs:177:76
[INFO] [stdout]    5:     0x5973b868d673 - core::fmt::write::h2f210ed4c94745cb
[INFO] [stdout]                                at /rustc/4d91de4e48198da2e33413efdcd9cd2cc0c46688/library/core/src/fmt/mod.rs:1440:21
[INFO] [stdout]    6:     0x5973b86619e3 - std::io::Write::write_fmt::he723b56f7e0bd522
[INFO] [stdout]                                at /rustc/4d91de4e48198da2e33413efdcd9cd2cc0c46688/library/std/src/io/mod.rs:1887:15
[INFO] [stdout]    7:     0x5973b8665192 - std::sys::backtrace::BacktraceLock::print::h810fbd31421329e6
[INFO] [stdout]                                at /rustc/4d91de4e48198da2e33413efdcd9cd2cc0c46688/library/std/src/sys/backtrace.rs:42:9
[INFO] [stdout]    8:     0x5973b8666880 - std::panicking::default_hook::{{closure}}::hbaad47ed9dc6356d
[INFO] [stdout]                                at /rustc/4d91de4e48198da2e33413efdcd9cd2cc0c46688/library/std/src/panicking.rs:295:22
[INFO] [stdout]    9:     0x5973b866661d - std::panicking::default_hook::h24e207139139d40a
[INFO] [stdout]                                at /rustc/4d91de4e48198da2e33413efdcd9cd2cc0c46688/library/std/src/panicking.rs:319:9
[INFO] [stdout]   10:     0x5973b8146e53 - <alloc::boxed::Box<F,A> as core::ops::function::Fn<Args>>::call::h63353c459bb27956
[INFO] [stdout]                                at /rustc/4d91de4e48198da2e33413efdcd9cd2cc0c46688/library/alloc/src/boxed.rs:2007:9
[INFO] [stdout]   11:     0x5973b8146e53 - test::test_main::{{closure}}::hd5af4d6c4e32fe08
[INFO] [stdout]                                at /rustc/4d91de4e48198da2e33413efdcd9cd2cc0c46688/library/test/src/lib.rs:134:21
[INFO] [stdout]   12:     0x5973b86670b3 - <alloc::boxed::Box<F,A> as core::ops::function::Fn<Args>>::call::h3af32c23caf5c679
[INFO] [stdout]                                at /rustc/4d91de4e48198da2e33413efdcd9cd2cc0c46688/library/alloc/src/boxed.rs:2007:9
[INFO] [stdout]   13:     0x5973b86670b3 - std::panicking::rust_panic_with_hook::ha9131beeb2ddc506
[INFO] [stdout]                                at /rustc/4d91de4e48198da2e33413efdcd9cd2cc0c46688/library/std/src/panicking.rs:836:13
[INFO] [stdout]   14:     0x5973b8666ebc - std::panicking::begin_panic::{{closure}}::ha9082e1930280418
[INFO] [stdout]                                at /rustc/4d91de4e48198da2e33413efdcd9cd2cc0c46688/library/std/src/panicking.rs:765:9
[INFO] [stdout]   15:     0x5973b8665859 - std::sys::backtrace::__rust_end_short_backtrace::h6f7030f97d3faa89
[INFO] [stdout]                                at /rustc/4d91de4e48198da2e33413efdcd9cd2cc0c46688/library/std/src/sys/backtrace.rs:168:18
[INFO] [stdout]   16:     0x5973b801e240 - std::panicking::begin_panic::h2d0d20b8df2bfe77
[INFO] [stdout]                                at /rustc/4d91de4e48198da2e33413efdcd9cd2cc0c46688/library/std/src/panicking.rs:764:5
[INFO] [stdout]   17:     0x5973b80b3595 - vkd_integration_tests::test_util::log_init::{{closure}}::h9d413723a3ff3a8b
[INFO] [stdout]                                at /opt/rustwide/workdir/integration_tests/src/test_util.rs:47:13
[INFO] [stdout]   18:     0x5973b807cd7e - once_cell::sync::OnceCell<T>::get_or_init::{{closure}}::h9988617fbdf3077c
[INFO] [stdout]                                at /opt/rustwide/cargo-home/registry/src/index.crates.io-1949cf8c6b5b557f/once_cell-1.13.0/src/lib.rs:1041:57
[INFO] [stdout]   19:     0x5973b808c0a3 - once_cell::imp::OnceCell<T>::initialize::{{closure}}::h578fd603a8125a07
[INFO] [stdout]                                at /opt/rustwide/cargo-home/registry/src/index.crates.io-1949cf8c6b5b557f/once_cell-1.13.0/src/imp_std.rs:85:23
[INFO] [stdout]   20:     0x5973b85da056 - core::ops::function::impls::<impl core::ops::function::FnMut<A> for &mut F>::call_mut::hedcb640d60fed090
[INFO] [stdout]                                at /rustc/4d91de4e48198da2e33413efdcd9cd2cc0c46688/library/core/src/ops/function.rs:294:13
[INFO] [stdout]   21:     0x5973b85db096 - once_cell::imp::initialize_or_wait::h6e05d43f5e140e87
[INFO] [stdout]                                at /opt/rustwide/cargo-home/registry/src/index.crates.io-1949cf8c6b5b557f/once_cell-1.13.0/src/imp_std.rs:213:20
[INFO] [stdout]   22:     0x5973b808c06e - once_cell::imp::OnceCell<T>::initialize::h853a1f547a7c74af
[INFO] [stdout]                                at /opt/rustwide/cargo-home/registry/src/index.crates.io-1949cf8c6b5b557f/once_cell-1.13.0/src/imp_std.rs:81:9
[INFO] [stdout]   23:     0x5973b807ce37 - once_cell::sync::OnceCell<T>::get_or_try_init::he78f37ec1def14cc
[INFO] [stdout]                                at /opt/rustwide/cargo-home/registry/src/index.crates.io-1949cf8c6b5b557f/once_cell-1.13.0/src/lib.rs:1081:13
[INFO] [stdout]   24:     0x5973b807cd53 - once_cell::sync::OnceCell<T>::get_or_init::h65743b098e625112
[INFO] [stdout]                                at /opt/rustwide/cargo-home/registry/src/index.crates.io-1949cf8c6b5b557f/once_cell-1.13.0/src/lib.rs:1041:19
[INFO] [stdout]   25:     0x5973b80b34d1 - vkd_integration_tests::test_util::log_init::h7363e1a42008401c
[INFO] [stdout]                                at /opt/rustwide/workdir/integration_tests/src/test_util.rs:37:5
[INFO] [stdout]   26:     0x5973b80bb1df - vkd_integration_tests::memory_tests::test_directory_operations::{{closure}}::{{closure}}::h91f7a35dc237e3d9
[INFO] [stdout]                                at /opt/rustwide/workdir/integration_tests/src/memory_tests.rs:16:5
[INFO] [stdout]   27:     0x5973b80b255d - <core::pin::Pin<P> as core::future::future::Future>::poll::h8b38d64959a9edfc
[INFO] [stdout]                                at /rustc/4d91de4e48198da2e33413efdcd9cd2cc0c46688/library/core/src/future/future.rs:124:9
[INFO] [stdout]   28:     0x5973b8064e7f - tokio::runtime::basic_scheduler::CoreGuard::block_on::{{closure}}::{{closure}}::{{closure}}::h71a7583afaa6b8bf
[INFO] [stdout]                                at /opt/rustwide/cargo-home/registry/src/index.crates.io-1949cf8c6b5b557f/tokio-1.20.1/src/runtime/basic_scheduler.rs:543:48
[INFO] [stdout]   29:     0x5973b806bc43 - tokio::coop::with_budget::{{closure}}::h5794ce19326c524e
[INFO] [stdout]                                at /opt/rustwide/cargo-home/registry/src/index.crates.io-1949cf8c6b5b557f/tokio-1.20.1/src/coop.rs:102:9
[INFO] [stdout]   30:     0x5973b805cf45 - std::thread::local::LocalKey<T>::try_with::hf1b079a8d41c221b
[INFO] [stdout]                                at /rustc/4d91de4e48198da2e33413efdcd9cd2cc0c46688/library/std/src/thread/local.rs:308:12
[INFO] [stdout]   31:     0x5973b805bfba - std::thread::local::LocalKey<T>::with::h5cb0bc98e89b3aee
[INFO] [stdout]                                at /rustc/4d91de4e48198da2e33413efdcd9cd2cc0c46688/library/std/src/thread/local.rs:272:9
[INFO] [stdout]   32:     0x5973b8064d49 - tokio::coop::with_budget::h2f48fabeb54f3443
[INFO] [stdout]                                at /opt/rustwide/cargo-home/registry/src/index.crates.io-1949cf8c6b5b557f/tokio-1.20.1/src/coop.rs:95:5
[INFO] [stdout]   33:     0x5973b8064d49 - tokio::coop::budget::h796b7de4b885fe46
[INFO] [stdout]                                at /opt/rustwide/cargo-home/registry/src/index.crates.io-1949cf8c6b5b557f/tokio-1.20.1/src/coop.rs:72:5
[INFO] [stdout]   34:     0x5973b8064d49 - tokio::runtime::basic_scheduler::CoreGuard::block_on::{{closure}}::{{closure}}::hbc5251e8db452e79
[INFO] [stdout]                                at /opt/rustwide/cargo-home/registry/src/index.crates.io-1949cf8c6b5b557f/tokio-1.20.1/src/runtime/basic_scheduler.rs:543:25
[INFO] [stdout]   35:     0x5973b8061080 - tokio::runtime::basic_scheduler::Context::enter::h926209e2d2e4106d
[INFO] [stdout]                                at /opt/rustwide/cargo-home/registry/src/index.crates.io-1949cf8c6b5b557f/tokio-1.20.1/src/runtime/basic_scheduler.rs:367:19
[INFO] [stdout]   36:     0x5973b80644bf - tokio::runtime::basic_scheduler::CoreGuard::block_on::{{closure}}::h6978a50809b0885a
[INFO] [stdout]                                at /opt/rustwide/cargo-home/registry/src/index.crates.io-1949cf8c6b5b557f/tokio-1.20.1/src/runtime/basic_scheduler.rs:542:36
[INFO] [stdout]   37:     0x5973b8063164 - tokio::runtime::basic_scheduler::CoreGuard::enter::{{closure}}::hcfd86e5b57f4708a
[INFO] [stdout]                                at /opt/rustwide/cargo-home/registry/src/index.crates.io-1949cf8c6b5b557f/tokio-1.20.1/src/runtime/basic_scheduler.rs:613:57
[INFO] [stdout]   38:     0x5973b80df8b3 - tokio::macros::scoped_tls::ScopedKey<T>::set::h9a38672f002ebfbf
[INFO] [stdout]                                at /opt/rustwide/cargo-home/registry/src/index.crates.io-1949cf8c6b5b557f/tokio-1.20.1/src/macros/scoped_tls.rs:61:9
[INFO] [stdout]   39:     0x5973b8062adf - tokio::runtime::basic_scheduler::CoreGuard::enter::h97cbc6556b76c5a8
[INFO] [stdout]                                at /opt/rustwide/cargo-home/registry/src/index.crates.io-1949cf8c6b5b557f/tokio-1.20.1/src/runtime/basic_scheduler.rs:613:27
[INFO] [stdout]   40:     0x5973b8063222 - tokio::runtime::basic_scheduler::CoreGuard::block_on::hb8e1d2836a13ca69
[INFO] [stdout]                                at /opt/rustwide/cargo-home/registry/src/index.crates.io-1949cf8c6b5b557f/tokio-1.20.1/src/runtime/basic_scheduler.rs:533:19
[INFO] [stdout]   41:     0x5973b805fb47 - tokio::runtime::basic_scheduler::BasicScheduler::block_on::h303b5cd2430cc809
[INFO] [stdout]                                at /opt/rustwide/cargo-home/registry/src/index.crates.io-1949cf8c6b5b557f/tokio-1.20.1/src/runtime/basic_scheduler.rs:179:24
[INFO] [stdout]   42:     0x5973b8078ea8 - tokio::runtime::Runtime::block_on::hc77a0aa4118aa599
[INFO] [stdout]                                at /opt/rustwide/cargo-home/registry/src/index.crates.io-1949cf8c6b5b557f/tokio-1.20.1/src/runtime/mod.rs:482:46
[INFO] [stdout]   43:     0x5973b80bb0cc - vkd_integration_tests::memory_tests::test_directory_operations::{{closure}}::h7105d6a24e69c1ed
[INFO] [stdout]                                at /opt/rustwide/workdir/integration_tests/src/memory_tests.rs:25:5
[INFO] [stdout]   44:     0x5973b802117e - core::ops::function::FnOnce::call_once::h445871506039bd81
[INFO] [stdout]                                at /rustc/4d91de4e48198da2e33413efdcd9cd2cc0c46688/library/core/src/ops/function.rs:250:5
[INFO] [stdout]   45:     0x5973b8106829 - serial_test::serial_code_lock::local_serial_core::h079617ea4a8a778d
[INFO] [stdout]                                at /opt/rustwide/cargo-home/registry/src/index.crates.io-1949cf8c6b5b557f/serial_test-0.8.0/src/serial_code_lock.rs:26:5
[INFO] [stdout]   46:     0x5973b80baf87 - vkd_integration_tests::memory_tests::test_directory_operations::h2350d302fc58b94f
[INFO] [stdout]                                at /opt/rustwide/workdir/integration_tests/src/memory_tests.rs:14:1
[INFO] [stdout]   47:     0x5973b80baf57 - vkd_integration_tests::memory_tests::test_directory_operations::{{closure}}::h6ae27f736437163f
[INFO] [stdout]                                at /opt/rustwide/workdir/integration_tests/src/memory_tests.rs:15:37
[INFO] [stdout]   48:     0x5973b8021086 - core::ops::function::FnOnce::call_once::h2d8582bd617c2110
[INFO] [stdout]                                at /rustc/4d91de4e48198da2e33413efdcd9cd2cc0c46688/library/core/src/ops/function.rs:250:5
[INFO] [stdout]   49:     0x5973b814c5fb - core::ops::function::FnOnce::call_once::h8acc80b5a33ff319
[INFO] [stdout]                                at /rustc/4d91de4e48198da2e33413efdcd9cd2cc0c46688/library/core/src/ops/function.rs:250:5
[INFO] [stdout]   50:     0x5973b814c5fb - test::__rust_begin_short_backtrace::h52b6da716ad42b7d
[INFO] [stdout]                                at /rustc/4d91de4e48198da2e33413efdcd9cd2cc0c46688/library/test/src/lib.rs:632:18
[INFO] [stdout]   51:     0x5973b814b533 - test::run_test_in_process::{{closure}}::h2580047890abbefe
[INFO] [stdout]                                at /rustc/4d91de4e48198da2e33413efdcd9cd2cc0c46688/library/test/src/lib.rs:655:60
[INFO] [stdout]   52:     0x5973b814b533 - <core::panic::unwind_safe::AssertUnwindSafe<F> as core::ops::function::FnOnce<()>>::call_once::h936f8c89d0a99c40
[INFO] [stdout]                                at /rustc/4d91de4e48198da2e33413efdcd9cd2cc0c46688/library/core/src/panic/unwind_safe.rs:272:9
[INFO] [stdout]   53:     0x5973b814b533 - std::panicking::try::do_call::h868682cc368697f9
[INFO] [stdout]                                at /rustc/4d91de4e48198da2e33413efdcd9cd2cc0c46688/library/std/src/panicking.rs:584:40
[INFO] [stdout]   54:     0x5973b814b533 - std::panicking::try::h0356ffc38cbb5501
[INFO] [stdout]                                at /rustc/4d91de4e48198da2e33413efdcd9cd2cc0c46688/library/std/src/panicking.rs:547:19
[INFO] [stdout]   55:     0x5973b814b533 - std::panic::catch_unwind::h74edf102a3082536
[INFO] [stdout]                                at /rustc/4d91de4e48198da2e33413efdcd9cd2cc0c46688/library/std/src/panic.rs:358:14
[INFO] [stdout]   56:     0x5973b814b533 - test::run_test_in_process::hc27d69576b7224e4
[INFO] [stdout]                                at /rustc/4d91de4e48198da2e33413efdcd9cd2cc0c46688/library/test/src/lib.rs:655:27
[INFO] [stdout]   57:     0x5973b814b533 - test::run_test::{{closure}}::h9f3bfaf910429adb
[INFO] [stdout]                                at /rustc/4d91de4e48198da2e33413efdcd9cd2cc0c46688/library/test/src/lib.rs:576:43
[INFO] [stdout]   58:     0x5973b810f265 - test::run_test::{{closure}}::h3d537cdce8ec5816
[INFO] [stdout]                                at /rustc/4d91de4e48198da2e33413efdcd9cd2cc0c46688/library/test/src/lib.rs:606:41
[INFO] [stdout]   59:     0x5973b810f265 - std::sys::backtrace::__rust_begin_short_backtrace::hb51d9a6c67ec382d
[INFO] [stdout]                                at /rustc/4d91de4e48198da2e33413efdcd9cd2cc0c46688/library/std/src/sys/backtrace.rs:152:18
[INFO] [stdout]   60:     0x5973b8112ca6 - std::thread::Builder::spawn_unchecked_::{{closure}}::{{closure}}::h5738f3abb9603fe6
[INFO] [stdout]                                at /rustc/4d91de4e48198da2e33413efdcd9cd2cc0c46688/library/std/src/thread/mod.rs:564:17
[INFO] [stdout]   61:     0x5973b8112ca6 - <core::panic::unwind_safe::AssertUnwindSafe<F> as core::ops::function::FnOnce<()>>::call_once::h5e9f4b56e45e8108
[INFO] [stdout]                                at /rustc/4d91de4e48198da2e33413efdcd9cd2cc0c46688/library/core/src/panic/unwind_safe.rs:272:9
[INFO] [stdout]   62:     0x5973b8112ca6 - std::panicking::try::do_call::ha36db853b2f34e23
[INFO] [stdout]                                at /rustc/4d91de4e48198da2e33413efdcd9cd2cc0c46688/library/std/src/panicking.rs:584:40
[INFO] [stdout]   63:     0x5973b8112ca6 - std::panicking::try::h57e1aa33a0efb1be
[INFO] [stdout]                                at /rustc/4d91de4e48198da2e33413efdcd9cd2cc0c46688/library/std/src/panicking.rs:547:19
[INFO] [stdout]   64:     0x5973b8112ca6 - std::panic::catch_unwind::hdb71a6103024936e
[INFO] [stdout]                                at /rustc/4d91de4e48198da2e33413efdcd9cd2cc0c46688/library/std/src/panic.rs:358:14
[INFO] [stdout]   65:     0x5973b8112ca6 - std::thread::Builder::spawn_unchecked_::{{closure}}::h8caa22218f423ab1
[INFO] [stdout]                                at /rustc/4d91de4e48198da2e33413efdcd9cd2cc0c46688/library/std/src/thread/mod.rs:562:30
[INFO] [stdout]   66:     0x5973b8112ca6 - core::ops::function::FnOnce::call_once{{vtable.shim}}::hb3b44780e9c053e5
[INFO] [stdout]                                at /rustc/4d91de4e48198da2e33413efdcd9cd2cc0c46688/library/core/src/ops/function.rs:250:5
[INFO] [stdout]   67:     0x5973b866b65b - <alloc::boxed::Box<F,A> as core::ops::function::FnOnce<Args>>::call_once::h2649f14f1b1c150d
[INFO] [stdout]                                at /rustc/4d91de4e48198da2e33413efdcd9cd2cc0c46688/library/alloc/src/boxed.rs:1993:9
[INFO] [stdout]   68:     0x5973b866b65b - <alloc::boxed::Box<F,A> as core::ops::function::FnOnce<Args>>::call_once::hb2ade58cb34e1bc4
[INFO] [stdout]                                at /rustc/4d91de4e48198da2e33413efdcd9cd2cc0c46688/library/alloc/src/boxed.rs:1993:9
[INFO] [stdout]   69:     0x5973b866b65b - std::sys::pal::unix::thread::Thread::new::thread_start::ha07e360225fa3528
[INFO] [stdout]                                at /rustc/4d91de4e48198da2e33413efdcd9cd2cc0c46688/library/std/src/sys/pal/unix/thread.rs:106:17
[INFO] [stdout]   70:     0x7dfda5de5ac3 - <unknown>
[INFO] [stdout]   71:     0x7dfda5e76a04 - clone
[INFO] [stdout]   72:                0x0 - <unknown>
[INFO] [stdout] 
[INFO] [stdout] ---- mysql_tests::test_directory_operations stdout ----
[INFO] [stdout] 
[INFO] [stdout] thread 'mysql_tests::test_directory_operations' panicked at integration_tests/src/test_util.rs:47:13:
[INFO] [stdout] Error creating file logger!
[INFO] [stdout] stack backtrace:
[INFO] [stdout]    0:     0x5973b866534a - std::backtrace_rs::backtrace::libunwind::trace::h88deb10bd0145eb8
[INFO] [stdout]                                at /rustc/4d91de4e48198da2e33413efdcd9cd2cc0c46688/library/std/src/../../backtrace/src/backtrace/libunwind.rs:116:5
[INFO] [stdout]    1:     0x5973b866534a - std::backtrace_rs::backtrace::trace_unsynchronized::he1036f5481c14dff
[INFO] [stdout]                                at /rustc/4d91de4e48198da2e33413efdcd9cd2cc0c46688/library/std/src/../../backtrace/src/backtrace/mod.rs:66:5
[INFO] [stdout]    2:     0x5973b866534a - std::sys::backtrace::_print_fmt::hecc345b6e70c4b20
[INFO] [stdout]                                at /rustc/4d91de4e48198da2e33413efdcd9cd2cc0c46688/library/std/src/sys/backtrace.rs:66:9
[INFO] [stdout]    3:     0x5973b866534a - <std::sys::backtrace::BacktraceLock::print::DisplayBacktrace as core::fmt::Display>::fmt::he089f96442833f67
[INFO] [stdout]                                at /rustc/4d91de4e48198da2e33413efdcd9cd2cc0c46688/library/std/src/sys/backtrace.rs:39:26
[INFO] [stdout]    4:     0x5973b868d673 - core::fmt::rt::Argument::fmt::h1f77cded99c71a14
[INFO] [stdout]                                at /rustc/4d91de4e48198da2e33413efdcd9cd2cc0c46688/library/core/src/fmt/rt.rs:177:76
[INFO] [stdout]    5:     0x5973b868d673 - core::fmt::write::h2f210ed4c94745cb
[INFO] [stdout]                                at /rustc/4d91de4e48198da2e33413efdcd9cd2cc0c46688/library/core/src/fmt/mod.rs:1440:21
[INFO] [stdout]    6:     0x5973b86619e3 - std::io::Write::write_fmt::he723b56f7e0bd522
[INFO] [stdout]                                at /rustc/4d91de4e48198da2e33413efdcd9cd2cc0c46688/library/std/src/io/mod.rs:1887:15
[INFO] [stdout]    7:     0x5973b8665192 - std::sys::backtrace::BacktraceLock::print::h810fbd31421329e6
[INFO] [stdout]                                at /rustc/4d91de4e48198da2e33413efdcd9cd2cc0c46688/library/std/src/sys/backtrace.rs:42:9
[INFO] [stdout]    8:     0x5973b8666880 - std::panicking::default_hook::{{closure}}::hbaad47ed9dc6356d
[INFO] [stdout]                                at /rustc/4d91de4e48198da2e33413efdcd9cd2cc0c46688/library/std/src/panicking.rs:295:22
[INFO] [stdout]    9:     0x5973b866661d - std::panicking::default_hook::h24e207139139d40a
[INFO] [stdout]                                at /rustc/4d91de4e48198da2e33413efdcd9cd2cc0c46688/library/std/src/panicking.rs:319:9
[INFO] [stdout]   10:     0x5973b8146e53 - <alloc::boxed::Box<F,A> as core::ops::function::Fn<Args>>::call::h63353c459bb27956
[INFO] [stdout]                                at /rustc/4d91de4e48198da2e33413efdcd9cd2cc0c46688/library/alloc/src/boxed.rs:2007:9
[INFO] [stdout]   11:     0x5973b8146e53 - test::test_main::{{closure}}::hd5af4d6c4e32fe08
[INFO] [stdout]                                at /rustc/4d91de4e48198da2e33413efdcd9cd2cc0c46688/library/test/src/lib.rs:134:21
[INFO] [stdout]   12:     0x5973b86670b3 - <alloc::boxed::Box<F,A> as core::ops::function::Fn<Args>>::call::h3af32c23caf5c679
[INFO] [stdout]                                at /rustc/4d91de4e48198da2e33413efdcd9cd2cc0c46688/library/alloc/src/boxed.rs:2007:9
[INFO] [stdout]   13:     0x5973b86670b3 - std::panicking::rust_panic_with_hook::ha9131beeb2ddc506
[INFO] [stdout]                                at /rustc/4d91de4e48198da2e33413efdcd9cd2cc0c46688/library/std/src/panicking.rs:836:13
[INFO] [stdout]   14:     0x5973b8666ebc - std::panicking::begin_panic::{{closure}}::ha9082e1930280418
[INFO] [stdout]                                at /rustc/4d91de4e48198da2e33413efdcd9cd2cc0c46688/library/std/src/panicking.rs:765:9
[INFO] [stdout]   15:     0x5973b8665859 - std::sys::backtrace::__rust_end_short_backtrace::h6f7030f97d3faa89
[INFO] [stdout]                                at /rustc/4d91de4e48198da2e33413efdcd9cd2cc0c46688/library/std/src/sys/backtrace.rs:168:18
[INFO] [stdout]   16:     0x5973b801e240 - std::panicking::begin_panic::h2d0d20b8df2bfe77
[INFO] [stdout]                                at /rustc/4d91de4e48198da2e33413efdcd9cd2cc0c46688/library/std/src/panicking.rs:764:5
[INFO] [stdout]   17:     0x5973b80b3595 - vkd_integration_tests::test_util::log_init::{{closure}}::h9d413723a3ff3a8b
[INFO] [stdout]                                at /opt/rustwide/workdir/integration_tests/src/test_util.rs:47:13
[INFO] [stdout]   18:     0x5973b807cd7e - once_cell::sync::OnceCell<T>::get_or_init::{{closure}}::h9988617fbdf3077c
[INFO] [stdout]                                at /opt/rustwide/cargo-home/registry/src/index.crates.io-1949cf8c6b5b557f/once_cell-1.13.0/src/lib.rs:1041:57
[INFO] [stdout]   19:     0x5973b808c0a3 - once_cell::imp::OnceCell<T>::initialize::{{closure}}::h578fd603a8125a07
[INFO] [stdout]                                at /opt/rustwide/cargo-home/registry/src/index.crates.io-1949cf8c6b5b557f/once_cell-1.13.0/src/imp_std.rs:85:23
[INFO] [stdout]   20:     0x5973b85da056 - core::ops::function::impls::<impl core::ops::function::FnMut<A> for &mut F>::call_mut::hedcb640d60fed090
[INFO] [stdout]                                at /rustc/4d91de4e48198da2e33413efdcd9cd2cc0c46688/library/core/src/ops/function.rs:294:13
[INFO] [stdout]   21:     0x5973b85db096 - once_cell::imp::initialize_or_wait::h6e05d43f5e140e87
[INFO] [stdout]                                at /opt/rustwide/cargo-home/registry/src/index.crates.io-1949cf8c6b5b557f/once_cell-1.13.0/src/imp_std.rs:213:20
[INFO] [stdout]   22:     0x5973b808c06e - once_cell::imp::OnceCell<T>::initialize::h853a1f547a7c74af
[INFO] [stdout]                                at /opt/rustwide/cargo-home/registry/src/index.crates.io-1949cf8c6b5b557f/once_cell-1.13.0/src/imp_std.rs:81:9
[INFO] [stdout]   23:     0x5973b807ce37 - once_cell::sync::OnceCell<T>::get_or_try_init::he78f37ec1def14cc
[INFO] [stdout]                                at /opt/rustwide/cargo-home/registry/src/index.crates.io-1949cf8c6b5b557f/once_cell-1.13.0/src/lib.rs:1081:13
[INFO] [stdout]   24:     0x5973b807cd53 - once_cell::sync::OnceCell<T>::get_or_init::h65743b098e625112
[INFO] [stdout]                                at /opt/rustwide/cargo-home/registry/src/index.crates.io-1949cf8c6b5b557f/once_cell-1.13.0/src/lib.rs:1041:19
[INFO] [stdout]   25:     0x5973b80b34d1 - vkd_integration_tests::test_util::log_init::h7363e1a42008401c
[INFO] [stdout]                                at /opt/rustwide/workdir/integration_tests/src/test_util.rs:37:5
[INFO] [stdout]   26:     0x5973b80b837d - vkd_integration_tests::mysql_tests::test_directory_operations::{{closure}}::{{closure}}::hfa2eb99e29c51342
[INFO] [stdout]                                at /opt/rustwide/workdir/integration_tests/src/mysql_tests.rs:15:5
[INFO] [stdout]   27:     0x5973b80b24bd - <core::pin::Pin<P> as core::future::future::Future>::poll::h65354483c4f16798
[INFO] [stdout]                                at /rustc/4d91de4e48198da2e33413efdcd9cd2cc0c46688/library/core/src/future/future.rs:124:9
[INFO] [stdout]   28:     0x5973b8064eff - tokio::runtime::basic_scheduler::CoreGuard::block_on::{{closure}}::{{closure}}::{{closure}}::hf0f84008aab71327
[INFO] [stdout]                                at /opt/rustwide/cargo-home/registry/src/index.crates.io-1949cf8c6b5b557f/tokio-1.20.1/src/runtime/basic_scheduler.rs:543:48
[INFO] [stdout]   29:     0x5973b806b783 - tokio::coop::with_budget::{{closure}}::h18ed0656f194d842
[INFO] [stdout]                                at /opt/rustwide/cargo-home/registry/src/index.crates.io-1949cf8c6b5b557f/tokio-1.20.1/src/coop.rs:102:9
[INFO] [stdout]   30:     0x5973b805ce45 - std::thread::local::LocalKey<T>::try_with::he28037845bb185cf
[INFO] [stdout]                                at /rustc/4d91de4e48198da2e33413efdcd9cd2cc0c46688/library/std/src/thread/local.rs:308:12
[INFO] [stdout]   31:     0x5973b805c0aa - std::thread::local::LocalKey<T>::with::h93784ca2c0f54014
[INFO] [stdout]                                at /rustc/4d91de4e48198da2e33413efdcd9cd2cc0c46688/library/std/src/thread/local.rs:272:9
[INFO] [stdout]   32:     0x5973b8064e29 - tokio::coop::with_budget::h8c83fdb2b3f24c17
[INFO] [stdout]                                at /opt/rustwide/cargo-home/registry/src/index.crates.io-1949cf8c6b5b557f/tokio-1.20.1/src/coop.rs:95:5
[INFO] [stdout]   33:     0x5973b8064e29 - tokio::coop::budget::hb255bbb68ac9af30
[INFO] [stdout]                                at /opt/rustwide/cargo-home/registry/src/index.crates.io-1949cf8c6b5b557f/tokio-1.20.1/src/coop.rs:72:5
[INFO] [stdout]   34:     0x5973b8064e29 - tokio::runtime::basic_scheduler::CoreGuard::block_on::{{closure}}::{{closure}}::heef7a1651f7e2026
[INFO] [stdout]                                at /opt/rustwide/cargo-home/registry/src/index.crates.io-1949cf8c6b5b557f/tokio-1.20.1/src/runtime/basic_scheduler.rs:543:25
[INFO] [stdout]   35:     0x5973b80613b0 - tokio::runtime::basic_scheduler::Context::enter::hd1bbfced2538193d
[INFO] [stdout]                                at /opt/rustwide/cargo-home/registry/src/index.crates.io-1949cf8c6b5b557f/tokio-1.20.1/src/runtime/basic_scheduler.rs:367:19
[INFO] [stdout]   36:     0x5973b8063c9f - tokio::runtime::basic_scheduler::CoreGuard::block_on::{{closure}}::h379e49c02acddc33
[INFO] [stdout]                                at /opt/rustwide/cargo-home/registry/src/index.crates.io-1949cf8c6b5b557f/tokio-1.20.1/src/runtime/basic_scheduler.rs:542:36
[INFO] [stdout]   37:     0x5973b8063144 - tokio::runtime::basic_scheduler::CoreGuard::enter::{{closure}}::h4eee5fcd78c2c129
[INFO] [stdout]                                at /opt/rustwide/cargo-home/registry/src/index.crates.io-1949cf8c6b5b557f/tokio-1.20.1/src/runtime/basic_scheduler.rs:613:57
[INFO] [stdout]   38:     0x5973b80df653 - tokio::macros::scoped_tls::ScopedKey<T>::set::h055f084abe02dc85
[INFO] [stdout]                                at /opt/rustwide/cargo-home/registry/src/index.crates.io-1949cf8c6b5b557f/tokio-1.20.1/src/macros/scoped_tls.rs:61:9
[INFO] [stdout]   39:     0x5973b80626ef - tokio::runtime::basic_scheduler::CoreGuard::enter::h7d52dd018a2967c4
[INFO] [stdout]                                at /opt/rustwide/cargo-home/registry/src/index.crates.io-1949cf8c6b5b557f/tokio-1.20.1/src/runtime/basic_scheduler.rs:613:27
[INFO] [stdout]   40:     0x5973b80631d2 - tokio::runtime::basic_scheduler::CoreGuard::block_on::h646d45c2897f3704
[INFO] [stdout]                                at /opt/rustwide/cargo-home/registry/src/index.crates.io-1949cf8c6b5b557f/tokio-1.20.1/src/runtime/basic_scheduler.rs:533:19
[INFO] [stdout]   41:     0x5973b80603ab - tokio::runtime::basic_scheduler::BasicScheduler::block_on::ha22720f79c3c74f2
[INFO] [stdout]                                at /opt/rustwide/cargo-home/registry/src/index.crates.io-1949cf8c6b5b557f/tokio-1.20.1/src/runtime/basic_scheduler.rs:179:24
[INFO] [stdout]   42:     0x5973b8078b33 - tokio::runtime::Runtime::block_on::h7bce66e2453c0e8d
[INFO] [stdout]                                at /opt/rustwide/cargo-home/registry/src/index.crates.io-1949cf8c6b5b557f/tokio-1.20.1/src/runtime/mod.rs:482:46
[INFO] [stdout]   43:     0x5973b80b8228 - vkd_integration_tests::mysql_tests::test_directory_operations::{{closure}}::h0aac7adad7396463
[INFO] [stdout]                                at /opt/rustwide/workdir/integration_tests/src/mysql_tests.rs:66:5
[INFO] [stdout]   44:     0x5973b80214fe - core::ops::function::FnOnce::call_once::hab75fe41bb68d781
[INFO] [stdout]                                at /rustc/4d91de4e48198da2e33413efdcd9cd2cc0c46688/library/core/src/ops/function.rs:250:5
[INFO] [stdout]   45:     0x5973b8106829 - serial_test::serial_code_lock::local_serial_core::h079617ea4a8a778d
[INFO] [stdout]                                at /opt/rustwide/cargo-home/registry/src/index.crates.io-1949cf8c6b5b557f/serial_test-0.8.0/src/serial_code_lock.rs:26:5
[INFO] [stdout]   46:     0x5973b80b80c7 - vkd_integration_tests::mysql_tests::test_directory_operations::hd15b47803803bd1a
[INFO] [stdout]                                at /opt/rustwide/workdir/integration_tests/src/mysql_tests.rs:13:1
[INFO] [stdout]   47:     0x5973b80b8097 - vkd_integration_tests::mysql_tests::test_directory_operations::{{closure}}::h639b634a7723f7f4
[INFO] [stdout]                                at /opt/rustwide/workdir/integration_tests/src/mysql_tests.rs:14:37
[INFO] [stdout]   48:     0x5973b8021616 - core::ops::function::FnOnce::call_once::hcd89dd1503e90ac0
[INFO] [stdout]                                at /rustc/4d91de4e48198da2e33413efdcd9cd2cc0c46688/library/core/src/ops/function.rs:250:5
[INFO] [stdout]   49:     0x5973b814c5fb - core::ops::function::FnOnce::call_once::h8acc80b5a33ff319
[INFO] [stdout]                                at /rustc/4d91de4e48198da2e33413efdcd9cd2cc0c46688/library/core/src/ops/function.rs:250:5
[INFO] [stdout]   50:     0x5973b814c5fb - test::__rust_begin_short_backtrace::h52b6da716ad42b7d
[INFO] [stdout]                                at /rustc/4d91de4e48198da2e33413efdcd9cd2cc0c46688/library/test/src/lib.rs:632:18
[INFO] [stdout]   51:     0x5973b814b533 - test::run_test_in_process::{{closure}}::h2580047890abbefe
[INFO] [stdout]                                at /rustc/4d91de4e48198da2e33413efdcd9cd2cc0c46688/library/test/src/lib.rs:655:60
[INFO] [stdout]   52:     0x5973b814b533 - <core::panic::unwind_safe::AssertUnwindSafe<F> as core::ops::function::FnOnce<()>>::call_once::h936f8c89d0a99c40
[INFO] [stdout]                                at /rustc/4d91de4e48198da2e33413efdcd9cd2cc0c46688/library/core/src/panic/unwind_safe.rs:272:9
[INFO] [stdout]   53:     0x5973b814b533 - std::panicking::try::do_call::h868682cc368697f9
[INFO] [stdout]                                at /rustc/4d91de4e48198da2e33413efdcd9cd2cc0c46688/library/std/src/panicking.rs:584:40
[INFO] [stdout]   54:     0x5973b814b533 - std::panicking::try::h0356ffc38cbb5501
[INFO] [stdout]                                at /rustc/4d91de4e48198da2e33413efdcd9cd2cc0c46688/library/std/src/panicking.rs:547:19
[INFO] [stdout]   55:     0x5973b814b533 - std::panic::catch_unwind::h74edf102a3082536
[INFO] [stdout]                                at /rustc/4d91de4e48198da2e33413efdcd9cd2cc0c46688/library/std/src/panic.rs:358:14
[INFO] [stdout]   56:     0x5973b814b533 - test::run_test_in_process::hc27d69576b7224e4
[INFO] [stdout]                                at /rustc/4d91de4e48198da2e33413efdcd9cd2cc0c46688/library/test/src/lib.rs:655:27
[INFO] [stdout]   57:     0x5973b814b533 - test::run_test::{{closure}}::h9f3bfaf910429adb
[INFO] [stdout]                                at /rustc/4d91de4e48198da2e33413efdcd9cd2cc0c46688/library/test/src/lib.rs:576:43
[INFO] [stdout]   58:     0x5973b810f265 - test::run_test::{{closure}}::h3d537cdce8ec5816
[INFO] [stdout]                                at /rustc/4d91de4e48198da2e33413efdcd9cd2cc0c46688/library/test/src/lib.rs:606:41
[INFO] [stdout]   59:     0x5973b810f265 - std::sys::backtrace::__rust_begin_short_backtrace::hb51d9a6c67ec382d
[INFO] [stdout]                                at /rustc/4d91de4e48198da2e33413efdcd9cd2cc0c46688/library/std/src/sys/backtrace.rs:152:18
[INFO] [stdout]   60:     0x5973b8112ca6 - std::thread::Builder::spawn_unchecked_::{{closure}}::{{closure}}::h5738f3abb9603fe6
[INFO] [stdout]                                at /rustc/4d91de4e48198da2e33413efdcd9cd2cc0c46688/library/std/src/thread/mod.rs:564:17
[INFO] [stdout]   61:     0x5973b8112ca6 - <core::panic::unwind_safe::AssertUnwindSafe<F> as core::ops::function::FnOnce<()>>::call_once::h5e9f4b56e45e8108
[INFO] [stdout]                                at /rustc/4d91de4e48198da2e33413efdcd9cd2cc0c46688/library/core/src/panic/unwind_safe.rs:272:9
[INFO] [stdout]   62:     0x5973b8112ca6 - std::panicking::try::do_call::ha36db853b2f34e23
[INFO] [stdout]                                at /rustc/4d91de4e48198da2e33413efdcd9cd2cc0c46688/library/std/src/panicking.rs:584:40
[INFO] [stdout]   63:     0x5973b8112ca6 - std::panicking::try::h57e1aa33a0efb1be
[INFO] [stdout]                                at /rustc/4d91de4e48198da2e33413efdcd9cd2cc0c46688/library/std/src/panicking.rs:547:19
[INFO] [stdout]   64:     0x5973b8112ca6 - std::panic::catch_unwind::hdb71a6103024936e
[INFO] [stdout]                                at /rustc/4d91de4e48198da2e33413efdcd9cd2cc0c46688/library/std/src/panic.rs:358:14
[INFO] [stdout]   65:     0x5973b8112ca6 - std::thread::Builder::spawn_unchecked_::{{closure}}::h8caa22218f423ab1
[INFO] [stdout]                                at /rustc/4d91de4e48198da2e33413efdcd9cd2cc0c46688/library/std/src/thread/mod.rs:562:30
[INFO] [stdout]   66:     0x5973b8112ca6 - core::ops::function::FnOnce::call_once{{vtable.shim}}::hb3b44780e9c053e5
[INFO] [stdout]                                at /rustc/4d91de4e48198da2e33413efdcd9cd2cc0c46688/library/core/src/ops/function.rs:250:5
[INFO] [stdout]   67:     0x5973b866b65b - <alloc::boxed::Box<F,A> as core::ops::function::FnOnce<Args>>::call_once::h2649f14f1b1c150d
[INFO] [stdout]                                at /rustc/4d91de4e48198da2e33413efdcd9cd2cc0c46688/library/alloc/src/boxed.rs:1993:9
[INFO] [stdout]   68:     0x5973b866b65b - <alloc::boxed::Box<F,A> as core::ops::function::FnOnce<Args>>::call_once::hb2ade58cb34e1bc4
[INFO] [stdout]                                at /rustc/4d91de4e48198da2e33413efdcd9cd2cc0c46688/library/alloc/src/boxed.rs:1993:9
[INFO] [stdout]   69:     0x5973b866b65b - std::sys::pal::unix::thread::Thread::new::thread_start::ha07e360225fa3528
[INFO] [stdout]                                at /rustc/4d91de4e48198da2e33413efdcd9cd2cc0c46688/library/std/src/sys/pal/unix/thread.rs:106:17
[INFO] [stdout]   70:     0x7dfda5de5ac3 - <unknown>
[INFO] [stdout]   71:     0x7dfda5e76a04 - clone
[INFO] [stdout]   72:                0x0 - <unknown>
[INFO] [stdout] 
[INFO] [stdout] ---- mysql_tests::test_lookups stdout ----
[INFO] [stdout] 
[INFO] [stdout] thread 'mysql_tests::test_lookups' panicked at integration_tests/src/test_util.rs:47:13:
[INFO] [stdout] Error creating file logger!
[INFO] [stdout] stack backtrace:
[INFO] [stdout]    0:     0x5973b866534a - std::backtrace_rs::backtrace::libunwind::trace::h88deb10bd0145eb8
[INFO] [stdout]                                at /rustc/4d91de4e48198da2e33413efdcd9cd2cc0c46688/library/std/src/../../backtrace/src/backtrace/libunwind.rs:116:5
[INFO] [stdout]    1:     0x5973b866534a - std::backtrace_rs::backtrace::trace_unsynchronized::he1036f5481c14dff
[INFO] [stdout]                                at /rustc/4d91de4e48198da2e33413efdcd9cd2cc0c46688/library/std/src/../../backtrace/src/backtrace/mod.rs:66:5
[INFO] [stdout]    2:     0x5973b866534a - std::sys::backtrace::_print_fmt::hecc345b6e70c4b20
[INFO] [stdout]                                at /rustc/4d91de4e48198da2e33413efdcd9cd2cc0c46688/library/std/src/sys/backtrace.rs:66:9
[INFO] [stdout]    3:     0x5973b866534a - <std::sys::backtrace::BacktraceLock::print::DisplayBacktrace as core::fmt::Display>::fmt::he089f96442833f67
[INFO] [stdout]                                at /rustc/4d91de4e48198da2e33413efdcd9cd2cc0c46688/library/std/src/sys/backtrace.rs:39:26
[INFO] [stdout]    4:     0x5973b868d673 - core::fmt::rt::Argument::fmt::h1f77cded99c71a14
[INFO] [stdout]                                at /rustc/4d91de4e48198da2e33413efdcd9cd2cc0c46688/library/core/src/fmt/rt.rs:177:76
[INFO] [stdout]    5:     0x5973b868d673 - core::fmt::write::h2f210ed4c94745cb
[INFO] [stdout]                                at /rustc/4d91de4e48198da2e33413efdcd9cd2cc0c46688/library/core/src/fmt/mod.rs:1440:21
[INFO] [stdout]    6:     0x5973b86619e3 - std::io::Write::write_fmt::he723b56f7e0bd522
[INFO] [stdout]                                at /rustc/4d91de4e48198da2e33413efdcd9cd2cc0c46688/library/std/src/io/mod.rs:1887:15
[INFO] [stdout]    7:     0x5973b8665192 - std::sys::backtrace::BacktraceLock::print::h810fbd31421329e6
[INFO] [stdout]                                at /rustc/4d91de4e48198da2e33413efdcd9cd2cc0c46688/library/std/src/sys/backtrace.rs:42:9
[INFO] [stdout]    8:     0x5973b8666880 - std::panicking::default_hook::{{closure}}::hbaad47ed9dc6356d
[INFO] [stdout]                                at /rustc/4d91de4e48198da2e33413efdcd9cd2cc0c46688/library/std/src/panicking.rs:295:22
[INFO] [stdout]    9:     0x5973b866661d - std::panicking::default_hook::h24e207139139d40a
[INFO] [stdout]                                at /rustc/4d91de4e48198da2e33413efdcd9cd2cc0c46688/library/std/src/panicking.rs:319:9
[INFO] [stdout]   10:     0x5973b8146e53 - <alloc::boxed::Box<F,A> as core::ops::function::Fn<Args>>::call::h63353c459bb27956
[INFO] [stdout]                                at /rustc/4d91de4e48198da2e33413efdcd9cd2cc0c46688/library/alloc/src/boxed.rs:2007:9
[INFO] [stdout]   11:     0x5973b8146e53 - test::test_main::{{closure}}::hd5af4d6c4e32fe08
[INFO] [stdout]                                at /rustc/4d91de4e48198da2e33413efdcd9cd2cc0c46688/library/test/src/lib.rs:134:21
[INFO] [stdout]   12:     0x5973b86670b3 - <alloc::boxed::Box<F,A> as core::ops::function::Fn<Args>>::call::h3af32c23caf5c679
[INFO] [stdout]                                at /rustc/4d91de4e48198da2e33413efdcd9cd2cc0c46688/library/alloc/src/boxed.rs:2007:9
[INFO] [stdout]   13:     0x5973b86670b3 - std::panicking::rust_panic_with_hook::ha9131beeb2ddc506
[INFO] [stdout]                                at /rustc/4d91de4e48198da2e33413efdcd9cd2cc0c46688/library/std/src/panicking.rs:836:13
[INFO] [stdout]   14:     0x5973b8666ebc - std::panicking::begin_panic::{{closure}}::ha9082e1930280418
[INFO] [stdout]                                at /rustc/4d91de4e48198da2e33413efdcd9cd2cc0c46688/library/std/src/panicking.rs:765:9
[INFO] [stdout]   15:     0x5973b8665859 - std::sys::backtrace::__rust_end_short_backtrace::h6f7030f97d3faa89
[INFO] [stdout]                                at /rustc/4d91de4e48198da2e33413efdcd9cd2cc0c46688/library/std/src/sys/backtrace.rs:168:18
[INFO] [stdout]   16:     0x5973b801e240 - std::panicking::begin_panic::h2d0d20b8df2bfe77
[INFO] [stdout]                                at /rustc/4d91de4e48198da2e33413efdcd9cd2cc0c46688/library/std/src/panicking.rs:764:5
[INFO] [stdout]   17:     0x5973b80b3595 - vkd_integration_tests::test_util::log_init::{{closure}}::h9d413723a3ff3a8b
[INFO] [stdout]                                at /opt/rustwide/workdir/integration_tests/src/test_util.rs:47:13
[INFO] [stdout]   18:     0x5973b807cd7e - once_cell::sync::OnceCell<T>::get_or_init::{{closure}}::h9988617fbdf3077c
[INFO] [stdout]                                at /opt/rustwide/cargo-home/registry/src/index.crates.io-1949cf8c6b5b557f/once_cell-1.13.0/src/lib.rs:1041:57
[INFO] [stdout]   19:     0x5973b808c0a3 - once_cell::imp::OnceCell<T>::initialize::{{closure}}::h578fd603a8125a07
[INFO] [stdout]                                at /opt/rustwide/cargo-home/registry/src/index.crates.io-1949cf8c6b5b557f/once_cell-1.13.0/src/imp_std.rs:85:23
[INFO] [stdout]   20:     0x5973b85da056 - core::ops::function::impls::<impl core::ops::function::FnMut<A> for &mut F>::call_mut::hedcb640d60fed090
[INFO] [stdout]                                at /rustc/4d91de4e48198da2e33413efdcd9cd2cc0c46688/library/core/src/ops/function.rs:294:13
[INFO] [stdout]   21:     0x5973b85db096 - once_cell::imp::initialize_or_wait::h6e05d43f5e140e87
[INFO] [stdout]                                at /opt/rustwide/cargo-home/registry/src/index.crates.io-1949cf8c6b5b557f/once_cell-1.13.0/src/imp_std.rs:213:20
[INFO] [stdout]   22:     0x5973b808c06e - once_cell::imp::OnceCell<T>::initialize::h853a1f547a7c74af
[INFO] [stdout]                                at /opt/rustwide/cargo-home/registry/src/index.crates.io-1949cf8c6b5b557f/once_cell-1.13.0/src/imp_std.rs:81:9
[INFO] [stdout]   23:     0x5973b807ce37 - once_cell::sync::OnceCell<T>::get_or_try_init::he78f37ec1def14cc
[INFO] [stdout]                                at /opt/rustwide/cargo-home/registry/src/index.crates.io-1949cf8c6b5b557f/once_cell-1.13.0/src/lib.rs:1081:13
[INFO] [stdout]   24:     0x5973b807cd53 - once_cell::sync::OnceCell<T>::get_or_init::h65743b098e625112
[INFO] [stdout]                                at /opt/rustwide/cargo-home/registry/src/index.crates.io-1949cf8c6b5b557f/once_cell-1.13.0/src/lib.rs:1041:19
[INFO] [stdout]   25:     0x5973b80b34d1 - vkd_integration_tests::test_util::log_init::h7363e1a42008401c
[INFO] [stdout]                                at /opt/rustwide/workdir/integration_tests/src/test_util.rs:37:5
[INFO] [stdout]   26:     0x5973b80b9acd - vkd_integration_tests::mysql_tests::test_lookups::{{closure}}::{{closure}}::h147034c5e14dfa51
[INFO] [stdout]                                at /opt/rustwide/workdir/integration_tests/src/mysql_tests.rs:72:5
[INFO] [stdout]   27:     0x5973b80b243d - <core::pin::Pin<P> as core::future::future::Future>::poll::h50040bcca254c0fa
[INFO] [stdout]                                at /rustc/4d91de4e48198da2e33413efdcd9cd2cc0c46688/library/core/src/future/future.rs:124:9
[INFO] [stdout]   28:     0x5973b8064ebf - tokio::runtime::basic_scheduler::CoreGuard::block_on::{{closure}}::{{closure}}::{{closure}}::h9ddb935af15f6949
[INFO] [stdout]                                at /opt/rustwide/cargo-home/registry/src/index.crates.io-1949cf8c6b5b557f/tokio-1.20.1/src/runtime/basic_scheduler.rs:543:48
[INFO] [stdout]   29:     0x5973b806bea3 - tokio::coop::with_budget::{{closure}}::h5cae305ba2b82576
[INFO] [stdout]                                at /opt/rustwide/cargo-home/registry/src/index.crates.io-1949cf8c6b5b557f/tokio-1.20.1/src/coop.rs:102:9
[INFO] [stdout]   30:     0x5973b805c745 - std::thread::local::LocalKey<T>::try_with::h68df3e6d64bf6203
[INFO] [stdout]                                at /rustc/4d91de4e48198da2e33413efdcd9cd2cc0c46688/library/std/src/thread/local.rs:308:12
[INFO] [stdout]   31:     0x5973b805c07a - std::thread::local::LocalKey<T>::with::h928f31d7e66bdb14
[INFO] [stdout]                                at /rustc/4d91de4e48198da2e33413efdcd9cd2cc0c46688/library/std/src/thread/local.rs:272:9
[INFO] [stdout]   32:     0x5973b8064c69 - tokio::coop::with_budget::ha07d108d5485b721
[INFO] [stdout]                                at /opt/rustwide/cargo-home/registry/src/index.crates.io-1949cf8c6b5b557f/tokio-1.20.1/src/coop.rs:95:5
[INFO] [stdout]   33:     0x5973b8064c69 - tokio::coop::budget::hc4e7d5f33842e61a
[INFO] [stdout]                                at /opt/rustwide/cargo-home/registry/src/index.crates.io-1949cf8c6b5b557f/tokio-1.20.1/src/coop.rs:72:5
[INFO] [stdout]   34:     0x5973b8064c69 - tokio::runtime::basic_scheduler::CoreGuard::block_on::{{closure}}::{{closure}}::hb63f67a3df96021e
[INFO] [stdout]                                at /opt/rustwide/cargo-home/registry/src/index.crates.io-1949cf8c6b5b557f/tokio-1.20.1/src/runtime/basic_scheduler.rs:543:25
[INFO] [stdout]   35:     0x5973b80619d0 - tokio::runtime::basic_scheduler::Context::enter::hfe8464b5ccfc42df
[INFO] [stdout]                                at /opt/rustwide/cargo-home/registry/src/index.crates.io-1949cf8c6b5b557f/tokio-1.20.1/src/runtime/basic_scheduler.rs:367:19
[INFO] [stdout]   36:     0x5973b806347f - tokio::runtime::basic_scheduler::CoreGuard::block_on::{{closure}}::h17dfd4d4645dd6b8
[INFO] [stdout]                                at /opt/rustwide/cargo-home/registry/src/index.crates.io-1949cf8c6b5b557f/tokio-1.20.1/src/runtime/basic_scheduler.rs:542:36
[INFO] [stdout]   37:     0x5973b8063124 - tokio::runtime::basic_scheduler::CoreGuard::enter::{{closure}}::h0546addcd09a97c0
[INFO] [stdout]                                at /opt/rustwide/cargo-home/registry/src/index.crates.io-1949cf8c6b5b557f/tokio-1.20.1/src/runtime/basic_scheduler.rs:613:57
[INFO] [stdout]   38:     0x5973b80df783 - tokio::macros::scoped_tls::ScopedKey<T>::set::h931c7bb899be7929
[INFO] [stdout]                                at /opt/rustwide/cargo-home/registry/src/index.crates.io-1949cf8c6b5b557f/tokio-1.20.1/src/macros/scoped_tls.rs:61:9
[INFO] [stdout]   39:     0x5973b8062ecf - tokio::runtime::basic_scheduler::CoreGuard::enter::hcefb09b9f81d7339
[INFO] [stdout]                                at /opt/rustwide/cargo-home/registry/src/index.crates.io-1949cf8c6b5b557f/tokio-1.20.1/src/runtime/basic_scheduler.rs:613:27
[INFO] [stdout]   40:     0x5973b8063182 - tokio::runtime::basic_scheduler::CoreGuard::block_on::h5fa047a36b739494
[INFO] [stdout]                                at /opt/rustwide/cargo-home/registry/src/index.crates.io-1949cf8c6b5b557f/tokio-1.20.1/src/runtime/basic_scheduler.rs:533:19
[INFO] [stdout]   41:     0x5973b805ff7b - tokio::runtime::basic_scheduler::BasicScheduler::block_on::h7bb47d0c1a43c22a
[INFO] [stdout]                                at /opt/rustwide/cargo-home/registry/src/index.crates.io-1949cf8c6b5b557f/tokio-1.20.1/src/runtime/basic_scheduler.rs:179:24
[INFO] [stdout]   42:     0x5973b8078cf3 - tokio::runtime::Runtime::block_on::h7f16da54bd307e31
[INFO] [stdout]                                at /opt/rustwide/cargo-home/registry/src/index.crates.io-1949cf8c6b5b557f/tokio-1.20.1/src/runtime/mod.rs:482:46
[INFO] [stdout]   43:     0x5973b80b9979 - vkd_integration_tests::mysql_tests::test_lookups::{{closure}}::h531ae0481615cdf7
[INFO] [stdout]                                at /opt/rustwide/workdir/integration_tests/src/mysql_tests.rs:120:5
[INFO] [stdout]   44:     0x5973b802164e - core::ops::function::FnOnce::call_once::hd2990ccd9a575e29
[INFO] [stdout]                                at /rustc/4d91de4e48198da2e33413efdcd9cd2cc0c46688/library/core/src/ops/function.rs:250:5
[INFO] [stdout]   45:     0x5973b8106829 - serial_test::serial_code_lock::local_serial_core::h079617ea4a8a778d
[INFO] [stdout]                                at /opt/rustwide/cargo-home/registry/src/index.crates.io-1949cf8c6b5b557f/serial_test-0.8.0/src/serial_code_lock.rs:26:5
[INFO] [stdout]   46:     0x5973b80b9827 - vkd_integration_tests::mysql_tests::test_lookups::h1fcc39849a08c4ab
[INFO] [stdout]                                at /opt/rustwide/workdir/integration_tests/src/mysql_tests.rs:70:1
[INFO] [stdout]   47:     0x5973b80b97f7 - vkd_integration_tests::mysql_tests::test_lookups::{{closure}}::h5df91a644e67f99d
[INFO] [stdout]                                at /opt/rustwide/workdir/integration_tests/src/mysql_tests.rs:71:24
[INFO] [stdout]   48:     0x5973b8021446 - core::ops::function::FnOnce::call_once::h893ea83df32f6e77
[INFO] [stdout]                                at /rustc/4d91de4e48198da2e33413efdcd9cd2cc0c46688/library/core/src/ops/function.rs:250:5
[INFO] [stdout]   49:     0x5973b814c5fb - core::ops::function::FnOnce::call_once::h8acc80b5a33ff319
[INFO] [stdout]                                at /rustc/4d91de4e48198da2e33413efdcd9cd2cc0c46688/library/core/src/ops/function.rs:250:5
[INFO] [stdout]   50:     0x5973b814c5fb - test::__rust_begin_short_backtrace::h52b6da716ad42b7d
[INFO] [stdout]                                at /rustc/4d91de4e48198da2e33413efdcd9cd2cc0c46688/library/test/src/lib.rs:632:18
[INFO] [stdout]   51:     0x5973b814b533 - test::run_test_in_process::{{closure}}::h2580047890abbefe
[INFO] [stdout]                                at /rustc/4d91de4e48198da2e33413efdcd9cd2cc0c46688/library/test/src/lib.rs:655:60
[INFO] [stdout]   52:     0x5973b814b533 - <core::panic::unwind_safe::AssertUnwindSafe<F> as core::ops::function::FnOnce<()>>::call_once::h936f8c89d0a99c40
[INFO] [stdout]                                at /rustc/4d91de4e48198da2e33413efdcd9cd2cc0c46688/library/core/src/panic/unwind_safe.rs:272:9
[INFO] [stdout]   53:     0x5973b814b533 - std::panicking::try::do_call::h868682cc368697f9
[INFO] [stdout]                                at /rustc/4d91de4e48198da2e33413efdcd9cd2cc0c46688/library/std/src/panicking.rs:584:40
[INFO] [stdout]   54:     0x5973b814b533 - std::panicking::try::h0356ffc38cbb5501
[INFO] [stdout]                                at /rustc/4d91de4e48198da2e33413efdcd9cd2cc0c46688/library/std/src/panicking.rs:547:19
[INFO] [stdout]   55:     0x5973b814b533 - std::panic::catch_unwind::h74edf102a3082536
[INFO] [stdout]                                at /rustc/4d91de4e48198da2e33413efdcd9cd2cc0c46688/library/std/src/panic.rs:358:14
[INFO] [stdout]   56:     0x5973b814b533 - test::run_test_in_process::hc27d69576b7224e4
[INFO] [stdout]                                at /rustc/4d91de4e48198da2e33413efdcd9cd2cc0c46688/library/test/src/lib.rs:655:27
[INFO] [stdout]   57:     0x5973b814b533 - test::run_test::{{closure}}::h9f3bfaf910429adb
[INFO] [stdout]                                at /rustc/4d91de4e48198da2e33413efdcd9cd2cc0c46688/library/test/src/lib.rs:576:43
[INFO] [stdout]   58:     0x5973b810f265 - test::run_test::{{closure}}::h3d537cdce8ec5816
[INFO] [stdout]                                at /rustc/4d91de4e48198da2e33413efdcd9cd2cc0c46688/library/test/src/lib.rs:606:41
[INFO] [stdout]   59:     0x5973b810f265 - std::sys::backtrace::__rust_begin_short_backtrace::hb51d9a6c67ec382d
[INFO] [stdout]                                at /rustc/4d91de4e48198da2e33413efdcd9cd2cc0c46688/library/std/src/sys/backtrace.rs:152:18
[INFO] [stdout]   60:     0x5973b8112ca6 - std::thread::Builder::spawn_unchecked_::{{closure}}::{{closure}}::h5738f3abb9603fe6
[INFO] [stdout]                                at /rustc/4d91de4e48198da2e33413efdcd9cd2cc0c46688/library/std/src/thread/mod.rs:564:17
[INFO] [stdout]   61:     0x5973b8112ca6 - <core::panic::unwind_safe::AssertUnwindSafe<F> as core::ops::function::FnOnce<()>>::call_once::h5e9f4b56e45e8108
[INFO] [stdout]                                at /rustc/4d91de4e48198da2e33413efdcd9cd2cc0c46688/library/core/src/panic/unwind_safe.rs:272:9
[INFO] [stdout]   62:     0x5973b8112ca6 - std::panicking::try::do_call::ha36db853b2f34e23
[INFO] [stdout]                                at /rustc/4d91de4e48198da2e33413efdcd9cd2cc0c46688/library/std/src/panicking.rs:584:40
[INFO] [stdout]   63:     0x5973b8112ca6 - std::panicking::try::h57e1aa33a0efb1be
[INFO] [stdout]                                at /rustc/4d91de4e48198da2e33413efdcd9cd2cc0c46688/library/std/src/panicking.rs:547:19
[INFO] [stdout]   64:     0x5973b8112ca6 - std::panic::catch_unwind::hdb71a6103024936e
[INFO] [stdout]                                at /rustc/4d91de4e48198da2e33413efdcd9cd2cc0c46688/library/std/src/panic.rs:358:14
[INFO] [stdout]   65:     0x5973b8112ca6 - std::thread::Builder::spawn_unchecked_::{{closure}}::h8caa22218f423ab1
[INFO] [stdout]                                at /rustc/4d91de4e48198da2e33413efdcd9cd2cc0c46688/library/std/src/thread/mod.rs:562:30
[INFO] [stdout]   66:     0x5973b8112ca6 - core::ops::function::FnOnce::call_once{{vtable.shim}}::hb3b44780e9c053e5
[INFO] [stdout]                                at /rustc/4d91de4e48198da2e33413efdcd9cd2cc0c46688/library/core/src/ops/function.rs:250:5
[INFO] [stdout]   67:     0x5973b866b65b - <alloc::boxed::Box<F,A> as core::ops::function::FnOnce<Args>>::call_once::h2649f14f1b1c150d
[INFO] [stdout]                                at /rustc/4d91de4e48198da2e33413efdcd9cd2cc0c46688/library/alloc/src/boxed.rs:1993:9
[INFO] [stdout]   68:     0x5973b866b65b - <alloc::boxed::Box<F,A> as core::ops::function::FnOnce<Args>>::call_once::hb2ade58cb34e1bc4
[INFO] [stdout]                                at /rustc/4d91de4e48198da2e33413efdcd9cd2cc0c46688/library/alloc/src/boxed.rs:1993:9
[INFO] [stdout]   69:     0x5973b866b65b - std::sys::pal::unix::thread::Thread::new::thread_start::ha07e360225fa3528
[INFO] [stdout]                                at /rustc/4d91de4e48198da2e33413efdcd9cd2cc0c46688/library/std/src/sys/pal/unix/thread.rs:106:17
[INFO] [stdout]   70:     0x7dfda5de5ac3 - <unknown>
[INFO] [stdout]   71:     0x7dfda5e76a04 - clone
[INFO] [stdout]   72:                0x0 - <unknown>
[INFO] [stdout] 
[INFO] [stdout] 
[INFO] [stdout] failures:
[INFO] [stdout]     memory_tests::test_directory_operations
[INFO] [stdout]     mysql_tests::test_directory_operations
[INFO] [stdout]     mysql_tests::test_lookups
[INFO] [stdout] 
[INFO] [stdout] test result: FAILED. 0 passed; 3 failed; 0 ignored; 0 measured; 0 filtered out; finished in 0.04s
[INFO] [stdout] 
[INFO] [stderr] error: test failed, to rerun pass `-p vkd_integration_tests --lib`
[INFO] running `Command { std: "docker" "inspect" "bdfa4081a1aa6e293dd023e40204b2ce7a53e3147d394905b2b795dae72c0b0d", kill_on_drop: false }`
[INFO] running `Command { std: "docker" "rm" "-f" "bdfa4081a1aa6e293dd023e40204b2ce7a53e3147d394905b2b795dae72c0b0d", kill_on_drop: false }`
[INFO] [stdout] bdfa4081a1aa6e293dd023e40204b2ce7a53e3147d394905b2b795dae72c0b0d
