[INFO] cloning repository https://github.com/simon446/infinity-notebook
[INFO] running `Command { std: "git" "-c" "credential.helper=" "-c" "credential.helper=/workspace/cargo-home/bin/git-credential-null" "clone" "--bare" "https://github.com/simon446/infinity-notebook" "/workspace/cache/git-repos/https%3A%2F%2Fgithub.com%2Fsimon446%2Finfinity-notebook", kill_on_drop: false }`
[INFO] [stderr] Cloning into bare repository '/workspace/cache/git-repos/https%3A%2F%2Fgithub.com%2Fsimon446%2Finfinity-notebook'...
[INFO] running `Command { std: "git" "rev-parse" "HEAD", kill_on_drop: false }`
[INFO] [stdout] 3ad48a2ac154f52970347cacd3d3a1840ff925f4
[INFO] testing simon446/infinity-notebook against 1.85.0 for beta-1.86-3
[INFO] running `Command { std: "git" "clone" "/workspace/cache/git-repos/https%3A%2F%2Fgithub.com%2Fsimon446%2Finfinity-notebook" "/workspace/builds/worker-3-tc1/source", kill_on_drop: false }`
[INFO] [stderr] Cloning into '/workspace/builds/worker-3-tc1/source'...
[INFO] [stderr] done.
[INFO] validating manifest of git repo https://github.com/simon446/infinity-notebook on toolchain 1.85.0
[INFO] running `Command { std: CARGO_HOME="/workspace/cargo-home" RUSTUP_HOME="/workspace/rustup-home" "/workspace/cargo-home/bin/cargo" "+1.85.0" "metadata" "--manifest-path" "Cargo.toml" "--no-deps", kill_on_drop: false }`
[INFO] started tweaking git repo https://github.com/simon446/infinity-notebook
[INFO] finished tweaking git repo https://github.com/simon446/infinity-notebook
[INFO] tweaked toml for git repo https://github.com/simon446/infinity-notebook written to /workspace/builds/worker-3-tc1/source/Cargo.toml
[INFO] crate git repo https://github.com/simon446/infinity-notebook already has a lockfile, it will not be regenerated
[INFO] running `Command { std: CARGO_HOME="/workspace/cargo-home" RUSTUP_HOME="/workspace/rustup-home" "/workspace/cargo-home/bin/cargo" "+1.85.0" "fetch" "--manifest-path" "Cargo.toml", kill_on_drop: false }`
[INFO] [stderr]     Updating crates.io index
[INFO] [stderr]  Downloading crates ...
[INFO] [stderr]   Downloaded quote v1.0.16
[INFO] [stderr]   Downloaded substring v1.4.5
[INFO] [stderr]   Downloaded syn v1.0.89
[INFO] running `Command { std: "docker" "create" "-v" "/var/lib/crater-agent-workspace/builds/worker-3-tc1/target:/opt/rustwide/target:rw,Z" "-v" "/var/lib/crater-agent-workspace/builds/worker-3-tc1/source:/opt/rustwide/workdir:ro,Z" "-v" "/var/lib/crater-agent-workspace/cargo-home:/opt/rustwide/cargo-home:ro,Z" "-v" "/var/lib/crater-agent-workspace/rustup-home:/opt/rustwide/rustup-home:ro,Z" "-e" "SOURCE_DIR=/opt/rustwide/workdir" "-e" "CARGO_TARGET_DIR=/opt/rustwide/target" "-e" "CARGO_HOME=/opt/rustwide/cargo-home" "-e" "RUSTUP_HOME=/opt/rustwide/rustup-home" "-w" "/opt/rustwide/workdir" "-m" "1610612736" "--user" "0:0" "--network" "none" "ghcr.io/rust-lang/crates-build-env/linux@sha256:3959728d45483eb673ba100a951a6b9f5012970368db2a9e08e0ac9b67c8a5ad" "/opt/rustwide/cargo-home/bin/cargo" "+1.85.0" "metadata" "--no-deps" "--format-version=1", kill_on_drop: false }`
[INFO] [stdout] 4b8c9f546fcd529db29af8d7f99a0c79e4c795fc05c7610f3310d6b60d776d95
[INFO] running `Command { std: "docker" "start" "-a" "4b8c9f546fcd529db29af8d7f99a0c79e4c795fc05c7610f3310d6b60d776d95", kill_on_drop: false }`
[INFO] running `Command { std: "docker" "inspect" "4b8c9f546fcd529db29af8d7f99a0c79e4c795fc05c7610f3310d6b60d776d95", kill_on_drop: false }`
[INFO] running `Command { std: "docker" "rm" "-f" "4b8c9f546fcd529db29af8d7f99a0c79e4c795fc05c7610f3310d6b60d776d95", kill_on_drop: false }`
[INFO] [stdout] 4b8c9f546fcd529db29af8d7f99a0c79e4c795fc05c7610f3310d6b60d776d95
[INFO] running `Command { std: "docker" "create" "-v" "/var/lib/crater-agent-workspace/builds/worker-3-tc1/target:/opt/rustwide/target:rw,Z" "-v" "/var/lib/crater-agent-workspace/builds/worker-3-tc1/source:/opt/rustwide/workdir:ro,Z" "-v" "/var/lib/crater-agent-workspace/cargo-home:/opt/rustwide/cargo-home:ro,Z" "-v" "/var/lib/crater-agent-workspace/rustup-home:/opt/rustwide/rustup-home:ro,Z" "-e" "SOURCE_DIR=/opt/rustwide/workdir" "-e" "CARGO_TARGET_DIR=/opt/rustwide/target" "-e" "CARGO_INCREMENTAL=0" "-e" "RUST_BACKTRACE=full" "-e" "RUSTFLAGS=--cap-lints=warn" "-e" "RUSTDOCFLAGS=--cap-lints=warn" "-e" "CARGO_HOME=/opt/rustwide/cargo-home" "-e" "RUSTUP_HOME=/opt/rustwide/rustup-home" "-w" "/opt/rustwide/workdir" "-m" "1610612736" "--user" "0:0" "--network" "none" "ghcr.io/rust-lang/crates-build-env/linux@sha256:3959728d45483eb673ba100a951a6b9f5012970368db2a9e08e0ac9b67c8a5ad" "/opt/rustwide/cargo-home/bin/cargo" "+1.85.0" "build" "--frozen" "--message-format=json", kill_on_drop: false }`
[INFO] [stdout] 20ebb20e1a2e02c8352b7d8b7a2ef18b6b081cafa8aa19bb0dfcf86e7d153eea
[INFO] running `Command { std: "docker" "start" "-a" "20ebb20e1a2e02c8352b7d8b7a2ef18b6b081cafa8aa19bb0dfcf86e7d153eea", kill_on_drop: false }`
[INFO] [stderr]    Compiling syn v1.0.89
[INFO] [stderr]    Compiling log v0.4.14
[INFO] [stderr]    Compiling num-traits v0.2.14
[INFO] [stderr]    Compiling num-integer v0.1.44
[INFO] [stderr]    Compiling num-bigint v0.4.3
[INFO] [stderr]    Compiling quote v1.0.16
[INFO] [stderr]    Compiling substring v1.4.5
[INFO] [stderr]    Compiling wasm-bindgen-backend v0.2.79
[INFO] [stderr]    Compiling wasm-bindgen-macro-support v0.2.79
[INFO] [stderr]    Compiling wasm-bindgen-macro v0.2.79
[INFO] [stderr]    Compiling wasm-bindgen v0.2.79
[INFO] [stderr]    Compiling console_error_panic_hook v0.1.7
[INFO] [stderr]    Compiling infinity-notebook v0.1.0 (/opt/rustwide/workdir)
[INFO] [stdout] warning: unused imports: `Shl`, `Shr`, and `fmt::Error`
[INFO] [stdout]  --> src/lib.rs:5:11
[INFO] [stdout]   |
[INFO] [stdout] 5 | use std::{fmt::Error, ops::{Shl, Shr}};
[INFO] [stdout]   |           ^^^^^^^^^^        ^^^  ^^^
[INFO] [stdout]   |
[INFO] [stdout]   = note: `#[warn(unused_imports)]` on by default
[INFO] [stdout] 
[INFO] [stdout] 
[INFO] [stderr]     Finished `dev` profile [unoptimized + debuginfo] target(s) in 14.46s
[INFO] [stderr] warning: the following packages contain code that will be rejected by a future version of Rust: wasm-bindgen v0.2.79
[INFO] [stderr] note: to see what the problems were, use the option `--future-incompat-report`, or run `cargo report future-incompatibilities --id 8`
[INFO] running `Command { std: "docker" "inspect" "20ebb20e1a2e02c8352b7d8b7a2ef18b6b081cafa8aa19bb0dfcf86e7d153eea", kill_on_drop: false }`
[INFO] running `Command { std: "docker" "rm" "-f" "20ebb20e1a2e02c8352b7d8b7a2ef18b6b081cafa8aa19bb0dfcf86e7d153eea", kill_on_drop: false }`
[INFO] [stdout] 20ebb20e1a2e02c8352b7d8b7a2ef18b6b081cafa8aa19bb0dfcf86e7d153eea
[INFO] running `Command { std: "docker" "create" "-v" "/var/lib/crater-agent-workspace/builds/worker-3-tc1/target:/opt/rustwide/target:rw,Z" "-v" "/var/lib/crater-agent-workspace/builds/worker-3-tc1/source:/opt/rustwide/workdir:ro,Z" "-v" "/var/lib/crater-agent-workspace/cargo-home:/opt/rustwide/cargo-home:ro,Z" "-v" "/var/lib/crater-agent-workspace/rustup-home:/opt/rustwide/rustup-home:ro,Z" "-e" "SOURCE_DIR=/opt/rustwide/workdir" "-e" "CARGO_TARGET_DIR=/opt/rustwide/target" "-e" "CARGO_INCREMENTAL=0" "-e" "RUST_BACKTRACE=full" "-e" "RUSTFLAGS=--cap-lints=warn" "-e" "RUSTDOCFLAGS=--cap-lints=warn" "-e" "CARGO_HOME=/opt/rustwide/cargo-home" "-e" "RUSTUP_HOME=/opt/rustwide/rustup-home" "-w" "/opt/rustwide/workdir" "-m" "1610612736" "--user" "0:0" "--network" "none" "ghcr.io/rust-lang/crates-build-env/linux@sha256:3959728d45483eb673ba100a951a6b9f5012970368db2a9e08e0ac9b67c8a5ad" "/opt/rustwide/cargo-home/bin/cargo" "+1.85.0" "test" "--frozen" "--no-run" "--message-format=json", kill_on_drop: false }`
[INFO] [stdout] 6443232adeb823c356767bf40f25433e17afdc8d94ec98968c8d236b724ad480
[INFO] running `Command { std: "docker" "start" "-a" "6443232adeb823c356767bf40f25433e17afdc8d94ec98968c8d236b724ad480", kill_on_drop: false }`
[INFO] [stderr]    Compiling wasm-bindgen-test-macro v0.3.29
[INFO] [stdout] warning: unused imports: `Shl`, `Shr`, and `fmt::Error`
[INFO] [stdout]  --> src/lib.rs:5:11
[INFO] [stdout]   |
[INFO] [stdout] 5 | use std::{fmt::Error, ops::{Shl, Shr}};
[INFO] [stdout]   |           ^^^^^^^^^^        ^^^  ^^^
[INFO] [stdout]   |
[INFO] [stdout]   = note: `#[warn(unused_imports)]` on by default
[INFO] [stdout] 
[INFO] [stdout] 
[INFO] [stderr]    Compiling js-sys v0.3.56
[INFO] [stderr]    Compiling wasm-bindgen-futures v0.4.29
[INFO] [stderr]    Compiling wasm-bindgen-test v0.3.29
[INFO] [stderr]    Compiling infinity-notebook v0.1.0 (/opt/rustwide/workdir)
[INFO] [stdout] warning: unused imports: `Shl`, `Shr`, and `fmt::Error`
[INFO] [stdout]  --> src/lib.rs:5:11
[INFO] [stdout]   |
[INFO] [stdout] 5 | use std::{fmt::Error, ops::{Shl, Shr}};
[INFO] [stdout]   |           ^^^^^^^^^^        ^^^  ^^^
[INFO] [stdout]   |
[INFO] [stdout]   = note: `#[warn(unused_imports)]` on by default
[INFO] [stdout] 
[INFO] [stdout] 
[INFO] [stderr]     Finished `test` profile [unoptimized + debuginfo] target(s) in 5.14s
[INFO] [stderr] warning: the following packages contain code that will be rejected by a future version of Rust: wasm-bindgen v0.2.79
[INFO] [stderr] note: to see what the problems were, use the option `--future-incompat-report`, or run `cargo report future-incompatibilities --id 8`
[INFO] running `Command { std: "docker" "inspect" "6443232adeb823c356767bf40f25433e17afdc8d94ec98968c8d236b724ad480", kill_on_drop: false }`
[INFO] running `Command { std: "docker" "rm" "-f" "6443232adeb823c356767bf40f25433e17afdc8d94ec98968c8d236b724ad480", kill_on_drop: false }`
[INFO] [stdout] 6443232adeb823c356767bf40f25433e17afdc8d94ec98968c8d236b724ad480
[INFO] running `Command { std: "docker" "create" "-v" "/var/lib/crater-agent-workspace/builds/worker-3-tc1/target:/opt/rustwide/target:rw,Z" "-v" "/var/lib/crater-agent-workspace/builds/worker-3-tc1/source:/opt/rustwide/workdir:ro,Z" "-v" "/var/lib/crater-agent-workspace/cargo-home:/opt/rustwide/cargo-home:ro,Z" "-v" "/var/lib/crater-agent-workspace/rustup-home:/opt/rustwide/rustup-home:ro,Z" "-e" "SOURCE_DIR=/opt/rustwide/workdir" "-e" "CARGO_TARGET_DIR=/opt/rustwide/target" "-e" "CARGO_INCREMENTAL=0" "-e" "RUST_BACKTRACE=full" "-e" "RUSTFLAGS=--cap-lints=warn" "-e" "RUSTDOCFLAGS=--cap-lints=warn" "-e" "CARGO_HOME=/opt/rustwide/cargo-home" "-e" "RUSTUP_HOME=/opt/rustwide/rustup-home" "-w" "/opt/rustwide/workdir" "-m" "1610612736" "--user" "0:0" "--network" "none" "ghcr.io/rust-lang/crates-build-env/linux@sha256:3959728d45483eb673ba100a951a6b9f5012970368db2a9e08e0ac9b67c8a5ad" "/opt/rustwide/cargo-home/bin/cargo" "+1.85.0" "test" "--frozen", kill_on_drop: false }`
[INFO] [stdout] c0a8868894409d1fe026a6dbba6641e599e8472fea622bc68011f707922065cb
[INFO] running `Command { std: "docker" "start" "-a" "c0a8868894409d1fe026a6dbba6641e599e8472fea622bc68011f707922065cb", kill_on_drop: false }`
[INFO] [stderr] warning: unused imports: `Shl`, `Shr`, and `fmt::Error`
[INFO] [stderr]  --> src/lib.rs:5:11
[INFO] [stderr]   |
[INFO] [stderr] 5 | use std::{fmt::Error, ops::{Shl, Shr}};
[INFO] [stderr]   |           ^^^^^^^^^^        ^^^  ^^^
[INFO] [stderr]   |
[INFO] [stderr]   = note: `#[warn(unused_imports)]` on by default
[INFO] [stderr] 
[INFO] [stderr] warning: `infinity-notebook` (lib) generated 1 warning (run `cargo fix --lib -p infinity-notebook` to apply 1 suggestion)
[INFO] [stderr] warning: `infinity-notebook` (lib test) generated 1 warning (1 duplicate)
[INFO] [stderr]     Finished `test` profile [unoptimized + debuginfo] target(s) in 0.11s
[INFO] [stderr] warning: the following packages contain code that will be rejected by a future version of Rust: wasm-bindgen v0.2.79
[INFO] [stderr] note: to see what the problems were, use the option `--future-incompat-report`, or run `cargo report future-incompatibilities --id 8`
[INFO] [stderr]      Running unittests src/lib.rs (/opt/rustwide/target/debug/deps/infinity_notebook-1752587c29a7391b)
[INFO] [stdout] 
[INFO] [stdout] running 1 test
[INFO] [stdout] test smaz::tests::test_compress ... ok
[INFO] [stdout] 
[INFO] [stdout] test result: ok. 1 passed; 0 failed; 0 ignored; 0 measured; 0 filtered out; finished in 0.00s
[INFO] [stdout] 
[INFO] [stderr]      Running tests/web.rs (/opt/rustwide/target/debug/deps/web-b5bc2f0dcfdece79)
[INFO] [stdout] 
[INFO] [stdout] running 0 tests
[INFO] [stdout] 
[INFO] [stdout] test result: ok. 0 passed; 0 failed; 0 ignored; 0 measured; 0 filtered out; finished in 0.00s
[INFO] [stdout] 
[INFO] [stderr]    Doc-tests infinity_notebook
[INFO] [stdout] 
[INFO] [stdout] running 3 tests
[INFO] [stdout] test src/smaz.rs - smaz (line 13) ... FAILED
[INFO] [stdout] test src/smaz.rs - smaz::compress (line 133) ... FAILED
[INFO] [stdout] test src/smaz.rs - smaz::decompress (line 192) ... FAILED
[INFO] [stdout] 
[INFO] [stdout] failures:
[INFO] [stdout] 
[INFO] [stdout] ---- src/smaz.rs - smaz (line 13) stdout ----
[INFO] [stdout] error[E0463]: can't find crate for `smaz`
[INFO] [stdout]  --> src/smaz.rs:14:1
[INFO] [stdout]   |
[INFO] [stdout] 2 | extern crate smaz;
[INFO] [stdout]   | ^^^^^^^^^^^^^^^^^^ can't find crate
[INFO] [stdout] 
[INFO] [stdout] error: aborting due to 1 previous error
[INFO] [stdout] 
[INFO] [stdout] For more information about this error, try `rustc --explain E0463`.
[INFO] [stdout] Couldn't compile the test.
[INFO] [stdout] ---- src/smaz.rs - smaz::compress (line 133) stdout ----
[INFO] [stdout] error[E0432]: unresolved import `smaz`
[INFO] [stdout]  --> src/smaz.rs:134:5
[INFO] [stdout]   |
[INFO] [stdout] 3 | use smaz::compress;
[INFO] [stdout]   |     ^^^^ use of undeclared crate or module `smaz`
[INFO] [stdout] 
[INFO] [stdout] error: aborting due to 1 previous error
[INFO] [stdout] 
[INFO] [stdout] For more information about this error, try `rustc --explain E0432`.
[INFO] [stdout] Couldn't compile the test.
[INFO] [stdout] ---- src/smaz.rs - smaz::decompress (line 192) stdout ----
[INFO] [stdout] error[E0432]: unresolved import `smaz`
[INFO] [stdout]  --> src/smaz.rs:194:5
[INFO] [stdout]   |
[INFO] [stdout] 4 | use smaz::decompress;
[INFO] [stdout]   |     ^^^^ use of undeclared crate or module `smaz`
[INFO] [stdout] 
[INFO] [stdout] error: aborting due to 1 previous error
[INFO] [stdout] 
[INFO] [stdout] For more information about this error, try `rustc --explain E0432`.
[INFO] [stdout] Couldn't compile the test.
[INFO] [stdout] 
[INFO] [stdout] failures:
[INFO] [stdout]     src/smaz.rs - smaz (line 13)
[INFO] [stdout]     src/smaz.rs - smaz::compress (line 133)
[INFO] [stdout]     src/smaz.rs - smaz::decompress (line 192)
[INFO] [stdout] 
[INFO] [stdout] test result: FAILED. 0 passed; 3 failed; 0 ignored; 0 measured; 0 filtered out; finished in 0.18s
[INFO] [stdout] 
[INFO] [stderr] error: doctest failed, to rerun pass `--doc`
[INFO] running `Command { std: "docker" "inspect" "c0a8868894409d1fe026a6dbba6641e599e8472fea622bc68011f707922065cb", kill_on_drop: false }`
[INFO] running `Command { std: "docker" "rm" "-f" "c0a8868894409d1fe026a6dbba6641e599e8472fea622bc68011f707922065cb", kill_on_drop: false }`
[INFO] [stdout] c0a8868894409d1fe026a6dbba6641e599e8472fea622bc68011f707922065cb
