[INFO] cloning repository https://github.com/sicarius97/tetanus
[INFO] running `Command { std: "git" "-c" "credential.helper=" "-c" "credential.helper=/workspace/cargo-home/bin/git-credential-null" "clone" "--bare" "https://github.com/sicarius97/tetanus" "/workspace/cache/git-repos/https%3A%2F%2Fgithub.com%2Fsicarius97%2Ftetanus", kill_on_drop: false }`
[INFO] [stderr] Cloning into bare repository '/workspace/cache/git-repos/https%3A%2F%2Fgithub.com%2Fsicarius97%2Ftetanus'...
[INFO] running `Command { std: "git" "rev-parse" "HEAD", kill_on_drop: false }`
[INFO] [stdout] b277cfe369d8c4c261cd351475d5b96cdefffb06
[INFO] testing sicarius97/tetanus against 1.85.0 for beta-1.86-3
[INFO] running `Command { std: "git" "clone" "/workspace/cache/git-repos/https%3A%2F%2Fgithub.com%2Fsicarius97%2Ftetanus" "/workspace/builds/worker-3-tc1/source", kill_on_drop: false }`
[INFO] [stderr] Cloning into '/workspace/builds/worker-3-tc1/source'...
[INFO] [stderr] done.
[INFO] validating manifest of git repo https://github.com/sicarius97/tetanus on toolchain 1.85.0
[INFO] running `Command { std: CARGO_HOME="/workspace/cargo-home" RUSTUP_HOME="/workspace/rustup-home" "/workspace/cargo-home/bin/cargo" "+1.85.0" "metadata" "--manifest-path" "Cargo.toml" "--no-deps", kill_on_drop: false }`
[INFO] started tweaking git repo https://github.com/sicarius97/tetanus
[INFO] finished tweaking git repo https://github.com/sicarius97/tetanus
[INFO] tweaked toml for git repo https://github.com/sicarius97/tetanus written to /workspace/builds/worker-3-tc1/source/Cargo.toml
[INFO] crate git repo https://github.com/sicarius97/tetanus already has a lockfile, it will not be regenerated
[INFO] running `Command { std: CARGO_HOME="/workspace/cargo-home" RUSTUP_HOME="/workspace/rustup-home" "/workspace/cargo-home/bin/cargo" "+1.85.0" "fetch" "--manifest-path" "Cargo.toml", kill_on_drop: false }`
[INFO] [stderr]     Updating crates.io index
[INFO] [stderr]  Downloading crates ...
[INFO] [stderr]   Downloaded proc-macro2 v1.0.66
[INFO] [stderr]   Downloaded wasm-bindgen-test-macro v0.3.37
[INFO] [stderr]   Downloaded wasm-bindgen-test v0.3.37
[INFO] [stderr]   Downloaded serde v1.0.183
[INFO] [stderr]   Downloaded openssl-macros v0.1.1
[INFO] [stderr]   Downloaded windows-targets v0.48.4
[INFO] [stderr]   Downloaded want v0.3.1
[INFO] [stderr]   Downloaded rfc6979 v0.1.0
[INFO] [stderr]   Downloaded base16ct v0.1.1
[INFO] [stderr]   Downloaded futures-core v0.3.28
[INFO] [stderr]   Downloaded signature v1.4.0
[INFO] [stderr]   Downloaded hmac v0.11.0
[INFO] [stderr]   Downloaded group v0.11.0
[INFO] [stderr]   Downloaded crypto-bigint v0.3.2
[INFO] [stderr]   Downloaded elliptic-curve v0.11.12
[INFO] [stderr]   Downloaded k256 v0.10.4
[INFO] [stderr]   Downloaded base64 v0.21.2
[INFO] [stderr]   Downloaded tokio-util v0.7.8
[INFO] [stderr]   Downloaded security-framework v2.9.2
[INFO] [stderr]   Downloaded futures-util v0.3.28
[INFO] [stderr]   Downloaded aho-corasick v1.0.4
[INFO] [stderr]   Downloaded h2 v0.3.20
[INFO] [stderr]   Downloaded hyper v0.14.27
[INFO] [stderr]   Downloaded syn v2.0.29
[INFO] [stderr]   Downloaded reqwest v0.11.18
[INFO] [stderr]   Downloaded regex v1.9.3
[INFO] [stderr]   Downloaded gimli v0.27.3
[INFO] [stderr]   Downloaded idna v0.4.0
[INFO] [stderr]   Downloaded openssl v0.10.56
[INFO] [stderr]   Downloaded object v0.31.1
[INFO] [stderr]   Downloaded rustix v0.38.8
[INFO] [stderr]   Downloaded serde_json v1.0.105
[INFO] [stderr]   Downloaded serde_derive v1.0.183
[INFO] [stderr]   Downloaded mio v0.8.8
[INFO] [stderr]   Downloaded windows_x86_64_gnullvm v0.48.4
[INFO] [stderr]   Downloaded windows_aarch64_gnullvm v0.48.4
[INFO] [stderr]   Downloaded openssl-sys v0.9.91
[INFO] [stderr]   Downloaded backtrace v0.3.68
[INFO] [stderr]   Downloaded url v2.4.0
[INFO] [stderr]   Downloaded der v0.5.1
[INFO] [stderr]   Downloaded tracing-core v0.1.31
[INFO] [stderr]   Downloaded schannel v0.1.22
[INFO] [stderr]   Downloaded regex-automata v0.3.6
[INFO] [stderr]   Downloaded tempfile v3.7.1
[INFO] [stderr]   Downloaded cc v1.0.82
[INFO] [stderr]   Downloaded miniz_oxide v0.7.1
[INFO] [stderr]   Downloaded socket2 v0.5.3
[INFO] [stderr]   Downloaded unicode-bidi v0.3.13
[INFO] [stderr]   Downloaded unicode-ident v1.0.11
[INFO] [stderr]   Downloaded pkcs8 v0.8.0
[INFO] [stderr]   Downloaded uint v0.8.5
[INFO] [stderr]   Downloaded tokio v1.32.0
[INFO] [stderr]   Downloaded windows_aarch64_msvc v0.48.4
[INFO] [stderr]   Downloaded socket2 v0.4.9
[INFO] [stderr]   Downloaded windows_x86_64_gnu v0.48.4
[INFO] [stderr]   Downloaded ipnet v2.8.0
[INFO] [stderr]   Downloaded windows_x86_64_msvc v0.48.4
[INFO] [stderr]   Downloaded bitflags v2.4.0
[INFO] [stderr]   Downloaded windows_i686_gnu v0.48.4
[INFO] [stderr]   Downloaded windows_i686_msvc v0.48.4
[INFO] [stderr]   Downloaded addr2line v0.20.0
[INFO] [stderr]   Downloaded rustc-demangle v0.1.23
[INFO] [stderr]   Downloaded pin-project-lite v0.2.12
[INFO] [stderr]   Downloaded env_logger v0.8.4
[INFO] [stderr]   Downloaded quickcheck v1.0.3
[INFO] [stderr]   Downloaded futures-channel v0.3.28
[INFO] [stderr]   Downloaded futures-task v0.3.28
[INFO] [stderr]   Downloaded pkg-config v0.3.27
[INFO] [stderr]   Downloaded ripemd v0.1.3
[INFO] [stderr]   Downloaded ecdsa v0.13.4
[INFO] [stderr]   Downloaded ff v0.11.1
[INFO] [stderr]   Downloaded base64ct v1.6.0
[INFO] [stderr]   Downloaded sec1 v0.2.1
[INFO] [stderr]   Downloaded fixed-hash v0.5.2
[INFO] [stderr]   Downloaded rustc-hex v2.1.0
[INFO] [stderr]   Downloaded httpdate v1.0.3
[INFO] [stderr]   Downloaded core-foundation-sys v0.8.4
[INFO] [stderr]   Downloaded linux-raw-sys v0.4.5
[INFO] [stderr]   Downloaded errno v0.3.2
[INFO] [stderr]   Downloaded form_urlencoded v1.2.0
[INFO] [stderr]   Downloaded thiserror-impl v1.0.47
[INFO] [stderr]   Downloaded thiserror v1.0.47
[INFO] [stderr]   Downloaded const-oid v0.7.1
[INFO] [stderr]   Downloaded spki v0.5.4
[INFO] [stderr]   Downloaded zeroize v1.6.0
[INFO] [stderr]   Downloaded futures-sink v0.3.28
[INFO] [stderr]   Downloaded mime v0.3.17
[INFO] [stderr]   Downloaded security-framework-sys v2.9.1
[INFO] [stderr]   Downloaded fastrand v2.0.0
[INFO] [stderr]   Downloaded wasm-bindgen-futures v0.4.37
[INFO] [stderr]   Downloaded primitive-types v0.6.2
[INFO] running `Command { std: "docker" "create" "-v" "/var/lib/crater-agent-workspace/builds/worker-3-tc1/target:/opt/rustwide/target:rw,Z" "-v" "/var/lib/crater-agent-workspace/builds/worker-3-tc1/source:/opt/rustwide/workdir:ro,Z" "-v" "/var/lib/crater-agent-workspace/cargo-home:/opt/rustwide/cargo-home:ro,Z" "-v" "/var/lib/crater-agent-workspace/rustup-home:/opt/rustwide/rustup-home:ro,Z" "-e" "SOURCE_DIR=/opt/rustwide/workdir" "-e" "CARGO_TARGET_DIR=/opt/rustwide/target" "-e" "CARGO_HOME=/opt/rustwide/cargo-home" "-e" "RUSTUP_HOME=/opt/rustwide/rustup-home" "-w" "/opt/rustwide/workdir" "-m" "1610612736" "--user" "0:0" "--network" "none" "ghcr.io/rust-lang/crates-build-env/linux@sha256:3959728d45483eb673ba100a951a6b9f5012970368db2a9e08e0ac9b67c8a5ad" "/opt/rustwide/cargo-home/bin/cargo" "+1.85.0" "metadata" "--no-deps" "--format-version=1", kill_on_drop: false }`
[INFO] [stdout] b4672ea451706b612fc4bd2177edd181145dfabf29ad9366aa9152fd87939cf3
[INFO] running `Command { std: "docker" "start" "-a" "b4672ea451706b612fc4bd2177edd181145dfabf29ad9366aa9152fd87939cf3", kill_on_drop: false }`
[INFO] running `Command { std: "docker" "inspect" "b4672ea451706b612fc4bd2177edd181145dfabf29ad9366aa9152fd87939cf3", kill_on_drop: false }`
[INFO] running `Command { std: "docker" "rm" "-f" "b4672ea451706b612fc4bd2177edd181145dfabf29ad9366aa9152fd87939cf3", kill_on_drop: false }`
[INFO] [stdout] b4672ea451706b612fc4bd2177edd181145dfabf29ad9366aa9152fd87939cf3
[INFO] running `Command { std: "docker" "create" "-v" "/var/lib/crater-agent-workspace/builds/worker-3-tc1/target:/opt/rustwide/target:rw,Z" "-v" "/var/lib/crater-agent-workspace/builds/worker-3-tc1/source:/opt/rustwide/workdir:ro,Z" "-v" "/var/lib/crater-agent-workspace/cargo-home:/opt/rustwide/cargo-home:ro,Z" "-v" "/var/lib/crater-agent-workspace/rustup-home:/opt/rustwide/rustup-home:ro,Z" "-e" "SOURCE_DIR=/opt/rustwide/workdir" "-e" "CARGO_TARGET_DIR=/opt/rustwide/target" "-e" "CARGO_INCREMENTAL=0" "-e" "RUST_BACKTRACE=full" "-e" "RUSTFLAGS=--cap-lints=warn" "-e" "RUSTDOCFLAGS=--cap-lints=warn" "-e" "CARGO_HOME=/opt/rustwide/cargo-home" "-e" "RUSTUP_HOME=/opt/rustwide/rustup-home" "-w" "/opt/rustwide/workdir" "-m" "1610612736" "--user" "0:0" "--network" "none" "ghcr.io/rust-lang/crates-build-env/linux@sha256:3959728d45483eb673ba100a951a6b9f5012970368db2a9e08e0ac9b67c8a5ad" "/opt/rustwide/cargo-home/bin/cargo" "+1.85.0" "build" "--frozen" "--message-format=json", kill_on_drop: false }`
[INFO] [stdout] bdaadd95343549f6b629055cd63e70d4c2381d2400901acc99a1aa0ab0a3eb2c
[INFO] running `Command { std: "docker" "start" "-a" "bdaadd95343549f6b629055cd63e70d4c2381d2400901acc99a1aa0ab0a3eb2c", kill_on_drop: false }`
[INFO] [stderr]    Compiling libc v0.2.147
[INFO] [stderr]    Compiling typenum v1.16.0
[INFO] [stderr]    Compiling proc-macro2 v1.0.66
[INFO] [stderr]    Compiling unicode-ident v1.0.11
[INFO] [stderr]    Compiling once_cell v1.18.0
[INFO] [stderr]    Compiling itoa v1.0.9
[INFO] [stderr]    Compiling vcpkg v0.2.15
[INFO] [stderr]    Compiling subtle v2.4.1
[INFO] [stderr]    Compiling log v0.4.20
[INFO] [stderr]    Compiling pkg-config v0.3.27
[INFO] [stderr]    Compiling pin-project-lite v0.2.12
[INFO] [stderr]    Compiling futures-core v0.3.28
[INFO] [stderr]    Compiling bytes v1.4.0
[INFO] [stderr]    Compiling generic-array v0.14.7
[INFO] [stderr]    Compiling wasm-bindgen-shared v0.2.87
[INFO] [stderr]    Compiling serde v1.0.183
[INFO] [stderr]    Compiling serde_derive v1.0.183
[INFO] [stderr]    Compiling fnv v1.0.7
[INFO] [stderr]    Compiling futures-task v0.3.28
[INFO] [stderr]    Compiling zeroize v1.6.0
[INFO] [stderr]    Compiling const-oid v0.7.1
[INFO] [stderr]    Compiling tracing-core v0.1.31
[INFO] [stderr]    Compiling indexmap v1.9.3
[INFO] [stderr]    Compiling slab v0.4.8
[INFO] [stderr]    Compiling ryu v1.0.15
[INFO] [stderr]    Compiling base64ct v1.6.0
[INFO] [stderr]    Compiling der v0.5.1
[INFO] [stderr]    Compiling foreign-types-shared v0.1.1
[INFO] [stderr]    Compiling futures-util v0.3.28
[INFO] [stderr]    Compiling bumpalo v3.13.0
[INFO] [stderr]    Compiling openssl v0.10.56
[INFO] [stderr]    Compiling serde_json v1.0.105
[INFO] [stderr]    Compiling http v0.2.9
[INFO] [stderr]    Compiling foreign-types v0.3.2
[INFO] [stderr]    Compiling futures-channel v0.3.28
[INFO] [stderr]    Compiling httparse v1.8.0
[INFO] [stderr]    Compiling tracing v0.1.37
[INFO] [stderr]    Compiling futures-sink v0.3.28
[INFO] [stderr]    Compiling native-tls v0.2.11
[INFO] [stderr]    Compiling tinyvec_macros v0.1.1
[INFO] [stderr]    Compiling pin-utils v0.1.0
[INFO] [stderr]    Compiling hashbrown v0.12.3
[INFO] [stderr]    Compiling tinyvec v1.6.0
[INFO] [stderr]    Compiling wasm-bindgen v0.2.87
[INFO] [stderr]    Compiling quote v1.0.33
[INFO] [stderr]    Compiling try-lock v0.2.4
[INFO] [stderr]    Compiling openssl-probe v0.1.5
[INFO] [stderr]    Compiling crunchy v0.2.2
[INFO] [stderr]    Compiling percent-encoding v2.3.0
[INFO] [stderr]    Compiling want v0.3.1
[INFO] [stderr]    Compiling httpdate v1.0.3
[INFO] [stderr]    Compiling form_urlencoded v1.2.0
[INFO] [stderr]    Compiling syn v2.0.29
[INFO] [stderr]    Compiling static_assertions v1.1.0
[INFO] [stderr]    Compiling base16ct v0.1.1
[INFO] [stderr]    Compiling tower-service v0.3.2
[INFO] [stderr]    Compiling unicode-bidi v0.3.13
[INFO] [stderr]    Compiling keccak v0.1.4
[INFO] [stderr]    Compiling rustc-hex v2.1.0
[INFO] [stderr]    Compiling byteorder v1.4.3
[INFO] [stderr]    Compiling cc v1.0.82
[INFO] [stderr]    Compiling getrandom v0.2.10
[INFO] [stderr]    Compiling mio v0.8.8
[INFO] [stderr]    Compiling socket2 v0.5.3
[INFO] [stderr]    Compiling spki v0.5.4
[INFO] [stderr]    Compiling rand_core v0.6.4
[INFO] [stderr]    Compiling socket2 v0.4.9
[INFO] [stderr]    Compiling ff v0.11.1
[INFO] [stderr]    Compiling pkcs8 v0.8.0
[INFO] [stderr]    Compiling http-body v0.4.5
[INFO] [stderr]    Compiling group v0.11.0
[INFO] [stderr]    Compiling tokio v1.32.0
[INFO] [stderr]    Compiling unicode-normalization v0.1.22
[INFO] [stderr]    Compiling thiserror v1.0.47
[INFO] [stderr]    Compiling cpufeatures v0.2.9
[INFO] [stderr]    Compiling uint v0.8.5
[INFO] [stderr]    Compiling fixed-hash v0.5.2
[INFO] [stderr]    Compiling encoding_rs v0.8.32
[INFO] [stderr]    Compiling base64 v0.21.2
[INFO] [stderr]    Compiling ipnet v2.8.0
[INFO] [stderr]    Compiling mime v0.3.17
[INFO] [stderr]    Compiling primitive-types v0.6.2
[INFO] [stderr]    Compiling idna v0.4.0
[INFO] [stderr]    Compiling digest v0.9.0
[INFO] [stderr]    Compiling crypto-mac v0.11.1
[INFO] [stderr]    Compiling crypto-bigint v0.3.2
[INFO] [stderr]    Compiling sec1 v0.2.1
[INFO] [stderr]    Compiling hmac v0.11.0
[INFO] [stderr]    Compiling block-buffer v0.9.0
[INFO] [stderr]    Compiling signature v1.4.0
[INFO] [stderr]    Compiling block-buffer v0.10.4
[INFO] [stderr]    Compiling crypto-common v0.1.6
[INFO] [stderr]    Compiling sha3 v0.9.1
[INFO] [stderr]    Compiling sha2 v0.9.9
[INFO] [stderr]    Compiling digest v0.10.7
[INFO] [stderr]    Compiling openssl-sys v0.9.91
[INFO] [stderr]    Compiling ripemd v0.1.3
[INFO] [stderr]    Compiling url v2.4.0
[INFO] [stderr]    Compiling rfc6979 v0.1.0
[INFO] [stderr]    Compiling elliptic-curve v0.11.12
[INFO] [stderr]    Compiling ecdsa v0.13.4
[INFO] [stderr]    Compiling k256 v0.10.4
[INFO] [stderr]    Compiling serde_urlencoded v0.7.1
[INFO] [stderr]    Compiling wasm-bindgen-backend v0.2.87
[INFO] [stderr]    Compiling openssl-macros v0.1.1
[INFO] [stderr]    Compiling thiserror-impl v1.0.47
[INFO] [stderr]    Compiling wasm-bindgen-macro-support v0.2.87
[INFO] [stderr]    Compiling tokio-util v0.7.8
[INFO] [stderr]    Compiling h2 v0.3.20
[INFO] [stderr]    Compiling wasm-bindgen-macro v0.2.87
[INFO] [stderr]    Compiling js-sys v0.3.64
[INFO] [stderr]    Compiling hyper v0.14.27
[INFO] [stderr]    Compiling tokio-native-tls v0.3.1
[INFO] [stderr]    Compiling serde-wasm-bindgen v0.3.1
[INFO] [stderr]    Compiling hyper-tls v0.5.0
[INFO] [stderr]    Compiling reqwest v0.11.18
[INFO] [stderr]    Compiling tetanus v0.1.4 (/opt/rustwide/workdir)
[INFO] [stderr]     Finished `dev` profile [unoptimized + debuginfo] target(s) in 38.84s
[INFO] [stderr] warning: the following packages contain code that will be rejected by a future version of Rust: wasm-bindgen v0.2.87
[INFO] [stderr] note: to see what the problems were, use the option `--future-incompat-report`, or run `cargo report future-incompatibilities --id 5`
[INFO] running `Command { std: "docker" "inspect" "bdaadd95343549f6b629055cd63e70d4c2381d2400901acc99a1aa0ab0a3eb2c", kill_on_drop: false }`
[INFO] running `Command { std: "docker" "rm" "-f" "bdaadd95343549f6b629055cd63e70d4c2381d2400901acc99a1aa0ab0a3eb2c", kill_on_drop: false }`
[INFO] [stdout] bdaadd95343549f6b629055cd63e70d4c2381d2400901acc99a1aa0ab0a3eb2c
[INFO] running `Command { std: "docker" "create" "-v" "/var/lib/crater-agent-workspace/builds/worker-3-tc1/target:/opt/rustwide/target:rw,Z" "-v" "/var/lib/crater-agent-workspace/builds/worker-3-tc1/source:/opt/rustwide/workdir:ro,Z" "-v" "/var/lib/crater-agent-workspace/cargo-home:/opt/rustwide/cargo-home:ro,Z" "-v" "/var/lib/crater-agent-workspace/rustup-home:/opt/rustwide/rustup-home:ro,Z" "-e" "SOURCE_DIR=/opt/rustwide/workdir" "-e" "CARGO_TARGET_DIR=/opt/rustwide/target" "-e" "CARGO_INCREMENTAL=0" "-e" "RUST_BACKTRACE=full" "-e" "RUSTFLAGS=--cap-lints=warn" "-e" "RUSTDOCFLAGS=--cap-lints=warn" "-e" "CARGO_HOME=/opt/rustwide/cargo-home" "-e" "RUSTUP_HOME=/opt/rustwide/rustup-home" "-w" "/opt/rustwide/workdir" "-m" "1610612736" "--user" "0:0" "--network" "none" "ghcr.io/rust-lang/crates-build-env/linux@sha256:3959728d45483eb673ba100a951a6b9f5012970368db2a9e08e0ac9b67c8a5ad" "/opt/rustwide/cargo-home/bin/cargo" "+1.85.0" "test" "--frozen" "--no-run" "--message-format=json", kill_on_drop: false }`
[INFO] [stdout] c2b57e8c02a885a1aabde842002784e394b10802d5706d8b0e51fac776fb9ff3
[INFO] running `Command { std: "docker" "start" "-a" "c2b57e8c02a885a1aabde842002784e394b10802d5706d8b0e51fac776fb9ff3", kill_on_drop: false }`
[INFO] [stderr]    Compiling log v0.4.20
[INFO] [stderr]    Compiling aho-corasick v1.0.4
[INFO] [stderr]    Compiling regex-syntax v0.7.4
[INFO] [stderr]    Compiling wasm-bindgen-test-macro v0.3.37
[INFO] [stderr]    Compiling rand v0.8.5
[INFO] [stderr]    Compiling scoped-tls v1.0.1
[INFO] [stderr]    Compiling native-tls v0.2.11
[INFO] [stderr]    Compiling wasm-bindgen-backend v0.2.87
[INFO] [stderr]    Compiling tokio-native-tls v0.3.1
[INFO] [stderr]    Compiling hyper-tls v0.5.0
[INFO] [stderr]    Compiling reqwest v0.11.18
[INFO] [stderr]    Compiling wasm-bindgen-macro-support v0.2.87
[INFO] [stderr]    Compiling regex-automata v0.3.6
[INFO] [stderr]    Compiling wasm-bindgen-macro v0.2.87
[INFO] [stderr]    Compiling wasm-bindgen v0.2.87
[INFO] [stderr]    Compiling regex v1.9.3
[INFO] [stderr]    Compiling js-sys v0.3.64
[INFO] [stderr]    Compiling console_error_panic_hook v0.1.7
[INFO] [stderr]    Compiling env_logger v0.8.4
[INFO] [stderr]    Compiling quickcheck v1.0.3
[INFO] [stderr]    Compiling serde-wasm-bindgen v0.3.1
[INFO] [stderr]    Compiling wasm-bindgen-futures v0.4.37
[INFO] [stderr]    Compiling wasm-bindgen-test v0.3.37
[INFO] [stderr]    Compiling tetanus v0.1.4 (/opt/rustwide/workdir)
[INFO] [stderr]     Finished `test` profile [unoptimized + debuginfo] target(s) in 17.03s
[INFO] [stderr] warning: the following packages contain code that will be rejected by a future version of Rust: wasm-bindgen v0.2.87
[INFO] [stderr] note: to see what the problems were, use the option `--future-incompat-report`, or run `cargo report future-incompatibilities --id 5`
[INFO] running `Command { std: "docker" "inspect" "c2b57e8c02a885a1aabde842002784e394b10802d5706d8b0e51fac776fb9ff3", kill_on_drop: false }`
[INFO] running `Command { std: "docker" "rm" "-f" "c2b57e8c02a885a1aabde842002784e394b10802d5706d8b0e51fac776fb9ff3", kill_on_drop: false }`
[INFO] [stdout] c2b57e8c02a885a1aabde842002784e394b10802d5706d8b0e51fac776fb9ff3
[INFO] running `Command { std: "docker" "create" "-v" "/var/lib/crater-agent-workspace/builds/worker-3-tc1/target:/opt/rustwide/target:rw,Z" "-v" "/var/lib/crater-agent-workspace/builds/worker-3-tc1/source:/opt/rustwide/workdir:ro,Z" "-v" "/var/lib/crater-agent-workspace/cargo-home:/opt/rustwide/cargo-home:ro,Z" "-v" "/var/lib/crater-agent-workspace/rustup-home:/opt/rustwide/rustup-home:ro,Z" "-e" "SOURCE_DIR=/opt/rustwide/workdir" "-e" "CARGO_TARGET_DIR=/opt/rustwide/target" "-e" "CARGO_INCREMENTAL=0" "-e" "RUST_BACKTRACE=full" "-e" "RUSTFLAGS=--cap-lints=warn" "-e" "RUSTDOCFLAGS=--cap-lints=warn" "-e" "CARGO_HOME=/opt/rustwide/cargo-home" "-e" "RUSTUP_HOME=/opt/rustwide/rustup-home" "-w" "/opt/rustwide/workdir" "-m" "1610612736" "--user" "0:0" "--network" "none" "ghcr.io/rust-lang/crates-build-env/linux@sha256:3959728d45483eb673ba100a951a6b9f5012970368db2a9e08e0ac9b67c8a5ad" "/opt/rustwide/cargo-home/bin/cargo" "+1.85.0" "test" "--frozen", kill_on_drop: false }`
[INFO] [stdout] 33d15f0ba0def25eb9eea653d571e4972111b0a5c428880b350ea32631d3689e
[INFO] running `Command { std: "docker" "start" "-a" "33d15f0ba0def25eb9eea653d571e4972111b0a5c428880b350ea32631d3689e", kill_on_drop: false }`
[INFO] [stderr]     Finished `test` profile [unoptimized + debuginfo] target(s) in 0.38s
[INFO] [stderr] warning: the following packages contain code that will be rejected by a future version of Rust: wasm-bindgen v0.2.87
[INFO] [stderr] note: to see what the problems were, use the option `--future-incompat-report`, or run `cargo report future-incompatibilities --id 5`
[INFO] [stderr]      Running unittests src/lib.rs (/opt/rustwide/target/debug/deps/tetanus-e21b33818c7d37c3)
[INFO] [stdout] 
[INFO] [stdout] running 2 tests
[INFO] [stdout] test keys::private::test::prop ... ok
[INFO] [stdout] test keys::private::test::prop_login_inputs ... ok
[INFO] [stdout] 
[INFO] [stdout] test result: ok. 2 passed; 0 failed; 0 ignored; 0 measured; 0 filtered out; finished in 0.48s
[INFO] [stdout] 
[INFO] [stderr]      Running tests/web.rs (/opt/rustwide/target/debug/deps/web-84f0c44df50375ad)
[INFO] [stdout] 
[INFO] [stdout] running 0 tests
[INFO] [stderr]    Doc-tests tetanus
[INFO] [stdout] 
[INFO] [stdout] test result: ok. 0 passed; 0 failed; 0 ignored; 0 measured; 0 filtered out; finished in 0.00s
[INFO] [stdout] 
[INFO] [stdout] 
[INFO] [stdout] running 11 tests
[INFO] [stdout] test src/signatures.rs - signatures::SignatureWrapper::to_string (line 22) ... FAILED
[INFO] [stdout] test src/keys/private.rs - keys::private::PrivateKey::from_string (line 45) ... FAILED
[INFO] [stdout] test src/keys/private.rs - keys::private::PrivateKey::sign_message (line 91) ... FAILED
[INFO] [stdout] test src/signatures.rs - signatures::SignatureWrapper::from_string::_::__wasm_bindgen_generated_SignatureWrapper_from_string (line 40) ... FAILED
[INFO] [stdout] test src/keys/private.rs - keys::private::PrivateKey::to_string (line 61) ... FAILED
[INFO] [stdout] test src/keys/private.rs - keys::private::PrivateKey::from_login (line 28) ... ok
[INFO] [stdout] test src/signatures.rs - signatures::SignatureWrapper::recover_public (line 59) ... ok
[INFO] [stdout] test src/signatures.rs - signatures::SignatureWrapper::recover_public::_::__wasm_bindgen_generated_SignatureWrapper_recover_public (line 59) ... ok
[INFO] [stdout] test src/signatures.rs - signatures::SignatureWrapper::from_string (line 40) ... ok
[INFO] [stdout] test src/keys/private.rs - keys::private::PrivateKey::to_public (line 74) ... ok
[INFO] [stdout] test src/signatures.rs - signatures::SignatureWrapper::to_string::_::__wasm_bindgen_generated_SignatureWrapper_to_string (line 22) ... ok
[INFO] [stdout] 
[INFO] [stdout] failures:
[INFO] [stdout] 
[INFO] [stdout] ---- src/signatures.rs - signatures::SignatureWrapper::to_string (line 22) stdout ----
[INFO] [stdout] error: linking with `cc` failed: exit status: 1
[INFO] [stdout]   |
[INFO] [stdout]   = note: LC_ALL="C" PATH="/opt/rustwide/rustup-home/toolchains/1.85.0-x86_64-unknown-linux-gnu/lib/rustlib/x86_64-unknown-linux-gnu/bin:/opt/rustwide/cargo-home/bin:/usr/local/sbin:/usr/local/bin:/usr/sbin:/usr/bin:/sbin:/bin" VSLANG="1033" "cc" "-m64" "/tmp/rustcrGFEd1/symbols.o" "<2 object files omitted>" "-Wl,--as-needed" "-Wl,-Bstatic" "/opt/rustwide/target/debug/deps/{libtetanus.rlib,libreqwest-8368915d468ab013.rlib,libhyper_tls-fb1f15c3b0bf9d34.rlib,libserde_urlencoded-92a5f8d1eb597a69.rlib,libbase64-77bd831ffda414cc.rlib,libipnet-17e34cfb4c3588f3.rlib,libtokio_native_tls-b642a3413acb3c30.rlib,libmime-d2e22643510669cc.rlib,libencoding_rs-76e3ceb145460274.rlib,libnative_tls-5727463a1dcb9eac.rlib,libopenssl_probe-d9542f0dc817c629.rlib,libopenssl-fece5ade31f19879.rlib,libbitflags-775714d9affc3256.rlib,libforeign_types-eeb1a2993872581e.rlib,libforeign_types_shared-af2d333ca75e554c.rlib,libopenssl_sys-c978b818ef153fbb.rlib,libhyper-0e7cecf1f413a6af.rlib,libwant-c6091a0d2d7234c5.rlib,libtry_lock-b55ada6695c848ea.rlib,libsocket2-44f4cf95ac166a3a.rlib,libhttparse-be18ea056f0fe57c.rlib,libh2-1c27b5a227dd3c87.rlib,libindexmap-6f364f3070adceb5.rlib,libhashbrown-efacf0a5d2923469.rlib,libslab-52de253513e07e84.rlib,libtokio_util-af79720844378b25.rlib,libfutures_sink-548aab3d49edffc2.rlib,libtower_service-76df12b50368bb7a.rlib,libtracing-05116364d13b4e49.rlib,libtracing_core-37b268c03d9459d3.rlib,libonce_cell-df1f796f82d420f0.rlib,libfutures_channel-6f889d3cffc3ba36.rlib,libfutures_util-438216bc9e94bbcb.rlib,libfutures_task-2b3657f59fa1684c.rlib,libpin_utils-645575864bd7a7f9.rlib,libtokio-d2d367dff4e98068.rlib,libsocket2-521a01f60e9ff2c4.rlib,libmio-dc163b83dba8da65.rlib,libhttp_body-c347005acc38de73.rlib,libpin_project_lite-6a6861a506df163f.rlib,liblog-29adb8edcf4b9ca3.rlib,libfutures_core-59be4159ba3f6887.rlib,liburl-eb2a4c04ef46114a.rlib,libidna-1e6b30a11b830b62.rlib,libunicode_normalization-63b8a498f6c3aa61.rlib,libtinyvec-d247f4f7f90c3e74.rlib,libtinyvec_macros-a6efcf6aaa6f1d24.rlib,libunicode_bidi-6242bc4d1f3ecb34.rlib,libform_urlencoded-a9cfbdcf8c4d0b5b.rlib,libpercent_encoding-39a28b40017de464.rlib,libhttp-56ce846ca72e0010.rlib,libbytes-2c18d0587d8611c2.rlib,libserde_wasm_bindgen-f796a883d4c16115.rlib,libfnv-3d5abbde6780e305.rlib,libjs_sys-c865a38a7888893b.rlib,libbs58-ffa979a09dfa60f7.rlib,libthiserror-ffed5f3773299d7c.rlib,libripemd-00e0e3df116b2e48.rlib,libdigest-4be358b4e936df1f.rlib,libblock_buffer-f1c75406d53c630e.rlib,libcrypto_common-973eae0622f95c33.rlib,libwasm_bindgen-fc03fbc4f52578ea.rlib,libserde_json-4cdb3e36ee98c604.rlib,libryu-b43731c2a556f625.rlib,libitoa-497ba63816ccbe78.rlib,libserde-04cee94517f78228.rlib,libprimitive_types-38469f7f23335cc4.rlib,libuint-94745744d5af9b49.rlib,libcrunchy-eec0e7d66abe496f.rlib,librustc_hex-0841b4c900cc82fd.rlib,libbyteorder-f91822ea4cb7e10a.rlib,libfixed_hash-e54bc6f495c4072d.rlib,libstatic_assertions-6615bca39e283584.rlib,libk256-a6d0a0af09af7035.rlib,libsha2-9b155d5617d936ca.rlib,libcpufeatures-d6576881ac81ad3b.rlib,libsha3-1092da714aa43758.rlib,libkeccak-11f963ea8e14e50c.rlib,libopaque_debug-d0159cbdc943fe3b.rlib,libblock_buffer-d39987a121334ebb.rlib,libblock_padding-2bb6035c217ce095.rlib,libecdsa-b0392e78d5e2521c.rlib,librfc6979-1816a6a6299e4654.rlib,libhmac-a68aeb646fb56b89.rlib,libcrypto_mac-37a5817ae2e2daca.rlib,libsignature-3d2b7aaf9bcc1d30.rlib,libdigest-26c55b3b1411b581.rlib,libelliptic_curve-407691ab8de718bd.rlib,libbase16ct-995dbaf29e4f9eb7.rlib,libsec1-39bc849578b4620c.rlib,libpkcs8-6bf4051602ff71f5.rlib,libspki-f5c6d80c3ed77668.rlib,libder-309968a78e0b5dc8.rlib,libconst_oid-c18a116def81277e.rlib,libgroup-254d09ac48af657b.rlib,libff-f1bbd27c11ef3801.rlib,libcrypto_bigint-11d9db29824a7b72.rlib,libzeroize-7533bfdbc82ef5b7.rlib,librand_core-1c27f9093fc56433.rlib,libgetrandom-78836b2c633f8bdd.rlib,liblibc-1eeffaa7fd9da0ca.rlib,libcfg_if-d4c93475573720c9.rlib,libsubtle-51420dcb45ff7abf.rlib,libgeneric_array-05851ba148aba1c8.rlib,libtypenum-b76b6b7c4b632dc5.rlib}" "/opt/rustwide/rustup-home/toolchains/1.85.0-x86_64-unknown-linux-gnu/lib/rustlib/x86_64-unknown-linux-gnu/lib/{libstd-6273572f18644c87.rlib,libpanic_unwind-267e668abf74a283.rlib,libobject-ec6154ccae37a33e.rlib,libmemchr-500edd5521c440d4.rlib,libaddr2line-86d8d9428792e8ef.rlib,libgimli-10f06487503767c2.rlib,librustc_demangle-6a38424de1e5bca5.rlib,libstd_detect-de9763ea1c19dca3.rlib,libhashbrown-a7f5bb2f736d3c49.rlib,librustc_std_workspace_alloc-7e368919bdc4a44c.rlib,libminiz_oxide-376454d49910c786.rlib,libadler-fa99f5692b5dce85.rlib,libunwind-91cafdaf16f7fe40.rlib,libcfg_if-f7ee3f1ea78d9dae.rlib,liblibc-d3a35665f881365a.rlib,liballoc-715bc629a88bca60.rlib,librustc_std_workspace_core-ae70165d1278cff7.rlib,libcore-406129d0e3fbc101.rlib,libcompiler_builtins-1af05515ab19524a.rlib}" "-Wl,-Bdynamic" "-lssl" "-lcrypto" "-lgcc_s" "-lutil" "-lrt" "-lpthread" "-lm" "-ldl" "-lc" "-Wl,--eh-frame-hdr" "-Wl,-z,noexecstack" "-L" "/opt/rustwide/rustup-home/toolchains/1.85.0-x86_64-unknown-linux-gnu/lib/rustlib/x86_64-unknown-linux-gnu/lib" "-o" "/tmp/rustdoctesthNxO1T/rust_out" "-Wl,--gc-sections" "-pie" "-Wl,-z,relro,-z,now" "-nodefaultlibs"
[INFO] [stdout]   = note: some arguments are omitted. use `--verbose` to show all linker arguments
[INFO] [stdout]   = note: collect2: fatal error: ld terminated with signal 9 [Killed]
[INFO] [stdout]           compilation terminated.
[INFO] [stdout]           
[INFO] [stdout] 
[INFO] [stdout] error: aborting due to 1 previous error
[INFO] [stdout] 
[INFO] [stdout] Couldn't compile the test.
[INFO] [stdout] ---- src/keys/private.rs - keys::private::PrivateKey::from_string (line 45) stdout ----
[INFO] [stdout] error: linking with `cc` failed: exit status: 1
[INFO] [stdout]   |
[INFO] [stdout]   = note: LC_ALL="C" PATH="/opt/rustwide/rustup-home/toolchains/1.85.0-x86_64-unknown-linux-gnu/lib/rustlib/x86_64-unknown-linux-gnu/bin:/opt/rustwide/cargo-home/bin:/usr/local/sbin:/usr/local/bin:/usr/sbin:/usr/bin:/sbin:/bin" VSLANG="1033" "cc" "-m64" "/tmp/rustcEcpNb4/symbols.o" "<2 object files omitted>" "-Wl,--as-needed" "-Wl,-Bstatic" "/opt/rustwide/target/debug/deps/{libtetanus.rlib,libreqwest-8368915d468ab013.rlib,libhyper_tls-fb1f15c3b0bf9d34.rlib,libserde_urlencoded-92a5f8d1eb597a69.rlib,libbase64-77bd831ffda414cc.rlib,libipnet-17e34cfb4c3588f3.rlib,libtokio_native_tls-b642a3413acb3c30.rlib,libmime-d2e22643510669cc.rlib,libencoding_rs-76e3ceb145460274.rlib,libnative_tls-5727463a1dcb9eac.rlib,libopenssl_probe-d9542f0dc817c629.rlib,libopenssl-fece5ade31f19879.rlib,libbitflags-775714d9affc3256.rlib,libforeign_types-eeb1a2993872581e.rlib,libforeign_types_shared-af2d333ca75e554c.rlib,libopenssl_sys-c978b818ef153fbb.rlib,libhyper-0e7cecf1f413a6af.rlib,libwant-c6091a0d2d7234c5.rlib,libtry_lock-b55ada6695c848ea.rlib,libsocket2-44f4cf95ac166a3a.rlib,libhttparse-be18ea056f0fe57c.rlib,libh2-1c27b5a227dd3c87.rlib,libindexmap-6f364f3070adceb5.rlib,libhashbrown-efacf0a5d2923469.rlib,libslab-52de253513e07e84.rlib,libtokio_util-af79720844378b25.rlib,libfutures_sink-548aab3d49edffc2.rlib,libtower_service-76df12b50368bb7a.rlib,libtracing-05116364d13b4e49.rlib,libtracing_core-37b268c03d9459d3.rlib,libonce_cell-df1f796f82d420f0.rlib,libfutures_channel-6f889d3cffc3ba36.rlib,libfutures_util-438216bc9e94bbcb.rlib,libfutures_task-2b3657f59fa1684c.rlib,libpin_utils-645575864bd7a7f9.rlib,libtokio-d2d367dff4e98068.rlib,libsocket2-521a01f60e9ff2c4.rlib,libmio-dc163b83dba8da65.rlib,libhttp_body-c347005acc38de73.rlib,libpin_project_lite-6a6861a506df163f.rlib,liblog-29adb8edcf4b9ca3.rlib,libfutures_core-59be4159ba3f6887.rlib,liburl-eb2a4c04ef46114a.rlib,libidna-1e6b30a11b830b62.rlib,libunicode_normalization-63b8a498f6c3aa61.rlib,libtinyvec-d247f4f7f90c3e74.rlib,libtinyvec_macros-a6efcf6aaa6f1d24.rlib,libunicode_bidi-6242bc4d1f3ecb34.rlib,libform_urlencoded-a9cfbdcf8c4d0b5b.rlib,libpercent_encoding-39a28b40017de464.rlib,libhttp-56ce846ca72e0010.rlib,libbytes-2c18d0587d8611c2.rlib,libserde_wasm_bindgen-f796a883d4c16115.rlib,libfnv-3d5abbde6780e305.rlib,libjs_sys-c865a38a7888893b.rlib,libbs58-ffa979a09dfa60f7.rlib,libthiserror-ffed5f3773299d7c.rlib,libripemd-00e0e3df116b2e48.rlib,libdigest-4be358b4e936df1f.rlib,libblock_buffer-f1c75406d53c630e.rlib,libcrypto_common-973eae0622f95c33.rlib,libwasm_bindgen-fc03fbc4f52578ea.rlib,libserde_json-4cdb3e36ee98c604.rlib,libryu-b43731c2a556f625.rlib,libitoa-497ba63816ccbe78.rlib,libserde-04cee94517f78228.rlib,libprimitive_types-38469f7f23335cc4.rlib,libuint-94745744d5af9b49.rlib,libcrunchy-eec0e7d66abe496f.rlib,librustc_hex-0841b4c900cc82fd.rlib,libbyteorder-f91822ea4cb7e10a.rlib,libfixed_hash-e54bc6f495c4072d.rlib,libstatic_assertions-6615bca39e283584.rlib,libk256-a6d0a0af09af7035.rlib,libsha2-9b155d5617d936ca.rlib,libcpufeatures-d6576881ac81ad3b.rlib,libsha3-1092da714aa43758.rlib,libkeccak-11f963ea8e14e50c.rlib,libopaque_debug-d0159cbdc943fe3b.rlib,libblock_buffer-d39987a121334ebb.rlib,libblock_padding-2bb6035c217ce095.rlib,libecdsa-b0392e78d5e2521c.rlib,librfc6979-1816a6a6299e4654.rlib,libhmac-a68aeb646fb56b89.rlib,libcrypto_mac-37a5817ae2e2daca.rlib,libsignature-3d2b7aaf9bcc1d30.rlib,libdigest-26c55b3b1411b581.rlib,libelliptic_curve-407691ab8de718bd.rlib,libbase16ct-995dbaf29e4f9eb7.rlib,libsec1-39bc849578b4620c.rlib,libpkcs8-6bf4051602ff71f5.rlib,libspki-f5c6d80c3ed77668.rlib,libder-309968a78e0b5dc8.rlib,libconst_oid-c18a116def81277e.rlib,libgroup-254d09ac48af657b.rlib,libff-f1bbd27c11ef3801.rlib,libcrypto_bigint-11d9db29824a7b72.rlib,libzeroize-7533bfdbc82ef5b7.rlib,librand_core-1c27f9093fc56433.rlib,libgetrandom-78836b2c633f8bdd.rlib,liblibc-1eeffaa7fd9da0ca.rlib,libcfg_if-d4c93475573720c9.rlib,libsubtle-51420dcb45ff7abf.rlib,libgeneric_array-05851ba148aba1c8.rlib,libtypenum-b76b6b7c4b632dc5.rlib}" "/opt/rustwide/rustup-home/toolchains/1.85.0-x86_64-unknown-linux-gnu/lib/rustlib/x86_64-unknown-linux-gnu/lib/{libstd-6273572f18644c87.rlib,libpanic_unwind-267e668abf74a283.rlib,libobject-ec6154ccae37a33e.rlib,libmemchr-500edd5521c440d4.rlib,libaddr2line-86d8d9428792e8ef.rlib,libgimli-10f06487503767c2.rlib,librustc_demangle-6a38424de1e5bca5.rlib,libstd_detect-de9763ea1c19dca3.rlib,libhashbrown-a7f5bb2f736d3c49.rlib,librustc_std_workspace_alloc-7e368919bdc4a44c.rlib,libminiz_oxide-376454d49910c786.rlib,libadler-fa99f5692b5dce85.rlib,libunwind-91cafdaf16f7fe40.rlib,libcfg_if-f7ee3f1ea78d9dae.rlib,liblibc-d3a35665f881365a.rlib,liballoc-715bc629a88bca60.rlib,librustc_std_workspace_core-ae70165d1278cff7.rlib,libcore-406129d0e3fbc101.rlib,libcompiler_builtins-1af05515ab19524a.rlib}" "-Wl,-Bdynamic" "-lssl" "-lcrypto" "-lgcc_s" "-lutil" "-lrt" "-lpthread" "-lm" "-ldl" "-lc" "-Wl,--eh-frame-hdr" "-Wl,-z,noexecstack" "-L" "/opt/rustwide/rustup-home/toolchains/1.85.0-x86_64-unknown-linux-gnu/lib/rustlib/x86_64-unknown-linux-gnu/lib" "-o" "/tmp/rustdoctestrfjWB0/rust_out" "-Wl,--gc-sections" "-pie" "-Wl,-z,relro,-z,now" "-nodefaultlibs"
[INFO] [stdout]   = note: some arguments are omitted. use `--verbose` to show all linker arguments
[INFO] [stdout]   = note: collect2: fatal error: ld terminated with signal 9 [Killed]
[INFO] [stdout]           compilation terminated.
[INFO] [stdout]           
[INFO] [stdout] 
[INFO] [stdout] error: aborting due to 1 previous error
[INFO] [stdout] 
[INFO] [stdout] Couldn't compile the test.
[INFO] [stdout] ---- src/keys/private.rs - keys::private::PrivateKey::sign_message (line 91) stdout ----
[INFO] [stdout] error: linking with `cc` failed: exit status: 1
[INFO] [stdout]   |
[INFO] [stdout]   = note: LC_ALL="C" PATH="/opt/rustwide/rustup-home/toolchains/1.85.0-x86_64-unknown-linux-gnu/lib/rustlib/x86_64-unknown-linux-gnu/bin:/opt/rustwide/cargo-home/bin:/usr/local/sbin:/usr/local/bin:/usr/sbin:/usr/bin:/sbin:/bin" VSLANG="1033" "cc" "-m64" "/tmp/rustcuPM41n/symbols.o" "<2 object files omitted>" "-Wl,--as-needed" "-Wl,-Bstatic" "/opt/rustwide/target/debug/deps/{libtetanus.rlib,libreqwest-8368915d468ab013.rlib,libhyper_tls-fb1f15c3b0bf9d34.rlib,libserde_urlencoded-92a5f8d1eb597a69.rlib,libbase64-77bd831ffda414cc.rlib,libipnet-17e34cfb4c3588f3.rlib,libtokio_native_tls-b642a3413acb3c30.rlib,libmime-d2e22643510669cc.rlib,libencoding_rs-76e3ceb145460274.rlib,libnative_tls-5727463a1dcb9eac.rlib,libopenssl_probe-d9542f0dc817c629.rlib,libopenssl-fece5ade31f19879.rlib,libbitflags-775714d9affc3256.rlib,libforeign_types-eeb1a2993872581e.rlib,libforeign_types_shared-af2d333ca75e554c.rlib,libopenssl_sys-c978b818ef153fbb.rlib,libhyper-0e7cecf1f413a6af.rlib,libwant-c6091a0d2d7234c5.rlib,libtry_lock-b55ada6695c848ea.rlib,libsocket2-44f4cf95ac166a3a.rlib,libhttparse-be18ea056f0fe57c.rlib,libh2-1c27b5a227dd3c87.rlib,libindexmap-6f364f3070adceb5.rlib,libhashbrown-efacf0a5d2923469.rlib,libslab-52de253513e07e84.rlib,libtokio_util-af79720844378b25.rlib,libfutures_sink-548aab3d49edffc2.rlib,libtower_service-76df12b50368bb7a.rlib,libtracing-05116364d13b4e49.rlib,libtracing_core-37b268c03d9459d3.rlib,libonce_cell-df1f796f82d420f0.rlib,libfutures_channel-6f889d3cffc3ba36.rlib,libfutures_util-438216bc9e94bbcb.rlib,libfutures_task-2b3657f59fa1684c.rlib,libpin_utils-645575864bd7a7f9.rlib,libtokio-d2d367dff4e98068.rlib,libsocket2-521a01f60e9ff2c4.rlib,libmio-dc163b83dba8da65.rlib,libhttp_body-c347005acc38de73.rlib,libpin_project_lite-6a6861a506df163f.rlib,liblog-29adb8edcf4b9ca3.rlib,libfutures_core-59be4159ba3f6887.rlib,liburl-eb2a4c04ef46114a.rlib,libidna-1e6b30a11b830b62.rlib,libunicode_normalization-63b8a498f6c3aa61.rlib,libtinyvec-d247f4f7f90c3e74.rlib,libtinyvec_macros-a6efcf6aaa6f1d24.rlib,libunicode_bidi-6242bc4d1f3ecb34.rlib,libform_urlencoded-a9cfbdcf8c4d0b5b.rlib,libpercent_encoding-39a28b40017de464.rlib,libhttp-56ce846ca72e0010.rlib,libbytes-2c18d0587d8611c2.rlib,libserde_wasm_bindgen-f796a883d4c16115.rlib,libfnv-3d5abbde6780e305.rlib,libjs_sys-c865a38a7888893b.rlib,libbs58-ffa979a09dfa60f7.rlib,libthiserror-ffed5f3773299d7c.rlib,libripemd-00e0e3df116b2e48.rlib,libdigest-4be358b4e936df1f.rlib,libblock_buffer-f1c75406d53c630e.rlib,libcrypto_common-973eae0622f95c33.rlib,libwasm_bindgen-fc03fbc4f52578ea.rlib,libserde_json-4cdb3e36ee98c604.rlib,libryu-b43731c2a556f625.rlib,libitoa-497ba63816ccbe78.rlib,libserde-04cee94517f78228.rlib,libprimitive_types-38469f7f23335cc4.rlib,libuint-94745744d5af9b49.rlib,libcrunchy-eec0e7d66abe496f.rlib,librustc_hex-0841b4c900cc82fd.rlib,libbyteorder-f91822ea4cb7e10a.rlib,libfixed_hash-e54bc6f495c4072d.rlib,libstatic_assertions-6615bca39e283584.rlib,libk256-a6d0a0af09af7035.rlib,libsha2-9b155d5617d936ca.rlib,libcpufeatures-d6576881ac81ad3b.rlib,libsha3-1092da714aa43758.rlib,libkeccak-11f963ea8e14e50c.rlib,libopaque_debug-d0159cbdc943fe3b.rlib,libblock_buffer-d39987a121334ebb.rlib,libblock_padding-2bb6035c217ce095.rlib,libecdsa-b0392e78d5e2521c.rlib,librfc6979-1816a6a6299e4654.rlib,libhmac-a68aeb646fb56b89.rlib,libcrypto_mac-37a5817ae2e2daca.rlib,libsignature-3d2b7aaf9bcc1d30.rlib,libdigest-26c55b3b1411b581.rlib,libelliptic_curve-407691ab8de718bd.rlib,libbase16ct-995dbaf29e4f9eb7.rlib,libsec1-39bc849578b4620c.rlib,libpkcs8-6bf4051602ff71f5.rlib,libspki-f5c6d80c3ed77668.rlib,libder-309968a78e0b5dc8.rlib,libconst_oid-c18a116def81277e.rlib,libgroup-254d09ac48af657b.rlib,libff-f1bbd27c11ef3801.rlib,libcrypto_bigint-11d9db29824a7b72.rlib,libzeroize-7533bfdbc82ef5b7.rlib,librand_core-1c27f9093fc56433.rlib,libgetrandom-78836b2c633f8bdd.rlib,liblibc-1eeffaa7fd9da0ca.rlib,libcfg_if-d4c93475573720c9.rlib,libsubtle-51420dcb45ff7abf.rlib,libgeneric_array-05851ba148aba1c8.rlib,libtypenum-b76b6b7c4b632dc5.rlib}" "/opt/rustwide/rustup-home/toolchains/1.85.0-x86_64-unknown-linux-gnu/lib/rustlib/x86_64-unknown-linux-gnu/lib/{libstd-6273572f18644c87.rlib,libpanic_unwind-267e668abf74a283.rlib,libobject-ec6154ccae37a33e.rlib,libmemchr-500edd5521c440d4.rlib,libaddr2line-86d8d9428792e8ef.rlib,libgimli-10f06487503767c2.rlib,librustc_demangle-6a38424de1e5bca5.rlib,libstd_detect-de9763ea1c19dca3.rlib,libhashbrown-a7f5bb2f736d3c49.rlib,librustc_std_workspace_alloc-7e368919bdc4a44c.rlib,libminiz_oxide-376454d49910c786.rlib,libadler-fa99f5692b5dce85.rlib,libunwind-91cafdaf16f7fe40.rlib,libcfg_if-f7ee3f1ea78d9dae.rlib,liblibc-d3a35665f881365a.rlib,liballoc-715bc629a88bca60.rlib,librustc_std_workspace_core-ae70165d1278cff7.rlib,libcore-406129d0e3fbc101.rlib,libcompiler_builtins-1af05515ab19524a.rlib}" "-Wl,-Bdynamic" "-lssl" "-lcrypto" "-lgcc_s" "-lutil" "-lrt" "-lpthread" "-lm" "-ldl" "-lc" "-Wl,--eh-frame-hdr" "-Wl,-z,noexecstack" "-L" "/opt/rustwide/rustup-home/toolchains/1.85.0-x86_64-unknown-linux-gnu/lib/rustlib/x86_64-unknown-linux-gnu/lib" "-o" "/tmp/rustdoctestbneqsQ/rust_out" "-Wl,--gc-sections" "-pie" "-Wl,-z,relro,-z,now" "-nodefaultlibs"
[INFO] [stdout]   = note: some arguments are omitted. use `--verbose` to show all linker arguments
[INFO] [stdout]   = note: collect2: fatal error: ld terminated with signal 9 [Killed]
[INFO] [stdout]           compilation terminated.
[INFO] [stdout]           
[INFO] [stdout] 
[INFO] [stdout] error: aborting due to 1 previous error
[INFO] [stdout] 
[INFO] [stdout] Couldn't compile the test.
[INFO] [stdout] ---- src/signatures.rs - signatures::SignatureWrapper::from_string::_::__wasm_bindgen_generated_SignatureWrapper_from_string (line 40) stdout ----
[INFO] [stdout] error: linking with `cc` failed: exit status: 1
[INFO] [stdout]   |
[INFO] [stdout]   = note: LC_ALL="C" PATH="/opt/rustwide/rustup-home/toolchains/1.85.0-x86_64-unknown-linux-gnu/lib/rustlib/x86_64-unknown-linux-gnu/bin:/opt/rustwide/cargo-home/bin:/usr/local/sbin:/usr/local/bin:/usr/sbin:/usr/bin:/sbin:/bin" VSLANG="1033" "cc" "-m64" "/tmp/rustcVACulZ/symbols.o" "<2 object files omitted>" "-Wl,--as-needed" "-Wl,-Bstatic" "/opt/rustwide/target/debug/deps/{libtetanus.rlib,libreqwest-8368915d468ab013.rlib,libhyper_tls-fb1f15c3b0bf9d34.rlib,libserde_urlencoded-92a5f8d1eb597a69.rlib,libbase64-77bd831ffda414cc.rlib,libipnet-17e34cfb4c3588f3.rlib,libtokio_native_tls-b642a3413acb3c30.rlib,libmime-d2e22643510669cc.rlib,libencoding_rs-76e3ceb145460274.rlib,libnative_tls-5727463a1dcb9eac.rlib,libopenssl_probe-d9542f0dc817c629.rlib,libopenssl-fece5ade31f19879.rlib,libbitflags-775714d9affc3256.rlib,libforeign_types-eeb1a2993872581e.rlib,libforeign_types_shared-af2d333ca75e554c.rlib,libopenssl_sys-c978b818ef153fbb.rlib,libhyper-0e7cecf1f413a6af.rlib,libwant-c6091a0d2d7234c5.rlib,libtry_lock-b55ada6695c848ea.rlib,libsocket2-44f4cf95ac166a3a.rlib,libhttparse-be18ea056f0fe57c.rlib,libh2-1c27b5a227dd3c87.rlib,libindexmap-6f364f3070adceb5.rlib,libhashbrown-efacf0a5d2923469.rlib,libslab-52de253513e07e84.rlib,libtokio_util-af79720844378b25.rlib,libfutures_sink-548aab3d49edffc2.rlib,libtower_service-76df12b50368bb7a.rlib,libtracing-05116364d13b4e49.rlib,libtracing_core-37b268c03d9459d3.rlib,libonce_cell-df1f796f82d420f0.rlib,libfutures_channel-6f889d3cffc3ba36.rlib,libfutures_util-438216bc9e94bbcb.rlib,libfutures_task-2b3657f59fa1684c.rlib,libpin_utils-645575864bd7a7f9.rlib,libtokio-d2d367dff4e98068.rlib,libsocket2-521a01f60e9ff2c4.rlib,libmio-dc163b83dba8da65.rlib,libhttp_body-c347005acc38de73.rlib,libpin_project_lite-6a6861a506df163f.rlib,liblog-29adb8edcf4b9ca3.rlib,libfutures_core-59be4159ba3f6887.rlib,liburl-eb2a4c04ef46114a.rlib,libidna-1e6b30a11b830b62.rlib,libunicode_normalization-63b8a498f6c3aa61.rlib,libtinyvec-d247f4f7f90c3e74.rlib,libtinyvec_macros-a6efcf6aaa6f1d24.rlib,libunicode_bidi-6242bc4d1f3ecb34.rlib,libform_urlencoded-a9cfbdcf8c4d0b5b.rlib,libpercent_encoding-39a28b40017de464.rlib,libhttp-56ce846ca72e0010.rlib,libbytes-2c18d0587d8611c2.rlib,libserde_wasm_bindgen-f796a883d4c16115.rlib,libfnv-3d5abbde6780e305.rlib,libjs_sys-c865a38a7888893b.rlib,libbs58-ffa979a09dfa60f7.rlib,libthiserror-ffed5f3773299d7c.rlib,libripemd-00e0e3df116b2e48.rlib,libdigest-4be358b4e936df1f.rlib,libblock_buffer-f1c75406d53c630e.rlib,libcrypto_common-973eae0622f95c33.rlib,libwasm_bindgen-fc03fbc4f52578ea.rlib,libserde_json-4cdb3e36ee98c604.rlib,libryu-b43731c2a556f625.rlib,libitoa-497ba63816ccbe78.rlib,libserde-04cee94517f78228.rlib,libprimitive_types-38469f7f23335cc4.rlib,libuint-94745744d5af9b49.rlib,libcrunchy-eec0e7d66abe496f.rlib,librustc_hex-0841b4c900cc82fd.rlib,libbyteorder-f91822ea4cb7e10a.rlib,libfixed_hash-e54bc6f495c4072d.rlib,libstatic_assertions-6615bca39e283584.rlib,libk256-a6d0a0af09af7035.rlib,libsha2-9b155d5617d936ca.rlib,libcpufeatures-d6576881ac81ad3b.rlib,libsha3-1092da714aa43758.rlib,libkeccak-11f963ea8e14e50c.rlib,libopaque_debug-d0159cbdc943fe3b.rlib,libblock_buffer-d39987a121334ebb.rlib,libblock_padding-2bb6035c217ce095.rlib,libecdsa-b0392e78d5e2521c.rlib,librfc6979-1816a6a6299e4654.rlib,libhmac-a68aeb646fb56b89.rlib,libcrypto_mac-37a5817ae2e2daca.rlib,libsignature-3d2b7aaf9bcc1d30.rlib,libdigest-26c55b3b1411b581.rlib,libelliptic_curve-407691ab8de718bd.rlib,libbase16ct-995dbaf29e4f9eb7.rlib,libsec1-39bc849578b4620c.rlib,libpkcs8-6bf4051602ff71f5.rlib,libspki-f5c6d80c3ed77668.rlib,libder-309968a78e0b5dc8.rlib,libconst_oid-c18a116def81277e.rlib,libgroup-254d09ac48af657b.rlib,libff-f1bbd27c11ef3801.rlib,libcrypto_bigint-11d9db29824a7b72.rlib,libzeroize-7533bfdbc82ef5b7.rlib,librand_core-1c27f9093fc56433.rlib,libgetrandom-78836b2c633f8bdd.rlib,liblibc-1eeffaa7fd9da0ca.rlib,libcfg_if-d4c93475573720c9.rlib,libsubtle-51420dcb45ff7abf.rlib,libgeneric_array-05851ba148aba1c8.rlib,libtypenum-b76b6b7c4b632dc5.rlib}" "/opt/rustwide/rustup-home/toolchains/1.85.0-x86_64-unknown-linux-gnu/lib/rustlib/x86_64-unknown-linux-gnu/lib/{libstd-6273572f18644c87.rlib,libpanic_unwind-267e668abf74a283.rlib,libobject-ec6154ccae37a33e.rlib,libmemchr-500edd5521c440d4.rlib,libaddr2line-86d8d9428792e8ef.rlib,libgimli-10f06487503767c2.rlib,librustc_demangle-6a38424de1e5bca5.rlib,libstd_detect-de9763ea1c19dca3.rlib,libhashbrown-a7f5bb2f736d3c49.rlib,librustc_std_workspace_alloc-7e368919bdc4a44c.rlib,libminiz_oxide-376454d49910c786.rlib,libadler-fa99f5692b5dce85.rlib,libunwind-91cafdaf16f7fe40.rlib,libcfg_if-f7ee3f1ea78d9dae.rlib,liblibc-d3a35665f881365a.rlib,liballoc-715bc629a88bca60.rlib,librustc_std_workspace_core-ae70165d1278cff7.rlib,libcore-406129d0e3fbc101.rlib,libcompiler_builtins-1af05515ab19524a.rlib}" "-Wl,-Bdynamic" "-lssl" "-lcrypto" "-lgcc_s" "-lutil" "-lrt" "-lpthread" "-lm" "-ldl" "-lc" "-Wl,--eh-frame-hdr" "-Wl,-z,noexecstack" "-L" "/opt/rustwide/rustup-home/toolchains/1.85.0-x86_64-unknown-linux-gnu/lib/rustlib/x86_64-unknown-linux-gnu/lib" "-o" "/tmp/rustdoctestHCbdIS/rust_out" "-Wl,--gc-sections" "-pie" "-Wl,-z,relro,-z,now" "-nodefaultlibs"
[INFO] [stdout]   = note: some arguments are omitted. use `--verbose` to show all linker arguments
[INFO] [stdout]   = note: collect2: fatal error: ld terminated with signal 9 [Killed]
[INFO] [stdout]           compilation terminated.
[INFO] [stdout]           
[INFO] [stdout] 
[INFO] [stdout] error: aborting due to 1 previous error
[INFO] [stdout] 
[INFO] [stdout] Couldn't compile the test.
[INFO] [stdout] ---- src/keys/private.rs - keys::private::PrivateKey::to_string (line 61) stdout ----
[INFO] [stdout] error: linking with `cc` failed: exit status: 1
[INFO] [stdout]   |
[INFO] [stdout]   = note: LC_ALL="C" PATH="/opt/rustwide/rustup-home/toolchains/1.85.0-x86_64-unknown-linux-gnu/lib/rustlib/x86_64-unknown-linux-gnu/bin:/opt/rustwide/cargo-home/bin:/usr/local/sbin:/usr/local/bin:/usr/sbin:/usr/bin:/sbin:/bin" VSLANG="1033" "cc" "-m64" "/tmp/rustc2AyVNS/symbols.o" "<2 object files omitted>" "-Wl,--as-needed" "-Wl,-Bstatic" "/opt/rustwide/target/debug/deps/{libtetanus.rlib,libreqwest-8368915d468ab013.rlib,libhyper_tls-fb1f15c3b0bf9d34.rlib,libserde_urlencoded-92a5f8d1eb597a69.rlib,libbase64-77bd831ffda414cc.rlib,libipnet-17e34cfb4c3588f3.rlib,libtokio_native_tls-b642a3413acb3c30.rlib,libmime-d2e22643510669cc.rlib,libencoding_rs-76e3ceb145460274.rlib,libnative_tls-5727463a1dcb9eac.rlib,libopenssl_probe-d9542f0dc817c629.rlib,libopenssl-fece5ade31f19879.rlib,libbitflags-775714d9affc3256.rlib,libforeign_types-eeb1a2993872581e.rlib,libforeign_types_shared-af2d333ca75e554c.rlib,libopenssl_sys-c978b818ef153fbb.rlib,libhyper-0e7cecf1f413a6af.rlib,libwant-c6091a0d2d7234c5.rlib,libtry_lock-b55ada6695c848ea.rlib,libsocket2-44f4cf95ac166a3a.rlib,libhttparse-be18ea056f0fe57c.rlib,libh2-1c27b5a227dd3c87.rlib,libindexmap-6f364f3070adceb5.rlib,libhashbrown-efacf0a5d2923469.rlib,libslab-52de253513e07e84.rlib,libtokio_util-af79720844378b25.rlib,libfutures_sink-548aab3d49edffc2.rlib,libtower_service-76df12b50368bb7a.rlib,libtracing-05116364d13b4e49.rlib,libtracing_core-37b268c03d9459d3.rlib,libonce_cell-df1f796f82d420f0.rlib,libfutures_channel-6f889d3cffc3ba36.rlib,libfutures_util-438216bc9e94bbcb.rlib,libfutures_task-2b3657f59fa1684c.rlib,libpin_utils-645575864bd7a7f9.rlib,libtokio-d2d367dff4e98068.rlib,libsocket2-521a01f60e9ff2c4.rlib,libmio-dc163b83dba8da65.rlib,libhttp_body-c347005acc38de73.rlib,libpin_project_lite-6a6861a506df163f.rlib,liblog-29adb8edcf4b9ca3.rlib,libfutures_core-59be4159ba3f6887.rlib,liburl-eb2a4c04ef46114a.rlib,libidna-1e6b30a11b830b62.rlib,libunicode_normalization-63b8a498f6c3aa61.rlib,libtinyvec-d247f4f7f90c3e74.rlib,libtinyvec_macros-a6efcf6aaa6f1d24.rlib,libunicode_bidi-6242bc4d1f3ecb34.rlib,libform_urlencoded-a9cfbdcf8c4d0b5b.rlib,libpercent_encoding-39a28b40017de464.rlib,libhttp-56ce846ca72e0010.rlib,libbytes-2c18d0587d8611c2.rlib,libserde_wasm_bindgen-f796a883d4c16115.rlib,libfnv-3d5abbde6780e305.rlib,libjs_sys-c865a38a7888893b.rlib,libbs58-ffa979a09dfa60f7.rlib,libthiserror-ffed5f3773299d7c.rlib,libripemd-00e0e3df116b2e48.rlib,libdigest-4be358b4e936df1f.rlib,libblock_buffer-f1c75406d53c630e.rlib,libcrypto_common-973eae0622f95c33.rlib,libwasm_bindgen-fc03fbc4f52578ea.rlib,libserde_json-4cdb3e36ee98c604.rlib,libryu-b43731c2a556f625.rlib,libitoa-497ba63816ccbe78.rlib,libserde-04cee94517f78228.rlib,libprimitive_types-38469f7f23335cc4.rlib,libuint-94745744d5af9b49.rlib,libcrunchy-eec0e7d66abe496f.rlib,librustc_hex-0841b4c900cc82fd.rlib,libbyteorder-f91822ea4cb7e10a.rlib,libfixed_hash-e54bc6f495c4072d.rlib,libstatic_assertions-6615bca39e283584.rlib,libk256-a6d0a0af09af7035.rlib,libsha2-9b155d5617d936ca.rlib,libcpufeatures-d6576881ac81ad3b.rlib,libsha3-1092da714aa43758.rlib,libkeccak-11f963ea8e14e50c.rlib,libopaque_debug-d0159cbdc943fe3b.rlib,libblock_buffer-d39987a121334ebb.rlib,libblock_padding-2bb6035c217ce095.rlib,libecdsa-b0392e78d5e2521c.rlib,librfc6979-1816a6a6299e4654.rlib,libhmac-a68aeb646fb56b89.rlib,libcrypto_mac-37a5817ae2e2daca.rlib,libsignature-3d2b7aaf9bcc1d30.rlib,libdigest-26c55b3b1411b581.rlib,libelliptic_curve-407691ab8de718bd.rlib,libbase16ct-995dbaf29e4f9eb7.rlib,libsec1-39bc849578b4620c.rlib,libpkcs8-6bf4051602ff71f5.rlib,libspki-f5c6d80c3ed77668.rlib,libder-309968a78e0b5dc8.rlib,libconst_oid-c18a116def81277e.rlib,libgroup-254d09ac48af657b.rlib,libff-f1bbd27c11ef3801.rlib,libcrypto_bigint-11d9db29824a7b72.rlib,libzeroize-7533bfdbc82ef5b7.rlib,librand_core-1c27f9093fc56433.rlib,libgetrandom-78836b2c633f8bdd.rlib,liblibc-1eeffaa7fd9da0ca.rlib,libcfg_if-d4c93475573720c9.rlib,libsubtle-51420dcb45ff7abf.rlib,libgeneric_array-05851ba148aba1c8.rlib,libtypenum-b76b6b7c4b632dc5.rlib}" "/opt/rustwide/rustup-home/toolchains/1.85.0-x86_64-unknown-linux-gnu/lib/rustlib/x86_64-unknown-linux-gnu/lib/{libstd-6273572f18644c87.rlib,libpanic_unwind-267e668abf74a283.rlib,libobject-ec6154ccae37a33e.rlib,libmemchr-500edd5521c440d4.rlib,libaddr2line-86d8d9428792e8ef.rlib,libgimli-10f06487503767c2.rlib,librustc_demangle-6a38424de1e5bca5.rlib,libstd_detect-de9763ea1c19dca3.rlib,libhashbrown-a7f5bb2f736d3c49.rlib,librustc_std_workspace_alloc-7e368919bdc4a44c.rlib,libminiz_oxide-376454d49910c786.rlib,libadler-fa99f5692b5dce85.rlib,libunwind-91cafdaf16f7fe40.rlib,libcfg_if-f7ee3f1ea78d9dae.rlib,liblibc-d3a35665f881365a.rlib,liballoc-715bc629a88bca60.rlib,librustc_std_workspace_core-ae70165d1278cff7.rlib,libcore-406129d0e3fbc101.rlib,libcompiler_builtins-1af05515ab19524a.rlib}" "-Wl,-Bdynamic" "-lssl" "-lcrypto" "-lgcc_s" "-lutil" "-lrt" "-lpthread" "-lm" "-ldl" "-lc" "-Wl,--eh-frame-hdr" "-Wl,-z,noexecstack" "-L" "/opt/rustwide/rustup-home/toolchains/1.85.0-x86_64-unknown-linux-gnu/lib/rustlib/x86_64-unknown-linux-gnu/lib" "-o" "/tmp/rustdoctest7XBAxD/rust_out" "-Wl,--gc-sections" "-pie" "-Wl,-z,relro,-z,now" "-nodefaultlibs"
[INFO] [stdout]   = note: some arguments are omitted. use `--verbose` to show all linker arguments
[INFO] [stdout]   = note: collect2: fatal error: ld terminated with signal 9 [Killed]
[INFO] [stdout]           compilation terminated.
[INFO] [stdout]           
[INFO] [stdout] 
[INFO] [stdout] error: aborting due to 1 previous error
[INFO] [stdout] 
[INFO] [stdout] Couldn't compile the test.
[INFO] [stdout] 
[INFO] [stdout] failures:
[INFO] [stdout]     src/keys/private.rs - keys::private::PrivateKey::from_string (line 45)
[INFO] [stdout]     src/keys/private.rs - keys::private::PrivateKey::sign_message (line 91)
[INFO] [stdout]     src/keys/private.rs - keys::private::PrivateKey::to_string (line 61)
[INFO] [stdout]     src/signatures.rs - signatures::SignatureWrapper::from_string::_::__wasm_bindgen_generated_SignatureWrapper_from_string (line 40)
[INFO] [stdout]     src/signatures.rs - signatures::SignatureWrapper::to_string (line 22)
[INFO] [stdout] 
[INFO] [stdout] test result: FAILED. 6 passed; 5 failed; 0 ignored; 0 measured; 0 filtered out; finished in 5.34s
[INFO] [stdout] 
[INFO] [stderr] error: doctest failed, to rerun pass `--doc`
[INFO] running `Command { std: "docker" "inspect" "33d15f0ba0def25eb9eea653d571e4972111b0a5c428880b350ea32631d3689e", kill_on_drop: false }`
[INFO] running `Command { std: "docker" "rm" "-f" "33d15f0ba0def25eb9eea653d571e4972111b0a5c428880b350ea32631d3689e", kill_on_drop: false }`
[INFO] [stdout] 33d15f0ba0def25eb9eea653d571e4972111b0a5c428880b350ea32631d3689e
