[INFO] cloning repository https://github.com/sevenc-nanashi/pjsekai-background-gen-rust
[INFO] running `Command { std: "git" "-c" "credential.helper=" "-c" "credential.helper=/workspace/cargo-home/bin/git-credential-null" "clone" "--bare" "https://github.com/sevenc-nanashi/pjsekai-background-gen-rust" "/workspace/cache/git-repos/https%3A%2F%2Fgithub.com%2Fsevenc-nanashi%2Fpjsekai-background-gen-rust", kill_on_drop: false }`
[INFO] [stderr] Cloning into bare repository '/workspace/cache/git-repos/https%3A%2F%2Fgithub.com%2Fsevenc-nanashi%2Fpjsekai-background-gen-rust'...
[INFO] running `Command { std: "git" "rev-parse" "HEAD", kill_on_drop: false }`
[INFO] [stdout] e73e290e8563f6508a2cfcfa35946cc945c8a913
[INFO] testing sevenc-nanashi/pjsekai-background-gen-rust against 1.85.0 for beta-1.86-3
[INFO] running `Command { std: "git" "clone" "/workspace/cache/git-repos/https%3A%2F%2Fgithub.com%2Fsevenc-nanashi%2Fpjsekai-background-gen-rust" "/workspace/builds/worker-4-tc1/source", kill_on_drop: false }`
[INFO] [stderr] Cloning into '/workspace/builds/worker-4-tc1/source'...
[INFO] [stderr] done.
[INFO] validating manifest of git repo https://github.com/sevenc-nanashi/pjsekai-background-gen-rust on toolchain 1.85.0
[INFO] running `Command { std: CARGO_HOME="/workspace/cargo-home" RUSTUP_HOME="/workspace/rustup-home" "/workspace/cargo-home/bin/cargo" "+1.85.0" "metadata" "--manifest-path" "Cargo.toml" "--no-deps", kill_on_drop: false }`
[INFO] started tweaking git repo https://github.com/sevenc-nanashi/pjsekai-background-gen-rust
[INFO] finished tweaking git repo https://github.com/sevenc-nanashi/pjsekai-background-gen-rust
[INFO] tweaked toml for git repo https://github.com/sevenc-nanashi/pjsekai-background-gen-rust written to /workspace/builds/worker-4-tc1/source/Cargo.toml
[INFO] crate git repo https://github.com/sevenc-nanashi/pjsekai-background-gen-rust already has a lockfile, it will not be regenerated
[INFO] running `Command { std: CARGO_HOME="/workspace/cargo-home" RUSTUP_HOME="/workspace/rustup-home" "/workspace/cargo-home/bin/cargo" "+1.85.0" "fetch" "--manifest-path" "Cargo.toml", kill_on_drop: false }`
[INFO] [stderr]     Updating crates.io index
[INFO] [stderr]  Downloading crates ...
[INFO] [stderr]   Downloaded rayon-core v1.12.0
[INFO] [stderr]   Downloaded enable-ansi-support v0.2.1
[INFO] [stderr]   Downloaded num v0.4.1
[INFO] [stderr]   Downloaded unicode-width v0.1.11
[INFO] [stderr]   Downloaded custom_derive v0.1.7
[INFO] [stderr]   Downloaded getopts v0.2.21
[INFO] [stderr]   Downloaded console v0.15.7
[INFO] [stderr]   Downloaded spin v0.9.8
[INFO] [stderr]   Downloaded duplicate v1.0.0
[INFO] [stderr]   Downloaded qoi v0.4.1
[INFO] [stderr]   Downloaded flume v0.11.0
[INFO] [stderr]   Downloaded png v0.17.10
[INFO] [stderr]   Downloaded owned_ttf_parser v0.15.2
[INFO] [stderr]   Downloaded ttf-parser v0.15.2
[INFO] [stderr]   Downloaded safe_arch v0.7.1
[INFO] [stderr]   Downloaded aho-corasick v1.1.1
[INFO] [stderr]   Downloaded rayon v1.8.0
[INFO] [stderr]   Downloaded wide v0.7.12
[INFO] [stderr]   Downloaded exr v1.71.0
[INFO] [stderr]   Downloaded regex v1.9.6
[INFO] [stderr]   Downloaded flate2 v1.0.27
[INFO] [stderr]   Downloaded simba v0.7.3
[INFO] [stderr]   Downloaded image v0.24.7
[INFO] [stderr]   Downloaded half v2.2.1
[INFO] [stderr]   Downloaded nalgebra v0.30.1
[INFO] [stderr]   Downloaded smallvec v1.11.1
[INFO] [stderr]   Downloaded fs-err v2.9.0
[INFO] [stderr]   Downloaded bit_field v0.10.2
[INFO] [stderr]   Downloaded zune-inflate v0.2.54
[INFO] [stderr]   Downloaded simd-adler32 v0.3.7
[INFO] [stderr]   Downloaded rand_distr v0.2.2
[INFO] [stderr]   Downloaded rusttype v0.9.3
[INFO] [stderr]   Downloaded approx v0.5.1
[INFO] [stderr]   Downloaded conv v0.3.3
[INFO] [stderr]   Downloaded lebe v0.5.2
[INFO] [stderr]   Downloaded regex-automata v0.3.9
[INFO] [stderr]   Downloaded gif v0.12.0
[INFO] [stderr]   Downloaded jpeg-decoder v0.3.0
[INFO] [stderr]   Downloaded tiff v0.9.0
[INFO] [stderr]   Downloaded imageproc v0.23.0
[INFO] running `Command { std: "docker" "create" "-v" "/var/lib/crater-agent-workspace/builds/worker-4-tc1/target:/opt/rustwide/target:rw,Z" "-v" "/var/lib/crater-agent-workspace/builds/worker-4-tc1/source:/opt/rustwide/workdir:ro,Z" "-v" "/var/lib/crater-agent-workspace/cargo-home:/opt/rustwide/cargo-home:ro,Z" "-v" "/var/lib/crater-agent-workspace/rustup-home:/opt/rustwide/rustup-home:ro,Z" "-e" "SOURCE_DIR=/opt/rustwide/workdir" "-e" "CARGO_TARGET_DIR=/opt/rustwide/target" "-e" "CARGO_HOME=/opt/rustwide/cargo-home" "-e" "RUSTUP_HOME=/opt/rustwide/rustup-home" "-w" "/opt/rustwide/workdir" "-m" "1610612736" "--user" "0:0" "--network" "none" "ghcr.io/rust-lang/crates-build-env/linux@sha256:3959728d45483eb673ba100a951a6b9f5012970368db2a9e08e0ac9b67c8a5ad" "/opt/rustwide/cargo-home/bin/cargo" "+1.85.0" "metadata" "--no-deps" "--format-version=1", kill_on_drop: false }`
[INFO] [stdout] 1292263297f0a71b484614052653ed01ff7c2cfb3299304d7cd5be9fc39b433f
[INFO] running `Command { std: "docker" "start" "-a" "1292263297f0a71b484614052653ed01ff7c2cfb3299304d7cd5be9fc39b433f", kill_on_drop: false }`
[INFO] running `Command { std: "docker" "inspect" "1292263297f0a71b484614052653ed01ff7c2cfb3299304d7cd5be9fc39b433f", kill_on_drop: false }`
[INFO] running `Command { std: "docker" "rm" "-f" "1292263297f0a71b484614052653ed01ff7c2cfb3299304d7cd5be9fc39b433f", kill_on_drop: false }`
[INFO] [stdout] 1292263297f0a71b484614052653ed01ff7c2cfb3299304d7cd5be9fc39b433f
[INFO] running `Command { std: "docker" "create" "-v" "/var/lib/crater-agent-workspace/builds/worker-4-tc1/target:/opt/rustwide/target:rw,Z" "-v" "/var/lib/crater-agent-workspace/builds/worker-4-tc1/source:/opt/rustwide/workdir:ro,Z" "-v" "/var/lib/crater-agent-workspace/cargo-home:/opt/rustwide/cargo-home:ro,Z" "-v" "/var/lib/crater-agent-workspace/rustup-home:/opt/rustwide/rustup-home:ro,Z" "-e" "SOURCE_DIR=/opt/rustwide/workdir" "-e" "CARGO_TARGET_DIR=/opt/rustwide/target" "-e" "CARGO_INCREMENTAL=0" "-e" "RUST_BACKTRACE=full" "-e" "RUSTFLAGS=--cap-lints=warn" "-e" "RUSTDOCFLAGS=--cap-lints=warn" "-e" "CARGO_HOME=/opt/rustwide/cargo-home" "-e" "RUSTUP_HOME=/opt/rustwide/rustup-home" "-w" "/opt/rustwide/workdir" "-m" "1610612736" "--user" "0:0" "--network" "none" "ghcr.io/rust-lang/crates-build-env/linux@sha256:3959728d45483eb673ba100a951a6b9f5012970368db2a9e08e0ac9b67c8a5ad" "/opt/rustwide/cargo-home/bin/cargo" "+1.85.0" "build" "--frozen" "--message-format=json", kill_on_drop: false }`
[INFO] [stdout] 79bb9789a65d3f0814893b76bcdb78797d190a1638172c5129cdd5007c7b1b7b
[INFO] running `Command { std: "docker" "start" "-a" "79bb9789a65d3f0814893b76bcdb78797d190a1638172c5129cdd5007c7b1b7b", kill_on_drop: false }`
[INFO] [stderr]    Compiling num-traits v0.2.16
[INFO] [stderr]    Compiling scopeguard v1.2.0
[INFO] [stderr]    Compiling memoffset v0.9.0
[INFO] [stderr]    Compiling crossbeam-utils v0.8.16
[INFO] [stderr]    Compiling crossbeam-epoch v0.9.15
[INFO] [stderr]    Compiling simd-adler32 v0.3.7
[INFO] [stderr]    Compiling libc v0.2.148
[INFO] [stderr]    Compiling rayon-core v1.12.0
[INFO] [stderr]    Compiling num-bigint v0.4.4
[INFO] [stderr]    Compiling lock_api v0.4.10
[INFO] [stderr]    Compiling bytemuck v1.14.0
[INFO] [stderr]    Compiling getrandom v0.1.16
[INFO] [stderr]    Compiling adler v1.0.2
[INFO] [stderr]    Compiling num-rational v0.4.1
[INFO] [stderr]    Compiling paste v1.0.14
[INFO] [stderr]    Compiling num-iter v0.1.43
[INFO] [stderr]    Compiling matrixmultiply v0.3.8
[INFO] [stderr]    Compiling wasm-bindgen-shared v0.2.87
[INFO] [stderr]    Compiling miniz_oxide v0.7.1
[INFO] [stderr]    Compiling weezl v0.1.7
[INFO] [stderr]    Compiling once_cell v1.18.0
[INFO] [stderr]    Compiling fdeflate v0.3.0
[INFO] [stderr]    Compiling zune-inflate v0.2.54
[INFO] [stderr]    Compiling half v2.2.1
[INFO] [stderr]    Compiling lebe v0.5.2
[INFO] [stderr]    Compiling bit_field v0.10.2
[INFO] [stderr]    Compiling safe_arch v0.7.1
[INFO] [stderr]    Compiling ttf-parser v0.15.2
[INFO] [stderr]    Compiling smallvec v1.11.1
[INFO] [stderr]    Compiling color_quant v1.1.0
[INFO] [stderr]    Compiling qoi v0.4.1
[INFO] [stderr]    Compiling flate2 v1.0.27
[INFO] [stderr]    Compiling spin v0.9.8
[INFO] [stderr]    Compiling wide v0.7.12
[INFO] [stderr]    Compiling gif v0.12.0
[INFO] [stderr]    Compiling syn v2.0.38
[INFO] [stderr]    Compiling syn v1.0.109
[INFO] [stderr]    Compiling flume v0.11.0
[INFO] [stderr]    Compiling bumpalo v3.14.0
[INFO] [stderr]    Compiling custom_derive v0.1.7
[INFO] [stderr]    Compiling png v0.17.10
[INFO] [stderr]    Compiling ab_glyph_rasterizer v0.1.8
[INFO] [stderr]    Compiling log v0.4.20
[INFO] [stderr]    Compiling conv v0.3.3
[INFO] [stderr]    Compiling memchr v2.6.3
[INFO] [stderr]    Compiling proc-macro-error-attr v1.0.4
[INFO] [stderr]    Compiling regex-syntax v0.7.5
[INFO] [stderr]    Compiling crossbeam-deque v0.8.3
[INFO] [stderr]    Compiling num-integer v0.1.45
[INFO] [stderr]    Compiling num-complex v0.4.4
[INFO] [stderr]    Compiling approx v0.5.1
[INFO] [stderr]    Compiling wasm-bindgen v0.2.87
[INFO] [stderr]    Compiling unicode-width v0.1.11
[INFO] [stderr]    Compiling heck v0.4.1
[INFO] [stderr]    Compiling rand_core v0.5.1
[INFO] [stderr]    Compiling rayon v1.8.0
[INFO] [stderr]    Compiling rand_chacha v0.2.2
[INFO] [stderr]    Compiling simba v0.7.3
[INFO] [stderr]    Compiling exr v1.71.0
[INFO] [stderr]    Compiling owned_ttf_parser v0.15.2
[INFO] [stderr]    Compiling aho-corasick v1.1.1
[INFO] [stderr]    Compiling proc-macro-error v1.0.4
[INFO] [stderr]    Compiling rusttype v0.9.3
[INFO] [stderr]    Compiling console v0.15.7
[INFO] [stderr]    Compiling rand v0.7.3
[INFO] [stderr]    Compiling getopts v0.2.21
[INFO] [stderr]    Compiling enable-ansi-support v0.2.1
[INFO] [stderr]    Compiling duplicate v1.0.0
[INFO] [stderr]    Compiling fs-err v2.9.0
[INFO] [stderr]    Compiling rand_distr v0.2.2
[INFO] [stderr]    Compiling num v0.4.1
[INFO] [stderr]    Compiling regex-automata v0.3.9
[INFO] [stderr]    Compiling wasm-bindgen-backend v0.2.87
[INFO] [stderr]    Compiling jpeg-decoder v0.3.0
[INFO] [stderr]    Compiling wasm-bindgen-macro-support v0.2.87
[INFO] [stderr]    Compiling tiff v0.9.0
[INFO] [stderr]    Compiling wasm-bindgen-macro v0.2.87
[INFO] [stderr]    Compiling regex v1.9.6
[INFO] [stderr]    Compiling image v0.24.7
[INFO] [stderr]    Compiling nalgebra v0.30.1
[INFO] [stderr]    Compiling imageproc v0.23.0
[INFO] [stderr]    Compiling pjsekai-background-gen-core v0.1.0 (/opt/rustwide/workdir/crates/core)
[INFO] [stderr]    Compiling pjsekai-background-gen v0.1.0 (/opt/rustwide/workdir/crates/cli)
[INFO] [stderr]    Compiling pjsekai-background-gen-wasm v0.1.0 (/opt/rustwide/workdir/crates/wasm)
[INFO] [stderr]     Finished `dev` profile [unoptimized + debuginfo] target(s) in 42.81s
[INFO] [stderr] warning: the following packages contain code that will be rejected by a future version of Rust: wasm-bindgen v0.2.87
[INFO] [stderr] note: to see what the problems were, use the option `--future-incompat-report`, or run `cargo report future-incompatibilities --id 5`
[INFO] running `Command { std: "docker" "inspect" "79bb9789a65d3f0814893b76bcdb78797d190a1638172c5129cdd5007c7b1b7b", kill_on_drop: false }`
[INFO] running `Command { std: "docker" "rm" "-f" "79bb9789a65d3f0814893b76bcdb78797d190a1638172c5129cdd5007c7b1b7b", kill_on_drop: false }`
[INFO] [stdout] 79bb9789a65d3f0814893b76bcdb78797d190a1638172c5129cdd5007c7b1b7b
[INFO] running `Command { std: "docker" "create" "-v" "/var/lib/crater-agent-workspace/builds/worker-4-tc1/target:/opt/rustwide/target:rw,Z" "-v" "/var/lib/crater-agent-workspace/builds/worker-4-tc1/source:/opt/rustwide/workdir:ro,Z" "-v" "/var/lib/crater-agent-workspace/cargo-home:/opt/rustwide/cargo-home:ro,Z" "-v" "/var/lib/crater-agent-workspace/rustup-home:/opt/rustwide/rustup-home:ro,Z" "-e" "SOURCE_DIR=/opt/rustwide/workdir" "-e" "CARGO_TARGET_DIR=/opt/rustwide/target" "-e" "CARGO_INCREMENTAL=0" "-e" "RUST_BACKTRACE=full" "-e" "RUSTFLAGS=--cap-lints=warn" "-e" "RUSTDOCFLAGS=--cap-lints=warn" "-e" "CARGO_HOME=/opt/rustwide/cargo-home" "-e" "RUSTUP_HOME=/opt/rustwide/rustup-home" "-w" "/opt/rustwide/workdir" "-m" "1610612736" "--user" "0:0" "--network" "none" "ghcr.io/rust-lang/crates-build-env/linux@sha256:3959728d45483eb673ba100a951a6b9f5012970368db2a9e08e0ac9b67c8a5ad" "/opt/rustwide/cargo-home/bin/cargo" "+1.85.0" "test" "--frozen" "--no-run" "--message-format=json", kill_on_drop: false }`
[INFO] [stdout] 4ad6e74d18166d8bf8db607af9882cd2c5452cfd759d3398aa16fa906d450e81
[INFO] running `Command { std: "docker" "start" "-a" "4ad6e74d18166d8bf8db607af9882cd2c5452cfd759d3398aa16fa906d450e81", kill_on_drop: false }`
[INFO] [stderr]    Compiling pjsekai-background-gen-core v0.1.0 (/opt/rustwide/workdir/crates/core)
[INFO] [stderr]    Compiling pjsekai-background-gen v0.1.0 (/opt/rustwide/workdir/crates/cli)
[INFO] [stderr]    Compiling pjsekai-background-gen-wasm v0.1.0 (/opt/rustwide/workdir/crates/wasm)
[INFO] [stderr]     Finished `test` profile [unoptimized + debuginfo] target(s) in 3.36s
[INFO] [stderr] warning: the following packages contain code that will be rejected by a future version of Rust: wasm-bindgen v0.2.87
[INFO] [stderr] note: to see what the problems were, use the option `--future-incompat-report`, or run `cargo report future-incompatibilities --id 5`
[INFO] running `Command { std: "docker" "inspect" "4ad6e74d18166d8bf8db607af9882cd2c5452cfd759d3398aa16fa906d450e81", kill_on_drop: false }`
[INFO] running `Command { std: "docker" "rm" "-f" "4ad6e74d18166d8bf8db607af9882cd2c5452cfd759d3398aa16fa906d450e81", kill_on_drop: false }`
[INFO] [stdout] 4ad6e74d18166d8bf8db607af9882cd2c5452cfd759d3398aa16fa906d450e81
[INFO] running `Command { std: "docker" "create" "-v" "/var/lib/crater-agent-workspace/builds/worker-4-tc1/target:/opt/rustwide/target:rw,Z" "-v" "/var/lib/crater-agent-workspace/builds/worker-4-tc1/source:/opt/rustwide/workdir:ro,Z" "-v" "/var/lib/crater-agent-workspace/cargo-home:/opt/rustwide/cargo-home:ro,Z" "-v" "/var/lib/crater-agent-workspace/rustup-home:/opt/rustwide/rustup-home:ro,Z" "-e" "SOURCE_DIR=/opt/rustwide/workdir" "-e" "CARGO_TARGET_DIR=/opt/rustwide/target" "-e" "CARGO_INCREMENTAL=0" "-e" "RUST_BACKTRACE=full" "-e" "RUSTFLAGS=--cap-lints=warn" "-e" "RUSTDOCFLAGS=--cap-lints=warn" "-e" "CARGO_HOME=/opt/rustwide/cargo-home" "-e" "RUSTUP_HOME=/opt/rustwide/rustup-home" "-w" "/opt/rustwide/workdir" "-m" "1610612736" "--user" "0:0" "--network" "none" "ghcr.io/rust-lang/crates-build-env/linux@sha256:3959728d45483eb673ba100a951a6b9f5012970368db2a9e08e0ac9b67c8a5ad" "/opt/rustwide/cargo-home/bin/cargo" "+1.85.0" "test" "--frozen", kill_on_drop: false }`
[INFO] [stdout] 33c6d3f86f8231931a4a5fd52ee0f95c08934e03ebcbce633a478b26f9c41bf0
[INFO] running `Command { std: "docker" "start" "-a" "33c6d3f86f8231931a4a5fd52ee0f95c08934e03ebcbce633a478b26f9c41bf0", kill_on_drop: false }`
[INFO] [stderr]     Finished `test` profile [unoptimized + debuginfo] target(s) in 0.19s
[INFO] [stderr] warning: the following packages contain code that will be rejected by a future version of Rust: wasm-bindgen v0.2.87
[INFO] [stderr] note: to see what the problems were, use the option `--future-incompat-report`, or run `cargo report future-incompatibilities --id 5`
[INFO] [stderr]      Running unittests src/main.rs (/opt/rustwide/target/debug/deps/pjsekai_background_gen-7cb06008cf366a1e)
[INFO] [stdout] 
[INFO] [stderr]      Running unittests src/lib.rs (/opt/rustwide/target/debug/deps/pjsekai_background_gen_core-bee858e881eb2925)
[INFO] [stdout] running 0 tests
[INFO] [stdout] 
[INFO] [stdout] test result: ok. 0 passed; 0 failed; 0 ignored; 0 measured; 0 filtered out; finished in 0.00s
[INFO] [stdout] 
[INFO] [stdout] 
[INFO] [stdout] running 0 tests
[INFO] [stdout] 
[INFO] [stdout] test result: ok. 0 passed; 0 failed; 0 ignored; 0 measured; 0 filtered out; finished in 0.00s
[INFO] [stdout] 
[INFO] [stderr]      Running tests/main_test.rs (/opt/rustwide/target/debug/deps/main_test-bb335c03b8afaad2)
[INFO] [stdout] 
[INFO] [stdout] running 3 tests
[INFO] [stdout] test test_v1 ... FAILED
[INFO] [stdout] test test ... FAILED
[INFO] [stdout] test test_v3 ... FAILED
[INFO] [stdout] 
[INFO] [stdout] failures:
[INFO] [stdout] 
[INFO] [stdout] ---- test_v1 stdout ----
[INFO] [stdout] 
[INFO] [stdout] thread 'test_v1' panicked at crates/core/tests/main_test.rs:27:38:
[INFO] [stdout] called `Result::unwrap()` on an `Err` value: IoError(Os { code: 30, kind: ReadOnlyFilesystem, message: "Read-only file system" })
[INFO] [stdout] stack backtrace:
[INFO] [stdout]    0:     0x5ff3ebe0bb1a - std::backtrace_rs::backtrace::libunwind::trace::h88deb10bd0145eb8
[INFO] [stdout]                                at /rustc/4d91de4e48198da2e33413efdcd9cd2cc0c46688/library/std/src/../../backtrace/src/backtrace/libunwind.rs:116:5
[INFO] [stdout]    1:     0x5ff3ebe0bb1a - std::backtrace_rs::backtrace::trace_unsynchronized::he1036f5481c14dff
[INFO] [stdout]                                at /rustc/4d91de4e48198da2e33413efdcd9cd2cc0c46688/library/std/src/../../backtrace/src/backtrace/mod.rs:66:5
[INFO] [stdout]    2:     0x5ff3ebe0bb1a - std::sys::backtrace::_print_fmt::hecc345b6e70c4b20
[INFO] [stdout]                                at /rustc/4d91de4e48198da2e33413efdcd9cd2cc0c46688/library/std/src/sys/backtrace.rs:66:9
[INFO] [stdout]    3:     0x5ff3ebe0bb1a - <std::sys::backtrace::BacktraceLock::print::DisplayBacktrace as core::fmt::Display>::fmt::he089f96442833f67
[INFO] [stdout]                                at /rustc/4d91de4e48198da2e33413efdcd9cd2cc0c46688/library/std/src/sys/backtrace.rs:39:26
[INFO] [stdout]    4:     0x5ff3ebe33613 - core::fmt::rt::Argument::fmt::h1f77cded99c71a14
[INFO] [stdout]                                at /rustc/4d91de4e48198da2e33413efdcd9cd2cc0c46688/library/core/src/fmt/rt.rs:177:76
[INFO] [stdout]    5:     0x5ff3ebe33613 - core::fmt::write::h2f210ed4c94745cb
[INFO] [stdout]                                at /rustc/4d91de4e48198da2e33413efdcd9cd2cc0c46688/library/core/src/fmt/mod.rs:1440:21
[INFO] [stdout]    6:     0x5ff3ebe08ac3 - std::io::Write::write_fmt::he723b56f7e0bd522
[INFO] [stdout]                                at /rustc/4d91de4e48198da2e33413efdcd9cd2cc0c46688/library/std/src/io/mod.rs:1887:15
[INFO] [stdout]    7:     0x5ff3ebe0b962 - std::sys::backtrace::BacktraceLock::print::h810fbd31421329e6
[INFO] [stdout]                                at /rustc/4d91de4e48198da2e33413efdcd9cd2cc0c46688/library/std/src/sys/backtrace.rs:42:9
[INFO] [stdout]    8:     0x5ff3ebe0d050 - std::panicking::default_hook::{{closure}}::hbaad47ed9dc6356d
[INFO] [stdout]                                at /rustc/4d91de4e48198da2e33413efdcd9cd2cc0c46688/library/std/src/panicking.rs:295:22
[INFO] [stdout]    9:     0x5ff3ebe0cded - std::panicking::default_hook::h24e207139139d40a
[INFO] [stdout]                                at /rustc/4d91de4e48198da2e33413efdcd9cd2cc0c46688/library/std/src/panicking.rs:319:9
[INFO] [stdout]   10:     0x5ff3eb8c7023 - <alloc::boxed::Box<F,A> as core::ops::function::Fn<Args>>::call::h63353c459bb27956
[INFO] [stdout]                                at /rustc/4d91de4e48198da2e33413efdcd9cd2cc0c46688/library/alloc/src/boxed.rs:2007:9
[INFO] [stdout]   11:     0x5ff3eb8c7023 - test::test_main::{{closure}}::hd5af4d6c4e32fe08
[INFO] [stdout]                                at /rustc/4d91de4e48198da2e33413efdcd9cd2cc0c46688/library/test/src/lib.rs:134:21
[INFO] [stdout]   12:     0x5ff3ebe0d883 - <alloc::boxed::Box<F,A> as core::ops::function::Fn<Args>>::call::h3af32c23caf5c679
[INFO] [stdout]                                at /rustc/4d91de4e48198da2e33413efdcd9cd2cc0c46688/library/alloc/src/boxed.rs:2007:9
[INFO] [stdout]   13:     0x5ff3ebe0d883 - std::panicking::rust_panic_with_hook::ha9131beeb2ddc506
[INFO] [stdout]                                at /rustc/4d91de4e48198da2e33413efdcd9cd2cc0c46688/library/std/src/panicking.rs:836:13
[INFO] [stdout]   14:     0x5ff3ebe0d55a - std::panicking::begin_panic_handler::{{closure}}::h1bba0eaeb6da506f
[INFO] [stdout]                                at /rustc/4d91de4e48198da2e33413efdcd9cd2cc0c46688/library/std/src/panicking.rs:701:13
[INFO] [stdout]   15:     0x5ff3ebe0c019 - std::sys::backtrace::__rust_end_short_backtrace::h1d1ca3eade483f4c
[INFO] [stdout]                                at /rustc/4d91de4e48198da2e33413efdcd9cd2cc0c46688/library/std/src/sys/backtrace.rs:168:18
[INFO] [stdout]   16:     0x5ff3ebe0d1ed - rust_begin_unwind
[INFO] [stdout]                                at /rustc/4d91de4e48198da2e33413efdcd9cd2cc0c46688/library/std/src/panicking.rs:692:5
[INFO] [stdout]   17:     0x5ff3eb88c2d0 - core::panicking::panic_fmt::h896a0727a1a943f9
[INFO] [stdout]                                at /rustc/4d91de4e48198da2e33413efdcd9cd2cc0c46688/library/core/src/panicking.rs:75:14
[INFO] [stdout]   18:     0x5ff3eb88c746 - core::result::unwrap_failed::h1b5ed8541c7bebd6
[INFO] [stdout]                                at /rustc/4d91de4e48198da2e33413efdcd9cd2cc0c46688/library/core/src/result.rs:1704:5
[INFO] [stdout]   19:     0x5ff3eb88dbf5 - core::result::Result<T,E>::unwrap::hebb7c5fe19041e2f
[INFO] [stdout]                                at /rustc/4d91de4e48198da2e33413efdcd9cd2cc0c46688/library/core/src/result.rs:1109:23
[INFO] [stdout]   20:     0x5ff3eb88dbf5 - main_test::test_v1::h0fdd0103f26b4407
[INFO] [stdout]                                at /opt/rustwide/workdir/crates/core/tests/main_test.rs:27:5
[INFO] [stdout]   21:     0x5ff3eb88d9a7 - main_test::test_v1::{{closure}}::h08f534eb48d5b8f2
[INFO] [stdout]                                at /opt/rustwide/workdir/crates/core/tests/main_test.rs:22:13
[INFO] [stdout]   22:     0x5ff3eb88cd16 - core::ops::function::FnOnce::call_once::h28d7e71a687eeaf0
[INFO] [stdout]                                at /rustc/4d91de4e48198da2e33413efdcd9cd2cc0c46688/library/core/src/ops/function.rs:250:5
[INFO] [stdout]   23:     0x5ff3eb8cc7cb - core::ops::function::FnOnce::call_once::h8acc80b5a33ff319
[INFO] [stdout]                                at /rustc/4d91de4e48198da2e33413efdcd9cd2cc0c46688/library/core/src/ops/function.rs:250:5
[INFO] [stdout]   24:     0x5ff3eb8cc7cb - test::__rust_begin_short_backtrace::h52b6da716ad42b7d
[INFO] [stdout]                                at /rustc/4d91de4e48198da2e33413efdcd9cd2cc0c46688/library/test/src/lib.rs:632:18
[INFO] [stdout]   25:     0x5ff3eb8cb703 - test::run_test_in_process::{{closure}}::h2580047890abbefe
[INFO] [stdout]                                at /rustc/4d91de4e48198da2e33413efdcd9cd2cc0c46688/library/test/src/lib.rs:655:60
[INFO] [stdout]   26:     0x5ff3eb8cb703 - <core::panic::unwind_safe::AssertUnwindSafe<F> as core::ops::function::FnOnce<()>>::call_once::h936f8c89d0a99c40
[INFO] [stdout]                                at /rustc/4d91de4e48198da2e33413efdcd9cd2cc0c46688/library/core/src/panic/unwind_safe.rs:272:9
[INFO] [stdout]   27:     0x5ff3eb8cb703 - std::panicking::try::do_call::h868682cc368697f9
[INFO] [stdout]                                at /rustc/4d91de4e48198da2e33413efdcd9cd2cc0c46688/library/std/src/panicking.rs:584:40
[INFO] [stdout]   28:     0x5ff3eb8cb703 - std::panicking::try::h0356ffc38cbb5501
[INFO] [stdout]                                at /rustc/4d91de4e48198da2e33413efdcd9cd2cc0c46688/library/std/src/panicking.rs:547:19
[INFO] [stdout]   29:     0x5ff3eb8cb703 - std::panic::catch_unwind::h74edf102a3082536
[INFO] [stdout]                                at /rustc/4d91de4e48198da2e33413efdcd9cd2cc0c46688/library/std/src/panic.rs:358:14
[INFO] [stdout]   30:     0x5ff3eb8cb703 - test::run_test_in_process::hc27d69576b7224e4
[INFO] [stdout]                                at /rustc/4d91de4e48198da2e33413efdcd9cd2cc0c46688/library/test/src/lib.rs:655:27
[INFO] [stdout]   31:     0x5ff3eb8cb703 - test::run_test::{{closure}}::h9f3bfaf910429adb
[INFO] [stdout]                                at /rustc/4d91de4e48198da2e33413efdcd9cd2cc0c46688/library/test/src/lib.rs:576:43
[INFO] [stdout]   32:     0x5ff3eb88f435 - test::run_test::{{closure}}::h3d537cdce8ec5816
[INFO] [stdout]                                at /rustc/4d91de4e48198da2e33413efdcd9cd2cc0c46688/library/test/src/lib.rs:606:41
[INFO] [stdout]   33:     0x5ff3eb88f435 - std::sys::backtrace::__rust_begin_short_backtrace::hb51d9a6c67ec382d
[INFO] [stdout]                                at /rustc/4d91de4e48198da2e33413efdcd9cd2cc0c46688/library/std/src/sys/backtrace.rs:152:18
[INFO] [stdout]   34:     0x5ff3eb892e76 - std::thread::Builder::spawn_unchecked_::{{closure}}::{{closure}}::h5738f3abb9603fe6
[INFO] [stdout]                                at /rustc/4d91de4e48198da2e33413efdcd9cd2cc0c46688/library/std/src/thread/mod.rs:564:17
[INFO] [stdout]   35:     0x5ff3eb892e76 - <core::panic::unwind_safe::AssertUnwindSafe<F> as core::ops::function::FnOnce<()>>::call_once::h5e9f4b56e45e8108
[INFO] [stdout]                                at /rustc/4d91de4e48198da2e33413efdcd9cd2cc0c46688/library/core/src/panic/unwind_safe.rs:272:9
[INFO] [stdout]   36:     0x5ff3eb892e76 - std::panicking::try::do_call::ha36db853b2f34e23
[INFO] [stdout]                                at /rustc/4d91de4e48198da2e33413efdcd9cd2cc0c46688/library/std/src/panicking.rs:584:40
[INFO] [stdout]   37:     0x5ff3eb892e76 - std::panicking::try::h57e1aa33a0efb1be
[INFO] [stdout]                                at /rustc/4d91de4e48198da2e33413efdcd9cd2cc0c46688/library/std/src/panicking.rs:547:19
[INFO] [stdout]   38:     0x5ff3eb892e76 - std::panic::catch_unwind::hdb71a6103024936e
[INFO] [stdout]                                at /rustc/4d91de4e48198da2e33413efdcd9cd2cc0c46688/library/std/src/panic.rs:358:14
[INFO] [stdout]   39:     0x5ff3eb892e76 - std::thread::Builder::spawn_unchecked_::{{closure}}::h8caa22218f423ab1
[INFO] [stdout]                                at /rustc/4d91de4e48198da2e33413efdcd9cd2cc0c46688/library/std/src/thread/mod.rs:562:30
[INFO] [stdout]   40:     0x5ff3eb892e76 - core::ops::function::FnOnce::call_once{{vtable.shim}}::hb3b44780e9c053e5
[INFO] [stdout]                                at /rustc/4d91de4e48198da2e33413efdcd9cd2cc0c46688/library/core/src/ops/function.rs:250:5
[INFO] [stdout]   41:     0x5ff3ebe117fb - <alloc::boxed::Box<F,A> as core::ops::function::FnOnce<Args>>::call_once::h2649f14f1b1c150d
[INFO] [stdout]                                at /rustc/4d91de4e48198da2e33413efdcd9cd2cc0c46688/library/alloc/src/boxed.rs:1993:9
[INFO] [stdout]   42:     0x5ff3ebe117fb - <alloc::boxed::Box<F,A> as core::ops::function::FnOnce<Args>>::call_once::hb2ade58cb34e1bc4
[INFO] [stdout]                                at /rustc/4d91de4e48198da2e33413efdcd9cd2cc0c46688/library/alloc/src/boxed.rs:1993:9
[INFO] [stdout]   43:     0x5ff3ebe117fb - std::sys::pal::unix::thread::Thread::new::thread_start::ha07e360225fa3528
[INFO] [stdout]                                at /rustc/4d91de4e48198da2e33413efdcd9cd2cc0c46688/library/std/src/sys/pal/unix/thread.rs:106:17
[INFO] [stdout]   44:     0x7a6604209ac3 - <unknown>
[INFO] [stdout]   45:     0x7a660429aa04 - clone
[INFO] [stdout]   46:                0x0 - <unknown>
[INFO] [stdout] 
[INFO] [stdout] ---- test stdout ----
[INFO] [stdout] 
[INFO] [stdout] thread 'test' panicked at crates/core/tests/main_test.rs:9:42:
[INFO] [stdout] called `Result::unwrap()` on an `Err` value: IoError(Os { code: 30, kind: ReadOnlyFilesystem, message: "Read-only file system" })
[INFO] [stdout] stack backtrace:
[INFO] [stdout]    0:     0x5ff3ebe0bb1a - std::backtrace_rs::backtrace::libunwind::trace::h88deb10bd0145eb8
[INFO] [stdout]                                at /rustc/4d91de4e48198da2e33413efdcd9cd2cc0c46688/library/std/src/../../backtrace/src/backtrace/libunwind.rs:116:5
[INFO] [stdout]    1:     0x5ff3ebe0bb1a - std::backtrace_rs::backtrace::trace_unsynchronized::he1036f5481c14dff
[INFO] [stdout]                                at /rustc/4d91de4e48198da2e33413efdcd9cd2cc0c46688/library/std/src/../../backtrace/src/backtrace/mod.rs:66:5
[INFO] [stdout]    2:     0x5ff3ebe0bb1a - std::sys::backtrace::_print_fmt::hecc345b6e70c4b20
[INFO] [stdout]                                at /rustc/4d91de4e48198da2e33413efdcd9cd2cc0c46688/library/std/src/sys/backtrace.rs:66:9
[INFO] [stdout]    3:     0x5ff3ebe0bb1a - <std::sys::backtrace::BacktraceLock::print::DisplayBacktrace as core::fmt::Display>::fmt::he089f96442833f67
[INFO] [stdout]                                at /rustc/4d91de4e48198da2e33413efdcd9cd2cc0c46688/library/std/src/sys/backtrace.rs:39:26
[INFO] [stdout]    4:     0x5ff3ebe33613 - core::fmt::rt::Argument::fmt::h1f77cded99c71a14
[INFO] [stdout]                                at /rustc/4d91de4e48198da2e33413efdcd9cd2cc0c46688/library/core/src/fmt/rt.rs:177:76
[INFO] [stdout]    5:     0x5ff3ebe33613 - core::fmt::write::h2f210ed4c94745cb
[INFO] [stdout]                                at /rustc/4d91de4e48198da2e33413efdcd9cd2cc0c46688/library/core/src/fmt/mod.rs:1440:21
[INFO] [stdout]    6:     0x5ff3ebe08ac3 - std::io::Write::write_fmt::he723b56f7e0bd522
[INFO] [stdout]                                at /rustc/4d91de4e48198da2e33413efdcd9cd2cc0c46688/library/std/src/io/mod.rs:1887:15
[INFO] [stdout]    7:     0x5ff3ebe0b962 - std::sys::backtrace::BacktraceLock::print::h810fbd31421329e6
[INFO] [stdout]                                at /rustc/4d91de4e48198da2e33413efdcd9cd2cc0c46688/library/std/src/sys/backtrace.rs:42:9
[INFO] [stdout]    8:     0x5ff3ebe0d050 - std::panicking::default_hook::{{closure}}::hbaad47ed9dc6356d
[INFO] [stdout]                                at /rustc/4d91de4e48198da2e33413efdcd9cd2cc0c46688/library/std/src/panicking.rs:295:22
[INFO] [stdout]    9:     0x5ff3ebe0cded - std::panicking::default_hook::h24e207139139d40a
[INFO] [stdout]                                at /rustc/4d91de4e48198da2e33413efdcd9cd2cc0c46688/library/std/src/panicking.rs:319:9
[INFO] [stdout]   10:     0x5ff3eb8c7023 - <alloc::boxed::Box<F,A> as core::ops::function::Fn<Args>>::call::h63353c459bb27956
[INFO] [stdout]                                at /rustc/4d91de4e48198da2e33413efdcd9cd2cc0c46688/library/alloc/src/boxed.rs:2007:9
[INFO] [stdout]   11:     0x5ff3eb8c7023 - test::test_main::{{closure}}::hd5af4d6c4e32fe08
[INFO] [stdout]                                at /rustc/4d91de4e48198da2e33413efdcd9cd2cc0c46688/library/test/src/lib.rs:134:21
[INFO] [stdout]   12:     0x5ff3ebe0d883 - <alloc::boxed::Box<F,A> as core::ops::function::Fn<Args>>::call::h3af32c23caf5c679
[INFO] [stdout]                                at /rustc/4d91de4e48198da2e33413efdcd9cd2cc0c46688/library/alloc/src/boxed.rs:2007:9
[INFO] [stdout]   13:     0x5ff3ebe0d883 - std::panicking::rust_panic_with_hook::ha9131beeb2ddc506
[INFO] [stdout]                                at /rustc/4d91de4e48198da2e33413efdcd9cd2cc0c46688/library/std/src/panicking.rs:836:13
[INFO] [stdout]   14:     0x5ff3ebe0d55a - std::panicking::begin_panic_handler::{{closure}}::h1bba0eaeb6da506f
[INFO] [stdout]                                at /rustc/4d91de4e48198da2e33413efdcd9cd2cc0c46688/library/std/src/panicking.rs:701:13
[INFO] [stdout]   15:     0x5ff3ebe0c019 - std::sys::backtrace::__rust_end_short_backtrace::h1d1ca3eade483f4c
[INFO] [stdout]                                at /rustc/4d91de4e48198da2e33413efdcd9cd2cc0c46688/library/std/src/sys/backtrace.rs:168:18
[INFO] [stdout]   16:     0x5ff3ebe0d1ed - rust_begin_unwind
[INFO] [stdout]                                at /rustc/4d91de4e48198da2e33413efdcd9cd2cc0c46688/library/std/src/panicking.rs:692:5
[INFO] [stdout]   17:     0x5ff3eb88c2d0 - core::panicking::panic_fmt::h896a0727a1a943f9
[INFO] [stdout]                                at /rustc/4d91de4e48198da2e33413efdcd9cd2cc0c46688/library/core/src/panicking.rs:75:14
[INFO] [stdout]   18:     0x5ff3eb88c746 - core::result::unwrap_failed::h1b5ed8541c7bebd6
[INFO] [stdout]                                at /rustc/4d91de4e48198da2e33413efdcd9cd2cc0c46688/library/core/src/result.rs:1704:5
[INFO] [stdout]   19:     0x5ff3eb88d5f5 - core::result::Result<T,E>::unwrap::hebb7c5fe19041e2f
[INFO] [stdout]                                at /rustc/4d91de4e48198da2e33413efdcd9cd2cc0c46688/library/core/src/result.rs:1109:23
[INFO] [stdout]   20:     0x5ff3eb88d5f5 - main_test::test::h8c5e94be100fb3a0
[INFO] [stdout]                                at /opt/rustwide/workdir/crates/core/tests/main_test.rs:9:5
[INFO] [stdout]   21:     0x5ff3eb88d3a7 - main_test::test::{{closure}}::h8103c29ee82aef5c
[INFO] [stdout]                                at /opt/rustwide/workdir/crates/core/tests/main_test.rs:4:10
[INFO] [stdout]   22:     0x5ff3eb88cda6 - core::ops::function::FnOnce::call_once::hcbe93aed0c2b175d
[INFO] [stdout]                                at /rustc/4d91de4e48198da2e33413efdcd9cd2cc0c46688/library/core/src/ops/function.rs:250:5
[INFO] [stdout]   23:     0x5ff3eb8cc7cb - core::ops::function::FnOnce::call_once::h8acc80b5a33ff319
[INFO] [stdout]                                at /rustc/4d91de4e48198da2e33413efdcd9cd2cc0c46688/library/core/src/ops/function.rs:250:5
[INFO] [stdout]   24:     0x5ff3eb8cc7cb - test::__rust_begin_short_backtrace::h52b6da716ad42b7d
[INFO] [stdout]                                at /rustc/4d91de4e48198da2e33413efdcd9cd2cc0c46688/library/test/src/lib.rs:632:18
[INFO] [stdout]   25:     0x5ff3eb8cb703 - test::run_test_in_process::{{closure}}::h2580047890abbefe
[INFO] [stdout]                                at /rustc/4d91de4e48198da2e33413efdcd9cd2cc0c46688/library/test/src/lib.rs:655:60
[INFO] [stdout]   26:     0x5ff3eb8cb703 - <core::panic::unwind_safe::AssertUnwindSafe<F> as core::ops::function::FnOnce<()>>::call_once::h936f8c89d0a99c40
[INFO] [stdout]                                at /rustc/4d91de4e48198da2e33413efdcd9cd2cc0c46688/library/core/src/panic/unwind_safe.rs:272:9
[INFO] [stdout]   27:     0x5ff3eb8cb703 - std::panicking::try::do_call::h868682cc368697f9
[INFO] [stdout]                                at /rustc/4d91de4e48198da2e33413efdcd9cd2cc0c46688/library/std/src/panicking.rs:584:40
[INFO] [stdout]   28:     0x5ff3eb8cb703 - std::panicking::try::h0356ffc38cbb5501
[INFO] [stdout]                                at /rustc/4d91de4e48198da2e33413efdcd9cd2cc0c46688/library/std/src/panicking.rs:547:19
[INFO] [stdout]   29:     0x5ff3eb8cb703 - std::panic::catch_unwind::h74edf102a3082536
[INFO] [stdout]                                at /rustc/4d91de4e48198da2e33413efdcd9cd2cc0c46688/library/std/src/panic.rs:358:14
[INFO] [stdout]   30:     0x5ff3eb8cb703 - test::run_test_in_process::hc27d69576b7224e4
[INFO] [stdout]                                at /rustc/4d91de4e48198da2e33413efdcd9cd2cc0c46688/library/test/src/lib.rs:655:27
[INFO] [stdout]   31:     0x5ff3eb8cb703 - test::run_test::{{closure}}::h9f3bfaf910429adb
[INFO] [stdout]                                at /rustc/4d91de4e48198da2e33413efdcd9cd2cc0c46688/library/test/src/lib.rs:576:43
[INFO] [stdout]   32:     0x5ff3eb88f435 - test::run_test::{{closure}}::h3d537cdce8ec5816
[INFO] [stdout]                                at /rustc/4d91de4e48198da2e33413efdcd9cd2cc0c46688/library/test/src/lib.rs:606:41
[INFO] [stdout]   33:     0x5ff3eb88f435 - std::sys::backtrace::__rust_begin_short_backtrace::hb51d9a6c67ec382d
[INFO] [stdout]                                at /rustc/4d91de4e48198da2e33413efdcd9cd2cc0c46688/library/std/src/sys/backtrace.rs:152:18
[INFO] [stdout]   34:     0x5ff3eb892e76 - std::thread::Builder::spawn_unchecked_::{{closure}}::{{closure}}::h5738f3abb9603fe6
[INFO] [stdout]                                at /rustc/4d91de4e48198da2e33413efdcd9cd2cc0c46688/library/std/src/thread/mod.rs:564:17
[INFO] [stdout]   35:     0x5ff3eb892e76 - <core::panic::unwind_safe::AssertUnwindSafe<F> as core::ops::function::FnOnce<()>>::call_once::h5e9f4b56e45e8108
[INFO] [stdout]                                at /rustc/4d91de4e48198da2e33413efdcd9cd2cc0c46688/library/core/src/panic/unwind_safe.rs:272:9
[INFO] [stdout]   36:     0x5ff3eb892e76 - std::panicking::try::do_call::ha36db853b2f34e23
[INFO] [stdout]                                at /rustc/4d91de4e48198da2e33413efdcd9cd2cc0c46688/library/std/src/panicking.rs:584:40
[INFO] [stdout]   37:     0x5ff3eb892e76 - std::panicking::try::h57e1aa33a0efb1be
[INFO] [stdout]                                at /rustc/4d91de4e48198da2e33413efdcd9cd2cc0c46688/library/std/src/panicking.rs:547:19
[INFO] [stdout]   38:     0x5ff3eb892e76 - std::panic::catch_unwind::hdb71a6103024936e
[INFO] [stdout]                                at /rustc/4d91de4e48198da2e33413efdcd9cd2cc0c46688/library/std/src/panic.rs:358:14
[INFO] [stdout]   39:     0x5ff3eb892e76 - std::thread::Builder::spawn_unchecked_::{{closure}}::h8caa22218f423ab1
[INFO] [stdout]                                at /rustc/4d91de4e48198da2e33413efdcd9cd2cc0c46688/library/std/src/thread/mod.rs:562:30
[INFO] [stdout]   40:     0x5ff3eb892e76 - core::ops::function::FnOnce::call_once{{vtable.shim}}::hb3b44780e9c053e5
[INFO] [stdout]                                at /rustc/4d91de4e48198da2e33413efdcd9cd2cc0c46688/library/core/src/ops/function.rs:250:5
[INFO] [stdout]   41:     0x5ff3ebe117fb - <alloc::boxed::Box<F,A> as core::ops::function::FnOnce<Args>>::call_once::h2649f14f1b1c150d
[INFO] [stdout]                                at /rustc/4d91de4e48198da2e33413efdcd9cd2cc0c46688/library/alloc/src/boxed.rs:1993:9
[INFO] [stdout]   42:     0x5ff3ebe117fb - <alloc::boxed::Box<F,A> as core::ops::function::FnOnce<Args>>::call_once::hb2ade58cb34e1bc4
[INFO] [stdout]                                at /rustc/4d91de4e48198da2e33413efdcd9cd2cc0c46688/library/alloc/src/boxed.rs:1993:9
[INFO] [stdout]   43:     0x5ff3ebe117fb - std::sys::pal::unix::thread::Thread::new::thread_start::ha07e360225fa3528
[INFO] [stdout]                                at /rustc/4d91de4e48198da2e33413efdcd9cd2cc0c46688/library/std/src/sys/pal/unix/thread.rs:106:17
[INFO] [stdout]   44:     0x7a6604209ac3 - <unknown>
[INFO] [stdout]   45:     0x7a660429aa04 - clone
[INFO] [stdout]   46:                0x0 - <unknown>
[INFO] [stdout] 
[INFO] [stdout] ---- test_v3 stdout ----
[INFO] [stdout] 
[INFO] [stdout] thread 'test_v3' panicked at crates/core/tests/main_test.rs:18:38:
[INFO] [stdout] called `Result::unwrap()` on an `Err` value: IoError(Os { code: 30, kind: ReadOnlyFilesystem, message: "Read-only file system" })
[INFO] [stdout] stack backtrace:
[INFO] [stdout]    0:     0x5ff3ebe0bb1a - std::backtrace_rs::backtrace::libunwind::trace::h88deb10bd0145eb8
[INFO] [stdout]                                at /rustc/4d91de4e48198da2e33413efdcd9cd2cc0c46688/library/std/src/../../backtrace/src/backtrace/libunwind.rs:116:5
[INFO] [stdout]    1:     0x5ff3ebe0bb1a - std::backtrace_rs::backtrace::trace_unsynchronized::he1036f5481c14dff
[INFO] [stdout]                                at /rustc/4d91de4e48198da2e33413efdcd9cd2cc0c46688/library/std/src/../../backtrace/src/backtrace/mod.rs:66:5
[INFO] [stdout]    2:     0x5ff3ebe0bb1a - std::sys::backtrace::_print_fmt::hecc345b6e70c4b20
[INFO] [stdout]                                at /rustc/4d91de4e48198da2e33413efdcd9cd2cc0c46688/library/std/src/sys/backtrace.rs:66:9
[INFO] [stdout]    3:     0x5ff3ebe0bb1a - <std::sys::backtrace::BacktraceLock::print::DisplayBacktrace as core::fmt::Display>::fmt::he089f96442833f67
[INFO] [stdout]                                at /rustc/4d91de4e48198da2e33413efdcd9cd2cc0c46688/library/std/src/sys/backtrace.rs:39:26
[INFO] [stdout]    4:     0x5ff3ebe33613 - core::fmt::rt::Argument::fmt::h1f77cded99c71a14
[INFO] [stdout]                                at /rustc/4d91de4e48198da2e33413efdcd9cd2cc0c46688/library/core/src/fmt/rt.rs:177:76
[INFO] [stdout]    5:     0x5ff3ebe33613 - core::fmt::write::h2f210ed4c94745cb
[INFO] [stdout]                                at /rustc/4d91de4e48198da2e33413efdcd9cd2cc0c46688/library/core/src/fmt/mod.rs:1440:21
[INFO] [stdout]    6:     0x5ff3ebe08ac3 - std::io::Write::write_fmt::he723b56f7e0bd522
[INFO] [stdout]                                at /rustc/4d91de4e48198da2e33413efdcd9cd2cc0c46688/library/std/src/io/mod.rs:1887:15
[INFO] [stdout]    7:     0x5ff3ebe0b962 - std::sys::backtrace::BacktraceLock::print::h810fbd31421329e6
[INFO] [stdout]                                at /rustc/4d91de4e48198da2e33413efdcd9cd2cc0c46688/library/std/src/sys/backtrace.rs:42:9
[INFO] [stdout]    8:     0x5ff3ebe0d050 - std::panicking::default_hook::{{closure}}::hbaad47ed9dc6356d
[INFO] [stdout]                                at /rustc/4d91de4e48198da2e33413efdcd9cd2cc0c46688/library/std/src/panicking.rs:295:22
[INFO] [stdout]    9:     0x5ff3ebe0cded - std::panicking::default_hook::h24e207139139d40a
[INFO] [stdout]                                at /rustc/4d91de4e48198da2e33413efdcd9cd2cc0c46688/library/std/src/panicking.rs:319:9
[INFO] [stdout]   10:     0x5ff3eb8c7023 - <alloc::boxed::Box<F,A> as core::ops::function::Fn<Args>>::call::h63353c459bb27956
[INFO] [stdout]                                at /rustc/4d91de4e48198da2e33413efdcd9cd2cc0c46688/library/alloc/src/boxed.rs:2007:9
[INFO] [stdout]   11:     0x5ff3eb8c7023 - test::test_main::{{closure}}::hd5af4d6c4e32fe08
[INFO] [stdout]                                at /rustc/4d91de4e48198da2e33413efdcd9cd2cc0c46688/library/test/src/lib.rs:134:21
[INFO] [stdout]   12:     0x5ff3ebe0d883 - <alloc::boxed::Box<F,A> as core::ops::function::Fn<Args>>::call::h3af32c23caf5c679
[INFO] [stdout]                                at /rustc/4d91de4e48198da2e33413efdcd9cd2cc0c46688/library/alloc/src/boxed.rs:2007:9
[INFO] [stdout]   13:     0x5ff3ebe0d883 - std::panicking::rust_panic_with_hook::ha9131beeb2ddc506
[INFO] [stdout]                                at /rustc/4d91de4e48198da2e33413efdcd9cd2cc0c46688/library/std/src/panicking.rs:836:13
[INFO] [stdout]   14:     0x5ff3ebe0d55a - std::panicking::begin_panic_handler::{{closure}}::h1bba0eaeb6da506f
[INFO] [stdout]                                at /rustc/4d91de4e48198da2e33413efdcd9cd2cc0c46688/library/std/src/panicking.rs:701:13
[INFO] [stdout]   15:     0x5ff3ebe0c019 - std::sys::backtrace::__rust_end_short_backtrace::h1d1ca3eade483f4c
[INFO] [stdout]                                at /rustc/4d91de4e48198da2e33413efdcd9cd2cc0c46688/library/std/src/sys/backtrace.rs:168:18
[INFO] [stdout]   16:     0x5ff3ebe0d1ed - rust_begin_unwind
[INFO] [stdout]                                at /rustc/4d91de4e48198da2e33413efdcd9cd2cc0c46688/library/std/src/panicking.rs:692:5
[INFO] [stdout]   17:     0x5ff3eb88c2d0 - core::panicking::panic_fmt::h896a0727a1a943f9
[INFO] [stdout]                                at /rustc/4d91de4e48198da2e33413efdcd9cd2cc0c46688/library/core/src/panicking.rs:75:14
[INFO] [stdout]   18:     0x5ff3eb88c746 - core::result::unwrap_failed::h1b5ed8541c7bebd6
[INFO] [stdout]                                at /rustc/4d91de4e48198da2e33413efdcd9cd2cc0c46688/library/core/src/result.rs:1704:5
[INFO] [stdout]   19:     0x5ff3eb88d8f5 - core::result::Result<T,E>::unwrap::hebb7c5fe19041e2f
[INFO] [stdout]                                at /rustc/4d91de4e48198da2e33413efdcd9cd2cc0c46688/library/core/src/result.rs:1109:23
[INFO] [stdout]   20:     0x5ff3eb88d8f5 - main_test::test_v3::h9de583ffc139fd8a
[INFO] [stdout]                                at /opt/rustwide/workdir/crates/core/tests/main_test.rs:18:5
[INFO] [stdout]   21:     0x5ff3eb88d6a7 - main_test::test_v3::{{closure}}::haa3686e03bf942b9
[INFO] [stdout]                                at /opt/rustwide/workdir/crates/core/tests/main_test.rs:13:13
[INFO] [stdout]   22:     0x5ff3eb88cd56 - core::ops::function::FnOnce::call_once::h358b7d727b05317b
[INFO] [stdout]                                at /rustc/4d91de4e48198da2e33413efdcd9cd2cc0c46688/library/core/src/ops/function.rs:250:5
[INFO] [stdout]   23:     0x5ff3eb8cc7cb - core::ops::function::FnOnce::call_once::h8acc80b5a33ff319
[INFO] [stdout]                                at /rustc/4d91de4e48198da2e33413efdcd9cd2cc0c46688/library/core/src/ops/function.rs:250:5
[INFO] [stdout]   24:     0x5ff3eb8cc7cb - test::__rust_begin_short_backtrace::h52b6da716ad42b7d
[INFO] [stdout]                                at /rustc/4d91de4e48198da2e33413efdcd9cd2cc0c46688/library/test/src/lib.rs:632:18
[INFO] [stdout]   25:     0x5ff3eb8cb703 - test::run_test_in_process::{{closure}}::h2580047890abbefe
[INFO] [stdout]                                at /rustc/4d91de4e48198da2e33413efdcd9cd2cc0c46688/library/test/src/lib.rs:655:60
[INFO] [stdout]   26:     0x5ff3eb8cb703 - <core::panic::unwind_safe::AssertUnwindSafe<F> as core::ops::function::FnOnce<()>>::call_once::h936f8c89d0a99c40
[INFO] [stdout]                                at /rustc/4d91de4e48198da2e33413efdcd9cd2cc0c46688/library/core/src/panic/unwind_safe.rs:272:9
[INFO] [stdout]   27:     0x5ff3eb8cb703 - std::panicking::try::do_call::h868682cc368697f9
[INFO] [stdout]                                at /rustc/4d91de4e48198da2e33413efdcd9cd2cc0c46688/library/std/src/panicking.rs:584:40
[INFO] [stdout]   28:     0x5ff3eb8cb703 - std::panicking::try::h0356ffc38cbb5501
[INFO] [stdout]                                at /rustc/4d91de4e48198da2e33413efdcd9cd2cc0c46688/library/std/src/panicking.rs:547:19
[INFO] [stdout]   29:     0x5ff3eb8cb703 - std::panic::catch_unwind::h74edf102a3082536
[INFO] [stdout]                                at /rustc/4d91de4e48198da2e33413efdcd9cd2cc0c46688/library/std/src/panic.rs:358:14
[INFO] [stdout]   30:     0x5ff3eb8cb703 - test::run_test_in_process::hc27d69576b7224e4
[INFO] [stdout]                                at /rustc/4d91de4e48198da2e33413efdcd9cd2cc0c46688/library/test/src/lib.rs:655:27
[INFO] [stdout]   31:     0x5ff3eb8cb703 - test::run_test::{{closure}}::h9f3bfaf910429adb
[INFO] [stdout]                                at /rustc/4d91de4e48198da2e33413efdcd9cd2cc0c46688/library/test/src/lib.rs:576:43
[INFO] [stdout]   32:     0x5ff3eb88f435 - test::run_test::{{closure}}::h3d537cdce8ec5816
[INFO] [stdout]                                at /rustc/4d91de4e48198da2e33413efdcd9cd2cc0c46688/library/test/src/lib.rs:606:41
[INFO] [stdout]   33:     0x5ff3eb88f435 - std::sys::backtrace::__rust_begin_short_backtrace::hb51d9a6c67ec382d
[INFO] [stdout]                                at /rustc/4d91de4e48198da2e33413efdcd9cd2cc0c46688/library/std/src/sys/backtrace.rs:152:18
[INFO] [stdout]   34:     0x5ff3eb892e76 - std::thread::Builder::spawn_unchecked_::{{closure}}::{{closure}}::h5738f3abb9603fe6
[INFO] [stdout]                                at /rustc/4d91de4e48198da2e33413efdcd9cd2cc0c46688/library/std/src/thread/mod.rs:564:17
[INFO] [stdout]   35:     0x5ff3eb892e76 - <core::panic::unwind_safe::AssertUnwindSafe<F> as core::ops::function::FnOnce<()>>::call_once::h5e9f4b56e45e8108
[INFO] [stdout]                                at /rustc/4d91de4e48198da2e33413efdcd9cd2cc0c46688/library/core/src/panic/unwind_safe.rs:272:9
[INFO] [stdout]   36:     0x5ff3eb892e76 - std::panicking::try::do_call::ha36db853b2f34e23
[INFO] [stdout]                                at /rustc/4d91de4e48198da2e33413efdcd9cd2cc0c46688/library/std/src/panicking.rs:584:40
[INFO] [stdout]   37:     0x5ff3eb892e76 - std::panicking::try::h57e1aa33a0efb1be
[INFO] [stdout]                                at /rustc/4d91de4e48198da2e33413efdcd9cd2cc0c46688/library/std/src/panicking.rs:547:19
[INFO] [stdout]   38:     0x5ff3eb892e76 - std::panic::catch_unwind::hdb71a6103024936e
[INFO] [stdout]                                at /rustc/4d91de4e48198da2e33413efdcd9cd2cc0c46688/library/std/src/panic.rs:358:14
[INFO] [stdout]   39:     0x5ff3eb892e76 - std::thread::Builder::spawn_unchecked_::{{closure}}::h8caa22218f423ab1
[INFO] [stdout]                                at /rustc/4d91de4e48198da2e33413efdcd9cd2cc0c46688/library/std/src/thread/mod.rs:562:30
[INFO] [stdout]   40:     0x5ff3eb892e76 - core::ops::function::FnOnce::call_once{{vtable.shim}}::hb3b44780e9c053e5
[INFO] [stdout]                                at /rustc/4d91de4e48198da2e33413efdcd9cd2cc0c46688/library/core/src/ops/function.rs:250:5
[INFO] [stdout]   41:     0x5ff3ebe117fb - <alloc::boxed::Box<F,A> as core::ops::function::FnOnce<Args>>::call_once::h2649f14f1b1c150d
[INFO] [stdout]                                at /rustc/4d91de4e48198da2e33413efdcd9cd2cc0c46688/library/alloc/src/boxed.rs:1993:9
[INFO] [stdout]   42:     0x5ff3ebe117fb - <alloc::boxed::Box<F,A> as core::ops::function::FnOnce<Args>>::call_once::hb2ade58cb34e1bc4
[INFO] [stdout]                                at /rustc/4d91de4e48198da2e33413efdcd9cd2cc0c46688/library/alloc/src/boxed.rs:1993:9
[INFO] [stdout]   43:     0x5ff3ebe117fb - std::sys::pal::unix::thread::Thread::new::thread_start::ha07e360225fa3528
[INFO] [stdout]                                at /rustc/4d91de4e48198da2e33413efdcd9cd2cc0c46688/library/std/src/sys/pal/unix/thread.rs:106:17
[INFO] [stdout]   44:     0x7a6604209ac3 - <unknown>
[INFO] [stdout]   45:     0x7a660429aa04 - clone
[INFO] [stdout]   46:                0x0 - <unknown>
[INFO] [stdout] 
[INFO] [stdout] 
[INFO] [stdout] failures:
[INFO] [stdout]     test
[INFO] [stdout]     test_v1
[INFO] [stdout]     test_v3
[INFO] [stdout] 
[INFO] [stdout] test result: FAILED. 0 passed; 3 failed; 0 ignored; 0 measured; 0 filtered out; finished in 16.75s
[INFO] [stdout] 
[INFO] [stderr] error: test failed, to rerun pass `-p pjsekai-background-gen-core --test main_test`
[INFO] running `Command { std: "docker" "inspect" "33c6d3f86f8231931a4a5fd52ee0f95c08934e03ebcbce633a478b26f9c41bf0", kill_on_drop: false }`
[INFO] running `Command { std: "docker" "rm" "-f" "33c6d3f86f8231931a4a5fd52ee0f95c08934e03ebcbce633a478b26f9c41bf0", kill_on_drop: false }`
[INFO] [stdout] 33c6d3f86f8231931a4a5fd52ee0f95c08934e03ebcbce633a478b26f9c41bf0
