[INFO] cloning repository https://github.com/seurimas/war_tools
[INFO] running `Command { std: "git" "-c" "credential.helper=" "-c" "credential.helper=/workspace/cargo-home/bin/git-credential-null" "clone" "--bare" "https://github.com/seurimas/war_tools" "/workspace/cache/git-repos/https%3A%2F%2Fgithub.com%2Fseurimas%2Fwar_tools", kill_on_drop: false }`
[INFO] [stderr] Cloning into bare repository '/workspace/cache/git-repos/https%3A%2F%2Fgithub.com%2Fseurimas%2Fwar_tools'...
[INFO] running `Command { std: "git" "rev-parse" "HEAD", kill_on_drop: false }`
[INFO] [stdout] 3c18681a23ea8caa74c5d3c01cdfc8e1ee6e72db
[INFO] testing seurimas/war_tools against 1.85.0 for beta-1.86-3
[INFO] running `Command { std: "git" "clone" "/workspace/cache/git-repos/https%3A%2F%2Fgithub.com%2Fseurimas%2Fwar_tools" "/workspace/builds/worker-3-tc1/source", kill_on_drop: false }`
[INFO] [stderr] Cloning into '/workspace/builds/worker-3-tc1/source'...
[INFO] [stderr] done.
[INFO] validating manifest of git repo https://github.com/seurimas/war_tools on toolchain 1.85.0
[INFO] running `Command { std: CARGO_HOME="/workspace/cargo-home" RUSTUP_HOME="/workspace/rustup-home" "/workspace/cargo-home/bin/cargo" "+1.85.0" "metadata" "--manifest-path" "Cargo.toml" "--no-deps", kill_on_drop: false }`
[INFO] started tweaking git repo https://github.com/seurimas/war_tools
[INFO] finished tweaking git repo https://github.com/seurimas/war_tools
[INFO] tweaked toml for git repo https://github.com/seurimas/war_tools written to /workspace/builds/worker-3-tc1/source/Cargo.toml
[INFO] crate git repo https://github.com/seurimas/war_tools already has a lockfile, it will not be regenerated
[INFO] running `Command { std: CARGO_HOME="/workspace/cargo-home" RUSTUP_HOME="/workspace/rustup-home" "/workspace/cargo-home/bin/cargo" "+1.85.0" "fetch" "--manifest-path" "Cargo.toml", kill_on_drop: false }`
[INFO] [stderr]  Downloading crates ...
[INFO] [stderr]   Downloaded gloo-timers v0.2.5
[INFO] [stderr]   Downloaded serde_derive v1.0.149
[INFO] [stderr]   Downloaded implicit-clone v0.3.4
[INFO] [stderr]   Downloaded gloo-net v0.2.5
[INFO] [stderr]   Downloaded gloo-history v0.1.2
[INFO] [stderr]   Downloaded serde v1.0.149
[INFO] [stderr]   Downloaded prettyplease v0.1.21
[INFO] [stderr]   Downloaded serde_json v1.0.89
[INFO] [stderr]   Downloaded libc v0.2.138
[INFO] [stderr]   Downloaded tokio v1.23.0
[INFO] running `Command { std: "docker" "create" "-v" "/var/lib/crater-agent-workspace/builds/worker-3-tc1/target:/opt/rustwide/target:rw,Z" "-v" "/var/lib/crater-agent-workspace/builds/worker-3-tc1/source:/opt/rustwide/workdir:ro,Z" "-v" "/var/lib/crater-agent-workspace/cargo-home:/opt/rustwide/cargo-home:ro,Z" "-v" "/var/lib/crater-agent-workspace/rustup-home:/opt/rustwide/rustup-home:ro,Z" "-e" "SOURCE_DIR=/opt/rustwide/workdir" "-e" "CARGO_TARGET_DIR=/opt/rustwide/target" "-e" "CARGO_HOME=/opt/rustwide/cargo-home" "-e" "RUSTUP_HOME=/opt/rustwide/rustup-home" "-w" "/opt/rustwide/workdir" "-m" "1610612736" "--user" "0:0" "--network" "none" "ghcr.io/rust-lang/crates-build-env/linux@sha256:3959728d45483eb673ba100a951a6b9f5012970368db2a9e08e0ac9b67c8a5ad" "/opt/rustwide/cargo-home/bin/cargo" "+1.85.0" "metadata" "--no-deps" "--format-version=1", kill_on_drop: false }`
[INFO] [stdout] 65c0169cb0767f5735b3f0d3c87697567fd13c4617ed6067c97fc40906fc3aef
[INFO] running `Command { std: "docker" "start" "-a" "65c0169cb0767f5735b3f0d3c87697567fd13c4617ed6067c97fc40906fc3aef", kill_on_drop: false }`
[INFO] running `Command { std: "docker" "inspect" "65c0169cb0767f5735b3f0d3c87697567fd13c4617ed6067c97fc40906fc3aef", kill_on_drop: false }`
[INFO] running `Command { std: "docker" "rm" "-f" "65c0169cb0767f5735b3f0d3c87697567fd13c4617ed6067c97fc40906fc3aef", kill_on_drop: false }`
[INFO] [stdout] 65c0169cb0767f5735b3f0d3c87697567fd13c4617ed6067c97fc40906fc3aef
[INFO] running `Command { std: "docker" "create" "-v" "/var/lib/crater-agent-workspace/builds/worker-3-tc1/target:/opt/rustwide/target:rw,Z" "-v" "/var/lib/crater-agent-workspace/builds/worker-3-tc1/source:/opt/rustwide/workdir:ro,Z" "-v" "/var/lib/crater-agent-workspace/cargo-home:/opt/rustwide/cargo-home:ro,Z" "-v" "/var/lib/crater-agent-workspace/rustup-home:/opt/rustwide/rustup-home:ro,Z" "-e" "SOURCE_DIR=/opt/rustwide/workdir" "-e" "CARGO_TARGET_DIR=/opt/rustwide/target" "-e" "CARGO_INCREMENTAL=0" "-e" "RUST_BACKTRACE=full" "-e" "RUSTFLAGS=--cap-lints=warn" "-e" "RUSTDOCFLAGS=--cap-lints=warn" "-e" "CARGO_HOME=/opt/rustwide/cargo-home" "-e" "RUSTUP_HOME=/opt/rustwide/rustup-home" "-w" "/opt/rustwide/workdir" "-m" "1610612736" "--user" "0:0" "--network" "none" "ghcr.io/rust-lang/crates-build-env/linux@sha256:3959728d45483eb673ba100a951a6b9f5012970368db2a9e08e0ac9b67c8a5ad" "/opt/rustwide/cargo-home/bin/cargo" "+1.85.0" "build" "--frozen" "--message-format=json", kill_on_drop: false }`
[INFO] [stdout] fd18a9e6e54a8e199921f04f6213485c9b0dcc4e8dcf366de00f1bc39e69f9c5
[INFO] running `Command { std: "docker" "start" "-a" "fd18a9e6e54a8e199921f04f6213485c9b0dcc4e8dcf366de00f1bc39e69f9c5", kill_on_drop: false }`
[INFO] [stderr]    Compiling proc-macro2 v1.0.47
[INFO] [stderr]    Compiling unicode-ident v1.0.5
[INFO] [stderr]    Compiling quote v1.0.21
[INFO] [stderr]    Compiling syn v1.0.105
[INFO] [stderr]    Compiling once_cell v1.16.0
[INFO] [stderr]    Compiling wasm-bindgen-shared v0.2.83
[INFO] [stderr]    Compiling bumpalo v3.11.1
[INFO] [stderr]    Compiling wasm-bindgen v0.2.83
[INFO] [stderr]    Compiling serde_derive v1.0.149
[INFO] [stderr]    Compiling serde v1.0.149
[INFO] [stderr]    Compiling futures-core v0.3.25
[INFO] [stderr]    Compiling ryu v1.0.11
[INFO] [stderr]    Compiling itoa v1.0.4
[INFO] [stderr]    Compiling serde_json v1.0.89
[INFO] [stderr]    Compiling futures-channel v0.3.25
[INFO] [stderr]    Compiling thiserror v1.0.37
[INFO] [stderr]    Compiling futures-sink v0.3.25
[INFO] [stderr]    Compiling slab v0.4.7
[INFO] [stderr]    Compiling futures-task v0.3.25
[INFO] [stderr]    Compiling futures-util v0.3.25
[INFO] [stderr]    Compiling proc-macro-error-attr v1.0.4
[INFO] [stderr]    Compiling tokio v1.23.0
[INFO] [stderr]    Compiling libc v0.2.138
[INFO] [stderr]    Compiling percent-encoding v2.2.0
[INFO] [stderr]    Compiling futures-io v0.3.25
[INFO] [stderr]    Compiling rustversion v1.0.9
[INFO] [stderr]    Compiling form_urlencoded v1.1.0
[INFO] [stderr]    Compiling proc-macro-error v1.0.4
[INFO] [stderr]    Compiling indexmap v1.9.2
[INFO] [stderr]    Compiling prettyplease v0.1.21
[INFO] [stderr]    Compiling anymap2 v0.13.0
[INFO] [stderr]    Compiling tracing-core v0.1.30
[INFO] [stderr]    Compiling boolinator v2.4.0
[INFO] [stderr]    Compiling num_cpus v1.14.0
[INFO] [stderr]    Compiling implicit-clone v0.3.4
[INFO] [stderr]    Compiling tokio-stream v0.1.11
[INFO] [stderr]    Compiling wasm-bindgen-backend v0.2.83
[INFO] [stderr]    Compiling thiserror-impl v1.0.37
[INFO] [stderr]    Compiling pin-project-internal v1.0.12
[INFO] [stderr]    Compiling futures-macro v0.3.25
[INFO] [stderr]    Compiling tracing-attributes v0.1.23
[INFO] [stderr]    Compiling wasm-bindgen-macro-support v0.2.83
[INFO] [stderr]    Compiling yew-macro v0.20.0
[INFO] [stderr]    Compiling wasm-bindgen-macro v0.2.83
[INFO] [stderr]    Compiling pin-project v1.0.12
[INFO] [stderr]    Compiling tracing v0.1.37
[INFO] [stderr]    Compiling js-sys v0.3.60
[INFO] [stderr]    Compiling console_error_panic_hook v0.1.7
[INFO] [stderr]    Compiling futures v0.3.25
[INFO] [stderr]    Compiling pinned v0.1.0
[INFO] [stderr]    Compiling prokio v0.1.0
[INFO] [stderr]    Compiling web-sys v0.3.60
[INFO] [stderr]    Compiling wasm-bindgen-futures v0.4.33
[INFO] [stderr]    Compiling gloo-timers v0.2.5
[INFO] [stderr]    Compiling serde-wasm-bindgen v0.3.1
[INFO] [stderr]    Compiling bincode v1.3.3
[INFO] [stderr]    Compiling serde_urlencoded v0.7.1
[INFO] [stderr]    Compiling gloo-utils v0.1.6
[INFO] [stderr]    Compiling gloo-events v0.1.2
[INFO] [stderr]    Compiling gloo-dialogs v0.1.1
[INFO] [stderr]    Compiling gloo-render v0.1.1
[INFO] [stderr]    Compiling gloo-file v0.2.3
[INFO] [stderr]    Compiling gloo-console v0.2.3
[INFO] [stderr]    Compiling gloo-history v0.1.2
[INFO] [stderr]    Compiling gloo-storage v0.2.2
[INFO] [stderr]    Compiling gloo-net v0.2.5
[INFO] [stderr]    Compiling gloo-worker v0.2.1
[INFO] [stderr]    Compiling gloo v0.8.0
[INFO] [stderr]    Compiling yew v0.20.0
[INFO] [stderr]    Compiling trunk-template v0.1.0 (/opt/rustwide/workdir)
[INFO] [stdout] warning: unused import: `super::*`
[INFO] [stdout]   --> src/calculate.rs:98:9
[INFO] [stdout]    |
[INFO] [stdout] 98 |     use super::*;
[INFO] [stdout]    |         ^^^^^^^^
[INFO] [stdout]    |
[INFO] [stdout]    = note: `#[warn(unused_imports)]` on by default
[INFO] [stdout] 
[INFO] [stdout] 
[INFO] [stdout] warning: unused variable: `ctx`
[INFO] [stdout]    --> src/app.rs:235:15
[INFO] [stdout]     |
[INFO] [stdout] 235 |     fn create(ctx: &Context<Self>) -> Self {
[INFO] [stdout]     |               ^^^ help: if this is intentional, prefix it with an underscore: `_ctx`
[INFO] [stdout]     |
[INFO] [stdout]     = note: `#[warn(unused_variables)]` on by default
[INFO] [stdout] 
[INFO] [stdout] 
[INFO] [stdout] warning: unused variable: `weights`
[INFO] [stdout]    --> src/app.rs:240:21
[INFO] [stdout]     |
[INFO] [stdout] 240 |         if let Some(weights) = &self.weights {
[INFO] [stdout]     |                     ^^^^^^^ help: if this is intentional, prefix it with an underscore: `_weights`
[INFO] [stdout] 
[INFO] [stdout] 
[INFO] [stdout] warning: unused variable: `ctx`
[INFO] [stdout]    --> src/app.rs:252:26
[INFO] [stdout]     |
[INFO] [stdout] 252 |     fn update(&mut self, ctx: &Context<Self>, msg: Self::Message) -> bool {
[INFO] [stdout]     |                          ^^^ help: if this is intentional, prefix it with an underscore: `_ctx`
[INFO] [stdout] 
[INFO] [stdout] 
[INFO] [stdout] warning: unused variable: `ctx`
[INFO] [stdout]    --> src/app.rs:385:9
[INFO] [stdout]     |
[INFO] [stdout] 385 |         ctx: &Context<WarModel>,
[INFO] [stdout]     |         ^^^ help: if this is intentional, prefix it with an underscore: `_ctx`
[INFO] [stdout] 
[INFO] [stdout] 
[INFO] [stdout] warning: unused variable: `r`
[INFO] [stdout]    --> src/app.rs:411:23
[INFO] [stdout]     |
[INFO] [stdout] 411 |             .map(|(i, r)| {
[INFO] [stdout]     |                       ^ help: if this is intentional, prefix it with an underscore: `_r`
[INFO] [stdout] 
[INFO] [stdout] 
[INFO] [stderr]     Finished `dev` profile [unoptimized + debuginfo] target(s) in 1m 04s
[INFO] [stderr] warning: the following packages contain code that will be rejected by a future version of Rust: wasm-bindgen v0.2.83
[INFO] [stderr] note: to see what the problems were, use the option `--future-incompat-report`, or run `cargo report future-incompatibilities --id 5`
[INFO] running `Command { std: "docker" "inspect" "fd18a9e6e54a8e199921f04f6213485c9b0dcc4e8dcf366de00f1bc39e69f9c5", kill_on_drop: false }`
[INFO] running `Command { std: "docker" "rm" "-f" "fd18a9e6e54a8e199921f04f6213485c9b0dcc4e8dcf366de00f1bc39e69f9c5", kill_on_drop: false }`
[INFO] [stdout] fd18a9e6e54a8e199921f04f6213485c9b0dcc4e8dcf366de00f1bc39e69f9c5
[INFO] running `Command { std: "docker" "create" "-v" "/var/lib/crater-agent-workspace/builds/worker-3-tc1/target:/opt/rustwide/target:rw,Z" "-v" "/var/lib/crater-agent-workspace/builds/worker-3-tc1/source:/opt/rustwide/workdir:ro,Z" "-v" "/var/lib/crater-agent-workspace/cargo-home:/opt/rustwide/cargo-home:ro,Z" "-v" "/var/lib/crater-agent-workspace/rustup-home:/opt/rustwide/rustup-home:ro,Z" "-e" "SOURCE_DIR=/opt/rustwide/workdir" "-e" "CARGO_TARGET_DIR=/opt/rustwide/target" "-e" "CARGO_INCREMENTAL=0" "-e" "RUST_BACKTRACE=full" "-e" "RUSTFLAGS=--cap-lints=warn" "-e" "RUSTDOCFLAGS=--cap-lints=warn" "-e" "CARGO_HOME=/opt/rustwide/cargo-home" "-e" "RUSTUP_HOME=/opt/rustwide/rustup-home" "-w" "/opt/rustwide/workdir" "-m" "1610612736" "--user" "0:0" "--network" "none" "ghcr.io/rust-lang/crates-build-env/linux@sha256:3959728d45483eb673ba100a951a6b9f5012970368db2a9e08e0ac9b67c8a5ad" "/opt/rustwide/cargo-home/bin/cargo" "+1.85.0" "test" "--frozen" "--no-run" "--message-format=json", kill_on_drop: false }`
[INFO] [stdout] 6ca5e1d1e829e03da56a0b3547d935153f250f92b1488d76282d0006ec064302
[INFO] running `Command { std: "docker" "start" "-a" "6ca5e1d1e829e03da56a0b3547d935153f250f92b1488d76282d0006ec064302", kill_on_drop: false }`
[INFO] [stderr]    Compiling trunk-template v0.1.0 (/opt/rustwide/workdir)
[INFO] [stdout] warning: unused variable: `ctx`
[INFO] [stdout]    --> src/app.rs:235:15
[INFO] [stdout]     |
[INFO] [stdout] 235 |     fn create(ctx: &Context<Self>) -> Self {
[INFO] [stdout]     |               ^^^ help: if this is intentional, prefix it with an underscore: `_ctx`
[INFO] [stdout]     |
[INFO] [stdout]     = note: `#[warn(unused_variables)]` on by default
[INFO] [stdout] 
[INFO] [stdout] 
[INFO] [stdout] warning: unused variable: `weights`
[INFO] [stdout]    --> src/app.rs:240:21
[INFO] [stdout]     |
[INFO] [stdout] 240 |         if let Some(weights) = &self.weights {
[INFO] [stdout]     |                     ^^^^^^^ help: if this is intentional, prefix it with an underscore: `_weights`
[INFO] [stdout] 
[INFO] [stdout] 
[INFO] [stdout] warning: unused variable: `ctx`
[INFO] [stdout]    --> src/app.rs:252:26
[INFO] [stdout]     |
[INFO] [stdout] 252 |     fn update(&mut self, ctx: &Context<Self>, msg: Self::Message) -> bool {
[INFO] [stdout]     |                          ^^^ help: if this is intentional, prefix it with an underscore: `_ctx`
[INFO] [stdout] 
[INFO] [stdout] 
[INFO] [stdout] warning: unused variable: `ctx`
[INFO] [stdout]    --> src/app.rs:385:9
[INFO] [stdout]     |
[INFO] [stdout] 385 |         ctx: &Context<WarModel>,
[INFO] [stdout]     |         ^^^ help: if this is intentional, prefix it with an underscore: `_ctx`
[INFO] [stdout] 
[INFO] [stdout] 
[INFO] [stdout] warning: unused variable: `r`
[INFO] [stdout]    --> src/app.rs:411:23
[INFO] [stdout]     |
[INFO] [stdout] 411 |             .map(|(i, r)| {
[INFO] [stdout]     |                       ^ help: if this is intentional, prefix it with an underscore: `_r`
[INFO] [stdout] 
[INFO] [stdout] 
[INFO] [stderr]     Finished `test` profile [unoptimized + debuginfo] target(s) in 1.86s
[INFO] [stderr] warning: the following packages contain code that will be rejected by a future version of Rust: wasm-bindgen v0.2.83
[INFO] [stderr] note: to see what the problems were, use the option `--future-incompat-report`, or run `cargo report future-incompatibilities --id 5`
[INFO] running `Command { std: "docker" "inspect" "6ca5e1d1e829e03da56a0b3547d935153f250f92b1488d76282d0006ec064302", kill_on_drop: false }`
[INFO] running `Command { std: "docker" "rm" "-f" "6ca5e1d1e829e03da56a0b3547d935153f250f92b1488d76282d0006ec064302", kill_on_drop: false }`
[INFO] [stdout] 6ca5e1d1e829e03da56a0b3547d935153f250f92b1488d76282d0006ec064302
[INFO] running `Command { std: "docker" "create" "-v" "/var/lib/crater-agent-workspace/builds/worker-3-tc1/target:/opt/rustwide/target:rw,Z" "-v" "/var/lib/crater-agent-workspace/builds/worker-3-tc1/source:/opt/rustwide/workdir:ro,Z" "-v" "/var/lib/crater-agent-workspace/cargo-home:/opt/rustwide/cargo-home:ro,Z" "-v" "/var/lib/crater-agent-workspace/rustup-home:/opt/rustwide/rustup-home:ro,Z" "-e" "SOURCE_DIR=/opt/rustwide/workdir" "-e" "CARGO_TARGET_DIR=/opt/rustwide/target" "-e" "CARGO_INCREMENTAL=0" "-e" "RUST_BACKTRACE=full" "-e" "RUSTFLAGS=--cap-lints=warn" "-e" "RUSTDOCFLAGS=--cap-lints=warn" "-e" "CARGO_HOME=/opt/rustwide/cargo-home" "-e" "RUSTUP_HOME=/opt/rustwide/rustup-home" "-w" "/opt/rustwide/workdir" "-m" "1610612736" "--user" "0:0" "--network" "none" "ghcr.io/rust-lang/crates-build-env/linux@sha256:3959728d45483eb673ba100a951a6b9f5012970368db2a9e08e0ac9b67c8a5ad" "/opt/rustwide/cargo-home/bin/cargo" "+1.85.0" "test" "--frozen", kill_on_drop: false }`
[INFO] [stdout] 598a0ed6b46023540f064915a8ef4a95f123dd71407b4d77f2a3337076ae559d
[INFO] running `Command { std: "docker" "start" "-a" "598a0ed6b46023540f064915a8ef4a95f123dd71407b4d77f2a3337076ae559d", kill_on_drop: false }`
[INFO] [stderr] warning: unused variable: `ctx`
[INFO] [stderr]    --> src/app.rs:235:15
[INFO] [stderr]     |
[INFO] [stderr] 235 |     fn create(ctx: &Context<Self>) -> Self {
[INFO] [stderr]     |               ^^^ help: if this is intentional, prefix it with an underscore: `_ctx`
[INFO] [stderr]     |
[INFO] [stderr]     = note: `#[warn(unused_variables)]` on by default
[INFO] [stderr] 
[INFO] [stderr] warning: unused variable: `weights`
[INFO] [stderr]    --> src/app.rs:240:21
[INFO] [stderr]     |
[INFO] [stderr] 240 |         if let Some(weights) = &self.weights {
[INFO] [stderr]     |                     ^^^^^^^ help: if this is intentional, prefix it with an underscore: `_weights`
[INFO] [stderr] 
[INFO] [stderr] warning: unused variable: `ctx`
[INFO] [stderr]    --> src/app.rs:252:26
[INFO] [stderr]     |
[INFO] [stderr] 252 |     fn update(&mut self, ctx: &Context<Self>, msg: Self::Message) -> bool {
[INFO] [stderr]     |                          ^^^ help: if this is intentional, prefix it with an underscore: `_ctx`
[INFO] [stderr] 
[INFO] [stderr] warning: unused variable: `ctx`
[INFO] [stderr]    --> src/app.rs:385:9
[INFO] [stderr]     |
[INFO] [stderr] 385 |         ctx: &Context<WarModel>,
[INFO] [stderr]     |         ^^^ help: if this is intentional, prefix it with an underscore: `_ctx`
[INFO] [stderr] 
[INFO] [stderr] warning: unused variable: `r`
[INFO] [stderr]    --> src/app.rs:411:23
[INFO] [stderr]     |
[INFO] [stderr] 411 |             .map(|(i, r)| {
[INFO] [stderr]     |                       ^ help: if this is intentional, prefix it with an underscore: `_r`
[INFO] [stderr] 
[INFO] [stderr] warning: `trunk-template` (bin "trunk-template" test) generated 5 warnings
[INFO] [stderr]     Finished `test` profile [unoptimized + debuginfo] target(s) in 0.13s
[INFO] [stderr] warning: the following packages contain code that will be rejected by a future version of Rust: wasm-bindgen v0.2.83
[INFO] [stderr] note: to see what the problems were, use the option `--future-incompat-report`, or run `cargo report future-incompatibilities --id 5`
[INFO] [stderr]      Running unittests src/main.rs (/opt/rustwide/target/debug/deps/trunk_template-eec902e44c7548ff)
[INFO] [stdout] 
[INFO] [stdout] running 3 tests
[INFO] [stdout] test calculate::tests::test_get_combinations ... ok
[INFO] [stdout] test calculate::tests::test_odds_of_kills ... FAILED
[INFO] [stdout] test calculate::tests::test_step_battle ... FAILED
[INFO] [stdout] 
[INFO] [stdout] failures:
[INFO] [stdout] 
[INFO] [stdout] ---- calculate::tests::test_odds_of_kills stdout ----
[INFO] [stdout] 
[INFO] [stdout] thread 'calculate::tests::test_odds_of_kills' panicked at src/calculate.rs:127:9:
[INFO] [stdout] assertion `left == right` failed
[INFO] [stdout]   left: 0.0002951266543065289
[INFO] [stdout]  right: 0.0002951266543065283
[INFO] [stdout] stack backtrace:
[INFO] [stdout]    0:     0x5ea063b1f4aa - std::backtrace_rs::backtrace::libunwind::trace::h88deb10bd0145eb8
[INFO] [stdout]                                at /rustc/4d91de4e48198da2e33413efdcd9cd2cc0c46688/library/std/src/../../backtrace/src/backtrace/libunwind.rs:116:5
[INFO] [stdout]    1:     0x5ea063b1f4aa - std::backtrace_rs::backtrace::trace_unsynchronized::he1036f5481c14dff
[INFO] [stdout]                                at /rustc/4d91de4e48198da2e33413efdcd9cd2cc0c46688/library/std/src/../../backtrace/src/backtrace/mod.rs:66:5
[INFO] [stdout]    2:     0x5ea063b1f4aa - std::sys::backtrace::_print_fmt::hecc345b6e70c4b20
[INFO] [stdout]                                at /rustc/4d91de4e48198da2e33413efdcd9cd2cc0c46688/library/std/src/sys/backtrace.rs:66:9
[INFO] [stdout]    3:     0x5ea063b1f4aa - <std::sys::backtrace::BacktraceLock::print::DisplayBacktrace as core::fmt::Display>::fmt::he089f96442833f67
[INFO] [stdout]                                at /rustc/4d91de4e48198da2e33413efdcd9cd2cc0c46688/library/std/src/sys/backtrace.rs:39:26
[INFO] [stdout]    4:     0x5ea063b451e3 - core::fmt::rt::Argument::fmt::h1f77cded99c71a14
[INFO] [stdout]                                at /rustc/4d91de4e48198da2e33413efdcd9cd2cc0c46688/library/core/src/fmt/rt.rs:177:76
[INFO] [stdout]    5:     0x5ea063b451e3 - core::fmt::write::h2f210ed4c94745cb
[INFO] [stdout]                                at /rustc/4d91de4e48198da2e33413efdcd9cd2cc0c46688/library/core/src/fmt/mod.rs:1440:21
[INFO] [stdout]    6:     0x5ea063b1c5c3 - std::io::Write::write_fmt::he723b56f7e0bd522
[INFO] [stdout]                                at /rustc/4d91de4e48198da2e33413efdcd9cd2cc0c46688/library/std/src/io/mod.rs:1887:15
[INFO] [stdout]    7:     0x5ea063b1f2f2 - std::sys::backtrace::BacktraceLock::print::h810fbd31421329e6
[INFO] [stdout]                                at /rustc/4d91de4e48198da2e33413efdcd9cd2cc0c46688/library/std/src/sys/backtrace.rs:42:9
[INFO] [stdout]    8:     0x5ea063b209e0 - std::panicking::default_hook::{{closure}}::hbaad47ed9dc6356d
[INFO] [stdout]                                at /rustc/4d91de4e48198da2e33413efdcd9cd2cc0c46688/library/std/src/panicking.rs:295:22
[INFO] [stdout]    9:     0x5ea063b2077d - std::panicking::default_hook::h24e207139139d40a
[INFO] [stdout]                                at /rustc/4d91de4e48198da2e33413efdcd9cd2cc0c46688/library/std/src/panicking.rs:319:9
[INFO] [stdout]   10:     0x5ea063ae9893 - <alloc::boxed::Box<F,A> as core::ops::function::Fn<Args>>::call::h63353c459bb27956
[INFO] [stdout]                                at /rustc/4d91de4e48198da2e33413efdcd9cd2cc0c46688/library/alloc/src/boxed.rs:2007:9
[INFO] [stdout]   11:     0x5ea063ae9893 - test::test_main::{{closure}}::hd5af4d6c4e32fe08
[INFO] [stdout]                                at /rustc/4d91de4e48198da2e33413efdcd9cd2cc0c46688/library/test/src/lib.rs:134:21
[INFO] [stdout]   12:     0x5ea063b21213 - <alloc::boxed::Box<F,A> as core::ops::function::Fn<Args>>::call::h3af32c23caf5c679
[INFO] [stdout]                                at /rustc/4d91de4e48198da2e33413efdcd9cd2cc0c46688/library/alloc/src/boxed.rs:2007:9
[INFO] [stdout]   13:     0x5ea063b21213 - std::panicking::rust_panic_with_hook::ha9131beeb2ddc506
[INFO] [stdout]                                at /rustc/4d91de4e48198da2e33413efdcd9cd2cc0c46688/library/std/src/panicking.rs:836:13
[INFO] [stdout]   14:     0x5ea063b20eea - std::panicking::begin_panic_handler::{{closure}}::h1bba0eaeb6da506f
[INFO] [stdout]                                at /rustc/4d91de4e48198da2e33413efdcd9cd2cc0c46688/library/std/src/panicking.rs:701:13
[INFO] [stdout]   15:     0x5ea063b1f9a9 - std::sys::backtrace::__rust_end_short_backtrace::h1d1ca3eade483f4c
[INFO] [stdout]                                at /rustc/4d91de4e48198da2e33413efdcd9cd2cc0c46688/library/std/src/sys/backtrace.rs:168:18
[INFO] [stdout]   16:     0x5ea063b20b7d - rust_begin_unwind
[INFO] [stdout]                                at /rustc/4d91de4e48198da2e33413efdcd9cd2cc0c46688/library/std/src/panicking.rs:692:5
[INFO] [stdout]   17:     0x5ea063aacc30 - core::panicking::panic_fmt::h896a0727a1a943f9
[INFO] [stdout]                                at /rustc/4d91de4e48198da2e33413efdcd9cd2cc0c46688/library/core/src/panicking.rs:75:14
[INFO] [stdout]   18:     0x5ea063aacf52 - core::panicking::assert_failed_inner::ha51bf8fa7906dee4
[INFO] [stdout]   19:     0x5ea063aad7fc - core::panicking::assert_failed::h3b03c15c9e318523
[INFO] [stdout]                                at /rustc/4d91de4e48198da2e33413efdcd9cd2cc0c46688/library/core/src/panicking.rs:364:5
[INFO] [stdout]   20:     0x5ea063aaf854 - trunk_template::calculate::tests::test_odds_of_kills::h3d56cd4eaf49c4b0
[INFO] [stdout]                                at /opt/rustwide/workdir/src/calculate.rs:127:9
[INFO] [stdout]   21:     0x5ea063aaf7b7 - trunk_template::calculate::tests::test_odds_of_kills::{{closure}}::hcb144e253d9514a1
[INFO] [stdout]                                at /opt/rustwide/workdir/src/calculate.rs:126:28
[INFO] [stdout]   22:     0x5ea063aad5c6 - core::ops::function::FnOnce::call_once::hb925ff665c90e566
[INFO] [stdout]                                at /rustc/4d91de4e48198da2e33413efdcd9cd2cc0c46688/library/core/src/ops/function.rs:250:5
[INFO] [stdout]   23:     0x5ea063aef03b - core::ops::function::FnOnce::call_once::h8acc80b5a33ff319
[INFO] [stdout]                                at /rustc/4d91de4e48198da2e33413efdcd9cd2cc0c46688/library/core/src/ops/function.rs:250:5
[INFO] [stdout]   24:     0x5ea063aef03b - test::__rust_begin_short_backtrace::h52b6da716ad42b7d
[INFO] [stdout]                                at /rustc/4d91de4e48198da2e33413efdcd9cd2cc0c46688/library/test/src/lib.rs:632:18
[INFO] [stdout]   25:     0x5ea063aedf73 - test::run_test_in_process::{{closure}}::h2580047890abbefe
[INFO] [stdout]                                at /rustc/4d91de4e48198da2e33413efdcd9cd2cc0c46688/library/test/src/lib.rs:655:60
[INFO] [stdout]   26:     0x5ea063aedf73 - <core::panic::unwind_safe::AssertUnwindSafe<F> as core::ops::function::FnOnce<()>>::call_once::h936f8c89d0a99c40
[INFO] [stdout]                                at /rustc/4d91de4e48198da2e33413efdcd9cd2cc0c46688/library/core/src/panic/unwind_safe.rs:272:9
[INFO] [stdout]   27:     0x5ea063aedf73 - std::panicking::try::do_call::h868682cc368697f9
[INFO] [stdout]                                at /rustc/4d91de4e48198da2e33413efdcd9cd2cc0c46688/library/std/src/panicking.rs:584:40
[INFO] [stdout]   28:     0x5ea063aedf73 - std::panicking::try::h0356ffc38cbb5501
[INFO] [stdout]                                at /rustc/4d91de4e48198da2e33413efdcd9cd2cc0c46688/library/std/src/panicking.rs:547:19
[INFO] [stdout]   29:     0x5ea063aedf73 - std::panic::catch_unwind::h74edf102a3082536
[INFO] [stdout]                                at /rustc/4d91de4e48198da2e33413efdcd9cd2cc0c46688/library/std/src/panic.rs:358:14
[INFO] [stdout]   30:     0x5ea063aedf73 - test::run_test_in_process::hc27d69576b7224e4
[INFO] [stdout]                                at /rustc/4d91de4e48198da2e33413efdcd9cd2cc0c46688/library/test/src/lib.rs:655:27
[INFO] [stdout]   31:     0x5ea063aedf73 - test::run_test::{{closure}}::h9f3bfaf910429adb
[INFO] [stdout]                                at /rustc/4d91de4e48198da2e33413efdcd9cd2cc0c46688/library/test/src/lib.rs:576:43
[INFO] [stdout]   32:     0x5ea063ab1ca5 - test::run_test::{{closure}}::h3d537cdce8ec5816
[INFO] [stdout]                                at /rustc/4d91de4e48198da2e33413efdcd9cd2cc0c46688/library/test/src/lib.rs:606:41
[INFO] [stdout]   33:     0x5ea063ab1ca5 - std::sys::backtrace::__rust_begin_short_backtrace::hb51d9a6c67ec382d
[INFO] [stdout]                                at /rustc/4d91de4e48198da2e33413efdcd9cd2cc0c46688/library/std/src/sys/backtrace.rs:152:18
[INFO] [stdout]   34:     0x5ea063ab56e6 - std::thread::Builder::spawn_unchecked_::{{closure}}::{{closure}}::h5738f3abb9603fe6
[INFO] [stdout]                                at /rustc/4d91de4e48198da2e33413efdcd9cd2cc0c46688/library/std/src/thread/mod.rs:564:17
[INFO] [stdout]   35:     0x5ea063ab56e6 - <core::panic::unwind_safe::AssertUnwindSafe<F> as core::ops::function::FnOnce<()>>::call_once::h5e9f4b56e45e8108
[INFO] [stdout]                                at /rustc/4d91de4e48198da2e33413efdcd9cd2cc0c46688/library/core/src/panic/unwind_safe.rs:272:9
[INFO] [stdout]   36:     0x5ea063ab56e6 - std::panicking::try::do_call::ha36db853b2f34e23
[INFO] [stdout]                                at /rustc/4d91de4e48198da2e33413efdcd9cd2cc0c46688/library/std/src/panicking.rs:584:40
[INFO] [stdout]   37:     0x5ea063ab56e6 - std::panicking::try::h57e1aa33a0efb1be
[INFO] [stdout]                                at /rustc/4d91de4e48198da2e33413efdcd9cd2cc0c46688/library/std/src/panicking.rs:547:19
[INFO] [stdout]   38:     0x5ea063ab56e6 - std::panic::catch_unwind::hdb71a6103024936e
[INFO] [stdout]                                at /rustc/4d91de4e48198da2e33413efdcd9cd2cc0c46688/library/std/src/panic.rs:358:14
[INFO] [stdout]   39:     0x5ea063ab56e6 - std::thread::Builder::spawn_unchecked_::{{closure}}::h8caa22218f423ab1
[INFO] [stdout]                                at /rustc/4d91de4e48198da2e33413efdcd9cd2cc0c46688/library/std/src/thread/mod.rs:562:30
[INFO] [stdout]   40:     0x5ea063ab56e6 - core::ops::function::FnOnce::call_once{{vtable.shim}}::hb3b44780e9c053e5
[INFO] [stdout]                                at /rustc/4d91de4e48198da2e33413efdcd9cd2cc0c46688/library/core/src/ops/function.rs:250:5
[INFO] [stdout]   41:     0x5ea063b2507b - <alloc::boxed::Box<F,A> as core::ops::function::FnOnce<Args>>::call_once::h2649f14f1b1c150d
[INFO] [stdout]                                at /rustc/4d91de4e48198da2e33413efdcd9cd2cc0c46688/library/alloc/src/boxed.rs:1993:9
[INFO] [stdout]   42:     0x5ea063b2507b - <alloc::boxed::Box<F,A> as core::ops::function::FnOnce<Args>>::call_once::hb2ade58cb34e1bc4
[INFO] [stdout]                                at /rustc/4d91de4e48198da2e33413efdcd9cd2cc0c46688/library/alloc/src/boxed.rs:1993:9
[INFO] [stdout]   43:     0x5ea063b2507b - std::sys::pal::unix::thread::Thread::new::thread_start::ha07e360225fa3528
[INFO] [stdout]                                at /rustc/4d91de4e48198da2e33413efdcd9cd2cc0c46688/library/std/src/sys/pal/unix/thread.rs:106:17
[INFO] [stdout]   44:     0x714557aabac3 - <unknown>
[INFO] [stdout]   45:     0x714557b3ca04 - clone
[INFO] [stdout]   46:                0x0 - <unknown>
[INFO] [stdout] 
[INFO] [stdout] ---- calculate::tests::test_step_battle stdout ----
[INFO] [stdout] 
[INFO] [stdout] thread 'calculate::tests::test_step_battle' panicked at src/calculate.rs:155:9:
[INFO] [stdout] assertion `left == right` failed
[INFO] [stdout]   left: 0.014544666022499129
[INFO] [stdout]  right: 0.0097634899509056
[INFO] [stdout] stack backtrace:
[INFO] [stdout]    0:     0x5ea063b1f4aa - std::backtrace_rs::backtrace::libunwind::trace::h88deb10bd0145eb8
[INFO] [stdout]                                at /rustc/4d91de4e48198da2e33413efdcd9cd2cc0c46688/library/std/src/../../backtrace/src/backtrace/libunwind.rs:116:5
[INFO] [stdout]    1:     0x5ea063b1f4aa - std::backtrace_rs::backtrace::trace_unsynchronized::he1036f5481c14dff
[INFO] [stdout]                                at /rustc/4d91de4e48198da2e33413efdcd9cd2cc0c46688/library/std/src/../../backtrace/src/backtrace/mod.rs:66:5
[INFO] [stdout]    2:     0x5ea063b1f4aa - std::sys::backtrace::_print_fmt::hecc345b6e70c4b20
[INFO] [stdout]                                at /rustc/4d91de4e48198da2e33413efdcd9cd2cc0c46688/library/std/src/sys/backtrace.rs:66:9
[INFO] [stdout]    3:     0x5ea063b1f4aa - <std::sys::backtrace::BacktraceLock::print::DisplayBacktrace as core::fmt::Display>::fmt::he089f96442833f67
[INFO] [stdout]                                at /rustc/4d91de4e48198da2e33413efdcd9cd2cc0c46688/library/std/src/sys/backtrace.rs:39:26
[INFO] [stdout]    4:     0x5ea063b451e3 - core::fmt::rt::Argument::fmt::h1f77cded99c71a14
[INFO] [stdout]                                at /rustc/4d91de4e48198da2e33413efdcd9cd2cc0c46688/library/core/src/fmt/rt.rs:177:76
[INFO] [stdout]    5:     0x5ea063b451e3 - core::fmt::write::h2f210ed4c94745cb
[INFO] [stdout]                                at /rustc/4d91de4e48198da2e33413efdcd9cd2cc0c46688/library/core/src/fmt/mod.rs:1440:21
[INFO] [stdout]    6:     0x5ea063b1c5c3 - std::io::Write::write_fmt::he723b56f7e0bd522
[INFO] [stdout]                                at /rustc/4d91de4e48198da2e33413efdcd9cd2cc0c46688/library/std/src/io/mod.rs:1887:15
[INFO] [stdout]    7:     0x5ea063b1f2f2 - std::sys::backtrace::BacktraceLock::print::h810fbd31421329e6
[INFO] [stdout]                                at /rustc/4d91de4e48198da2e33413efdcd9cd2cc0c46688/library/std/src/sys/backtrace.rs:42:9
[INFO] [stdout]    8:     0x5ea063b209e0 - std::panicking::default_hook::{{closure}}::hbaad47ed9dc6356d
[INFO] [stdout]                                at /rustc/4d91de4e48198da2e33413efdcd9cd2cc0c46688/library/std/src/panicking.rs:295:22
[INFO] [stdout]    9:     0x5ea063b2077d - std::panicking::default_hook::h24e207139139d40a
[INFO] [stdout]                                at /rustc/4d91de4e48198da2e33413efdcd9cd2cc0c46688/library/std/src/panicking.rs:319:9
[INFO] [stdout]   10:     0x5ea063ae9893 - <alloc::boxed::Box<F,A> as core::ops::function::Fn<Args>>::call::h63353c459bb27956
[INFO] [stdout]                                at /rustc/4d91de4e48198da2e33413efdcd9cd2cc0c46688/library/alloc/src/boxed.rs:2007:9
[INFO] [stdout]   11:     0x5ea063ae9893 - test::test_main::{{closure}}::hd5af4d6c4e32fe08
[INFO] [stdout]                                at /rustc/4d91de4e48198da2e33413efdcd9cd2cc0c46688/library/test/src/lib.rs:134:21
[INFO] [stdout]   12:     0x5ea063b21213 - <alloc::boxed::Box<F,A> as core::ops::function::Fn<Args>>::call::h3af32c23caf5c679
[INFO] [stdout]                                at /rustc/4d91de4e48198da2e33413efdcd9cd2cc0c46688/library/alloc/src/boxed.rs:2007:9
[INFO] [stdout]   13:     0x5ea063b21213 - std::panicking::rust_panic_with_hook::ha9131beeb2ddc506
[INFO] [stdout]                                at /rustc/4d91de4e48198da2e33413efdcd9cd2cc0c46688/library/std/src/panicking.rs:836:13
[INFO] [stdout]   14:     0x5ea063b20eea - std::panicking::begin_panic_handler::{{closure}}::h1bba0eaeb6da506f
[INFO] [stdout]                                at /rustc/4d91de4e48198da2e33413efdcd9cd2cc0c46688/library/std/src/panicking.rs:701:13
[INFO] [stdout]   15:     0x5ea063b1f9a9 - std::sys::backtrace::__rust_end_short_backtrace::h1d1ca3eade483f4c
[INFO] [stdout]                                at /rustc/4d91de4e48198da2e33413efdcd9cd2cc0c46688/library/std/src/sys/backtrace.rs:168:18
[INFO] [stdout]   16:     0x5ea063b20b7d - rust_begin_unwind
[INFO] [stdout]                                at /rustc/4d91de4e48198da2e33413efdcd9cd2cc0c46688/library/std/src/panicking.rs:692:5
[INFO] [stdout]   17:     0x5ea063aacc30 - core::panicking::panic_fmt::h896a0727a1a943f9
[INFO] [stdout]                                at /rustc/4d91de4e48198da2e33413efdcd9cd2cc0c46688/library/core/src/panicking.rs:75:14
[INFO] [stdout]   18:     0x5ea063aacf52 - core::panicking::assert_failed_inner::ha51bf8fa7906dee4
[INFO] [stdout]   19:     0x5ea063aad7fc - core::panicking::assert_failed::h3b03c15c9e318523
[INFO] [stdout]                                at /rustc/4d91de4e48198da2e33413efdcd9cd2cc0c46688/library/core/src/panicking.rs:364:5
[INFO] [stdout]   20:     0x5ea063ab04e9 - trunk_template::calculate::tests::test_step_battle::hf4f6d94d520a0be3
[INFO] [stdout]                                at /opt/rustwide/workdir/src/calculate.rs:155:9
[INFO] [stdout]   21:     0x5ea063ab0377 - trunk_template::calculate::tests::test_step_battle::{{closure}}::h06069e2abdf4477d
[INFO] [stdout]                                at /opt/rustwide/workdir/src/calculate.rs:150:26
[INFO] [stdout]   22:     0x5ea063aad606 - core::ops::function::FnOnce::call_once::he7652d80650ef8d3
[INFO] [stdout]                                at /rustc/4d91de4e48198da2e33413efdcd9cd2cc0c46688/library/core/src/ops/function.rs:250:5
[INFO] [stdout]   23:     0x5ea063aef03b - core::ops::function::FnOnce::call_once::h8acc80b5a33ff319
[INFO] [stdout]                                at /rustc/4d91de4e48198da2e33413efdcd9cd2cc0c46688/library/core/src/ops/function.rs:250:5
[INFO] [stdout]   24:     0x5ea063aef03b - test::__rust_begin_short_backtrace::h52b6da716ad42b7d
[INFO] [stdout]                                at /rustc/4d91de4e48198da2e33413efdcd9cd2cc0c46688/library/test/src/lib.rs:632:18
[INFO] [stdout]   25:     0x5ea063aedf73 - test::run_test_in_process::{{closure}}::h2580047890abbefe
[INFO] [stdout]                                at /rustc/4d91de4e48198da2e33413efdcd9cd2cc0c46688/library/test/src/lib.rs:655:60
[INFO] [stdout]   26:     0x5ea063aedf73 - <core::panic::unwind_safe::AssertUnwindSafe<F> as core::ops::function::FnOnce<()>>::call_once::h936f8c89d0a99c40
[INFO] [stdout]                                at /rustc/4d91de4e48198da2e33413efdcd9cd2cc0c46688/library/core/src/panic/unwind_safe.rs:272:9
[INFO] [stdout]   27:     0x5ea063aedf73 - std::panicking::try::do_call::h868682cc368697f9
[INFO] [stdout]                                at /rustc/4d91de4e48198da2e33413efdcd9cd2cc0c46688/library/std/src/panicking.rs:584:40
[INFO] [stdout]   28:     0x5ea063aedf73 - std::panicking::try::h0356ffc38cbb5501
[INFO] [stdout]                                at /rustc/4d91de4e48198da2e33413efdcd9cd2cc0c46688/library/std/src/panicking.rs:547:19
[INFO] [stdout]   29:     0x5ea063aedf73 - std::panic::catch_unwind::h74edf102a3082536
[INFO] [stdout]                                at /rustc/4d91de4e48198da2e33413efdcd9cd2cc0c46688/library/std/src/panic.rs:358:14
[INFO] [stdout]   30:     0x5ea063aedf73 - test::run_test_in_process::hc27d69576b7224e4
[INFO] [stdout]                                at /rustc/4d91de4e48198da2e33413efdcd9cd2cc0c46688/library/test/src/lib.rs:655:27
[INFO] [stdout]   31:     0x5ea063aedf73 - test::run_test::{{closure}}::h9f3bfaf910429adb
[INFO] [stdout]                                at /rustc/4d91de4e48198da2e33413efdcd9cd2cc0c46688/library/test/src/lib.rs:576:43
[INFO] [stdout]   32:     0x5ea063ab1ca5 - test::run_test::{{closure}}::h3d537cdce8ec5816
[INFO] [stdout]                                at /rustc/4d91de4e48198da2e33413efdcd9cd2cc0c46688/library/test/src/lib.rs:606:41
[INFO] [stdout]   33:     0x5ea063ab1ca5 - std::sys::backtrace::__rust_begin_short_backtrace::hb51d9a6c67ec382d
[INFO] [stdout]                                at /rustc/4d91de4e48198da2e33413efdcd9cd2cc0c46688/library/std/src/sys/backtrace.rs:152:18
[INFO] [stdout]   34:     0x5ea063ab56e6 - std::thread::Builder::spawn_unchecked_::{{closure}}::{{closure}}::h5738f3abb9603fe6
[INFO] [stdout]                                at /rustc/4d91de4e48198da2e33413efdcd9cd2cc0c46688/library/std/src/thread/mod.rs:564:17
[INFO] [stdout]   35:     0x5ea063ab56e6 - <core::panic::unwind_safe::AssertUnwindSafe<F> as core::ops::function::FnOnce<()>>::call_once::h5e9f4b56e45e8108
[INFO] [stdout]                                at /rustc/4d91de4e48198da2e33413efdcd9cd2cc0c46688/library/core/src/panic/unwind_safe.rs:272:9
[INFO] [stdout]   36:     0x5ea063ab56e6 - std::panicking::try::do_call::ha36db853b2f34e23
[INFO] [stdout]                                at /rustc/4d91de4e48198da2e33413efdcd9cd2cc0c46688/library/std/src/panicking.rs:584:40
[INFO] [stdout]   37:     0x5ea063ab56e6 - std::panicking::try::h57e1aa33a0efb1be
[INFO] [stdout]                                at /rustc/4d91de4e48198da2e33413efdcd9cd2cc0c46688/library/std/src/panicking.rs:547:19
[INFO] [stdout]   38:     0x5ea063ab56e6 - std::panic::catch_unwind::hdb71a6103024936e
[INFO] [stdout]                                at /rustc/4d91de4e48198da2e33413efdcd9cd2cc0c46688/library/std/src/panic.rs:358:14
[INFO] [stdout]   39:     0x5ea063ab56e6 - std::thread::Builder::spawn_unchecked_::{{closure}}::h8caa22218f423ab1
[INFO] [stdout]                                at /rustc/4d91de4e48198da2e33413efdcd9cd2cc0c46688/library/std/src/thread/mod.rs:562:30
[INFO] [stdout]   40:     0x5ea063ab56e6 - core::ops::function::FnOnce::call_once{{vtable.shim}}::hb3b44780e9c053e5
[INFO] [stdout]                                at /rustc/4d91de4e48198da2e33413efdcd9cd2cc0c46688/library/core/src/ops/function.rs:250:5
[INFO] [stdout]   41:     0x5ea063b2507b - <alloc::boxed::Box<F,A> as core::ops::function::FnOnce<Args>>::call_once::h2649f14f1b1c150d
[INFO] [stdout]                                at /rustc/4d91de4e48198da2e33413efdcd9cd2cc0c46688/library/alloc/src/boxed.rs:1993:9
[INFO] [stdout]   42:     0x5ea063b2507b - <alloc::boxed::Box<F,A> as core::ops::function::FnOnce<Args>>::call_once::hb2ade58cb34e1bc4
[INFO] [stdout]                                at /rustc/4d91de4e48198da2e33413efdcd9cd2cc0c46688/library/alloc/src/boxed.rs:1993:9
[INFO] [stdout]   43:     0x5ea063b2507b - std::sys::pal::unix::thread::Thread::new::thread_start::ha07e360225fa3528
[INFO] [stdout]                                at /rustc/4d91de4e48198da2e33413efdcd9cd2cc0c46688/library/std/src/sys/pal/unix/thread.rs:106:17
[INFO] [stdout]   44:     0x714557aabac3 - <unknown>
[INFO] [stdout]   45:     0x714557b3ca04 - clone
[INFO] [stdout]   46:                0x0 - <unknown>
[INFO] [stdout] 
[INFO] [stdout] 
[INFO] [stdout] failures:
[INFO] [stdout]     calculate::tests::test_odds_of_kills
[INFO] [stdout]     calculate::tests::test_step_battle
[INFO] [stdout] 
[INFO] [stdout] test result: FAILED. 1 passed; 2 failed; 0 ignored; 0 measured; 0 filtered out; finished in 0.23s
[INFO] [stdout] 
[INFO] [stderr] error: test failed, to rerun pass `--bin trunk-template`
[INFO] running `Command { std: "docker" "inspect" "598a0ed6b46023540f064915a8ef4a95f123dd71407b4d77f2a3337076ae559d", kill_on_drop: false }`
[INFO] running `Command { std: "docker" "rm" "-f" "598a0ed6b46023540f064915a8ef4a95f123dd71407b4d77f2a3337076ae559d", kill_on_drop: false }`
[INFO] [stdout] 598a0ed6b46023540f064915a8ef4a95f123dd71407b4d77f2a3337076ae559d
