[INFO] cloning repository https://github.com/pchickey/toy-external-events
[INFO] running `Command { std: "git" "-c" "credential.helper=" "-c" "credential.helper=/workspace/cargo-home/bin/git-credential-null" "clone" "--bare" "https://github.com/pchickey/toy-external-events" "/workspace/cache/git-repos/https%3A%2F%2Fgithub.com%2Fpchickey%2Ftoy-external-events", kill_on_drop: false }`
[INFO] [stderr] Cloning into bare repository '/workspace/cache/git-repos/https%3A%2F%2Fgithub.com%2Fpchickey%2Ftoy-external-events'...
[INFO] running `Command { std: "git" "rev-parse" "HEAD", kill_on_drop: false }`
[INFO] [stdout] c15ad8bc58427a9cedf43794490cd2465a092605
[INFO] testing pchickey/toy-external-events against beta-2025-02-28 for beta-1.86-3
[INFO] running `Command { std: "git" "clone" "/workspace/cache/git-repos/https%3A%2F%2Fgithub.com%2Fpchickey%2Ftoy-external-events" "/workspace/builds/worker-1-tc2/source", kill_on_drop: false }`
[INFO] [stderr] Cloning into '/workspace/builds/worker-1-tc2/source'...
[INFO] [stderr] done.
[INFO] validating manifest of git repo https://github.com/pchickey/toy-external-events on toolchain beta-2025-02-28
[INFO] running `Command { std: CARGO_HOME="/workspace/cargo-home" RUSTUP_HOME="/workspace/rustup-home" "/workspace/cargo-home/bin/cargo" "+beta-2025-02-28" "metadata" "--manifest-path" "Cargo.toml" "--no-deps", kill_on_drop: false }`
[INFO] started tweaking git repo https://github.com/pchickey/toy-external-events
[INFO] finished tweaking git repo https://github.com/pchickey/toy-external-events
[INFO] tweaked toml for git repo https://github.com/pchickey/toy-external-events written to /workspace/builds/worker-1-tc2/source/Cargo.toml
[INFO] crate git repo https://github.com/pchickey/toy-external-events already has a lockfile, it will not be regenerated
[INFO] running `Command { std: CARGO_HOME="/workspace/cargo-home" RUSTUP_HOME="/workspace/rustup-home" "/workspace/cargo-home/bin/cargo" "+beta-2025-02-28" "fetch" "--manifest-path" "Cargo.toml", kill_on_drop: false }`
[INFO] running `Command { std: "docker" "create" "-v" "/var/lib/crater-agent-workspace/builds/worker-1-tc2/target:/opt/rustwide/target:rw,Z" "-v" "/var/lib/crater-agent-workspace/builds/worker-1-tc2/source:/opt/rustwide/workdir:ro,Z" "-v" "/var/lib/crater-agent-workspace/cargo-home:/opt/rustwide/cargo-home:ro,Z" "-v" "/var/lib/crater-agent-workspace/rustup-home:/opt/rustwide/rustup-home:ro,Z" "-e" "SOURCE_DIR=/opt/rustwide/workdir" "-e" "CARGO_TARGET_DIR=/opt/rustwide/target" "-e" "CARGO_HOME=/opt/rustwide/cargo-home" "-e" "RUSTUP_HOME=/opt/rustwide/rustup-home" "-w" "/opt/rustwide/workdir" "-m" "1610612736" "--user" "0:0" "--network" "none" "ghcr.io/rust-lang/crates-build-env/linux@sha256:3959728d45483eb673ba100a951a6b9f5012970368db2a9e08e0ac9b67c8a5ad" "/opt/rustwide/cargo-home/bin/cargo" "+beta-2025-02-28" "metadata" "--no-deps" "--format-version=1", kill_on_drop: false }`
[INFO] [stdout] 9d86123d021f637436140088ed0b72cde3fba80af2e92cfa16f2d21cb770ca18
[INFO] running `Command { std: "docker" "start" "-a" "9d86123d021f637436140088ed0b72cde3fba80af2e92cfa16f2d21cb770ca18", kill_on_drop: false }`
[INFO] running `Command { std: "docker" "inspect" "9d86123d021f637436140088ed0b72cde3fba80af2e92cfa16f2d21cb770ca18", kill_on_drop: false }`
[INFO] running `Command { std: "docker" "rm" "-f" "9d86123d021f637436140088ed0b72cde3fba80af2e92cfa16f2d21cb770ca18", kill_on_drop: false }`
[INFO] [stdout] 9d86123d021f637436140088ed0b72cde3fba80af2e92cfa16f2d21cb770ca18
[INFO] running `Command { std: "docker" "create" "-v" "/var/lib/crater-agent-workspace/builds/worker-1-tc2/target:/opt/rustwide/target:rw,Z" "-v" "/var/lib/crater-agent-workspace/builds/worker-1-tc2/source:/opt/rustwide/workdir:ro,Z" "-v" "/var/lib/crater-agent-workspace/cargo-home:/opt/rustwide/cargo-home:ro,Z" "-v" "/var/lib/crater-agent-workspace/rustup-home:/opt/rustwide/rustup-home:ro,Z" "-e" "SOURCE_DIR=/opt/rustwide/workdir" "-e" "CARGO_TARGET_DIR=/opt/rustwide/target" "-e" "CARGO_INCREMENTAL=0" "-e" "RUST_BACKTRACE=full" "-e" "RUSTFLAGS=--cap-lints=warn" "-e" "RUSTDOCFLAGS=--cap-lints=warn" "-e" "CARGO_HOME=/opt/rustwide/cargo-home" "-e" "RUSTUP_HOME=/opt/rustwide/rustup-home" "-w" "/opt/rustwide/workdir" "-m" "1610612736" "--user" "0:0" "--network" "none" "ghcr.io/rust-lang/crates-build-env/linux@sha256:3959728d45483eb673ba100a951a6b9f5012970368db2a9e08e0ac9b67c8a5ad" "/opt/rustwide/cargo-home/bin/cargo" "+beta-2025-02-28" "build" "--frozen" "--message-format=json", kill_on_drop: false }`
[INFO] [stdout] e1d309c0da1053402c1917aeef379c30e8e1c00d16797758407859b74af38777
[INFO] running `Command { std: "docker" "start" "-a" "e1d309c0da1053402c1917aeef379c30e8e1c00d16797758407859b74af38777", kill_on_drop: false }`
[INFO] [stderr]    Compiling proc-macro2 v1.0.93
[INFO] [stderr]    Compiling unicode-ident v1.0.14
[INFO] [stderr]    Compiling serde v1.0.217
[INFO] [stderr]    Compiling log v0.4.25
[INFO] [stderr]    Compiling equivalent v1.0.1
[INFO] [stderr]    Compiling foldhash v0.1.4
[INFO] [stderr]    Compiling anyhow v1.0.95
[INFO] [stderr]    Compiling pulley-interpreter v30.0.0 (https://github.com/bytecodealliance/wasmtime?branch=pch%2Fwasmtime_bindgen_nostd#35e0d6a5)
[INFO] [stderr]    Compiling cranelift-isle v0.117.0 (https://github.com/bytecodealliance/wasmtime?branch=pch%2Fwasmtime_bindgen_nostd#35e0d6a5)
[INFO] [stderr]    Compiling cfg-if v1.0.0
[INFO] [stderr]    Compiling hashbrown v0.15.2
[INFO] [stderr]    Compiling cranelift-bitset v0.117.0 (https://github.com/bytecodealliance/wasmtime?branch=pch%2Fwasmtime_bindgen_nostd#35e0d6a5)
[INFO] [stderr]    Compiling libm v0.2.11
[INFO] [stderr]    Compiling memchr v2.7.4
[INFO] [stderr]    Compiling cranelift-codegen-shared v0.117.0 (https://github.com/bytecodealliance/wasmtime?branch=pch%2Fwasmtime_bindgen_nostd#35e0d6a5)
[INFO] [stderr]    Compiling target-lexicon v0.13.1
[INFO] [stderr]    Compiling bitflags v2.8.0
[INFO] [stderr]    Compiling allocator-api2 v0.2.21
[INFO] [stderr]    Compiling quote v1.0.38
[INFO] [stderr]    Compiling semver v1.0.24
[INFO] [stderr]    Compiling syn v2.0.96
[INFO] [stderr]    Compiling shlex v1.3.0
[INFO] [stderr]    Compiling wasmtime-math v30.0.0 (https://github.com/bytecodealliance/wasmtime?branch=pch%2Fwasmtime_bindgen_nostd#35e0d6a5)
[INFO] [stderr]    Compiling cc v1.2.10
[INFO] [stderr]    Compiling bumpalo v3.16.0
[INFO] [stderr]    Compiling serde_json v1.0.135
[INFO] [stderr]    Compiling wasmparser v0.224.0
[INFO] [stderr]    Compiling arbitrary v1.4.1
[INFO] [stderr]    Compiling rustc-hash v2.1.0
[INFO] [stderr]    Compiling object v0.36.7
[INFO] [stderr]    Compiling cranelift-codegen-meta v0.117.0 (https://github.com/bytecodealliance/wasmtime?branch=pch%2Fwasmtime_bindgen_nostd#35e0d6a5)
[INFO] [stderr]    Compiling ryu v1.0.18
[INFO] [stderr]    Compiling cranelift-control v0.117.0 (https://github.com/bytecodealliance/wasmtime?branch=pch%2Fwasmtime_bindgen_nostd#35e0d6a5)
[INFO] [stderr]    Compiling rustix v0.38.43
[INFO] [stderr]    Compiling wasm-encoder v0.224.0
[INFO] [stderr]    Compiling itoa v1.0.14
[INFO] [stderr]    Compiling crc32fast v1.4.2
[INFO] [stderr]    Compiling cobs v0.2.3
[INFO] [stderr]    Compiling termcolor v1.4.1
[INFO] [stderr]    Compiling thiserror v1.0.69
[INFO] [stderr]    Compiling futures-core v0.3.31
[INFO] [stderr]    Compiling id-arena v2.2.1
[INFO] [stderr]    Compiling unicode-xid v0.2.6
[INFO] [stderr]    Compiling linux-raw-sys v0.4.15
[INFO] [stderr]    Compiling libc v0.2.169
[INFO] [stderr]    Compiling wasmtime-component-util v30.0.0 (https://github.com/bytecodealliance/wasmtime?branch=pch%2Fwasmtime_bindgen_nostd#35e0d6a5)
[INFO] [stderr]    Compiling leb128 v0.2.5
[INFO] [stderr]    Compiling paste v1.0.15
[INFO] [stderr]    Compiling pin-project-lite v0.2.16
[INFO] [stderr]    Compiling wasmtime-component-macro v30.0.0 (https://github.com/bytecodealliance/wasmtime?branch=pch%2Fwasmtime_bindgen_nostd#35e0d6a5)
[INFO] [stderr]    Compiling heck v0.5.0
[INFO] [stderr]    Compiling either v1.13.0
[INFO] [stderr]    Compiling futures-sink v0.3.31
[INFO] [stderr]    Compiling itertools v0.12.1
[INFO] [stderr]    Compiling indexmap v2.7.0
[INFO] [stderr]    Compiling wasmtime-asm-macros v30.0.0 (https://github.com/bytecodealliance/wasmtime?branch=pch%2Fwasmtime_bindgen_nostd#35e0d6a5)
[INFO] [stderr]    Compiling pin-utils v0.1.0
[INFO] [stderr]    Compiling futures-task v0.3.31
[INFO] [stderr]    Compiling futures-util v0.3.31
[INFO] [stderr]    Compiling wasmtime-jit-icache-coherence v30.0.0 (https://github.com/bytecodealliance/wasmtime?branch=pch%2Fwasmtime_bindgen_nostd#35e0d6a5)
[INFO] [stderr]    Compiling cranelift-codegen v0.117.0 (https://github.com/bytecodealliance/wasmtime?branch=pch%2Fwasmtime_bindgen_nostd#35e0d6a5)
[INFO] [stderr]    Compiling futures-channel v0.3.31
[INFO] [stderr]    Compiling encoding_rs v0.8.35
[INFO] [stderr]    Compiling sptr v0.3.2
[INFO] [stderr]    Compiling futures-io v0.3.31
[INFO] [stderr]    Compiling wasmtime-slab v30.0.0 (https://github.com/bytecodealliance/wasmtime?branch=pch%2Fwasmtime_bindgen_nostd#35e0d6a5)
[INFO] [stderr]    Compiling once_cell v1.20.2
[INFO] [stderr]    Compiling memfd v0.6.4
[INFO] [stderr]    Compiling bytes v1.9.0
[INFO] [stderr]    Compiling futures-lite v2.6.0
[INFO] [stderr]    Compiling async-task v4.7.1
[INFO] [stderr]    Compiling futures v0.3.31
[INFO] [stderr]    Compiling serde_derive v1.0.217
[INFO] [stderr]    Compiling wasmtime-versioned-export-macros v30.0.0 (https://github.com/bytecodealliance/wasmtime?branch=pch%2Fwasmtime_bindgen_nostd#35e0d6a5)
[INFO] [stderr]    Compiling thiserror-impl v1.0.69
[INFO] [stderr]    Compiling trait-variant v0.1.2
[INFO] [stderr]    Compiling async-trait v0.1.85
[INFO] [stderr]    Compiling wasmtime-fiber v30.0.0 (https://github.com/bytecodealliance/wasmtime?branch=pch%2Fwasmtime_bindgen_nostd#35e0d6a5)
[INFO] [stderr]    Compiling wasmtime v30.0.0 (https://github.com/bytecodealliance/wasmtime?branch=pch%2Fwasmtime_bindgen_nostd#35e0d6a5)
[INFO] [stderr]    Compiling wit-parser v0.224.0
[INFO] [stderr]    Compiling wasmtime-wit-bindgen v30.0.0 (https://github.com/bytecodealliance/wasmtime?branch=pch%2Fwasmtime_bindgen_nostd#35e0d6a5)
[INFO] [stderr]    Compiling cranelift-entity v0.117.0 (https://github.com/bytecodealliance/wasmtime?branch=pch%2Fwasmtime_bindgen_nostd#35e0d6a5)
[INFO] [stderr]    Compiling smallvec v1.13.2
[INFO] [stderr]    Compiling regalloc2 v0.11.1
[INFO] [stderr]    Compiling postcard v1.1.1
[INFO] [stderr]    Compiling cranelift-bforest v0.117.0 (https://github.com/bytecodealliance/wasmtime?branch=pch%2Fwasmtime_bindgen_nostd#35e0d6a5)
[INFO] [stderr]    Compiling gimli v0.31.1
[INFO] [stderr]    Compiling wasmprinter v0.224.0
[INFO] [stderr]    Compiling wasmtime-environ v30.0.0 (https://github.com/bytecodealliance/wasmtime?branch=pch%2Fwasmtime_bindgen_nostd#35e0d6a5)
[INFO] [stderr]    Compiling cranelift-frontend v0.117.0 (https://github.com/bytecodealliance/wasmtime?branch=pch%2Fwasmtime_bindgen_nostd#35e0d6a5)
[INFO] [stderr]    Compiling cranelift-native v0.117.0 (https://github.com/bytecodealliance/wasmtime?branch=pch%2Fwasmtime_bindgen_nostd#35e0d6a5)
[INFO] [stderr]    Compiling wasmtime-cranelift v30.0.0 (https://github.com/bytecodealliance/wasmtime?branch=pch%2Fwasmtime_bindgen_nostd#35e0d6a5)
[INFO] [stderr]    Compiling wasmtime-wasi-io v30.0.0 (https://github.com/bytecodealliance/wasmtime?branch=pch%2Fwasmtime_bindgen_nostd#35e0d6a5)
[INFO] [stderr]    Compiling embedding v0.1.0 (/opt/rustwide/workdir/embedding)
[INFO] [stdout] warning: unused import: `ResourceTable`
[INFO] [stdout]  --> embedding/src/bindings/http.rs:8:37
[INFO] [stdout]   |
[INFO] [stdout] 8 | use wasmtime::component::{Resource, ResourceTable};
[INFO] [stdout]   |                                     ^^^^^^^^^^^^^
[INFO] [stdout]   |
[INFO] [stdout]   = note: `#[warn(unused_imports)]` on by default
[INFO] [stdout] 
[INFO] [stdout] 
[INFO] [stdout] error[E0080]: evaluation of constant value failed
[INFO] [stdout]   --> embedding/src/bindings.rs:12:1
[INFO] [stdout]    |
[INFO] [stdout] 12 | / wasmtime::component::bindgen!({
[INFO] [stdout] 13 | |     world: "toy:embedding/bindings",
[INFO] [stdout] 14 | |     async: { only_imports: [] },
[INFO] [stdout] 15 | |     trappable_imports: true,
[INFO] [stdout] ...  |
[INFO] [stdout] 30 | | });
[INFO] [stdout]    | |__^ the evaluated program panicked at 'assertion failed: 1 == <DirectoryEntry as wasmtime::component::ComponentType>::ALIGN32', embedding/src/bindings.rs:12:1
[INFO] [stdout]    |
[INFO] [stdout]    = note: this error originates in the macro `assert` (in Nightly builds, run with -Z macro-backtrace for more info)
[INFO] [stdout] 
[INFO] [stdout] 
[INFO] [stdout] error[E0080]: evaluation of constant value failed
[INFO] [stdout]   --> embedding/src/bindings.rs:12:1
[INFO] [stdout]    |
[INFO] [stdout] 12 | / wasmtime::component::bindgen!({
[INFO] [stdout] 13 | |     world: "toy:embedding/bindings",
[INFO] [stdout] 14 | |     async: { only_imports: [] },
[INFO] [stdout] 15 | |     trappable_imports: true,
[INFO] [stdout] ...  |
[INFO] [stdout] 30 | | });
[INFO] [stdout]    | |__^ the evaluated program panicked at 'assertion failed: 9 == <Method as wasmtime::component::ComponentType>::SIZE32', embedding/src/bindings.rs:12:1
[INFO] [stdout]    |
[INFO] [stdout]    = note: this error originates in the macro `assert` (in Nightly builds, run with -Z macro-backtrace for more info)
[INFO] [stdout] 
[INFO] [stdout] 
[INFO] [stdout] error[E0080]: evaluation of constant value failed
[INFO] [stdout]   --> embedding/src/bindings.rs:12:1
[INFO] [stdout]    |
[INFO] [stdout] 12 | / wasmtime::component::bindgen!({
[INFO] [stdout] 13 | |     world: "toy:embedding/bindings",
[INFO] [stdout] 14 | |     async: { only_imports: [] },
[INFO] [stdout] 15 | |     trappable_imports: true,
[INFO] [stdout] ...  |
[INFO] [stdout] 30 | | });
[INFO] [stdout]    | |__^ the evaluated program panicked at 'assertion failed: 9 == <Scheme as wasmtime::component::ComponentType>::SIZE32', embedding/src/bindings.rs:12:1
[INFO] [stdout]    |
[INFO] [stdout]    = note: this error originates in the macro `assert` (in Nightly builds, run with -Z macro-backtrace for more info)
[INFO] [stdout] 
[INFO] [stdout] 
[INFO] [stdout] error[E0080]: evaluation of constant value failed
[INFO] [stdout]   --> embedding/src/bindings.rs:12:1
[INFO] [stdout]    |
[INFO] [stdout] 12 | / wasmtime::component::bindgen!({
[INFO] [stdout] 13 | |     world: "toy:embedding/bindings",
[INFO] [stdout] 14 | |     async: { only_imports: [] },
[INFO] [stdout] 15 | |     trappable_imports: true,
[INFO] [stdout] ...  |
[INFO] [stdout] 30 | | });
[INFO] [stdout]    | |__^ the evaluated program panicked at 'assertion failed: 14 == <DnsErrorPayload as wasmtime::component::ComponentType>::SIZE32', embedding/src/bindings.rs:12:1
[INFO] [stdout]    |
[INFO] [stdout]    = note: this error originates in the macro `assert` (in Nightly builds, run with -Z macro-backtrace for more info)
[INFO] [stdout] 
[INFO] [stdout] 
[INFO] [stdout] error[E0080]: evaluation of constant value failed
[INFO] [stdout]   --> embedding/src/bindings.rs:12:1
[INFO] [stdout]    |
[INFO] [stdout] 12 | / wasmtime::component::bindgen!({
[INFO] [stdout] 13 | |     world: "toy:embedding/bindings",
[INFO] [stdout] 14 | |     async: { only_imports: [] },
[INFO] [stdout] 15 | |     trappable_imports: true,
[INFO] [stdout] ...  |
[INFO] [stdout] 30 | | });
[INFO] [stdout]    | |__^ the evaluated program panicked at 'assertion failed: 11 == <TlsAlertReceivedPayload as wasmtime::component::ComponentType>::SIZE32', embedding/src/bindings.rs:12:1
[INFO] [stdout]    |
[INFO] [stdout]    = note: this error originates in the macro `assert` (in Nightly builds, run with -Z macro-backtrace for more info)
[INFO] [stdout] 
[INFO] [stdout] 
[INFO] [stdout] For more information about this error, try `rustc --explain E0080`.
[INFO] [stdout] 
[INFO] [stderr] error: could not compile `embedding` (lib) due to 5 previous errors; 1 warning emitted
[INFO] [stderr] warning: build failed, waiting for other jobs to finish...
[INFO] running `Command { std: "docker" "inspect" "e1d309c0da1053402c1917aeef379c30e8e1c00d16797758407859b74af38777", kill_on_drop: false }`
[INFO] running `Command { std: "docker" "rm" "-f" "e1d309c0da1053402c1917aeef379c30e8e1c00d16797758407859b74af38777", kill_on_drop: false }`
[INFO] [stdout] e1d309c0da1053402c1917aeef379c30e8e1c00d16797758407859b74af38777
