[INFO] cloning repository https://github.com/odedglas/plants-vs-zombies
[INFO] running `Command { std: "git" "-c" "credential.helper=" "-c" "credential.helper=/workspace/cargo-home/bin/git-credential-null" "clone" "--bare" "https://github.com/odedglas/plants-vs-zombies" "/workspace/cache/git-repos/https%3A%2F%2Fgithub.com%2Fodedglas%2Fplants-vs-zombies", kill_on_drop: false }`
[INFO] [stderr] Cloning into bare repository '/workspace/cache/git-repos/https%3A%2F%2Fgithub.com%2Fodedglas%2Fplants-vs-zombies'...
[INFO] running `Command { std: "git" "rev-parse" "HEAD", kill_on_drop: false }`
[INFO] [stdout] 48ed3d7a5c3d74b387396d1526fab7468c36a80c
[INFO] testing odedglas/plants-vs-zombies against 1.85.0 for beta-1.86-3
[INFO] running `Command { std: "git" "clone" "/workspace/cache/git-repos/https%3A%2F%2Fgithub.com%2Fodedglas%2Fplants-vs-zombies" "/workspace/builds/worker-6-tc1/source", kill_on_drop: false }`
[INFO] [stderr] Cloning into '/workspace/builds/worker-6-tc1/source'...
[INFO] [stderr] done.
[INFO] validating manifest of git repo https://github.com/odedglas/plants-vs-zombies on toolchain 1.85.0
[INFO] running `Command { std: CARGO_HOME="/workspace/cargo-home" RUSTUP_HOME="/workspace/rustup-home" "/workspace/cargo-home/bin/cargo" "+1.85.0" "metadata" "--manifest-path" "Cargo.toml" "--no-deps", kill_on_drop: false }`
[INFO] removed /workspace/builds/worker-6-tc1/source/rust-toolchain
[INFO] started tweaking git repo https://github.com/odedglas/plants-vs-zombies
[INFO] finished tweaking git repo https://github.com/odedglas/plants-vs-zombies
[INFO] tweaked toml for git repo https://github.com/odedglas/plants-vs-zombies written to /workspace/builds/worker-6-tc1/source/Cargo.toml
[INFO] crate git repo https://github.com/odedglas/plants-vs-zombies already has a lockfile, it will not be regenerated
[INFO] running `Command { std: CARGO_HOME="/workspace/cargo-home" RUSTUP_HOME="/workspace/rustup-home" "/workspace/cargo-home/bin/cargo" "+1.85.0" "fetch" "--manifest-path" "Cargo.toml", kill_on_drop: false }`
[INFO] [stderr]     Blocking waiting for file lock on package cache
[INFO] [stderr]     Blocking waiting for file lock on package cache
[INFO] [stderr]  Downloading crates ...
[INFO] [stderr]   Downloaded unicode-ident v1.0.6
[INFO] [stderr]   Downloaded once_cell v1.17.0
[INFO] [stderr]   Downloaded futures-sink v0.3.25
[INFO] [stderr]   Downloaded futures-executor v0.3.25
[INFO] [stderr]   Downloaded futures-channel v0.3.25
[INFO] [stderr]   Downloaded futures v0.3.25
[INFO] [stderr]   Downloaded ryu v1.0.12
[INFO] [stderr]   Downloaded serde v1.0.152
[INFO] [stderr]   Downloaded proc-macro2 v1.0.49
[INFO] [stderr]   Downloaded serde_json v1.0.91
[INFO] [stderr]   Downloaded futures-util v0.3.25
[INFO] [stderr]   Downloaded pin-project-lite v0.2.9
[INFO] [stderr]   Downloaded wasm-bindgen-futures v0.4.33
[INFO] [stderr]   Downloaded serde_derive v1.0.152
[INFO] [stderr]   Downloaded futures-core v0.3.25
[INFO] [stderr]   Downloaded syn v1.0.107
[INFO] [stderr]   Downloaded futures-io v0.3.25
[INFO] [stderr]   Downloaded futures-macro v0.3.25
[INFO] [stderr]   Downloaded futures-task v0.3.25
[INFO] [stderr]   Downloaded slab v0.4.7
[INFO] [stderr]   Downloaded serde-wasm-bindgen v0.4.5
[INFO] [stderr]   Downloaded itoa v1.0.5
[INFO] [stderr]   Downloaded quote v1.0.23
[INFO] [stderr]   Downloaded either v1.8.1
[INFO] running `Command { std: "docker" "create" "-v" "/var/lib/crater-agent-workspace/builds/worker-6-tc1/target:/opt/rustwide/target:rw,Z" "-v" "/var/lib/crater-agent-workspace/builds/worker-6-tc1/source:/opt/rustwide/workdir:ro,Z" "-v" "/var/lib/crater-agent-workspace/cargo-home:/opt/rustwide/cargo-home:ro,Z" "-v" "/var/lib/crater-agent-workspace/rustup-home:/opt/rustwide/rustup-home:ro,Z" "-e" "SOURCE_DIR=/opt/rustwide/workdir" "-e" "CARGO_TARGET_DIR=/opt/rustwide/target" "-e" "CARGO_HOME=/opt/rustwide/cargo-home" "-e" "RUSTUP_HOME=/opt/rustwide/rustup-home" "-w" "/opt/rustwide/workdir" "-m" "1610612736" "--user" "0:0" "--network" "none" "ghcr.io/rust-lang/crates-build-env/linux@sha256:3959728d45483eb673ba100a951a6b9f5012970368db2a9e08e0ac9b67c8a5ad" "/opt/rustwide/cargo-home/bin/cargo" "+1.85.0" "metadata" "--no-deps" "--format-version=1", kill_on_drop: false }`
[INFO] [stdout] 7116075d15839cd36c6aaf7fafaa1f577d75003aa490d619ae43fa715dce68be
[INFO] running `Command { std: "docker" "start" "-a" "7116075d15839cd36c6aaf7fafaa1f577d75003aa490d619ae43fa715dce68be", kill_on_drop: false }`
[INFO] running `Command { std: "docker" "inspect" "7116075d15839cd36c6aaf7fafaa1f577d75003aa490d619ae43fa715dce68be", kill_on_drop: false }`
[INFO] running `Command { std: "docker" "rm" "-f" "7116075d15839cd36c6aaf7fafaa1f577d75003aa490d619ae43fa715dce68be", kill_on_drop: false }`
[INFO] [stdout] 7116075d15839cd36c6aaf7fafaa1f577d75003aa490d619ae43fa715dce68be
[INFO] running `Command { std: "docker" "create" "-v" "/var/lib/crater-agent-workspace/builds/worker-6-tc1/target:/opt/rustwide/target:rw,Z" "-v" "/var/lib/crater-agent-workspace/builds/worker-6-tc1/source:/opt/rustwide/workdir:ro,Z" "-v" "/var/lib/crater-agent-workspace/cargo-home:/opt/rustwide/cargo-home:ro,Z" "-v" "/var/lib/crater-agent-workspace/rustup-home:/opt/rustwide/rustup-home:ro,Z" "-e" "SOURCE_DIR=/opt/rustwide/workdir" "-e" "CARGO_TARGET_DIR=/opt/rustwide/target" "-e" "CARGO_INCREMENTAL=0" "-e" "RUST_BACKTRACE=full" "-e" "RUSTFLAGS=--cap-lints=warn" "-e" "RUSTDOCFLAGS=--cap-lints=warn" "-e" "CARGO_HOME=/opt/rustwide/cargo-home" "-e" "RUSTUP_HOME=/opt/rustwide/rustup-home" "-w" "/opt/rustwide/workdir" "-m" "1610612736" "--user" "0:0" "--network" "none" "ghcr.io/rust-lang/crates-build-env/linux@sha256:3959728d45483eb673ba100a951a6b9f5012970368db2a9e08e0ac9b67c8a5ad" "/opt/rustwide/cargo-home/bin/cargo" "+1.85.0" "build" "--frozen" "--message-format=json", kill_on_drop: false }`
[INFO] [stdout] 60cad90597c91392664ff134a6365f987c61ad660ac5b4d02c34cb1ac3bdd0e5
[INFO] running `Command { std: "docker" "start" "-a" "60cad90597c91392664ff134a6365f987c61ad660ac5b4d02c34cb1ac3bdd0e5", kill_on_drop: false }`
[INFO] [stderr]    Compiling proc-macro2 v1.0.49
[INFO] [stderr]    Compiling syn v1.0.107
[INFO] [stderr]    Compiling serde v1.0.152
[INFO] [stderr]    Compiling once_cell v1.17.0
[INFO] [stderr]    Compiling serde_json v1.0.91
[INFO] [stderr]    Compiling wasm-bindgen v0.2.83
[INFO] [stderr]    Compiling log v0.4.17
[INFO] [stderr]    Compiling futures-core v0.3.25
[INFO] [stderr]    Compiling slab v0.4.7
[INFO] [stderr]    Compiling futures-task v0.3.25
[INFO] [stderr]    Compiling futures-channel v0.3.25
[INFO] [stderr]    Compiling futures-util v0.3.25
[INFO] [stderr]    Compiling memchr v2.5.0
[INFO] [stderr]    Compiling futures-sink v0.3.25
[INFO] [stderr]    Compiling futures-io v0.3.25
[INFO] [stderr]    Compiling pin-project-lite v0.2.9
[INFO] [stderr]    Compiling either v1.8.1
[INFO] [stderr]    Compiling itertools v0.10.5
[INFO] [stderr]    Compiling quote v1.0.23
[INFO] [stderr]    Compiling wasm-bindgen-backend v0.2.83
[INFO] [stderr]    Compiling serde_derive v1.0.152
[INFO] [stderr]    Compiling futures-macro v0.3.25
[INFO] [stderr]    Compiling derives v0.1.0 (/opt/rustwide/workdir/derives)
[INFO] [stderr]    Compiling wasm-bindgen-macro-support v0.2.83
[INFO] [stderr]    Compiling wasm-bindgen-macro v0.2.83
[INFO] [stderr]    Compiling futures-executor v0.3.25
[INFO] [stderr]    Compiling futures v0.3.25
[INFO] [stderr]    Compiling js-sys v0.3.60
[INFO] [stderr]    Compiling console_error_panic_hook v0.1.7
[INFO] [stderr]    Compiling wasm-bindgen-futures v0.4.33
[INFO] [stderr]    Compiling serde-wasm-bindgen v0.4.5
[INFO] [stderr]    Compiling web-sys v0.3.60
[INFO] [stderr]    Compiling plants-vs-zombies v0.1.0 (/opt/rustwide/workdir)
[INFO] [stdout] warning: unused imports: `Hover` and `Interval`
[INFO] [stdout]   --> src/sprite/mod.rs:11:65
[INFO] [stdout]    |
[INFO] [stdout] 11 |     Animate, BehaviorManager, Click, Collision, CollisionState, Hover, Interval, Scroll, Walk,
[INFO] [stdout]    |                                                                 ^^^^^  ^^^^^^^^
[INFO] [stdout]    |
[INFO] [stdout]    = note: `#[warn(unused_imports)]` on by default
[INFO] [stdout] 
[INFO] [stdout] 
[INFO] [stdout] warning: method `init_debug_mode` is never used
[INFO] [stdout]   --> src/game.rs:57:12
[INFO] [stdout]    |
[INFO] [stdout] 31 | impl Game {
[INFO] [stdout]    | --------- method in this implementation
[INFO] [stdout] ...
[INFO] [stdout] 57 |     pub fn init_debug_mode(&mut self, resource: Resources) {
[INFO] [stdout]    |            ^^^^^^^^^^^^^^^
[INFO] [stdout]    |
[INFO] [stdout]    = note: `#[warn(dead_code)]` on by default
[INFO] [stdout] 
[INFO] [stdout] 
[INFO] [stdout] warning: fields `right`, `top`, and `bottom` are never read
[INFO] [stdout]    --> src/model.rs:232:9
[INFO] [stdout]     |
[INFO] [stdout] 230 | pub struct CollisionMargin {
[INFO] [stdout]     |            --------------- fields in this struct
[INFO] [stdout] 231 |     pub left: usize,
[INFO] [stdout] 232 |     pub right: usize,
[INFO] [stdout]     |         ^^^^^
[INFO] [stdout] 233 |     pub top: usize,
[INFO] [stdout]     |         ^^^
[INFO] [stdout] 234 |     pub bottom: usize,
[INFO] [stdout]     |         ^^^^^^
[INFO] [stdout]     |
[INFO] [stdout]     = note: `CollisionMargin` has derived impls for the traits `Clone` and `Debug`, but these are intentionally ignored during dead code analysis
[INFO] [stdout] 
[INFO] [stdout] 
[INFO] [stdout] warning: fields `name` and `flag_num` are never read
[INFO] [stdout]    --> src/model.rs:334:9
[INFO] [stdout]     |
[INFO] [stdout] 333 | pub struct LevelData {
[INFO] [stdout]     |            --------- fields in this struct
[INFO] [stdout] 334 |     pub name: String,
[INFO] [stdout]     |         ^^^^
[INFO] [stdout] 335 |     pub flag_num: usize,
[INFO] [stdout]     |         ^^^^^^^^
[INFO] [stdout]     |
[INFO] [stdout]     = note: `LevelData` has derived impls for the traits `Clone` and `Debug`, but these are intentionally ignored during dead code analysis
[INFO] [stdout] 
[INFO] [stdout] 
[INFO] [stdout] warning: field `key` is never read
[INFO] [stdout]   --> src/resource_loader/mod.rs:22:9
[INFO] [stdout]    |
[INFO] [stdout] 21 | pub struct Resource {
[INFO] [stdout]    |            -------- field in this struct
[INFO] [stdout] 22 |     pub key: String,
[INFO] [stdout]    |         ^^^
[INFO] [stdout] 
[INFO] [stdout] 
[INFO] [stdout] warning: variant `Image` is never constructed
[INFO] [stdout]   --> src/resource_loader/model.rs:25:5
[INFO] [stdout]    |
[INFO] [stdout] 22 | pub enum ResourceDataType {
[INFO] [stdout]    |          ---------------- variant in this enum
[INFO] [stdout] ...
[INFO] [stdout] 25 |     Image,
[INFO] [stdout]    |     ^^^^^
[INFO] [stdout] 
[INFO] [stdout] 
[INFO] [stdout] warning: fields `name` and `last_collided` are never read
[INFO] [stdout]   --> src/sprite/behavior/collision/mod.rs:39:9
[INFO] [stdout]    |
[INFO] [stdout] 38 | pub struct Collision {
[INFO] [stdout]    |            --------- fields in this struct
[INFO] [stdout] 39 |     pub name: BehaviorType,
[INFO] [stdout]    |         ^^^^
[INFO] [stdout] ...
[INFO] [stdout] 43 |     pub last_collided: f64,
[INFO] [stdout]    |         ^^^^^^^^^^^^^
[INFO] [stdout] 
[INFO] [stdout] 
[INFO] [stdout] warning: variant `Stale` is never constructed
[INFO] [stdout]  --> src/sprite/behavior/collision/zombie.rs:9:5
[INFO] [stdout]   |
[INFO] [stdout] 8 | enum ZombieState {
[INFO] [stdout]   |      ----------- variant in this enum
[INFO] [stdout] 9 |     Stale = 0,
[INFO] [stdout]   |     ^^^^^
[INFO] [stdout]   |
[INFO] [stdout]   = note: `ZombieState` has a derived impl for the trait `Clone`, but this is intentionally ignored during dead code analysis
[INFO] [stdout] 
[INFO] [stdout] 
[INFO] [stdout] warning: field `interval` is never read
[INFO] [stdout]   --> src/sprite/behavior/interval.rs:13:9
[INFO] [stdout]    |
[INFO] [stdout] 11 | pub struct Interval {
[INFO] [stdout]    |            -------- field in this struct
[INFO] [stdout] 12 |     pub callback: Option<Callback>,
[INFO] [stdout] 13 |     pub interval: f64,
[INFO] [stdout]    |         ^^^^^^^^
[INFO] [stdout] 
[INFO] [stdout] 
[INFO] [stderr]     Finished `dev` profile [unoptimized + debuginfo] target(s) in 31.33s
[INFO] [stderr] warning: the following packages contain code that will be rejected by a future version of Rust: wasm-bindgen v0.2.83
[INFO] [stderr] note: to see what the problems were, use the option `--future-incompat-report`, or run `cargo report future-incompatibilities --id 3`
[INFO] running `Command { std: "docker" "inspect" "60cad90597c91392664ff134a6365f987c61ad660ac5b4d02c34cb1ac3bdd0e5", kill_on_drop: false }`
[INFO] running `Command { std: "docker" "rm" "-f" "60cad90597c91392664ff134a6365f987c61ad660ac5b4d02c34cb1ac3bdd0e5", kill_on_drop: false }`
[INFO] [stdout] 60cad90597c91392664ff134a6365f987c61ad660ac5b4d02c34cb1ac3bdd0e5
[INFO] running `Command { std: "docker" "create" "-v" "/var/lib/crater-agent-workspace/builds/worker-6-tc1/target:/opt/rustwide/target:rw,Z" "-v" "/var/lib/crater-agent-workspace/builds/worker-6-tc1/source:/opt/rustwide/workdir:ro,Z" "-v" "/var/lib/crater-agent-workspace/cargo-home:/opt/rustwide/cargo-home:ro,Z" "-v" "/var/lib/crater-agent-workspace/rustup-home:/opt/rustwide/rustup-home:ro,Z" "-e" "SOURCE_DIR=/opt/rustwide/workdir" "-e" "CARGO_TARGET_DIR=/opt/rustwide/target" "-e" "CARGO_INCREMENTAL=0" "-e" "RUST_BACKTRACE=full" "-e" "RUSTFLAGS=--cap-lints=warn" "-e" "RUSTDOCFLAGS=--cap-lints=warn" "-e" "CARGO_HOME=/opt/rustwide/cargo-home" "-e" "RUSTUP_HOME=/opt/rustwide/rustup-home" "-w" "/opt/rustwide/workdir" "-m" "1610612736" "--user" "0:0" "--network" "none" "ghcr.io/rust-lang/crates-build-env/linux@sha256:3959728d45483eb673ba100a951a6b9f5012970368db2a9e08e0ac9b67c8a5ad" "/opt/rustwide/cargo-home/bin/cargo" "+1.85.0" "test" "--frozen" "--no-run" "--message-format=json", kill_on_drop: false }`
[INFO] [stdout] cabdc68b8b94e6baee48547b68dfca23bb1b6db5271edc8e50abdfb94b5c959d
[INFO] running `Command { std: "docker" "start" "-a" "cabdc68b8b94e6baee48547b68dfca23bb1b6db5271edc8e50abdfb94b5c959d", kill_on_drop: false }`
[INFO] [stderr]    Compiling plants-vs-zombies v0.1.0 (/opt/rustwide/workdir)
[INFO] [stdout] warning: unused imports: `Hover` and `Interval`
[INFO] [stdout]   --> src/sprite/mod.rs:11:65
[INFO] [stdout]    |
[INFO] [stdout] 11 |     Animate, BehaviorManager, Click, Collision, CollisionState, Hover, Interval, Scroll, Walk,
[INFO] [stdout]    |                                                                 ^^^^^  ^^^^^^^^
[INFO] [stdout]    |
[INFO] [stdout]    = note: `#[warn(unused_imports)]` on by default
[INFO] [stdout] 
[INFO] [stdout] 
[INFO] [stdout] warning: method `init_debug_mode` is never used
[INFO] [stdout]   --> src/game.rs:57:12
[INFO] [stdout]    |
[INFO] [stdout] 31 | impl Game {
[INFO] [stdout]    | --------- method in this implementation
[INFO] [stdout] ...
[INFO] [stdout] 57 |     pub fn init_debug_mode(&mut self, resource: Resources) {
[INFO] [stdout]    |            ^^^^^^^^^^^^^^^
[INFO] [stdout]    |
[INFO] [stdout]    = note: `#[warn(dead_code)]` on by default
[INFO] [stdout] 
[INFO] [stdout] 
[INFO] [stdout] warning: fields `right`, `top`, and `bottom` are never read
[INFO] [stdout]    --> src/model.rs:232:9
[INFO] [stdout]     |
[INFO] [stdout] 230 | pub struct CollisionMargin {
[INFO] [stdout]     |            --------------- fields in this struct
[INFO] [stdout] 231 |     pub left: usize,
[INFO] [stdout] 232 |     pub right: usize,
[INFO] [stdout]     |         ^^^^^
[INFO] [stdout] 233 |     pub top: usize,
[INFO] [stdout]     |         ^^^
[INFO] [stdout] 234 |     pub bottom: usize,
[INFO] [stdout]     |         ^^^^^^
[INFO] [stdout]     |
[INFO] [stdout]     = note: `CollisionMargin` has derived impls for the traits `Clone` and `Debug`, but these are intentionally ignored during dead code analysis
[INFO] [stdout] 
[INFO] [stdout] 
[INFO] [stdout] warning: fields `name` and `flag_num` are never read
[INFO] [stdout]    --> src/model.rs:334:9
[INFO] [stdout]     |
[INFO] [stdout] 333 | pub struct LevelData {
[INFO] [stdout]     |            --------- fields in this struct
[INFO] [stdout] 334 |     pub name: String,
[INFO] [stdout]     |         ^^^^
[INFO] [stdout] 335 |     pub flag_num: usize,
[INFO] [stdout]     |         ^^^^^^^^
[INFO] [stdout]     |
[INFO] [stdout]     = note: `LevelData` has derived impls for the traits `Clone` and `Debug`, but these are intentionally ignored during dead code analysis
[INFO] [stdout] 
[INFO] [stdout] 
[INFO] [stdout] warning: field `key` is never read
[INFO] [stdout]   --> src/resource_loader/mod.rs:22:9
[INFO] [stdout]    |
[INFO] [stdout] 21 | pub struct Resource {
[INFO] [stdout]    |            -------- field in this struct
[INFO] [stdout] 22 |     pub key: String,
[INFO] [stdout]    |         ^^^
[INFO] [stdout] 
[INFO] [stdout] 
[INFO] [stdout] warning: variant `Image` is never constructed
[INFO] [stdout]   --> src/resource_loader/model.rs:25:5
[INFO] [stdout]    |
[INFO] [stdout] 22 | pub enum ResourceDataType {
[INFO] [stdout]    |          ---------------- variant in this enum
[INFO] [stdout] ...
[INFO] [stdout] 25 |     Image,
[INFO] [stdout]    |     ^^^^^
[INFO] [stdout] 
[INFO] [stdout] 
[INFO] [stdout] warning: fields `name` and `last_collided` are never read
[INFO] [stdout]   --> src/sprite/behavior/collision/mod.rs:39:9
[INFO] [stdout]    |
[INFO] [stdout] 38 | pub struct Collision {
[INFO] [stdout]    |            --------- fields in this struct
[INFO] [stdout] 39 |     pub name: BehaviorType,
[INFO] [stdout]    |         ^^^^
[INFO] [stdout] ...
[INFO] [stdout] 43 |     pub last_collided: f64,
[INFO] [stdout]    |         ^^^^^^^^^^^^^
[INFO] [stdout] 
[INFO] [stdout] 
[INFO] [stdout] warning: variant `Stale` is never constructed
[INFO] [stdout]  --> src/sprite/behavior/collision/zombie.rs:9:5
[INFO] [stdout]   |
[INFO] [stdout] 8 | enum ZombieState {
[INFO] [stdout]   |      ----------- variant in this enum
[INFO] [stdout] 9 |     Stale = 0,
[INFO] [stdout]   |     ^^^^^
[INFO] [stdout]   |
[INFO] [stdout]   = note: `ZombieState` has a derived impl for the trait `Clone`, but this is intentionally ignored during dead code analysis
[INFO] [stdout] 
[INFO] [stdout] 
[INFO] [stdout] warning: field `interval` is never read
[INFO] [stdout]   --> src/sprite/behavior/interval.rs:13:9
[INFO] [stdout]    |
[INFO] [stdout] 11 | pub struct Interval {
[INFO] [stdout]    |            -------- field in this struct
[INFO] [stdout] 12 |     pub callback: Option<Callback>,
[INFO] [stdout] 13 |     pub interval: f64,
[INFO] [stdout]    |         ^^^^^^^^
[INFO] [stdout] 
[INFO] [stdout] 
[INFO] [stdout] warning: unused imports: `Hover` and `Interval`
[INFO] [stdout]   --> src/sprite/mod.rs:11:65
[INFO] [stdout]    |
[INFO] [stdout] 11 |     Animate, BehaviorManager, Click, Collision, CollisionState, Hover, Interval, Scroll, Walk,
[INFO] [stdout]    |                                                                 ^^^^^  ^^^^^^^^
[INFO] [stdout]    |
[INFO] [stdout]    = note: `#[warn(unused_imports)]` on by default
[INFO] [stdout] 
[INFO] [stdout] 
[INFO] [stdout] warning: method `init_debug_mode` is never used
[INFO] [stdout]   --> src/game.rs:57:12
[INFO] [stdout]    |
[INFO] [stdout] 31 | impl Game {
[INFO] [stdout]    | --------- method in this implementation
[INFO] [stdout] ...
[INFO] [stdout] 57 |     pub fn init_debug_mode(&mut self, resource: Resources) {
[INFO] [stdout]    |            ^^^^^^^^^^^^^^^
[INFO] [stdout]    |
[INFO] [stdout]    = note: `#[warn(dead_code)]` on by default
[INFO] [stdout] 
[INFO] [stdout] 
[INFO] [stdout] warning: fields `right`, `top`, and `bottom` are never read
[INFO] [stdout]    --> src/model.rs:232:9
[INFO] [stdout]     |
[INFO] [stdout] 230 | pub struct CollisionMargin {
[INFO] [stdout]     |            --------------- fields in this struct
[INFO] [stdout] 231 |     pub left: usize,
[INFO] [stdout] 232 |     pub right: usize,
[INFO] [stdout]     |         ^^^^^
[INFO] [stdout] 233 |     pub top: usize,
[INFO] [stdout]     |         ^^^
[INFO] [stdout] 234 |     pub bottom: usize,
[INFO] [stdout]     |         ^^^^^^
[INFO] [stdout]     |
[INFO] [stdout]     = note: `CollisionMargin` has derived impls for the traits `Clone` and `Debug`, but these are intentionally ignored during dead code analysis
[INFO] [stdout] 
[INFO] [stdout] 
[INFO] [stdout] warning: fields `name` and `flag_num` are never read
[INFO] [stdout]    --> src/model.rs:334:9
[INFO] [stdout]     |
[INFO] [stdout] 333 | pub struct LevelData {
[INFO] [stdout]     |            --------- fields in this struct
[INFO] [stdout] 334 |     pub name: String,
[INFO] [stdout]     |         ^^^^
[INFO] [stdout] 335 |     pub flag_num: usize,
[INFO] [stdout]     |         ^^^^^^^^
[INFO] [stdout]     |
[INFO] [stdout]     = note: `LevelData` has derived impls for the traits `Clone` and `Debug`, but these are intentionally ignored during dead code analysis
[INFO] [stdout] 
[INFO] [stdout] 
[INFO] [stdout] warning: field `key` is never read
[INFO] [stdout]   --> src/resource_loader/mod.rs:22:9
[INFO] [stdout]    |
[INFO] [stdout] 21 | pub struct Resource {
[INFO] [stdout]    |            -------- field in this struct
[INFO] [stdout] 22 |     pub key: String,
[INFO] [stdout]    |         ^^^
[INFO] [stdout] 
[INFO] [stdout] 
[INFO] [stdout] warning: variant `Image` is never constructed
[INFO] [stdout]   --> src/resource_loader/model.rs:25:5
[INFO] [stdout]    |
[INFO] [stdout] 22 | pub enum ResourceDataType {
[INFO] [stdout]    |          ---------------- variant in this enum
[INFO] [stdout] ...
[INFO] [stdout] 25 |     Image,
[INFO] [stdout]    |     ^^^^^
[INFO] [stdout] 
[INFO] [stdout] 
[INFO] [stdout] warning: fields `name` and `last_collided` are never read
[INFO] [stdout]   --> src/sprite/behavior/collision/mod.rs:39:9
[INFO] [stdout]    |
[INFO] [stdout] 38 | pub struct Collision {
[INFO] [stdout]    |            --------- fields in this struct
[INFO] [stdout] 39 |     pub name: BehaviorType,
[INFO] [stdout]    |         ^^^^
[INFO] [stdout] ...
[INFO] [stdout] 43 |     pub last_collided: f64,
[INFO] [stdout]    |         ^^^^^^^^^^^^^
[INFO] [stdout] 
[INFO] [stdout] 
[INFO] [stdout] warning: variant `Stale` is never constructed
[INFO] [stdout]  --> src/sprite/behavior/collision/zombie.rs:9:5
[INFO] [stdout]   |
[INFO] [stdout] 8 | enum ZombieState {
[INFO] [stdout]   |      ----------- variant in this enum
[INFO] [stdout] 9 |     Stale = 0,
[INFO] [stdout]   |     ^^^^^
[INFO] [stdout]   |
[INFO] [stdout]   = note: `ZombieState` has a derived impl for the trait `Clone`, but this is intentionally ignored during dead code analysis
[INFO] [stdout] 
[INFO] [stdout] 
[INFO] [stdout] warning: field `interval` is never read
[INFO] [stdout]   --> src/sprite/behavior/interval.rs:13:9
[INFO] [stdout]    |
[INFO] [stdout] 11 | pub struct Interval {
[INFO] [stdout]    |            -------- field in this struct
[INFO] [stdout] 12 |     pub callback: Option<Callback>,
[INFO] [stdout] 13 |     pub interval: f64,
[INFO] [stdout]    |         ^^^^^^^^
[INFO] [stdout] 
[INFO] [stdout] 
[INFO] [stderr]     Finished `test` profile [unoptimized + debuginfo] target(s) in 1.23s
[INFO] [stderr] warning: the following packages contain code that will be rejected by a future version of Rust: wasm-bindgen v0.2.83
[INFO] [stderr] note: to see what the problems were, use the option `--future-incompat-report`, or run `cargo report future-incompatibilities --id 3`
[INFO] running `Command { std: "docker" "inspect" "cabdc68b8b94e6baee48547b68dfca23bb1b6db5271edc8e50abdfb94b5c959d", kill_on_drop: false }`
[INFO] running `Command { std: "docker" "rm" "-f" "cabdc68b8b94e6baee48547b68dfca23bb1b6db5271edc8e50abdfb94b5c959d", kill_on_drop: false }`
[INFO] [stdout] cabdc68b8b94e6baee48547b68dfca23bb1b6db5271edc8e50abdfb94b5c959d
[INFO] running `Command { std: "docker" "create" "-v" "/var/lib/crater-agent-workspace/builds/worker-6-tc1/target:/opt/rustwide/target:rw,Z" "-v" "/var/lib/crater-agent-workspace/builds/worker-6-tc1/source:/opt/rustwide/workdir:ro,Z" "-v" "/var/lib/crater-agent-workspace/cargo-home:/opt/rustwide/cargo-home:ro,Z" "-v" "/var/lib/crater-agent-workspace/rustup-home:/opt/rustwide/rustup-home:ro,Z" "-e" "SOURCE_DIR=/opt/rustwide/workdir" "-e" "CARGO_TARGET_DIR=/opt/rustwide/target" "-e" "CARGO_INCREMENTAL=0" "-e" "RUST_BACKTRACE=full" "-e" "RUSTFLAGS=--cap-lints=warn" "-e" "RUSTDOCFLAGS=--cap-lints=warn" "-e" "CARGO_HOME=/opt/rustwide/cargo-home" "-e" "RUSTUP_HOME=/opt/rustwide/rustup-home" "-w" "/opt/rustwide/workdir" "-m" "1610612736" "--user" "0:0" "--network" "none" "ghcr.io/rust-lang/crates-build-env/linux@sha256:3959728d45483eb673ba100a951a6b9f5012970368db2a9e08e0ac9b67c8a5ad" "/opt/rustwide/cargo-home/bin/cargo" "+1.85.0" "test" "--frozen", kill_on_drop: false }`
[INFO] [stdout] cb0102ead27c28f934f7584d8f4fedfdd12693771ee6fe316af969f3b4e96122
[INFO] running `Command { std: "docker" "start" "-a" "cb0102ead27c28f934f7584d8f4fedfdd12693771ee6fe316af969f3b4e96122", kill_on_drop: false }`
[INFO] [stderr] warning: unused imports: `Hover` and `Interval`
[INFO] [stderr]   --> src/sprite/mod.rs:11:65
[INFO] [stderr]    |
[INFO] [stderr] 11 |     Animate, BehaviorManager, Click, Collision, CollisionState, Hover, Interval, Scroll, Walk,
[INFO] [stderr]    |                                                                 ^^^^^  ^^^^^^^^
[INFO] [stderr]    |
[INFO] [stderr]    = note: `#[warn(unused_imports)]` on by default
[INFO] [stderr] 
[INFO] [stderr] warning: method `init_debug_mode` is never used
[INFO] [stderr]   --> src/game.rs:57:12
[INFO] [stderr]    |
[INFO] [stderr] 31 | impl Game {
[INFO] [stderr]    | --------- method in this implementation
[INFO] [stderr] ...
[INFO] [stderr] 57 |     pub fn init_debug_mode(&mut self, resource: Resources) {
[INFO] [stderr]    |            ^^^^^^^^^^^^^^^
[INFO] [stderr]    |
[INFO] [stderr]    = note: `#[warn(dead_code)]` on by default
[INFO] [stderr] 
[INFO] [stderr] warning: fields `right`, `top`, and `bottom` are never read
[INFO] [stderr]    --> src/model.rs:232:9
[INFO] [stderr]     |
[INFO] [stderr] 230 | pub struct CollisionMargin {
[INFO] [stderr]     |            --------------- fields in this struct
[INFO] [stderr] 231 |     pub left: usize,
[INFO] [stderr] 232 |     pub right: usize,
[INFO] [stderr]     |         ^^^^^
[INFO] [stderr] 233 |     pub top: usize,
[INFO] [stderr]     |         ^^^
[INFO] [stderr] 234 |     pub bottom: usize,
[INFO] [stderr]     |         ^^^^^^
[INFO] [stderr]     |
[INFO] [stderr]     = note: `CollisionMargin` has derived impls for the traits `Clone` and `Debug`, but these are intentionally ignored during dead code analysis
[INFO] [stderr] 
[INFO] [stderr] warning: fields `name` and `flag_num` are never read
[INFO] [stderr]    --> src/model.rs:334:9
[INFO] [stderr]     |
[INFO] [stderr] 333 | pub struct LevelData {
[INFO] [stderr]     |            --------- fields in this struct
[INFO] [stderr] 334 |     pub name: String,
[INFO] [stderr]     |         ^^^^
[INFO] [stderr] 335 |     pub flag_num: usize,
[INFO] [stderr]     |         ^^^^^^^^
[INFO] [stderr]     |
[INFO] [stderr]     = note: `LevelData` has derived impls for the traits `Clone` and `Debug`, but these are intentionally ignored during dead code analysis
[INFO] [stderr] 
[INFO] [stderr] warning: field `key` is never read
[INFO] [stderr]   --> src/resource_loader/mod.rs:22:9
[INFO] [stderr]    |
[INFO] [stderr] 21 | pub struct Resource {
[INFO] [stderr]    |            -------- field in this struct
[INFO] [stderr] 22 |     pub key: String,
[INFO] [stderr]    |         ^^^
[INFO] [stderr] 
[INFO] [stderr] warning: variant `Image` is never constructed
[INFO] [stderr]   --> src/resource_loader/model.rs:25:5
[INFO] [stderr]    |
[INFO] [stderr] 22 | pub enum ResourceDataType {
[INFO] [stderr]    |          ---------------- variant in this enum
[INFO] [stderr] ...
[INFO] [stderr] 25 |     Image,
[INFO] [stderr]    |     ^^^^^
[INFO] [stderr] 
[INFO] [stderr] warning: fields `name` and `last_collided` are never read
[INFO] [stderr]   --> src/sprite/behavior/collision/mod.rs:39:9
[INFO] [stderr]    |
[INFO] [stderr] 38 | pub struct Collision {
[INFO] [stderr]    |            --------- fields in this struct
[INFO] [stderr] 39 |     pub name: BehaviorType,
[INFO] [stderr]    |         ^^^^
[INFO] [stderr] ...
[INFO] [stderr] 43 |     pub last_collided: f64,
[INFO] [stderr]    |         ^^^^^^^^^^^^^
[INFO] [stderr] 
[INFO] [stderr] warning: variant `Stale` is never constructed
[INFO] [stderr]  --> src/sprite/behavior/collision/zombie.rs:9:5
[INFO] [stderr]   |
[INFO] [stderr] 8 | enum ZombieState {
[INFO] [stderr]   |      ----------- variant in this enum
[INFO] [stderr] 9 |     Stale = 0,
[INFO] [stderr]   |     ^^^^^
[INFO] [stderr]   |
[INFO] [stderr]   = note: `ZombieState` has a derived impl for the trait `Clone`, but this is intentionally ignored during dead code analysis
[INFO] [stderr] 
[INFO] [stderr] warning: field `interval` is never read
[INFO] [stderr]   --> src/sprite/behavior/interval.rs:13:9
[INFO] [stderr]    |
[INFO] [stderr] 11 | pub struct Interval {
[INFO] [stderr]    |            -------- field in this struct
[INFO] [stderr] 12 |     pub callback: Option<Callback>,
[INFO] [stderr] 13 |     pub interval: f64,
[INFO] [stderr]    |         ^^^^^^^^
[INFO] [stderr] 
[INFO] [stderr] warning: `plants-vs-zombies` (lib) generated 9 warnings (run `cargo fix --lib -p plants-vs-zombies` to apply 1 suggestion)
[INFO] [stderr] warning: `plants-vs-zombies` (lib test) generated 9 warnings (9 duplicates)
[INFO] [stderr]     Finished `test` profile [unoptimized + debuginfo] target(s) in 0.06s
[INFO] [stderr] warning: the following packages contain code that will be rejected by a future version of Rust: wasm-bindgen v0.2.83
[INFO] [stderr] note: to see what the problems were, use the option `--future-incompat-report`, or run `cargo report future-incompatibilities --id 3`
[INFO] [stderr]      Running unittests src/lib.rs (/opt/rustwide/target/debug/deps/plants_vs_zombies-3cfb8753a02297d0)
[INFO] [stdout] 
[INFO] [stdout] running 0 tests
[INFO] [stdout] 
[INFO] [stdout] test result: ok. 0 passed; 0 failed; 0 ignored; 0 measured; 0 filtered out; finished in 0.00s
[INFO] [stdout] 
[INFO] [stderr]    Doc-tests plants_vs_zombies
[INFO] [stdout] 
[INFO] [stdout] running 1 test
[INFO] [stdout] test src/resource_loader/image.rs - resource_loader::image::ImageFuture (line 15) ... FAILED
[INFO] [stdout] 
[INFO] [stdout] failures:
[INFO] [stdout] 
[INFO] [stdout] ---- src/resource_loader/image.rs - resource_loader::image::ImageFuture (line 15) stdout ----
[INFO] [stdout] error[E0728]: `await` is only allowed inside `async` functions and blocks
[INFO] [stdout]  --> src/resource_loader/image.rs:16:57
[INFO] [stdout]   |
[INFO] [stdout] 2 | fn main() { #[allow(non_snake_case)] fn _doctest_main_src_resource_loader_image_rs_15_0() {
[INFO] [stdout]   |                                      ---------------------------------------------------- this is not `async`
[INFO] [stdout] 3 | let image = ImageFuture::new("assets/sprite_sheet.png").await;
[INFO] [stdout]   |                                                         ^^^^^ only allowed inside `async` functions and blocks
[INFO] [stdout] 
[INFO] [stdout] error[E0433]: failed to resolve: use of undeclared type `ImageFuture`
[INFO] [stdout]  --> src/resource_loader/image.rs:16:13
[INFO] [stdout]   |
[INFO] [stdout] 3 | let image = ImageFuture::new("assets/sprite_sheet.png").await;
[INFO] [stdout]   |             ^^^^^^^^^^^ use of undeclared type `ImageFuture`
[INFO] [stdout] 
[INFO] [stdout] error: aborting due to 2 previous errors
[INFO] [stdout] 
[INFO] [stdout] Some errors have detailed explanations: E0433, E0728.
[INFO] [stdout] For more information about an error, try `rustc --explain E0433`.
[INFO] [stdout] Couldn't compile the test.
[INFO] [stdout] 
[INFO] [stdout] failures:
[INFO] [stdout]     src/resource_loader/image.rs - resource_loader::image::ImageFuture (line 15)
[INFO] [stdout] 
[INFO] [stdout] test result: FAILED. 0 passed; 1 failed; 0 ignored; 0 measured; 0 filtered out; finished in 0.12s
[INFO] [stdout] 
[INFO] [stderr] error: doctest failed, to rerun pass `--doc`
[INFO] running `Command { std: "docker" "inspect" "cb0102ead27c28f934f7584d8f4fedfdd12693771ee6fe316af969f3b4e96122", kill_on_drop: false }`
[INFO] running `Command { std: "docker" "rm" "-f" "cb0102ead27c28f934f7584d8f4fedfdd12693771ee6fe316af969f3b4e96122", kill_on_drop: false }`
[INFO] [stdout] cb0102ead27c28f934f7584d8f4fedfdd12693771ee6fe316af969f3b4e96122
