[INFO] cloning repository https://github.com/filiplazovic/eigen-trust
[INFO] running `Command { std: "git" "-c" "credential.helper=" "-c" "credential.helper=/workspace/cargo-home/bin/git-credential-null" "clone" "--bare" "https://github.com/filiplazovic/eigen-trust" "/workspace/cache/git-repos/https%3A%2F%2Fgithub.com%2Ffiliplazovic%2Feigen-trust", kill_on_drop: false }`
[INFO] [stderr] Cloning into bare repository '/workspace/cache/git-repos/https%3A%2F%2Fgithub.com%2Ffiliplazovic%2Feigen-trust'...
[INFO] running `Command { std: "git" "rev-parse" "HEAD", kill_on_drop: false }`
[INFO] [stdout] 9e3dd493b6d6ff418d047874c2af1a3361f3cb25
[INFO] testing filiplazovic/eigen-trust against 1.85.0 for beta-1.86-3
[INFO] running `Command { std: "git" "clone" "/workspace/cache/git-repos/https%3A%2F%2Fgithub.com%2Ffiliplazovic%2Feigen-trust" "/workspace/builds/worker-2-tc1/source", kill_on_drop: false }`
[INFO] [stderr] Cloning into '/workspace/builds/worker-2-tc1/source'...
[INFO] [stderr] done.
[INFO] validating manifest of git repo https://github.com/filiplazovic/eigen-trust on toolchain 1.85.0
[INFO] running `Command { std: CARGO_HOME="/workspace/cargo-home" RUSTUP_HOME="/workspace/rustup-home" "/workspace/cargo-home/bin/cargo" "+1.85.0" "metadata" "--manifest-path" "Cargo.toml" "--no-deps", kill_on_drop: false }`
[INFO] removed /workspace/builds/worker-2-tc1/source/rust-toolchain.toml
[INFO] started tweaking git repo https://github.com/filiplazovic/eigen-trust
[INFO] finished tweaking git repo https://github.com/filiplazovic/eigen-trust
[INFO] tweaked toml for git repo https://github.com/filiplazovic/eigen-trust written to /workspace/builds/worker-2-tc1/source/Cargo.toml
[INFO] crate git repo https://github.com/filiplazovic/eigen-trust already has a lockfile, it will not be regenerated
[INFO] running `Command { std: CARGO_HOME="/workspace/cargo-home" RUSTUP_HOME="/workspace/rustup-home" "/workspace/cargo-home/bin/cargo" "+1.85.0" "fetch" "--manifest-path" "Cargo.toml", kill_on_drop: false }`
[INFO] [stderr] warning: virtual workspace defaulting to `resolver = "1"` despite one or more workspace members being on edition 2021 which implies `resolver = "2"`
[INFO] [stderr] note: to keep the current resolver, specify `workspace.resolver = "1"` in the workspace root's manifest
[INFO] [stderr] note: to use the edition 2021 resolver, specify `workspace.resolver = "2"` in the workspace root's manifest
[INFO] [stderr] note: for more details see https://doc.rust-lang.org/cargo/reference/resolver.html#resolver-versions
[INFO] [stderr]     Updating crates.io index
[INFO] [stderr]     Updating git repository `https://github.com/privacy-scaling-explorations/halo2`
[INFO] [stderr]     Updating git repository `https://github.com/privacy-scaling-explorations/snark-verifier`
[INFO] [stderr]     Updating git repository `https://github.com/privacy-scaling-explorations/halo2curves`
[INFO] [stderr]     Blocking waiting for file lock on package cache
[INFO] [stderr]  Downloading crates ...
[INFO] [stderr]   Downloaded backtrace v0.3.68
[INFO] [stderr]   Downloaded ethers v2.0.8
[INFO] [stderr]   Downloaded anstyle v1.0.1
[INFO] [stderr]   Downloaded dotenv v0.15.0
[INFO] [stderr]   Downloaded clap_lex v0.5.0
[INFO] [stderr]   Downloaded errno-dragonfly v0.1.2
[INFO] [stderr]   Downloaded ethereum-types v0.14.1
[INFO] [stderr]   Downloaded open-fastrlp-derive v0.1.1
[INFO] [stderr]   Downloaded strum v0.25.0
[INFO] [stderr]   Downloaded sha1 v0.10.5
[INFO] [stderr]   Downloaded tokio-native-tls v0.3.1
[INFO] [stderr]   Downloaded scale-info-derive v2.9.0
[INFO] [stderr]   Downloaded fs2 v0.4.3
[INFO] [stderr]   Downloaded clap v4.3.11
[INFO] [stderr]   Downloaded ethbloom v0.13.0
[INFO] [stderr]   Downloaded float-ord v0.2.0
[INFO] [stderr]   Downloaded const-cstr v0.3.0
[INFO] [stderr]   Downloaded freetype v0.7.0
[INFO] [stderr]   Downloaded solang-parser v0.3.1
[INFO] [stderr]   Downloaded wio v0.2.2
[INFO] [stderr]   Downloaded equivalent v1.0.0
[INFO] [stderr]   Downloaded ethers-solc v2.0.8
[INFO] [stderr]   Downloaded core-text v19.2.0
[INFO] [stderr]   Downloaded plotters-bitmap v0.3.3
[INFO] [stderr]   Downloaded blake2b_simd v1.0.1
[INFO] [stderr]   Downloaded pasta_curves v0.5.1
[INFO] [stderr]   Downloaded secp256k1 v0.24.3
[INFO] [stderr]   Downloaded revm v2.3.1
[INFO] [stderr]   Downloaded pest v2.7.0
[INFO] [stderr]   Downloaded rustls v0.21.3
[INFO] [stderr]   Downloaded png v0.17.9
[INFO] [stderr]   Downloaded regex-syntax v0.7.3
[INFO] [stderr]   Downloaded ttf-parser v0.17.1
[INFO] [stderr]   Downloaded rustix v0.38.3
[INFO] [stderr]   Downloaded rustix v0.37.23
[INFO] [stderr]   Downloaded bitvec v0.17.4
[INFO] [stderr]   Downloaded webpki-roots v0.23.1
[INFO] [stderr]   Downloaded image v0.24.6
[INFO] [stderr]   Downloaded der v0.7.7
[INFO] [stderr]   Downloaded k256 v0.13.1
[INFO] [stderr]   Downloaded regex v1.9.0
[INFO] [stderr]   Downloaded gimli v0.27.3
[INFO] [stderr]   Downloaded tungstenite v0.19.0
[INFO] [stderr]   Downloaded rustls-webpki v0.100.1
[INFO] [stderr]   Downloaded pin-project v1.1.2
[INFO] [stderr]   Downloaded ethers-providers v2.0.8
[INFO] [stderr]   Downloaded regex-automata v0.3.0
[INFO] [stderr]   Downloaded bzip2-sys v0.1.11+1.0.8
[INFO] [stderr]   Downloaded tokio v1.29.1
[INFO] [stderr]   Downloaded coins-bip39 v0.8.6
[INFO] [stderr]   Downloaded impl-serde v0.4.0
[INFO] [stderr]   Downloaded idna v0.4.0
[INFO] [stderr]   Downloaded prettyplease v0.2.12
[INFO] [stderr]   Downloaded zstd-sys v2.0.8+zstd.1.5.5
[INFO] [stderr]   Downloaded crypto-bigint v0.5.2
[INFO] [stderr]   Downloaded elliptic-curve v0.13.5
[INFO] [stderr]   Downloaded derive_more v0.99.17
[INFO] [stderr]   Downloaded hashers v1.0.1
[INFO] [stderr]   Downloaded parity-scale-codec v3.6.3
[INFO] [stderr]   Downloaded clap_builder v4.3.11
[INFO] [stderr]   Downloaded lalrpop v0.20.0
[INFO] [stderr]   Downloaded openssl v0.10.55
[INFO] [stderr]   Downloaded csv v1.2.2
[INFO] [stderr]   Downloaded object v0.31.1
[INFO] [stderr]   Downloaded syn v2.0.23
[INFO] [stderr]   Downloaded linux-raw-sys v0.3.8
[INFO] [stderr]   Downloaded num-complex v0.4.3
[INFO] [stderr]   Downloaded substrate-bn v0.6.0
[INFO] [stderr]   Downloaded eyre v0.6.8
[INFO] [stderr]   Downloaded toml v0.7.6
[INFO] [stderr]   Downloaded ethers-etherscan v2.0.8
[INFO] [stderr]   Downloaded async-trait v0.1.71
[INFO] [stderr]   Downloaded revm_precompiles v1.1.2
[INFO] [stderr]   Downloaded linux-raw-sys v0.4.3
[INFO] [stderr]   Downloaded ethers-contract-abigen v2.0.8
[INFO] [stderr]   Downloaded ethers-middleware v2.0.8
[INFO] [stderr]   Downloaded enr v0.8.1
[INFO] [stderr]   Downloaded tokio-tungstenite v0.19.0
[INFO] [stderr]   Downloaded pin-project-internal v1.1.2
[INFO] [stderr]   Downloaded ws_stream_wasm v0.7.4
[INFO] [stderr]   Downloaded camino v1.1.4
[INFO] [stderr]   Downloaded auto_impl v1.1.0
[INFO] [stderr]   Downloaded futures-executor v0.3.28
[INFO] [stderr]   Downloaded pharos v0.5.3
[INFO] [stderr]   Downloaded coins-core v0.8.3
[INFO] [stderr]   Downloaded dunce v1.0.4
[INFO] [stderr]   Downloaded cargo-platform v0.1.2
[INFO] [stderr]   Downloaded iana-time-zone v0.1.57
[INFO] [stderr]   Downloaded ethabi v18.0.0
[INFO] [stderr]   Downloaded rfc6979 v0.4.0
[INFO] [stderr]   Downloaded ecdsa v0.16.8
[INFO] [stderr]   Downloaded pkcs8 v0.10.2
[INFO] [stderr]   Downloaded signature v2.1.0
[INFO] [stderr]   Downloaded wyz v0.5.1
[INFO] [stderr]   Downloaded impl-trait-for-tuples v0.2.2
[INFO] [stderr]   Downloaded anstyle-parse v0.2.1
[INFO] [stderr]   Downloaded anstyle-wincon v1.0.1
[INFO] [stderr]   Downloaded anstream v0.3.2
[INFO] [stderr]   Downloaded clap_derive v4.3.2
[INFO] [stderr]   Downloaded csv-core v0.1.10
[INFO] [stderr]   Downloaded petgraph v0.6.3
[INFO] [stderr]   Downloaded hyper v0.14.27
[INFO] [stderr]   Downloaded pathfinder_simd v0.5.1
[INFO] [stderr]   Downloaded pathfinder_geometry v0.5.1
[INFO] [stderr]   Downloaded paste v1.0.13
[INFO] [stderr]   Downloaded num v0.4.0
[INFO] [stderr]   Downloaded ethers-contract-derive v2.0.8
[INFO] [stderr]   Downloaded ethers-contract v2.0.8
[INFO] [stderr]   Downloaded futures-locks v0.7.1
[INFO] [stderr]   Downloaded data-encoding v2.4.0
[INFO] [stderr]   Downloaded async_io_stream v0.3.3
[INFO] [stderr]   Downloaded send_wrapper v0.6.0
[INFO] [stderr]   Downloaded bech32 v0.7.3
[INFO] [stderr]   Downloaded ripemd v0.1.3
[INFO] [stderr]   Downloaded coins-bip32 v0.8.3
[INFO] [stderr]   Downloaded pbkdf2 v0.12.2
[INFO] [stderr]   Downloaded ctr v0.9.2
[INFO] [stderr]   Downloaded scrypt v0.10.0
[INFO] [stderr]   Downloaded eth-keystore v0.5.0
[INFO] [stderr]   Downloaded ethers-signers v2.0.8
[INFO] [stderr]   Downloaded cargo_metadata v0.15.4
[INFO] [stderr]   Downloaded ff v0.13.0
[INFO] [stderr]   Downloaded group v0.13.0
[INFO] [stderr]   Downloaded base16ct v0.2.0
[INFO] [stderr]   Downloaded freetype-sys v0.13.1
[INFO] [stderr]   Downloaded spki v0.7.2
[INFO] [stderr]   Downloaded sec1 v0.7.3
[INFO] [stderr]   Downloaded fixed-hash v0.8.0
[INFO] [stderr]   Downloaded parity-scale-codec-derive v3.6.3
[INFO] [stderr]   Downloaded ethers-core v2.0.8
[INFO] [stderr]   Downloaded h2 v0.3.20
[INFO] [stderr]   Downloaded rustls-webpki v0.101.1
[INFO] [stderr]   Downloaded serde_json v1.0.100
[INFO] [stderr]   Downloaded winnow v0.4.8
[INFO] [stderr]   Downloaded yeslogic-fontconfig-sys v3.2.0
[INFO] [stderr]   Downloaded ethers-addressbook v2.0.8
[INFO] [stderr]   Downloaded indenter v0.3.3
[INFO] [stderr]   Downloaded radium v0.3.0
[INFO] [stderr]   Downloaded impl-rlp v0.3.0
[INFO] [stderr]   Downloaded aes v0.8.3
[INFO] [stderr]   Downloaded time v0.3.24
[INFO] [stderr]   Downloaded libloading v0.8.0
[INFO] [stderr]   Downloaded font-kit v0.11.0
[INFO] [stderr]   Downloaded toml_edit v0.19.12
[INFO] [stderr]   Downloaded zip v0.6.6
[INFO] [stderr]   Downloaded security-framework v2.9.1
[INFO] [stderr]   Downloaded url v2.4.0
[INFO] [stderr]   Downloaded serde v1.0.167
[INFO] [stderr]   Downloaded blake v2.0.2
[INFO] [stderr]   Downloaded flate2 v1.0.26
[INFO] [stderr]   Downloaded const-oid v0.9.3
[INFO] [stderr]   Downloaded openssl-sys v0.9.90
[INFO] [stderr]   Downloaded serde_derive v1.0.167
[INFO] [stderr]   Downloaded dwrote v0.11.0
[INFO] [stderr]   Downloaded cmake v0.1.50
[INFO] [stderr]   Downloaded serde_spanned v0.6.3
[INFO] [stderr]   Downloaded diff v0.1.13
[INFO] [stderr]   Downloaded bitflags v2.3.3
[INFO] [stderr]   Downloaded term v0.7.0
[INFO] [stderr]   Downloaded bzip2 v0.4.4
[INFO] [stderr]   Downloaded base64ct v1.6.0
[INFO] [stderr]   Downloaded password-hash v0.4.2
[INFO] [stderr]   Downloaded secp256k1-sys v0.6.1
[INFO] [stderr]   Downloaded tiny-keccak v2.0.2
[INFO] [stderr]   Downloaded hyper-rustls v0.24.1
[INFO] [stderr]   Downloaded tracing-attributes v0.1.26
[INFO] [stderr]   Downloaded ipnet v2.8.0
[INFO] [stderr]   Downloaded schannel v0.1.22
[INFO] [stderr]   Downloaded tempfile v3.6.0
[INFO] [stderr]   Downloaded native-tls v0.2.11
[INFO] [stderr]   Downloaded tokio-rustls v0.24.1
[INFO] [stderr]   Downloaded itoa v1.0.8
[INFO] [stderr]   Downloaded ryu v1.0.14
[INFO] [stderr]   Downloaded addr2line v0.20.0
[INFO] [stderr]   Downloaded pin-project-lite v0.2.10
[INFO] [stderr]   Downloaded impl-codec v0.6.0
[INFO] [stderr]   Downloaded primitive-types v0.12.1
[INFO] [stderr]   Downloaded byte-slice-cast v1.2.2
[INFO] [stderr]   Downloaded scale-info v2.9.0
[INFO] [stderr]   Downloaded open-fastrlp v0.1.4
[INFO] [stderr]   Downloaded rustc-hex v2.1.0
[INFO] [stderr]   Downloaded rlp v0.5.2
[INFO] [stderr]   Downloaded strum_macros v0.25.1
[INFO] [stderr]   Downloaded path-slash v0.2.1
[INFO] [stderr]   Downloaded ascii-canvas v3.0.0
[INFO] [stderr]   Downloaded ena v0.14.2
[INFO] [stderr]   Downloaded string_cache v0.8.7
[INFO] [stderr]   Downloaded dirs-next v2.0.0
[INFO] [stderr]   Downloaded lalrpop-util v0.20.0
[INFO] [stderr]   Downloaded phf_shared v0.11.2
[INFO] [stderr]   Downloaded phf v0.11.2
[INFO] [stderr]   Downloaded home v0.5.5
[INFO] [stderr]   Downloaded zeroize v1.6.0
[INFO] [stderr]   Downloaded thiserror v1.0.43
[INFO] [stderr]   Downloaded io-lifetimes v1.0.11
[INFO] [stderr]   Downloaded form_urlencoded v1.2.0
[INFO] [stderr]   Downloaded dirs-sys-next v0.1.2
[INFO] [stderr]   Downloaded rustversion v1.0.13
[INFO] [stderr]   Downloaded phf_generator v0.11.2
[INFO] [stderr]   Downloaded rustls-pemfile v1.0.3
[INFO] [stderr]   Downloaded errno v0.3.1
[INFO] [stderr]   Downloaded simd-adler32 v0.3.5
[INFO] [stderr]   Downloaded deranged v0.3.6
[INFO] [stderr]   Downloaded walkdir v2.3.3
[INFO] [stderr]   Downloaded security-framework-sys v2.9.0
[INFO] [stderr]   Downloaded phf_macros v0.11.2
[INFO] [stderr]   Downloaded svm-rs v0.2.23
[INFO] [stderr]   Downloaded thiserror-impl v1.0.43
[INFO] [stderr]   Downloaded tokio-macros v2.1.0
[INFO] [stderr]   Downloaded new_debug_unreachable v1.0.4
[INFO] [stderr]   Downloaded rlp-derive v0.1.0
[INFO] [stderr]   Downloaded precomputed-hash v0.1.1
[INFO] [stderr]   Downloaded unicode-ident v1.0.10
[INFO] running `Command { std: "docker" "create" "-v" "/var/lib/crater-agent-workspace/builds/worker-2-tc1/target:/opt/rustwide/target:rw,Z" "-v" "/var/lib/crater-agent-workspace/builds/worker-2-tc1/source:/opt/rustwide/workdir:ro,Z" "-v" "/var/lib/crater-agent-workspace/cargo-home:/opt/rustwide/cargo-home:ro,Z" "-v" "/var/lib/crater-agent-workspace/rustup-home:/opt/rustwide/rustup-home:ro,Z" "-e" "SOURCE_DIR=/opt/rustwide/workdir" "-e" "CARGO_TARGET_DIR=/opt/rustwide/target" "-e" "CARGO_HOME=/opt/rustwide/cargo-home" "-e" "RUSTUP_HOME=/opt/rustwide/rustup-home" "-w" "/opt/rustwide/workdir" "-m" "1610612736" "--user" "0:0" "--network" "none" "ghcr.io/rust-lang/crates-build-env/linux@sha256:3959728d45483eb673ba100a951a6b9f5012970368db2a9e08e0ac9b67c8a5ad" "/opt/rustwide/cargo-home/bin/cargo" "+1.85.0" "metadata" "--no-deps" "--format-version=1", kill_on_drop: false }`
[INFO] [stdout] 16455062b0031a4c5dfd89c602dc5be237f3d65333e2ad1444edad443bcc1c50
[INFO] running `Command { std: "docker" "start" "-a" "16455062b0031a4c5dfd89c602dc5be237f3d65333e2ad1444edad443bcc1c50", kill_on_drop: false }`
[INFO] running `Command { std: "docker" "inspect" "16455062b0031a4c5dfd89c602dc5be237f3d65333e2ad1444edad443bcc1c50", kill_on_drop: false }`
[INFO] running `Command { std: "docker" "rm" "-f" "16455062b0031a4c5dfd89c602dc5be237f3d65333e2ad1444edad443bcc1c50", kill_on_drop: false }`
[INFO] [stdout] 16455062b0031a4c5dfd89c602dc5be237f3d65333e2ad1444edad443bcc1c50
[INFO] running `Command { std: "docker" "create" "-v" "/var/lib/crater-agent-workspace/builds/worker-2-tc1/target:/opt/rustwide/target:rw,Z" "-v" "/var/lib/crater-agent-workspace/builds/worker-2-tc1/source:/opt/rustwide/workdir:ro,Z" "-v" "/var/lib/crater-agent-workspace/cargo-home:/opt/rustwide/cargo-home:ro,Z" "-v" "/var/lib/crater-agent-workspace/rustup-home:/opt/rustwide/rustup-home:ro,Z" "-e" "SOURCE_DIR=/opt/rustwide/workdir" "-e" "CARGO_TARGET_DIR=/opt/rustwide/target" "-e" "CARGO_INCREMENTAL=0" "-e" "RUST_BACKTRACE=full" "-e" "RUSTFLAGS=--cap-lints=warn" "-e" "RUSTDOCFLAGS=--cap-lints=warn" "-e" "CARGO_HOME=/opt/rustwide/cargo-home" "-e" "RUSTUP_HOME=/opt/rustwide/rustup-home" "-w" "/opt/rustwide/workdir" "-m" "1610612736" "--user" "0:0" "--network" "none" "ghcr.io/rust-lang/crates-build-env/linux@sha256:3959728d45483eb673ba100a951a6b9f5012970368db2a9e08e0ac9b67c8a5ad" "/opt/rustwide/cargo-home/bin/cargo" "+1.85.0" "build" "--frozen" "--message-format=json", kill_on_drop: false }`
[INFO] [stdout] 40195f8edd680cab4cfd9e8a6d959b23271513e35c4880bad33397d4ffed7229
[INFO] running `Command { std: "docker" "start" "-a" "40195f8edd680cab4cfd9e8a6d959b23271513e35c4880bad33397d4ffed7229", kill_on_drop: false }`
[INFO] [stderr] warning: virtual workspace defaulting to `resolver = "1"` despite one or more workspace members being on edition 2021 which implies `resolver = "2"`
[INFO] [stderr] note: to keep the current resolver, specify `workspace.resolver = "1"` in the workspace root's manifest
[INFO] [stderr] note: to use the edition 2021 resolver, specify `workspace.resolver = "2"` in the workspace root's manifest
[INFO] [stderr] note: for more details see https://doc.rust-lang.org/cargo/reference/resolver.html#resolver-versions
[INFO] [stderr]    Compiling proc-macro2 v1.0.63
[INFO] [stderr]    Compiling quote v1.0.29
[INFO] [stderr]    Compiling unicode-ident v1.0.10
[INFO] [stderr]    Compiling libc v0.2.147
[INFO] [stderr]    Compiling once_cell v1.18.0
[INFO] [stderr]    Compiling serde v1.0.167
[INFO] [stderr]    Compiling zeroize v1.6.0
[INFO] [stderr]    Compiling subtle v2.5.0
[INFO] [stderr]    Compiling generic-array v0.14.7
[INFO] [stderr]    Compiling const-oid v0.9.3
[INFO] [stderr]    Compiling syn v1.0.109
[INFO] [stderr]    Compiling spin v0.5.2
[INFO] [stderr]    Compiling hashbrown v0.14.0
[INFO] [stderr]    Compiling equivalent v1.0.0
[INFO] [stderr]    Compiling winnow v0.4.8
[INFO] [stderr]    Compiling thiserror v1.0.43
[INFO] [stderr]    Compiling cpufeatures v0.2.9
[INFO] [stderr]    Compiling arrayvec v0.7.4
[INFO] [stderr]    Compiling radium v0.7.0
[INFO] [stderr]    Compiling pkg-config v0.3.27
[INFO] [stderr]    Compiling itoa v1.0.8
[INFO] [stderr]    Compiling tap v1.0.1
[INFO] [stderr]    Compiling crunchy v0.2.2
[INFO] [stderr]    Compiling rustc-hex v2.1.0
[INFO] [stderr]    Compiling funty v2.0.0
[INFO] [stderr]    Compiling wyz v0.5.1
[INFO] [stderr]    Compiling static_assertions v1.1.0
[INFO] [stderr]    Compiling pin-project-lite v0.2.10
[INFO] [stderr]    Compiling byte-slice-cast v1.2.2
[INFO] [stderr]    Compiling ring v0.16.20
[INFO] [stderr]    Compiling der v0.7.7
[INFO] [stderr]    Compiling lazy_static v1.4.0
[INFO] [stderr]    Compiling futures-core v0.3.28
[INFO] [stderr]    Compiling untrusted v0.7.1
[INFO] [stderr]    Compiling ryu v1.0.14
[INFO] [stderr]    Compiling indexmap v2.0.0
[INFO] [stderr]    Compiling tracing-core v0.1.31
[INFO] [stderr]    Compiling futures-channel v0.3.28
[INFO] [stderr]    Compiling futures-sink v0.3.28
[INFO] [stderr]    Compiling uint v0.9.5
[INFO] [stderr]    Compiling base16ct v0.2.0
[INFO] [stderr]    Compiling serde_json v1.0.100
[INFO] [stderr]    Compiling tokio v1.29.1
[INFO] [stderr]    Compiling tiny-keccak v2.0.2
[INFO] [stderr]    Compiling bitvec v1.0.1
[INFO] [stderr]    Compiling num-integer v0.1.45
[INFO] [stderr]    Compiling regex-syntax v0.7.3
[INFO] [stderr]    Compiling syn v2.0.23
[INFO] [stderr]    Compiling futures-task v0.3.28
[INFO] [stderr]    Compiling openssl-sys v0.9.90
[INFO] [stderr]    Compiling crypto-common v0.1.6
[INFO] [stderr]    Compiling block-buffer v0.10.4
[INFO] [stderr]    Compiling proc-macro-error-attr v1.0.4
[INFO] [stderr]    Compiling slab v0.4.8
[INFO] [stderr]    Compiling io-lifetimes v1.0.11
[INFO] [stderr]    Compiling digest v0.10.7
[INFO] [stderr]    Compiling heck v0.4.1
[INFO] [stderr]    Compiling rustversion v1.0.13
[INFO] [stderr]    Compiling spki v0.7.2
[INFO] [stderr]    Compiling sec1 v0.7.3
[INFO] [stderr]    Compiling sha2 v0.10.7
[INFO] [stderr]    Compiling sha3 v0.10.8
[INFO] [stderr]    Compiling hmac v0.12.1
[INFO] [stderr]    Compiling pkcs8 v0.10.2
[INFO] [stderr]    Compiling block-buffer v0.9.0
[INFO] [stderr]    Compiling rfc6979 v0.4.0
[INFO] [stderr]    Compiling digest v0.9.0
[INFO] [stderr]    Compiling num-bigint v0.4.3
[INFO] [stderr]    Compiling rustix v0.37.23
[INFO] [stderr]    Compiling semver v1.0.17
[INFO] [stderr]    Compiling getrandom v0.2.10
[INFO] [stderr]    Compiling num_cpus v1.16.0
[INFO] [stderr]    Compiling mio v0.8.8
[INFO] [stderr]    Compiling socket2 v0.4.9
[INFO] [stderr]    Compiling rand_core v0.6.4
[INFO] [stderr]    Compiling time v0.1.45
[INFO] [stderr]    Compiling httparse v1.8.0
[INFO] [stderr]    Compiling iana-time-zone v0.1.57
[INFO] [stderr]    Compiling camino v1.1.4
[INFO] [stderr]    Compiling futures-util v0.3.28
[INFO] [stderr]    Compiling rand_chacha v0.3.1
[INFO] [stderr]    Compiling crypto-bigint v0.5.2
[INFO] [stderr]    Compiling signature v2.1.0
[INFO] [stderr]    Compiling chrono v0.4.26
[INFO] [stderr]    Compiling rand v0.8.5
[INFO] [stderr]    Compiling tempfile v3.6.0
[INFO] [stderr]    Compiling futures-io v0.3.28
[INFO] [stderr]    Compiling linux-raw-sys v0.3.8
[INFO] [stderr]    Compiling rustls v0.21.3
[INFO] [stderr]    Compiling indexmap v1.9.3
[INFO] [stderr]    Compiling ripemd v0.1.3
[INFO] [stderr]    Compiling foreign-types-shared v0.1.1
[INFO] [stderr]    Compiling openssl v0.10.55
[INFO] [stderr]    Compiling ucd-trie v0.1.6
[INFO] [stderr]    Compiling base64 v0.21.2
[INFO] [stderr]    Compiling fastrand v1.9.0
[INFO] [stderr]    Compiling form_urlencoded v1.2.0
[INFO] [stderr]    Compiling foreign-types v0.3.2
[INFO] [stderr]    Compiling unicode-normalization v0.1.22
[INFO] [stderr]    Compiling regex-automata v0.3.0
[INFO] [stderr]    Compiling fixed-hash v0.8.0
[INFO] [stderr]    Compiling inout v0.1.3
[INFO] [stderr]    Compiling ff v0.13.0
[INFO] [stderr]    Compiling num-rational v0.4.1
[INFO] [stderr]    Compiling group v0.13.0
[INFO] [stderr]    Compiling unicode-xid v0.2.4
[INFO] [stderr]    Compiling unicode-bidi v0.3.13
[INFO] [stderr]    Compiling try-lock v0.2.4
[INFO] [stderr]    Compiling native-tls v0.2.11
[INFO] [stderr]    Compiling want v0.3.1
[INFO] [stderr]    Compiling elliptic-curve v0.13.5
[INFO] [stderr]    Compiling cipher v0.4.4
[INFO] [stderr]    Compiling same-file v1.0.6
[INFO] [stderr]    Compiling tower-service v0.3.2
[INFO] [stderr]    Compiling httpdate v1.0.2
[INFO] [stderr]    Compiling openssl-probe v0.1.5
[INFO] [stderr]    Compiling walkdir v2.3.3
[INFO] [stderr]    Compiling ecdsa v0.16.8
[INFO] [stderr]    Compiling idna v0.4.0
[INFO] [stderr]    Compiling sha2 v0.9.9
[INFO] [stderr]    Compiling simd-adler32 v0.3.5
[INFO] [stderr]    Compiling crc32fast v1.3.2
[INFO] [stderr]    Compiling k256 v0.13.1
[INFO] [stderr]    Compiling cmake v0.1.50
[INFO] [stderr]    Compiling secp256k1-sys v0.6.1
[INFO] [stderr]    Compiling num-iter v0.1.43
[INFO] [stderr]    Compiling ahash v0.8.3
[INFO] [stderr]    Compiling rustls-webpki v0.101.1
[INFO] [stderr]    Compiling sct v0.7.0
[INFO] [stderr]    Compiling webpki v0.22.0
[INFO] [stderr]    Compiling url v2.4.0
[INFO] [stderr]    Compiling bs58 v0.4.0
[INFO] [stderr]    Compiling bech32 v0.7.3
[INFO] [stderr]    Compiling prettyplease v0.2.12
[INFO] [stderr]    Compiling async-trait v0.1.71
[INFO] [stderr]    Compiling eyre v0.6.8
[INFO] [stderr]    Compiling miniz_oxide v0.7.1
[INFO] [stderr]    Compiling webpki-roots v0.22.6
[INFO] [stderr]    Compiling freetype-sys v0.13.1
[INFO] [stderr]    Compiling rustls-webpki v0.100.1
[INFO] [stderr]    Compiling wasm-bindgen-backend v0.2.87
[INFO] [stderr]    Compiling salsa20 v0.10.2
[INFO] [stderr]    Compiling rustls-pemfile v1.0.3
[INFO] [stderr]    Compiling pbkdf2 v0.11.0
[INFO] [stderr]    Compiling sha1 v0.10.5
[INFO] [stderr]    Compiling yeslogic-fontconfig-sys v3.2.0
[INFO] [stderr]    Compiling encoding_rs v0.8.32
[INFO] [stderr]    Compiling paste v1.0.13
[INFO] [stderr]    Compiling rustix v0.38.3
[INFO] [stderr]    Compiling indenter v0.3.3
[INFO] [stderr]    Compiling regex v1.9.0
[INFO] [stderr]    Compiling ipnet v2.8.0
[INFO] [stderr]    Compiling mime v0.3.17
[INFO] [stderr]    Compiling radium v0.3.0
[INFO] [stderr]    Compiling utf-8 v0.7.6
[INFO] [stderr]    Compiling data-encoding v2.4.0
[INFO] [stderr]    Compiling blake2b_simd v1.0.1
[INFO] [stderr]    Compiling bitvec v0.17.4
[INFO] [stderr]    Compiling scrypt v0.10.0
[INFO] [stderr]    Compiling webpki-roots v0.23.1
[INFO] [stderr]    Compiling Inflector v0.11.4
[INFO] [stderr]    Compiling flate2 v1.0.26
[INFO] [stderr]    Compiling wasm-bindgen-macro-support v0.2.87
[INFO] [stderr]    Compiling proc-macro-error v1.0.4
[INFO] [stderr]    Compiling fdeflate v0.3.0
[INFO] [stderr]    Compiling ctr v0.9.2
[INFO] [stderr]    Compiling aes v0.8.3
[INFO] [stderr]    Compiling pbkdf2 v0.12.2
[INFO] [stderr]    Compiling num-complex v0.4.3
[INFO] [stderr]    Compiling fxhash v0.2.1
[INFO] [stderr]    Compiling libloading v0.8.0
[INFO] [stderr]    Compiling halo2curves v0.3.2 (https://github.com/privacy-scaling-explorations/halo2curves?tag=0.3.2#9f5c5081)
[INFO] [stderr]    Compiling color_quant v1.1.0
[INFO] [stderr]    Compiling bitflags v2.3.3
[INFO] [stderr]    Compiling send_wrapper v0.4.0
[INFO] [stderr]    Compiling linux-raw-sys v0.4.3
[INFO] [stderr]    Compiling dunce v1.0.4
[INFO] [stderr]    Compiling dlib v0.5.2
[INFO] [stderr]    Compiling hashers v1.0.1
[INFO] [stderr]    Compiling png v0.17.9
[INFO] [stderr]    Compiling num v0.4.0
[INFO] [stderr]    Compiling hashbrown v0.13.2
[INFO] [stderr]    Compiling rayon-core v1.11.0
[INFO] [stderr]    Compiling pasta_curves v0.5.1
[INFO] [stderr]    Compiling substrate-bn v0.6.0
[INFO] [stderr]    Compiling dirs-sys-next v0.1.2
[INFO] [stderr]    Compiling instant v0.1.12
[INFO] [stderr]    Compiling font-kit v0.11.0
[INFO] [stderr]    Compiling const-cstr v0.3.0
[INFO] [stderr]    Compiling plotters-backend v0.3.5
[INFO] [stderr]    Compiling jpeg-decoder v0.3.0
[INFO] [stderr]    Compiling weezl v0.1.7
[INFO] [stderr]    Compiling bytemuck v1.13.1
[INFO] [stderr]    Compiling gif v0.12.0
[INFO] [stderr]    Compiling is-terminal v0.4.9
[INFO] [stderr]    Compiling rayon v1.7.0
[INFO] [stderr]    Compiling dirs-next v2.0.0
[INFO] [stderr]    Compiling freetype v0.7.0
[INFO] [stderr]    Compiling sha3 v0.9.1
[INFO] [stderr]    Compiling image v0.24.6
[INFO] [stderr]    Compiling blake v2.0.2
[INFO] [stderr]    Compiling float-ord v0.2.0
[INFO] [stderr]    Compiling utf8parse v0.2.1
[INFO] [stderr]    Compiling serde_derive v1.0.167
[INFO] [stderr]    Compiling thiserror-impl v1.0.43
[INFO] [stderr]    Compiling tracing-attributes v0.1.26
[INFO] [stderr]    Compiling tokio-macros v2.1.0
[INFO] [stderr]    Compiling impl-trait-for-tuples v0.2.2
[INFO] [stderr]    Compiling rlp-derive v0.1.0
[INFO] [stderr]    Compiling derive_more v0.99.17
[INFO] [stderr]    Compiling auto_impl v1.1.0
[INFO] [stderr]    Compiling futures-macro v0.3.28
[INFO] [stderr]    Compiling strum_macros v0.25.1
[INFO] [stderr]    Compiling openssl-macros v0.1.1
[INFO] [stderr]    Compiling wasm-bindgen-macro v0.2.87
[INFO] [stderr]    Compiling pin-project-internal v1.1.2
[INFO] [stderr]    Compiling secp256k1 v0.24.3
[INFO] [stderr]    Compiling plotters-bitmap v0.3.3
[INFO] [stderr]    Compiling anstyle-parse v0.2.1
[INFO] [stderr]    Compiling plotters-svg v0.3.5
[INFO] [stderr]    Compiling tracing v0.1.37
[INFO] [stderr]    Compiling futures-locks v0.7.1
[INFO] [stderr]    Compiling wasm-bindgen v0.2.87
[INFO] [stderr]    Compiling ttf-parser v0.17.1
[INFO] [stderr]    Compiling pest v2.7.0
[INFO] [stderr]    Compiling anstyle-query v1.0.0
[INFO] [stderr]    Compiling halo2_proofs v0.2.0 (https://github.com/privacy-scaling-explorations/halo2?tag=v2023_04_20#be955686)
[INFO] [stderr]    Compiling anstyle v1.0.1
[INFO] [stderr]    Compiling colorchoice v1.0.0
[INFO] [stderr]    Compiling csv-core v0.1.10
[INFO] [stderr]    Compiling anstream v0.3.2
[INFO] [stderr]    Compiling clap_lex v0.5.0
[INFO] [stderr]    Compiling strsim v0.10.0
[INFO] [stderr]    Compiling clap_builder v4.3.11
[INFO] [stderr]    Compiling js-sys v0.3.64
[INFO] [stderr]    Compiling clap_derive v4.3.2
[INFO] [stderr]    Compiling env_logger v0.10.0
[INFO] [stderr]    Compiling dotenv v0.15.0
[INFO] [stderr]    Compiling pin-project v1.1.2
[INFO] [stderr]    Compiling strum v0.25.0
[INFO] [stderr]    Compiling tracing-futures v0.2.5
[INFO] [stderr]    Compiling semver-parser v0.10.2
[INFO] [stderr]    Compiling semver v0.11.0
[INFO] [stderr]    Compiling rustc_version v0.3.3
[INFO] [stderr]    Compiling pathfinder_simd v0.5.1
[INFO] [stderr]    Compiling gloo-timers v0.2.6
[INFO] [stderr]    Compiling futures-timer v3.0.2
[INFO] [stderr]    Compiling pathfinder_geometry v0.5.1
[INFO] [stderr]    Compiling clap v4.3.11
[INFO] [stderr]    Compiling plotters v0.3.5
[INFO] [stderr]    Compiling bytes v1.4.0
[INFO] [stderr]    Compiling toml_datetime v0.6.3
[INFO] [stderr]    Compiling serde_spanned v0.6.3
[INFO] [stderr]    Compiling impl-serde v0.4.0
[INFO] [stderr]    Compiling cargo-platform v0.1.2
[INFO] [stderr]    Compiling coins-core v0.8.3
[INFO] [stderr]    Compiling bincode v1.3.3
[INFO] [stderr]    Compiling serde_urlencoded v0.7.1
[INFO] [stderr]    Compiling uuid v0.8.2
[INFO] [stderr]    Compiling csv v1.2.2
[INFO] [stderr]    Compiling toml_edit v0.19.12
[INFO] [stderr]    Compiling rlp v0.5.2
[INFO] [stderr]    Compiling http v0.2.9
[INFO] [stderr]    Compiling coins-bip32 v0.8.3
[INFO] [stderr]    Compiling open-fastrlp-derive v0.1.1
[INFO] [stderr]    Compiling impl-rlp v0.3.0
[INFO] [stderr]    Compiling enr v0.8.1
[INFO] [stderr]    Compiling cargo_metadata v0.15.4
[INFO] [stderr]    Compiling eth-keystore v0.5.0
[INFO] [stderr]    Compiling http-body v0.4.5
[INFO] [stderr]    Compiling tungstenite v0.19.0
[INFO] [stderr]    Compiling coins-bip39 v0.8.6
[INFO] [stderr]    Compiling proc-macro-crate v1.3.1
[INFO] [stderr]    Compiling toml v0.7.6
[INFO] [stderr]    Compiling parity-scale-codec-derive v3.6.3
[INFO] [stderr]    Compiling scale-info-derive v2.9.0
[INFO] [stderr]    Compiling num_enum_derive v0.6.1
[INFO] [stderr]    Compiling num_enum_derive v0.5.11
[INFO] [stderr]    Compiling tokio-util v0.7.8
[INFO] [stderr]    Compiling tokio-rustls v0.24.1
[INFO] [stderr]    Compiling tokio-native-tls v0.3.1
[INFO] [stderr]    Compiling num_enum v0.5.11
[INFO] [stderr]    Compiling tokio-tungstenite v0.19.0
[INFO] [stderr]    Compiling num_enum v0.6.1
[INFO] [stderr]    Compiling parity-scale-codec v3.6.3
[INFO] [stderr]    Compiling h2 v0.3.20
[INFO] [stderr]    Compiling scale-info v2.9.0
[INFO] [stderr]    Compiling impl-codec v0.6.0
[INFO] [stderr]    Compiling primitive-types v0.12.1
[INFO] [stderr]    Compiling ethbloom v0.13.0
[INFO] [stderr]    Compiling ethereum-types v0.14.1
[INFO] [stderr]    Compiling revm_precompiles v1.1.2
[INFO] [stderr]    Compiling revm v2.3.1
[INFO] [stderr]    Compiling hyper v0.14.27
[INFO] [stderr]    Compiling open-fastrlp v0.1.4
[INFO] [stderr]    Compiling ethabi v18.0.0
[INFO] [stderr]    Compiling snark-verifier v0.1.0 (https://github.com/privacy-scaling-explorations/snark-verifier?rev=e5d5e4a#e5d5e4a6)
[INFO] [stderr]    Compiling ethers-core v2.0.8
[INFO] [stderr]    Compiling hyper-rustls v0.24.1
[INFO] [stderr]    Compiling hyper-tls v0.5.0
[INFO] [stderr]    Compiling reqwest v0.11.18
[INFO] [stderr]    Compiling eigentrust-zk v0.1.0 (/opt/rustwide/workdir/eigentrust-zk)
[INFO] [stderr]    Compiling ethers-contract-abigen v2.0.8
[INFO] [stderr]    Compiling ethers-providers v2.0.8
[INFO] [stderr]    Compiling ethers-signers v2.0.8
[INFO] [stderr]    Compiling ethers-etherscan v2.0.8
[INFO] [stderr]    Compiling ethers-addressbook v2.0.8
[INFO] [stderr]    Compiling ethers-contract-derive v2.0.8
[INFO] [stderr]    Compiling ethers-contract v2.0.8
[INFO] [stderr]    Compiling ethers-middleware v2.0.8
[INFO] [stderr]    Compiling ethers v2.0.8
[INFO] [stderr]    Compiling eigentrust v0.1.0 (/opt/rustwide/workdir/eigentrust)
[INFO] [stderr]    Compiling eigentrust-cli v0.1.0 (/opt/rustwide/workdir/eigentrust-cli)
[INFO] [stderr]     Finished `dev` profile [unoptimized + debuginfo] target(s) in 1m 54s
[INFO] [stderr] warning: the following packages contain code that will be rejected by a future version of Rust: wasm-bindgen v0.2.87
[INFO] [stderr] note: to see what the problems were, use the option `--future-incompat-report`, or run `cargo report future-incompatibilities --id 11`
[INFO] running `Command { std: "docker" "inspect" "40195f8edd680cab4cfd9e8a6d959b23271513e35c4880bad33397d4ffed7229", kill_on_drop: false }`
[INFO] running `Command { std: "docker" "rm" "-f" "40195f8edd680cab4cfd9e8a6d959b23271513e35c4880bad33397d4ffed7229", kill_on_drop: false }`
[INFO] [stdout] 40195f8edd680cab4cfd9e8a6d959b23271513e35c4880bad33397d4ffed7229
[INFO] running `Command { std: "docker" "create" "-v" "/var/lib/crater-agent-workspace/builds/worker-2-tc1/target:/opt/rustwide/target:rw,Z" "-v" "/var/lib/crater-agent-workspace/builds/worker-2-tc1/source:/opt/rustwide/workdir:ro,Z" "-v" "/var/lib/crater-agent-workspace/cargo-home:/opt/rustwide/cargo-home:ro,Z" "-v" "/var/lib/crater-agent-workspace/rustup-home:/opt/rustwide/rustup-home:ro,Z" "-e" "SOURCE_DIR=/opt/rustwide/workdir" "-e" "CARGO_TARGET_DIR=/opt/rustwide/target" "-e" "CARGO_INCREMENTAL=0" "-e" "RUST_BACKTRACE=full" "-e" "RUSTFLAGS=--cap-lints=warn" "-e" "RUSTDOCFLAGS=--cap-lints=warn" "-e" "CARGO_HOME=/opt/rustwide/cargo-home" "-e" "RUSTUP_HOME=/opt/rustwide/rustup-home" "-w" "/opt/rustwide/workdir" "-m" "1610612736" "--user" "0:0" "--network" "none" "ghcr.io/rust-lang/crates-build-env/linux@sha256:3959728d45483eb673ba100a951a6b9f5012970368db2a9e08e0ac9b67c8a5ad" "/opt/rustwide/cargo-home/bin/cargo" "+1.85.0" "test" "--frozen" "--no-run" "--message-format=json", kill_on_drop: false }`
[INFO] [stdout] 1a0b70d1f17e946d407c2637cedb43fd1867d15972705e759160226881ceecc9
[INFO] running `Command { std: "docker" "start" "-a" "1a0b70d1f17e946d407c2637cedb43fd1867d15972705e759160226881ceecc9", kill_on_drop: false }`
[INFO] [stderr] warning: virtual workspace defaulting to `resolver = "1"` despite one or more workspace members being on edition 2021 which implies `resolver = "2"`
[INFO] [stderr] note: to keep the current resolver, specify `workspace.resolver = "1"` in the workspace root's manifest
[INFO] [stderr] note: to use the edition 2021 resolver, specify `workspace.resolver = "2"` in the workspace root's manifest
[INFO] [stderr] note: for more details see https://doc.rust-lang.org/cargo/reference/resolver.html#resolver-versions
[INFO] [stderr]    Compiling eigentrust-cli v0.1.0 (/opt/rustwide/workdir/eigentrust-cli)
[INFO] [stderr]     Finished `test` profile [unoptimized + debuginfo] target(s) in 13.84s
[INFO] [stderr] warning: the following packages contain code that will be rejected by a future version of Rust: wasm-bindgen v0.2.87
[INFO] [stderr] note: to see what the problems were, use the option `--future-incompat-report`, or run `cargo report future-incompatibilities --id 11`
[INFO] running `Command { std: "docker" "inspect" "1a0b70d1f17e946d407c2637cedb43fd1867d15972705e759160226881ceecc9", kill_on_drop: false }`
[INFO] running `Command { std: "docker" "rm" "-f" "1a0b70d1f17e946d407c2637cedb43fd1867d15972705e759160226881ceecc9", kill_on_drop: false }`
[INFO] [stdout] 1a0b70d1f17e946d407c2637cedb43fd1867d15972705e759160226881ceecc9
[INFO] running `Command { std: "docker" "create" "-v" "/var/lib/crater-agent-workspace/builds/worker-2-tc1/target:/opt/rustwide/target:rw,Z" "-v" "/var/lib/crater-agent-workspace/builds/worker-2-tc1/source:/opt/rustwide/workdir:ro,Z" "-v" "/var/lib/crater-agent-workspace/cargo-home:/opt/rustwide/cargo-home:ro,Z" "-v" "/var/lib/crater-agent-workspace/rustup-home:/opt/rustwide/rustup-home:ro,Z" "-e" "SOURCE_DIR=/opt/rustwide/workdir" "-e" "CARGO_TARGET_DIR=/opt/rustwide/target" "-e" "CARGO_INCREMENTAL=0" "-e" "RUST_BACKTRACE=full" "-e" "RUSTFLAGS=--cap-lints=warn" "-e" "RUSTDOCFLAGS=--cap-lints=warn" "-e" "CARGO_HOME=/opt/rustwide/cargo-home" "-e" "RUSTUP_HOME=/opt/rustwide/rustup-home" "-w" "/opt/rustwide/workdir" "-m" "1610612736" "--user" "0:0" "--network" "none" "ghcr.io/rust-lang/crates-build-env/linux@sha256:3959728d45483eb673ba100a951a6b9f5012970368db2a9e08e0ac9b67c8a5ad" "/opt/rustwide/cargo-home/bin/cargo" "+1.85.0" "test" "--frozen", kill_on_drop: false }`
[INFO] [stdout] 61b72cc8b192e4e5382044a135bdb0e7413eeb10fd68e4ee09ec5de5153cbff0
[INFO] running `Command { std: "docker" "start" "-a" "61b72cc8b192e4e5382044a135bdb0e7413eeb10fd68e4ee09ec5de5153cbff0", kill_on_drop: false }`
[INFO] [stderr] warning: virtual workspace defaulting to `resolver = "1"` despite one or more workspace members being on edition 2021 which implies `resolver = "2"`
[INFO] [stderr] note: to keep the current resolver, specify `workspace.resolver = "1"` in the workspace root's manifest
[INFO] [stderr] note: to use the edition 2021 resolver, specify `workspace.resolver = "2"` in the workspace root's manifest
[INFO] [stderr] note: for more details see https://doc.rust-lang.org/cargo/reference/resolver.html#resolver-versions
[INFO] [stderr]     Finished `test` profile [unoptimized + debuginfo] target(s) in 0.95s
[INFO] [stderr] warning: the following packages contain code that will be rejected by a future version of Rust: wasm-bindgen v0.2.87
[INFO] [stderr] note: to see what the problems were, use the option `--future-incompat-report`, or run `cargo report future-incompatibilities --id 11`
[INFO] [stderr]      Running unittests src/main.rs (/opt/rustwide/target/debug/deps/eigentrust_cli-c4ea1bb5b08d7605)
[INFO] [stdout] 
[INFO] [stdout] running 4 tests
[INFO] [stdout] test cli::tests::test_attest_data_to_attestation_raw ... ok
[INFO] [stdout] test fs::tests::test_eigenfile_path_and_filename ... ok
[INFO] [stdout] test cli::tests::test_cli ... ok
[INFO] [stdout] test fs::tests::test_eigenfile_save_and_load ... FAILED
[INFO] [stdout] 
[INFO] [stdout] failures:
[INFO] [stdout] 
[INFO] [stdout] ---- fs::tests::test_eigenfile_save_and_load stdout ----
[INFO] [stdout] 
[INFO] [stdout] thread 'fs::tests::test_eigenfile_save_and_load' panicked at eigentrust-cli/src/fs.rs:133:44:
[INFO] [stdout] called `Result::unwrap()` on an `Err` value: IOError(Os { code: 30, kind: ReadOnlyFilesystem, message: "Read-only file system" })
[INFO] [stdout] stack backtrace:
[INFO] [stdout]    0:     0x58f468afd98a - std::backtrace_rs::backtrace::libunwind::trace::h88deb10bd0145eb8
[INFO] [stdout]                                at /rustc/4d91de4e48198da2e33413efdcd9cd2cc0c46688/library/std/src/../../backtrace/src/backtrace/libunwind.rs:116:5
[INFO] [stdout]    1:     0x58f468afd98a - std::backtrace_rs::backtrace::trace_unsynchronized::he1036f5481c14dff
[INFO] [stdout]                                at /rustc/4d91de4e48198da2e33413efdcd9cd2cc0c46688/library/std/src/../../backtrace/src/backtrace/mod.rs:66:5
[INFO] [stdout]    2:     0x58f468afd98a - std::sys::backtrace::_print_fmt::hecc345b6e70c4b20
[INFO] [stdout]                                at /rustc/4d91de4e48198da2e33413efdcd9cd2cc0c46688/library/std/src/sys/backtrace.rs:66:9
[INFO] [stdout]    3:     0x58f468afd98a - <std::sys::backtrace::BacktraceLock::print::DisplayBacktrace as core::fmt::Display>::fmt::he089f96442833f67
[INFO] [stdout]                                at /rustc/4d91de4e48198da2e33413efdcd9cd2cc0c46688/library/std/src/sys/backtrace.rs:39:26
[INFO] [stdout]    4:     0x58f468b23583 - core::fmt::rt::Argument::fmt::h1f77cded99c71a14
[INFO] [stdout]                                at /rustc/4d91de4e48198da2e33413efdcd9cd2cc0c46688/library/core/src/fmt/rt.rs:177:76
[INFO] [stdout]    5:     0x58f468b23583 - core::fmt::write::h2f210ed4c94745cb
[INFO] [stdout]                                at /rustc/4d91de4e48198da2e33413efdcd9cd2cc0c46688/library/core/src/fmt/mod.rs:1440:21
[INFO] [stdout]    6:     0x58f468afa903 - std::io::Write::write_fmt::he723b56f7e0bd522
[INFO] [stdout]                                at /rustc/4d91de4e48198da2e33413efdcd9cd2cc0c46688/library/std/src/io/mod.rs:1887:15
[INFO] [stdout]    7:     0x58f468afd7d2 - std::sys::backtrace::BacktraceLock::print::h810fbd31421329e6
[INFO] [stdout]                                at /rustc/4d91de4e48198da2e33413efdcd9cd2cc0c46688/library/std/src/sys/backtrace.rs:42:9
[INFO] [stdout]    8:     0x58f468afeec0 - std::panicking::default_hook::{{closure}}::hbaad47ed9dc6356d
[INFO] [stdout]                                at /rustc/4d91de4e48198da2e33413efdcd9cd2cc0c46688/library/std/src/panicking.rs:295:22
[INFO] [stdout]    9:     0x58f468afec5d - std::panicking::default_hook::h24e207139139d40a
[INFO] [stdout]                                at /rustc/4d91de4e48198da2e33413efdcd9cd2cc0c46688/library/std/src/panicking.rs:319:9
[INFO] [stdout]   10:     0x58f468a47a53 - <alloc::boxed::Box<F,A> as core::ops::function::Fn<Args>>::call::h63353c459bb27956
[INFO] [stdout]                                at /rustc/4d91de4e48198da2e33413efdcd9cd2cc0c46688/library/alloc/src/boxed.rs:2007:9
[INFO] [stdout]   11:     0x58f468a47a53 - test::test_main::{{closure}}::hd5af4d6c4e32fe08
[INFO] [stdout]                                at /rustc/4d91de4e48198da2e33413efdcd9cd2cc0c46688/library/test/src/lib.rs:134:21
[INFO] [stdout]   12:     0x58f468aff6f3 - <alloc::boxed::Box<F,A> as core::ops::function::Fn<Args>>::call::h3af32c23caf5c679
[INFO] [stdout]                                at /rustc/4d91de4e48198da2e33413efdcd9cd2cc0c46688/library/alloc/src/boxed.rs:2007:9
[INFO] [stdout]   13:     0x58f468aff6f3 - std::panicking::rust_panic_with_hook::ha9131beeb2ddc506
[INFO] [stdout]                                at /rustc/4d91de4e48198da2e33413efdcd9cd2cc0c46688/library/std/src/panicking.rs:836:13
[INFO] [stdout]   14:     0x58f468aff3ca - std::panicking::begin_panic_handler::{{closure}}::h1bba0eaeb6da506f
[INFO] [stdout]                                at /rustc/4d91de4e48198da2e33413efdcd9cd2cc0c46688/library/std/src/panicking.rs:701:13
[INFO] [stdout]   15:     0x58f468afde89 - std::sys::backtrace::__rust_end_short_backtrace::h1d1ca3eade483f4c
[INFO] [stdout]                                at /rustc/4d91de4e48198da2e33413efdcd9cd2cc0c46688/library/std/src/sys/backtrace.rs:168:18
[INFO] [stdout]   16:     0x58f468aff05d - rust_begin_unwind
[INFO] [stdout]                                at /rustc/4d91de4e48198da2e33413efdcd9cd2cc0c46688/library/std/src/panicking.rs:692:5
[INFO] [stdout]   17:     0x58f468a02d70 - core::panicking::panic_fmt::h896a0727a1a943f9
[INFO] [stdout]                                at /rustc/4d91de4e48198da2e33413efdcd9cd2cc0c46688/library/core/src/panicking.rs:75:14
[INFO] [stdout]   18:     0x58f468a031b6 - core::result::unwrap_failed::h1b5ed8541c7bebd6
[INFO] [stdout]                                at /rustc/4d91de4e48198da2e33413efdcd9cd2cc0c46688/library/core/src/result.rs:1704:5
[INFO] [stdout]   19:     0x58f468a0dff1 - core::result::Result<T,E>::unwrap::ha4e37439c0dfa687
[INFO] [stdout]                                at /rustc/4d91de4e48198da2e33413efdcd9cd2cc0c46688/library/core/src/result.rs:1109:23
[INFO] [stdout]   20:     0x58f468a0dff1 - eigentrust_cli::fs::tests::test_eigenfile_save_and_load::h97a90eb9470158dc
[INFO] [stdout]                                at /opt/rustwide/workdir/eigentrust-cli/src/fs.rs:133:3
[INFO] [stdout]   21:     0x58f468a0de97 - eigentrust_cli::fs::tests::test_eigenfile_save_and_load::{{closure}}::h5a1bdcfbd5f45369
[INFO] [stdout]                                at /opt/rustwide/workdir/eigentrust-cli/src/fs.rs:129:35
[INFO] [stdout]   22:     0x58f468a04ca6 - core::ops::function::FnOnce::call_once::haa38e6e211e22d80
[INFO] [stdout]                                at /rustc/4d91de4e48198da2e33413efdcd9cd2cc0c46688/library/core/src/ops/function.rs:250:5
[INFO] [stdout]   23:     0x58f468a4d1fb - core::ops::function::FnOnce::call_once::h8acc80b5a33ff319
[INFO] [stdout]                                at /rustc/4d91de4e48198da2e33413efdcd9cd2cc0c46688/library/core/src/ops/function.rs:250:5
[INFO] [stdout]   24:     0x58f468a4d1fb - test::__rust_begin_short_backtrace::h52b6da716ad42b7d
[INFO] [stdout]                                at /rustc/4d91de4e48198da2e33413efdcd9cd2cc0c46688/library/test/src/lib.rs:632:18
[INFO] [stdout]   25:     0x58f468a4c133 - test::run_test_in_process::{{closure}}::h2580047890abbefe
[INFO] [stdout]                                at /rustc/4d91de4e48198da2e33413efdcd9cd2cc0c46688/library/test/src/lib.rs:655:60
[INFO] [stdout]   26:     0x58f468a4c133 - <core::panic::unwind_safe::AssertUnwindSafe<F> as core::ops::function::FnOnce<()>>::call_once::h936f8c89d0a99c40
[INFO] [stdout]                                at /rustc/4d91de4e48198da2e33413efdcd9cd2cc0c46688/library/core/src/panic/unwind_safe.rs:272:9
[INFO] [stdout]   27:     0x58f468a4c133 - std::panicking::try::do_call::h868682cc368697f9
[INFO] [stdout]                                at /rustc/4d91de4e48198da2e33413efdcd9cd2cc0c46688/library/std/src/panicking.rs:584:40
[INFO] [stdout]   28:     0x58f468a4c133 - std::panicking::try::h0356ffc38cbb5501
[INFO] [stdout]                                at /rustc/4d91de4e48198da2e33413efdcd9cd2cc0c46688/library/std/src/panicking.rs:547:19
[INFO] [stdout]   29:     0x58f468a4c133 - std::panic::catch_unwind::h74edf102a3082536
[INFO] [stdout]                                at /rustc/4d91de4e48198da2e33413efdcd9cd2cc0c46688/library/std/src/panic.rs:358:14
[INFO] [stdout]   30:     0x58f468a4c133 - test::run_test_in_process::hc27d69576b7224e4
[INFO] [stdout]                                at /rustc/4d91de4e48198da2e33413efdcd9cd2cc0c46688/library/test/src/lib.rs:655:27
[INFO] [stdout]   31:     0x58f468a4c133 - test::run_test::{{closure}}::h9f3bfaf910429adb
[INFO] [stdout]                                at /rustc/4d91de4e48198da2e33413efdcd9cd2cc0c46688/library/test/src/lib.rs:576:43
[INFO] [stdout]   32:     0x58f468a0fe65 - test::run_test::{{closure}}::h3d537cdce8ec5816
[INFO] [stdout]                                at /rustc/4d91de4e48198da2e33413efdcd9cd2cc0c46688/library/test/src/lib.rs:606:41
[INFO] [stdout]   33:     0x58f468a0fe65 - std::sys::backtrace::__rust_begin_short_backtrace::hb51d9a6c67ec382d
[INFO] [stdout]                                at /rustc/4d91de4e48198da2e33413efdcd9cd2cc0c46688/library/std/src/sys/backtrace.rs:152:18
[INFO] [stdout]   34:     0x58f468a138a6 - std::thread::Builder::spawn_unchecked_::{{closure}}::{{closure}}::h5738f3abb9603fe6
[INFO] [stdout]                                at /rustc/4d91de4e48198da2e33413efdcd9cd2cc0c46688/library/std/src/thread/mod.rs:564:17
[INFO] [stdout]   35:     0x58f468a138a6 - <core::panic::unwind_safe::AssertUnwindSafe<F> as core::ops::function::FnOnce<()>>::call_once::h5e9f4b56e45e8108
[INFO] [stdout]                                at /rustc/4d91de4e48198da2e33413efdcd9cd2cc0c46688/library/core/src/panic/unwind_safe.rs:272:9
[INFO] [stdout]   36:     0x58f468a138a6 - std::panicking::try::do_call::ha36db853b2f34e23
[INFO] [stdout]                                at /rustc/4d91de4e48198da2e33413efdcd9cd2cc0c46688/library/std/src/panicking.rs:584:40
[INFO] [stdout]   37:     0x58f468a138a6 - std::panicking::try::h57e1aa33a0efb1be
[INFO] [stdout]                                at /rustc/4d91de4e48198da2e33413efdcd9cd2cc0c46688/library/std/src/panicking.rs:547:19
[INFO] [stdout]   38:     0x58f468a138a6 - std::panic::catch_unwind::hdb71a6103024936e
[INFO] [stdout]                                at /rustc/4d91de4e48198da2e33413efdcd9cd2cc0c46688/library/std/src/panic.rs:358:14
[INFO] [stdout]   39:     0x58f468a138a6 - std::thread::Builder::spawn_unchecked_::{{closure}}::h8caa22218f423ab1
[INFO] [stdout]                                at /rustc/4d91de4e48198da2e33413efdcd9cd2cc0c46688/library/std/src/thread/mod.rs:562:30
[INFO] [stdout]   40:     0x58f468a138a6 - core::ops::function::FnOnce::call_once{{vtable.shim}}::hb3b44780e9c053e5
[INFO] [stdout]                                at /rustc/4d91de4e48198da2e33413efdcd9cd2cc0c46688/library/core/src/ops/function.rs:250:5
[INFO] [stdout]   41:     0x58f468b0364b - <alloc::boxed::Box<F,A> as core::ops::function::FnOnce<Args>>::call_once::h2649f14f1b1c150d
[INFO] [stdout]                                at /rustc/4d91de4e48198da2e33413efdcd9cd2cc0c46688/library/alloc/src/boxed.rs:1993:9
[INFO] [stdout]   42:     0x58f468b0364b - <alloc::boxed::Box<F,A> as core::ops::function::FnOnce<Args>>::call_once::hb2ade58cb34e1bc4
[INFO] [stdout]                                at /rustc/4d91de4e48198da2e33413efdcd9cd2cc0c46688/library/alloc/src/boxed.rs:1993:9
[INFO] [stdout]   43:     0x58f468b0364b - std::sys::pal::unix::thread::Thread::new::thread_start::ha07e360225fa3528
[INFO] [stdout]                                at /rustc/4d91de4e48198da2e33413efdcd9cd2cc0c46688/library/std/src/sys/pal/unix/thread.rs:106:17
[INFO] [stdout]   44:     0x7772f00aaac3 - <unknown>
[INFO] [stdout]   45:     0x7772f013ba04 - clone
[INFO] [stdout]   46:                0x0 - <unknown>
[INFO] [stdout] 
[INFO] [stdout] 
[INFO] [stdout] failures:
[INFO] [stdout]     fs::tests::test_eigenfile_save_and_load
[INFO] [stdout] 
[INFO] [stdout] test result: FAILED. 3 passed; 1 failed; 0 ignored; 0 measured; 0 filtered out; finished in 0.16s
[INFO] [stdout] 
[INFO] [stderr] error: test failed, to rerun pass `--bin eigentrust-cli`
[INFO] running `Command { std: "docker" "inspect" "61b72cc8b192e4e5382044a135bdb0e7413eeb10fd68e4ee09ec5de5153cbff0", kill_on_drop: false }`
[INFO] running `Command { std: "docker" "rm" "-f" "61b72cc8b192e4e5382044a135bdb0e7413eeb10fd68e4ee09ec5de5153cbff0", kill_on_drop: false }`
[INFO] [stdout] 61b72cc8b192e4e5382044a135bdb0e7413eeb10fd68e4ee09ec5de5153cbff0
