[INFO] cloning repository https://github.com/Techtron-Lab/kepler-ra
[INFO] running `Command { std: "git" "-c" "credential.helper=" "-c" "credential.helper=/workspace/cargo-home/bin/git-credential-null" "clone" "--bare" "https://github.com/Techtron-Lab/kepler-ra" "/workspace/cache/git-repos/https%3A%2F%2Fgithub.com%2FTechtron-Lab%2Fkepler-ra", kill_on_drop: false }`
[INFO] [stderr] Cloning into bare repository '/workspace/cache/git-repos/https%3A%2F%2Fgithub.com%2FTechtron-Lab%2Fkepler-ra'...
[INFO] running `Command { std: "git" "rev-parse" "HEAD", kill_on_drop: false }`
[INFO] [stdout] b897adb34458e09d468125a6a3bb663e8a19580f
[INFO] testing Techtron-Lab/kepler-ra against 1.85.0 for beta-1.86-3
[INFO] running `Command { std: "git" "clone" "/workspace/cache/git-repos/https%3A%2F%2Fgithub.com%2FTechtron-Lab%2Fkepler-ra" "/workspace/builds/worker-2-tc1/source", kill_on_drop: false }`
[INFO] [stderr] Cloning into '/workspace/builds/worker-2-tc1/source'...
[INFO] [stderr] done.
[INFO] validating manifest of git repo https://github.com/Techtron-Lab/kepler-ra on toolchain 1.85.0
[INFO] running `Command { std: CARGO_HOME="/workspace/cargo-home" RUSTUP_HOME="/workspace/rustup-home" "/workspace/cargo-home/bin/cargo" "+1.85.0" "metadata" "--manifest-path" "Cargo.toml" "--no-deps", kill_on_drop: false }`
[INFO] started tweaking git repo https://github.com/Techtron-Lab/kepler-ra
[INFO] finished tweaking git repo https://github.com/Techtron-Lab/kepler-ra
[INFO] tweaked toml for git repo https://github.com/Techtron-Lab/kepler-ra written to /workspace/builds/worker-2-tc1/source/Cargo.toml
[INFO] crate git repo https://github.com/Techtron-Lab/kepler-ra already has a lockfile, it will not be regenerated
[INFO] running `Command { std: CARGO_HOME="/workspace/cargo-home" RUSTUP_HOME="/workspace/rustup-home" "/workspace/cargo-home/bin/cargo" "+1.85.0" "fetch" "--manifest-path" "Cargo.toml", kill_on_drop: false }`
[INFO] [stderr]     Updating crates.io index
[INFO] [stderr]  Downloading crates ...
[INFO] [stderr]   Downloaded once_cell v1.17.0
[INFO] [stderr]   Downloaded do-notation v0.1.3
[INFO] [stderr]   Downloaded rawpointer v0.2.1
[INFO] [stderr]   Downloaded unicode-ident v1.0.6
[INFO] [stderr]   Downloaded nalgebra-macros v0.2.0
[INFO] [stderr]   Downloaded approx v0.5.1
[INFO] [stderr]   Downloaded paste v1.0.11
[INFO] [stderr]   Downloaded bytemuck v1.13.0
[INFO] [stderr]   Downloaded matrixmultiply v0.3.2
[INFO] [stderr]   Downloaded bumpalo v3.12.0
[INFO] [stderr]   Downloaded wide v0.7.6
[INFO] [stderr]   Downloaded safe_arch v0.6.0
[INFO] [stderr]   Downloaded simba v0.8.0
[INFO] [stderr]   Downloaded syn v1.0.107
[INFO] [stderr]   Downloaded num-rational v0.4.1
[INFO] [stderr]   Downloaded proc-macro2 v1.0.50
[INFO] [stderr]   Downloaded num-complex v0.4.3
[INFO] [stderr]   Downloaded quote v1.0.23
[INFO] [stderr]   Downloaded num v0.4.0
[INFO] [stderr]   Downloaded num-iter v0.1.43
[INFO] [stderr]   Downloaded nalgebra v0.32.2
[INFO] [stderr]   Downloaded libc v0.2.139
[INFO] running `Command { std: "docker" "create" "-v" "/var/lib/crater-agent-workspace/builds/worker-2-tc1/target:/opt/rustwide/target:rw,Z" "-v" "/var/lib/crater-agent-workspace/builds/worker-2-tc1/source:/opt/rustwide/workdir:ro,Z" "-v" "/var/lib/crater-agent-workspace/cargo-home:/opt/rustwide/cargo-home:ro,Z" "-v" "/var/lib/crater-agent-workspace/rustup-home:/opt/rustwide/rustup-home:ro,Z" "-e" "SOURCE_DIR=/opt/rustwide/workdir" "-e" "CARGO_TARGET_DIR=/opt/rustwide/target" "-e" "CARGO_HOME=/opt/rustwide/cargo-home" "-e" "RUSTUP_HOME=/opt/rustwide/rustup-home" "-w" "/opt/rustwide/workdir" "-m" "1610612736" "--user" "0:0" "--network" "none" "ghcr.io/rust-lang/crates-build-env/linux@sha256:3959728d45483eb673ba100a951a6b9f5012970368db2a9e08e0ac9b67c8a5ad" "/opt/rustwide/cargo-home/bin/cargo" "+1.85.0" "metadata" "--no-deps" "--format-version=1", kill_on_drop: false }`
[INFO] [stdout] 98ac766335828a7247026b052dcbdd7ee82a3762681713202e9e5b49c01012d2
[INFO] running `Command { std: "docker" "start" "-a" "98ac766335828a7247026b052dcbdd7ee82a3762681713202e9e5b49c01012d2", kill_on_drop: false }`
[INFO] running `Command { std: "docker" "inspect" "98ac766335828a7247026b052dcbdd7ee82a3762681713202e9e5b49c01012d2", kill_on_drop: false }`
[INFO] running `Command { std: "docker" "rm" "-f" "98ac766335828a7247026b052dcbdd7ee82a3762681713202e9e5b49c01012d2", kill_on_drop: false }`
[INFO] [stdout] 98ac766335828a7247026b052dcbdd7ee82a3762681713202e9e5b49c01012d2
[INFO] running `Command { std: "docker" "create" "-v" "/var/lib/crater-agent-workspace/builds/worker-2-tc1/target:/opt/rustwide/target:rw,Z" "-v" "/var/lib/crater-agent-workspace/builds/worker-2-tc1/source:/opt/rustwide/workdir:ro,Z" "-v" "/var/lib/crater-agent-workspace/cargo-home:/opt/rustwide/cargo-home:ro,Z" "-v" "/var/lib/crater-agent-workspace/rustup-home:/opt/rustwide/rustup-home:ro,Z" "-e" "SOURCE_DIR=/opt/rustwide/workdir" "-e" "CARGO_TARGET_DIR=/opt/rustwide/target" "-e" "CARGO_INCREMENTAL=0" "-e" "RUST_BACKTRACE=full" "-e" "RUSTFLAGS=--cap-lints=warn" "-e" "RUSTDOCFLAGS=--cap-lints=warn" "-e" "CARGO_HOME=/opt/rustwide/cargo-home" "-e" "RUSTUP_HOME=/opt/rustwide/rustup-home" "-w" "/opt/rustwide/workdir" "-m" "1610612736" "--user" "0:0" "--network" "none" "ghcr.io/rust-lang/crates-build-env/linux@sha256:3959728d45483eb673ba100a951a6b9f5012970368db2a9e08e0ac9b67c8a5ad" "/opt/rustwide/cargo-home/bin/cargo" "+1.85.0" "build" "--frozen" "--message-format=json", kill_on_drop: false }`
[INFO] [stdout] b559f4dcf14946daeec4c424ec8984b8ef74b76a59e7bea3e2a2cecea2e5c4c3
[INFO] running `Command { std: "docker" "start" "-a" "b559f4dcf14946daeec4c424ec8984b8ef74b76a59e7bea3e2a2cecea2e5c4c3", kill_on_drop: false }`
[INFO] [stderr]    Compiling proc-macro2 v1.0.50
[INFO] [stderr]    Compiling quote v1.0.23
[INFO] [stderr]    Compiling syn v1.0.107
[INFO] [stderr]    Compiling num-traits v0.2.15
[INFO] [stderr]    Compiling num-bigint v0.4.3
[INFO] [stderr]    Compiling num-rational v0.4.1
[INFO] [stderr]    Compiling paste v1.0.11
[INFO] [stderr]    Compiling bytemuck v1.13.0
[INFO] [stderr]    Compiling safe_arch v0.6.0
[INFO] [stderr]    Compiling num-iter v0.1.43
[INFO] [stderr]    Compiling rawpointer v0.2.1
[INFO] [stderr]    Compiling matrixmultiply v0.3.2
[INFO] [stderr]    Compiling wide v0.7.6
[INFO] [stderr]    Compiling num-integer v0.1.45
[INFO] [stderr]    Compiling num-complex v0.4.3
[INFO] [stderr]    Compiling approx v0.5.1
[INFO] [stderr]    Compiling simba v0.8.0
[INFO] [stderr]    Compiling num v0.4.0
[INFO] [stderr]    Compiling wasm-bindgen-backend v0.2.83
[INFO] [stderr]    Compiling nalgebra-macros v0.2.0
[INFO] [stderr]    Compiling wasm-bindgen-macro-support v0.2.83
[INFO] [stderr]    Compiling wasm-bindgen-macro v0.2.83
[INFO] [stderr]    Compiling wasm-bindgen v0.2.83
[INFO] [stderr]    Compiling js-sys v0.3.60
[INFO] [stderr]    Compiling console_error_panic_hook v0.1.7
[INFO] [stderr]    Compiling nalgebra v0.32.2
[INFO] [stderr]    Compiling web-sys v0.3.60
[INFO] [stderr]    Compiling console_log v0.2.0
[INFO] [stderr]    Compiling kepler-ra v0.4.7 (/opt/rustwide/workdir)
[INFO] [stdout] warning: variable `W` should have a snake case name
[INFO] [stdout]    --> src/techtron/graphic/contour.rs:227:13
[INFO] [stdout]     |
[INFO] [stdout] 227 |         let W = (xmax - xmin + 1.).max(50.) as usize;
[INFO] [stdout]     |             ^ help: convert the identifier to snake case (notice the capitalization): `w`
[INFO] [stdout]     |
[INFO] [stdout]     = note: `#[warn(non_snake_case)]` on by default
[INFO] [stdout] 
[INFO] [stdout] 
[INFO] [stdout] warning: variable `H` should have a snake case name
[INFO] [stdout]    --> src/techtron/graphic/contour.rs:228:13
[INFO] [stdout]     |
[INFO] [stdout] 228 |         let H = (ymax - ymin + 1.).max(50.) as usize;
[INFO] [stdout]     |             ^ help: convert the identifier to snake case: `h`
[INFO] [stdout] 
[INFO] [stdout] 
[INFO] [stderr]     Finished `dev` profile [unoptimized + debuginfo] target(s) in 41.77s
[INFO] [stderr] warning: the following packages contain code that will be rejected by a future version of Rust: wasm-bindgen v0.2.83
[INFO] [stderr] note: to see what the problems were, use the option `--future-incompat-report`, or run `cargo report future-incompatibilities --id 5`
[INFO] running `Command { std: "docker" "inspect" "b559f4dcf14946daeec4c424ec8984b8ef74b76a59e7bea3e2a2cecea2e5c4c3", kill_on_drop: false }`
[INFO] running `Command { std: "docker" "rm" "-f" "b559f4dcf14946daeec4c424ec8984b8ef74b76a59e7bea3e2a2cecea2e5c4c3", kill_on_drop: false }`
[INFO] [stdout] b559f4dcf14946daeec4c424ec8984b8ef74b76a59e7bea3e2a2cecea2e5c4c3
[INFO] running `Command { std: "docker" "create" "-v" "/var/lib/crater-agent-workspace/builds/worker-2-tc1/target:/opt/rustwide/target:rw,Z" "-v" "/var/lib/crater-agent-workspace/builds/worker-2-tc1/source:/opt/rustwide/workdir:ro,Z" "-v" "/var/lib/crater-agent-workspace/cargo-home:/opt/rustwide/cargo-home:ro,Z" "-v" "/var/lib/crater-agent-workspace/rustup-home:/opt/rustwide/rustup-home:ro,Z" "-e" "SOURCE_DIR=/opt/rustwide/workdir" "-e" "CARGO_TARGET_DIR=/opt/rustwide/target" "-e" "CARGO_INCREMENTAL=0" "-e" "RUST_BACKTRACE=full" "-e" "RUSTFLAGS=--cap-lints=warn" "-e" "RUSTDOCFLAGS=--cap-lints=warn" "-e" "CARGO_HOME=/opt/rustwide/cargo-home" "-e" "RUSTUP_HOME=/opt/rustwide/rustup-home" "-w" "/opt/rustwide/workdir" "-m" "1610612736" "--user" "0:0" "--network" "none" "ghcr.io/rust-lang/crates-build-env/linux@sha256:3959728d45483eb673ba100a951a6b9f5012970368db2a9e08e0ac9b67c8a5ad" "/opt/rustwide/cargo-home/bin/cargo" "+1.85.0" "test" "--frozen" "--no-run" "--message-format=json", kill_on_drop: false }`
[INFO] [stdout] c4a9e2fcf3480b794dc79a14a48c6fceec26b20b1c963e46399fbde86b1057bd
[INFO] running `Command { std: "docker" "start" "-a" "c4a9e2fcf3480b794dc79a14a48c6fceec26b20b1c963e46399fbde86b1057bd", kill_on_drop: false }`
[INFO] [stderr]    Compiling wasm-bindgen-test-macro v0.3.33
[INFO] [stderr]    Compiling wasm-bindgen-futures v0.4.33
[INFO] [stdout] warning: variable `W` should have a snake case name
[INFO] [stdout]    --> src/techtron/graphic/contour.rs:227:13
[INFO] [stdout]     |
[INFO] [stdout] 227 |         let W = (xmax - xmin + 1.).max(50.) as usize;
[INFO] [stdout]     |             ^ help: convert the identifier to snake case (notice the capitalization): `w`
[INFO] [stdout]     |
[INFO] [stdout]     = note: `#[warn(non_snake_case)]` on by default
[INFO] [stdout] 
[INFO] [stdout] 
[INFO] [stdout] warning: variable `H` should have a snake case name
[INFO] [stdout]    --> src/techtron/graphic/contour.rs:228:13
[INFO] [stdout]     |
[INFO] [stdout] 228 |         let H = (ymax - ymin + 1.).max(50.) as usize;
[INFO] [stdout]     |             ^ help: convert the identifier to snake case: `h`
[INFO] [stdout] 
[INFO] [stdout] 
[INFO] [stderr]    Compiling wasm-bindgen-test v0.3.33
[INFO] [stderr]    Compiling kepler-ra v0.4.7 (/opt/rustwide/workdir)
[INFO] [stdout] warning: variable `W` should have a snake case name
[INFO] [stdout]    --> src/techtron/graphic/contour.rs:227:13
[INFO] [stdout]     |
[INFO] [stdout] 227 |         let W = (xmax - xmin + 1.).max(50.) as usize;
[INFO] [stdout]     |             ^ help: convert the identifier to snake case (notice the capitalization): `w`
[INFO] [stdout]     |
[INFO] [stdout]     = note: `#[warn(non_snake_case)]` on by default
[INFO] [stdout] 
[INFO] [stdout] 
[INFO] [stdout] warning: variable `H` should have a snake case name
[INFO] [stdout]    --> src/techtron/graphic/contour.rs:228:13
[INFO] [stdout]     |
[INFO] [stdout] 228 |         let H = (ymax - ymin + 1.).max(50.) as usize;
[INFO] [stdout]     |             ^ help: convert the identifier to snake case: `h`
[INFO] [stdout] 
[INFO] [stdout] 
[INFO] [stderr]     Finished `test` profile [unoptimized + debuginfo] target(s) in 3.77s
[INFO] [stderr] warning: the following packages contain code that will be rejected by a future version of Rust: wasm-bindgen v0.2.83
[INFO] [stderr] note: to see what the problems were, use the option `--future-incompat-report`, or run `cargo report future-incompatibilities --id 5`
[INFO] running `Command { std: "docker" "inspect" "c4a9e2fcf3480b794dc79a14a48c6fceec26b20b1c963e46399fbde86b1057bd", kill_on_drop: false }`
[INFO] running `Command { std: "docker" "rm" "-f" "c4a9e2fcf3480b794dc79a14a48c6fceec26b20b1c963e46399fbde86b1057bd", kill_on_drop: false }`
[INFO] [stdout] c4a9e2fcf3480b794dc79a14a48c6fceec26b20b1c963e46399fbde86b1057bd
[INFO] running `Command { std: "docker" "create" "-v" "/var/lib/crater-agent-workspace/builds/worker-2-tc1/target:/opt/rustwide/target:rw,Z" "-v" "/var/lib/crater-agent-workspace/builds/worker-2-tc1/source:/opt/rustwide/workdir:ro,Z" "-v" "/var/lib/crater-agent-workspace/cargo-home:/opt/rustwide/cargo-home:ro,Z" "-v" "/var/lib/crater-agent-workspace/rustup-home:/opt/rustwide/rustup-home:ro,Z" "-e" "SOURCE_DIR=/opt/rustwide/workdir" "-e" "CARGO_TARGET_DIR=/opt/rustwide/target" "-e" "CARGO_INCREMENTAL=0" "-e" "RUST_BACKTRACE=full" "-e" "RUSTFLAGS=--cap-lints=warn" "-e" "RUSTDOCFLAGS=--cap-lints=warn" "-e" "CARGO_HOME=/opt/rustwide/cargo-home" "-e" "RUSTUP_HOME=/opt/rustwide/rustup-home" "-w" "/opt/rustwide/workdir" "-m" "1610612736" "--user" "0:0" "--network" "none" "ghcr.io/rust-lang/crates-build-env/linux@sha256:3959728d45483eb673ba100a951a6b9f5012970368db2a9e08e0ac9b67c8a5ad" "/opt/rustwide/cargo-home/bin/cargo" "+1.85.0" "test" "--frozen", kill_on_drop: false }`
[INFO] [stdout] ee5dff67fa9c3d5dbcc880d1958d5e0c718bd26b0c22976ffa9e8a1cba94eb1d
[INFO] running `Command { std: "docker" "start" "-a" "ee5dff67fa9c3d5dbcc880d1958d5e0c718bd26b0c22976ffa9e8a1cba94eb1d", kill_on_drop: false }`
[INFO] [stderr] warning: variable `W` should have a snake case name
[INFO] [stderr]    --> src/techtron/graphic/contour.rs:227:13
[INFO] [stderr]     |
[INFO] [stderr] 227 |         let W = (xmax - xmin + 1.).max(50.) as usize;
[INFO] [stderr]     |             ^ help: convert the identifier to snake case (notice the capitalization): `w`
[INFO] [stderr]     |
[INFO] [stderr]     = note: `#[warn(non_snake_case)]` on by default
[INFO] [stderr] 
[INFO] [stderr] warning: variable `H` should have a snake case name
[INFO] [stderr]    --> src/techtron/graphic/contour.rs:228:13
[INFO] [stderr]     |
[INFO] [stderr] 228 |         let H = (ymax - ymin + 1.).max(50.) as usize;
[INFO] [stderr]     |             ^ help: convert the identifier to snake case: `h`
[INFO] [stderr] 
[INFO] [stderr] warning: `kepler-ra` (lib) generated 2 warnings
[INFO] [stderr] warning: `kepler-ra` (lib test) generated 2 warnings (2 duplicates)
[INFO] [stderr]     Finished `test` profile [unoptimized + debuginfo] target(s) in 0.08s
[INFO] [stderr] warning: the following packages contain code that will be rejected by a future version of Rust: wasm-bindgen v0.2.83
[INFO] [stderr] note: to see what the problems were, use the option `--future-incompat-report`, or run `cargo report future-incompatibilities --id 5`
[INFO] [stderr]      Running unittests src/lib.rs (/opt/rustwide/target/debug/deps/kepler_ra-9355f00247ec4c3e)
[INFO] [stdout] 
[INFO] [stdout] running 12 tests
[INFO] [stdout] test techtron::core::grid::tests::test_grid2d_idx ... ok
[INFO] [stdout] test techtron::core::grid::tests::test_grid3d_idx ... ok
[INFO] [stdout] test techtron::graphic::contour::tests::test ... ok
[INFO] [stdout] test techtron::graphic::contour::tests::test_approx ... ok
[INFO] [stdout] test techtron::graphic::contour::tests::test_structure ... ok
[INFO] [stdout] test techtron::core::base::test::test_base_creation ... ok
[INFO] [stdout] test techtron::graphic::line::test::test_bresenham_line ... ok
[INFO] [stdout] test techtron::graphic::test::test_line_segments ... ok
[INFO] [stdout] test techtron::graphic::contour::tests::test_to_mesh ... ok
[INFO] [stdout] test techtron::core::grid::tests::test_grid2d_creation ... ok
[INFO] [stdout] test techtron::graphic::marching_cubes::test::test_marching_cube ... FAILED
[INFO] [stdout] test techtron::core::grid::tests::test_grid3d_creation ... ok
[INFO] [stdout] 
[INFO] [stdout] failures:
[INFO] [stdout] 
[INFO] [stdout] ---- techtron::graphic::marching_cubes::test::test_marching_cube stdout ----
[INFO] [stdout] 
[INFO] [stdout] thread 'techtron::graphic::marching_cubes::test::test_marching_cube' panicked at src/techtron/graphic/marching_cubes.rs:1569:17:
[INFO] [stdout] assert_abs_diff_eq!(normal[v][i], surface.normal[v][i], epsilon = 0.001)
[INFO] [stdout] 
[INFO] [stdout]     left  = 0.183
[INFO] [stdout]     right = 0.18586841
[INFO] [stdout] 
[INFO] [stdout] 
[INFO] [stdout] stack backtrace:
[INFO] [stdout]    0:     0x5c580ad55d1a - std::backtrace_rs::backtrace::libunwind::trace::h88deb10bd0145eb8
[INFO] [stdout]                                at /rustc/4d91de4e48198da2e33413efdcd9cd2cc0c46688/library/std/src/../../backtrace/src/backtrace/libunwind.rs:116:5
[INFO] [stdout]    1:     0x5c580ad55d1a - std::backtrace_rs::backtrace::trace_unsynchronized::he1036f5481c14dff
[INFO] [stdout]                                at /rustc/4d91de4e48198da2e33413efdcd9cd2cc0c46688/library/std/src/../../backtrace/src/backtrace/mod.rs:66:5
[INFO] [stdout]    2:     0x5c580ad55d1a - std::sys::backtrace::_print_fmt::hecc345b6e70c4b20
[INFO] [stdout]                                at /rustc/4d91de4e48198da2e33413efdcd9cd2cc0c46688/library/std/src/sys/backtrace.rs:66:9
[INFO] [stdout]    3:     0x5c580ad55d1a - <std::sys::backtrace::BacktraceLock::print::DisplayBacktrace as core::fmt::Display>::fmt::he089f96442833f67
[INFO] [stdout]                                at /rustc/4d91de4e48198da2e33413efdcd9cd2cc0c46688/library/std/src/sys/backtrace.rs:39:26
[INFO] [stdout]    4:     0x5c580ad7c503 - core::fmt::rt::Argument::fmt::h1f77cded99c71a14
[INFO] [stdout]                                at /rustc/4d91de4e48198da2e33413efdcd9cd2cc0c46688/library/core/src/fmt/rt.rs:177:76
[INFO] [stdout]    5:     0x5c580ad7c503 - core::fmt::write::h2f210ed4c94745cb
[INFO] [stdout]                                at /rustc/4d91de4e48198da2e33413efdcd9cd2cc0c46688/library/core/src/fmt/mod.rs:1440:21
[INFO] [stdout]    6:     0x5c580ad52e33 - std::io::Write::write_fmt::he723b56f7e0bd522
[INFO] [stdout]                                at /rustc/4d91de4e48198da2e33413efdcd9cd2cc0c46688/library/std/src/io/mod.rs:1887:15
[INFO] [stdout]    7:     0x5c580ad55b62 - std::sys::backtrace::BacktraceLock::print::h810fbd31421329e6
[INFO] [stdout]                                at /rustc/4d91de4e48198da2e33413efdcd9cd2cc0c46688/library/std/src/sys/backtrace.rs:42:9
[INFO] [stdout]    8:     0x5c580ad57250 - std::panicking::default_hook::{{closure}}::hbaad47ed9dc6356d
[INFO] [stdout]                                at /rustc/4d91de4e48198da2e33413efdcd9cd2cc0c46688/library/std/src/panicking.rs:295:22
[INFO] [stdout]    9:     0x5c580ad56fed - std::panicking::default_hook::h24e207139139d40a
[INFO] [stdout]                                at /rustc/4d91de4e48198da2e33413efdcd9cd2cc0c46688/library/std/src/panicking.rs:319:9
[INFO] [stdout]   10:     0x5c580ad1e343 - <alloc::boxed::Box<F,A> as core::ops::function::Fn<Args>>::call::h63353c459bb27956
[INFO] [stdout]                                at /rustc/4d91de4e48198da2e33413efdcd9cd2cc0c46688/library/alloc/src/boxed.rs:2007:9
[INFO] [stdout]   11:     0x5c580ad1e343 - test::test_main::{{closure}}::hd5af4d6c4e32fe08
[INFO] [stdout]                                at /rustc/4d91de4e48198da2e33413efdcd9cd2cc0c46688/library/test/src/lib.rs:134:21
[INFO] [stdout]   12:     0x5c580ad57a83 - <alloc::boxed::Box<F,A> as core::ops::function::Fn<Args>>::call::h3af32c23caf5c679
[INFO] [stdout]                                at /rustc/4d91de4e48198da2e33413efdcd9cd2cc0c46688/library/alloc/src/boxed.rs:2007:9
[INFO] [stdout]   13:     0x5c580ad57a83 - std::panicking::rust_panic_with_hook::ha9131beeb2ddc506
[INFO] [stdout]                                at /rustc/4d91de4e48198da2e33413efdcd9cd2cc0c46688/library/std/src/panicking.rs:836:13
[INFO] [stdout]   14:     0x5c580ad5775a - std::panicking::begin_panic_handler::{{closure}}::h1bba0eaeb6da506f
[INFO] [stdout]                                at /rustc/4d91de4e48198da2e33413efdcd9cd2cc0c46688/library/std/src/panicking.rs:701:13
[INFO] [stdout]   15:     0x5c580ad56219 - std::sys::backtrace::__rust_end_short_backtrace::h1d1ca3eade483f4c
[INFO] [stdout]                                at /rustc/4d91de4e48198da2e33413efdcd9cd2cc0c46688/library/std/src/sys/backtrace.rs:168:18
[INFO] [stdout]   16:     0x5c580ad573ed - rust_begin_unwind
[INFO] [stdout]                                at /rustc/4d91de4e48198da2e33413efdcd9cd2cc0c46688/library/std/src/panicking.rs:692:5
[INFO] [stdout]   17:     0x5c580acb5cb0 - core::panicking::panic_fmt::h896a0727a1a943f9
[INFO] [stdout]                                at /rustc/4d91de4e48198da2e33413efdcd9cd2cc0c46688/library/core/src/panicking.rs:75:14
[INFO] [stdout]   18:     0x5c580acde96c - kepler_ra::techtron::graphic::marching_cubes::test::test_marching_cube::h3b73a01ce8e2efbc
[INFO] [stdout]                                at /opt/rustwide/workdir/src/techtron/graphic/marching_cubes.rs:1569:17
[INFO] [stderr] error: test failed, to rerun pass `--lib`
[INFO] [stdout]   19:     0x5c580acdd077 - kepler_ra::techtron::graphic::marching_cubes::test::test_marching_cube::{{closure}}::h2a8285f8473aeee2
[INFO] [stdout]                                at /opt/rustwide/workdir/src/techtron/graphic/marching_cubes.rs:1510:28
[INFO] [stdout]   20:     0x5c580acdb346 - core::ops::function::FnOnce::call_once::h3a86cc4231a1be40
[INFO] [stdout]                                at /rustc/4d91de4e48198da2e33413efdcd9cd2cc0c46688/library/core/src/ops/function.rs:250:5
[INFO] [stdout]   21:     0x5c580ad23aeb - core::ops::function::FnOnce::call_once::h8acc80b5a33ff319
[INFO] [stdout]                                at /rustc/4d91de4e48198da2e33413efdcd9cd2cc0c46688/library/core/src/ops/function.rs:250:5
[INFO] [stdout]   22:     0x5c580ad23aeb - test::__rust_begin_short_backtrace::h52b6da716ad42b7d
[INFO] [stdout]                                at /rustc/4d91de4e48198da2e33413efdcd9cd2cc0c46688/library/test/src/lib.rs:632:18
[INFO] [stdout]   23:     0x5c580ad22a23 - test::run_test_in_process::{{closure}}::h2580047890abbefe
[INFO] [stdout]                                at /rustc/4d91de4e48198da2e33413efdcd9cd2cc0c46688/library/test/src/lib.rs:655:60
[INFO] [stdout]   24:     0x5c580ad22a23 - <core::panic::unwind_safe::AssertUnwindSafe<F> as core::ops::function::FnOnce<()>>::call_once::h936f8c89d0a99c40
[INFO] [stdout]                                at /rustc/4d91de4e48198da2e33413efdcd9cd2cc0c46688/library/core/src/panic/unwind_safe.rs:272:9
[INFO] [stdout]   25:     0x5c580ad22a23 - std::panicking::try::do_call::h868682cc368697f9
[INFO] [stdout]                                at /rustc/4d91de4e48198da2e33413efdcd9cd2cc0c46688/library/std/src/panicking.rs:584:40
[INFO] [stdout]   26:     0x5c580ad22a23 - std::panicking::try::h0356ffc38cbb5501
[INFO] [stdout]                                at /rustc/4d91de4e48198da2e33413efdcd9cd2cc0c46688/library/std/src/panicking.rs:547:19
[INFO] [stdout]   27:     0x5c580ad22a23 - std::panic::catch_unwind::h74edf102a3082536
[INFO] [stdout]                                at /rustc/4d91de4e48198da2e33413efdcd9cd2cc0c46688/library/std/src/panic.rs:358:14
[INFO] [stdout]   28:     0x5c580ad22a23 - test::run_test_in_process::hc27d69576b7224e4
[INFO] [stdout]                                at /rustc/4d91de4e48198da2e33413efdcd9cd2cc0c46688/library/test/src/lib.rs:655:27
[INFO] [stdout]   29:     0x5c580ad22a23 - test::run_test::{{closure}}::h9f3bfaf910429adb
[INFO] [stdout]                                at /rustc/4d91de4e48198da2e33413efdcd9cd2cc0c46688/library/test/src/lib.rs:576:43
[INFO] [stdout]   30:     0x5c580ace6755 - test::run_test::{{closure}}::h3d537cdce8ec5816
[INFO] [stdout]                                at /rustc/4d91de4e48198da2e33413efdcd9cd2cc0c46688/library/test/src/lib.rs:606:41
[INFO] [stdout]   31:     0x5c580ace6755 - std::sys::backtrace::__rust_begin_short_backtrace::hb51d9a6c67ec382d
[INFO] [stdout]                                at /rustc/4d91de4e48198da2e33413efdcd9cd2cc0c46688/library/std/src/sys/backtrace.rs:152:18
[INFO] [stdout]   32:     0x5c580acea196 - std::thread::Builder::spawn_unchecked_::{{closure}}::{{closure}}::h5738f3abb9603fe6
[INFO] [stdout]                                at /rustc/4d91de4e48198da2e33413efdcd9cd2cc0c46688/library/std/src/thread/mod.rs:564:17
[INFO] [stdout]   33:     0x5c580acea196 - <core::panic::unwind_safe::AssertUnwindSafe<F> as core::ops::function::FnOnce<()>>::call_once::h5e9f4b56e45e8108
[INFO] [stdout]                                at /rustc/4d91de4e48198da2e33413efdcd9cd2cc0c46688/library/core/src/panic/unwind_safe.rs:272:9
[INFO] [stdout]   34:     0x5c580acea196 - std::panicking::try::do_call::ha36db853b2f34e23
[INFO] [stdout]                                at /rustc/4d91de4e48198da2e33413efdcd9cd2cc0c46688/library/std/src/panicking.rs:584:40
[INFO] [stdout]   35:     0x5c580acea196 - std::panicking::try::h57e1aa33a0efb1be
[INFO] [stdout]                                at /rustc/4d91de4e48198da2e33413efdcd9cd2cc0c46688/library/std/src/panicking.rs:547:19
[INFO] [stdout]   36:     0x5c580acea196 - std::panic::catch_unwind::hdb71a6103024936e
[INFO] [stdout]                                at /rustc/4d91de4e48198da2e33413efdcd9cd2cc0c46688/library/std/src/panic.rs:358:14
[INFO] [stdout]   37:     0x5c580acea196 - std::thread::Builder::spawn_unchecked_::{{closure}}::h8caa22218f423ab1
[INFO] [stdout]                                at /rustc/4d91de4e48198da2e33413efdcd9cd2cc0c46688/library/std/src/thread/mod.rs:562:30
[INFO] [stdout]   38:     0x5c580acea196 - core::ops::function::FnOnce::call_once{{vtable.shim}}::hb3b44780e9c053e5
[INFO] [stdout]                                at /rustc/4d91de4e48198da2e33413efdcd9cd2cc0c46688/library/core/src/ops/function.rs:250:5
[INFO] [stdout]   39:     0x5c580ad5b8eb - <alloc::boxed::Box<F,A> as core::ops::function::FnOnce<Args>>::call_once::h2649f14f1b1c150d
[INFO] [stdout]                                at /rustc/4d91de4e48198da2e33413efdcd9cd2cc0c46688/library/alloc/src/boxed.rs:1993:9
[INFO] [stdout]   40:     0x5c580ad5b8eb - <alloc::boxed::Box<F,A> as core::ops::function::FnOnce<Args>>::call_once::hb2ade58cb34e1bc4
[INFO] [stdout]                                at /rustc/4d91de4e48198da2e33413efdcd9cd2cc0c46688/library/alloc/src/boxed.rs:1993:9
[INFO] [stdout]   41:     0x5c580ad5b8eb - std::sys::pal::unix::thread::Thread::new::thread_start::ha07e360225fa3528
[INFO] [stdout]                                at /rustc/4d91de4e48198da2e33413efdcd9cd2cc0c46688/library/std/src/sys/pal/unix/thread.rs:106:17
[INFO] [stdout]   42:     0x75f9b97b9ac3 - <unknown>
[INFO] [stdout]   43:     0x75f9b984aa04 - clone
[INFO] [stdout]   44:                0x0 - <unknown>
[INFO] [stdout] 
[INFO] [stdout] 
[INFO] [stdout] failures:
[INFO] [stdout]     techtron::graphic::marching_cubes::test::test_marching_cube
[INFO] [stdout] 
[INFO] [stdout] test result: FAILED. 11 passed; 1 failed; 0 ignored; 0 measured; 0 filtered out; finished in 2.15s
[INFO] [stdout] 
[INFO] running `Command { std: "docker" "inspect" "ee5dff67fa9c3d5dbcc880d1958d5e0c718bd26b0c22976ffa9e8a1cba94eb1d", kill_on_drop: false }`
[INFO] running `Command { std: "docker" "rm" "-f" "ee5dff67fa9c3d5dbcc880d1958d5e0c718bd26b0c22976ffa9e8a1cba94eb1d", kill_on_drop: false }`
[INFO] [stdout] ee5dff67fa9c3d5dbcc880d1958d5e0c718bd26b0c22976ffa9e8a1cba94eb1d
