[INFO] cloning repository https://github.com/MarioDanielPanuco/plankai
[INFO] running `Command { std: "git" "-c" "credential.helper=" "-c" "credential.helper=/workspace/cargo-home/bin/git-credential-null" "clone" "--bare" "https://github.com/MarioDanielPanuco/plankai" "/workspace/cache/git-repos/https%3A%2F%2Fgithub.com%2FMarioDanielPanuco%2Fplankai", kill_on_drop: false }`
[INFO] [stderr] Cloning into bare repository '/workspace/cache/git-repos/https%3A%2F%2Fgithub.com%2FMarioDanielPanuco%2Fplankai'...
[INFO] running `Command { std: "git" "rev-parse" "HEAD", kill_on_drop: false }`
[INFO] [stdout] a708d9e1dbed0882668281495dd2aa17272dd384
[INFO] testing MarioDanielPanuco/plankai against 1.85.0 for beta-1.86-3
[INFO] running `Command { std: "git" "clone" "/workspace/cache/git-repos/https%3A%2F%2Fgithub.com%2FMarioDanielPanuco%2Fplankai" "/workspace/builds/worker-3-tc1/source", kill_on_drop: false }`
[INFO] [stderr] Cloning into '/workspace/builds/worker-3-tc1/source'...
[INFO] [stderr] done.
[INFO] validating manifest of git repo https://github.com/MarioDanielPanuco/plankai on toolchain 1.85.0
[INFO] running `Command { std: CARGO_HOME="/workspace/cargo-home" RUSTUP_HOME="/workspace/rustup-home" "/workspace/cargo-home/bin/cargo" "+1.85.0" "metadata" "--manifest-path" "Cargo.toml" "--no-deps", kill_on_drop: false }`
[INFO] started tweaking git repo https://github.com/MarioDanielPanuco/plankai
[INFO] finished tweaking git repo https://github.com/MarioDanielPanuco/plankai
[INFO] tweaked toml for git repo https://github.com/MarioDanielPanuco/plankai written to /workspace/builds/worker-3-tc1/source/Cargo.toml
[INFO] crate git repo https://github.com/MarioDanielPanuco/plankai already has a lockfile, it will not be regenerated
[INFO] running `Command { std: CARGO_HOME="/workspace/cargo-home" RUSTUP_HOME="/workspace/rustup-home" "/workspace/cargo-home/bin/cargo" "+1.85.0" "fetch" "--manifest-path" "Cargo.toml", kill_on_drop: false }`
[INFO] [stderr] warning: virtual workspace defaulting to `resolver = "1"` despite one or more workspace members being on edition 2021 which implies `resolver = "2"`
[INFO] [stderr] note: to keep the current resolver, specify `workspace.resolver = "1"` in the workspace root's manifest
[INFO] [stderr] note: to use the edition 2021 resolver, specify `workspace.resolver = "2"` in the workspace root's manifest
[INFO] [stderr] note: for more details see https://doc.rust-lang.org/cargo/reference/resolver.html#resolver-versions
[INFO] [stderr]     Blocking waiting for file lock on package cache
[INFO] [stderr]     Updating crates.io index
[INFO] [stderr]  Downloading crates ...
[INFO] [stderr]   Downloaded serde v1.0.139
[INFO] [stderr]   Downloaded errno-dragonfly v0.1.2
[INFO] [stderr]   Downloaded heck v0.4.0
[INFO] [stderr]   Downloaded clap_derive v4.0.21
[INFO] [stderr]   Downloaded io-lifetimes v1.0.3
[INFO] [stderr]   Downloaded cc v1.0.78
[INFO] [stderr]   Downloaded matrixmultiply v0.3.2
[INFO] [stderr]   Downloaded safe_arch v0.6.0
[INFO] [stderr]   Downloaded once_cell v1.17.0
[INFO] [stderr]   Downloaded approx v0.4.0
[INFO] [stderr]   Downloaded num-rational v0.4.1
[INFO] [stderr]   Downloaded num-complex v0.4.2
[INFO] [stderr]   Downloaded errno v0.2.8
[INFO] [stderr]   Downloaded clap v4.0.32
[INFO] [stderr]   Downloaded paste v1.0.7
[INFO] [stderr]   Downloaded os_str_bytes v6.4.1
[INFO] [stderr]   Downloaded rustix v0.36.5
[INFO] [stderr]   Downloaded clap_lex v0.3.0
[INFO] [stderr]   Downloaded hermit-abi v0.2.6
[INFO] [stderr]   Downloaded nalgebra v0.31.0
[INFO] [stderr]   Downloaded rawpointer v0.2.1
[INFO] [stderr]   Downloaded windows_aarch64_gnullvm v0.42.0
[INFO] [stderr]   Downloaded windows_x86_64_gnullvm v0.42.0
[INFO] [stderr]   Downloaded nalgebra-macros v0.1.0
[INFO] [stderr]   Downloaded approx v0.5.1
[INFO] [stderr]   Downloaded wide v0.7.4
[INFO] [stderr]   Downloaded simba v0.7.1
[INFO] [stderr]   Downloaded serde_derive v1.0.139
[INFO] [stderr]   Downloaded proc-macro2 v1.0.49
[INFO] [stderr]   Downloaded is-terminal v0.4.2
[INFO] [stderr]   Downloaded test-case-macros v2.1.0
[INFO] [stderr]   Downloaded test-case v2.1.0
[INFO] [stderr]   Downloaded windows_aarch64_msvc v0.42.0
[INFO] [stderr]   Downloaded windows_x86_64_gnu v0.42.0
[INFO] [stderr]   Downloaded windows_x86_64_msvc v0.42.0
[INFO] [stderr]   Downloaded windows_i686_gnu v0.42.0
[INFO] [stderr]   Downloaded windows_i686_msvc v0.42.0
[INFO] [stderr]   Downloaded linux-raw-sys v0.1.4
[INFO] [stderr]   Downloaded windows-sys v0.42.0
[INFO] running `Command { std: "docker" "create" "-v" "/var/lib/crater-agent-workspace/builds/worker-3-tc1/target:/opt/rustwide/target:rw,Z" "-v" "/var/lib/crater-agent-workspace/builds/worker-3-tc1/source:/opt/rustwide/workdir:ro,Z" "-v" "/var/lib/crater-agent-workspace/cargo-home:/opt/rustwide/cargo-home:ro,Z" "-v" "/var/lib/crater-agent-workspace/rustup-home:/opt/rustwide/rustup-home:ro,Z" "-e" "SOURCE_DIR=/opt/rustwide/workdir" "-e" "CARGO_TARGET_DIR=/opt/rustwide/target" "-e" "CARGO_HOME=/opt/rustwide/cargo-home" "-e" "RUSTUP_HOME=/opt/rustwide/rustup-home" "-w" "/opt/rustwide/workdir" "-m" "1610612736" "--user" "0:0" "--network" "none" "ghcr.io/rust-lang/crates-build-env/linux@sha256:3959728d45483eb673ba100a951a6b9f5012970368db2a9e08e0ac9b67c8a5ad" "/opt/rustwide/cargo-home/bin/cargo" "+1.85.0" "metadata" "--no-deps" "--format-version=1", kill_on_drop: false }`
[INFO] [stdout] ca103179603928d6c7a6888806a9d837c3ea54ba38e22b82a30c939c712a2522
[INFO] running `Command { std: "docker" "start" "-a" "ca103179603928d6c7a6888806a9d837c3ea54ba38e22b82a30c939c712a2522", kill_on_drop: false }`
[INFO] running `Command { std: "docker" "inspect" "ca103179603928d6c7a6888806a9d837c3ea54ba38e22b82a30c939c712a2522", kill_on_drop: false }`
[INFO] running `Command { std: "docker" "rm" "-f" "ca103179603928d6c7a6888806a9d837c3ea54ba38e22b82a30c939c712a2522", kill_on_drop: false }`
[INFO] [stdout] ca103179603928d6c7a6888806a9d837c3ea54ba38e22b82a30c939c712a2522
[INFO] running `Command { std: "docker" "create" "-v" "/var/lib/crater-agent-workspace/builds/worker-3-tc1/target:/opt/rustwide/target:rw,Z" "-v" "/var/lib/crater-agent-workspace/builds/worker-3-tc1/source:/opt/rustwide/workdir:ro,Z" "-v" "/var/lib/crater-agent-workspace/cargo-home:/opt/rustwide/cargo-home:ro,Z" "-v" "/var/lib/crater-agent-workspace/rustup-home:/opt/rustwide/rustup-home:ro,Z" "-e" "SOURCE_DIR=/opt/rustwide/workdir" "-e" "CARGO_TARGET_DIR=/opt/rustwide/target" "-e" "CARGO_INCREMENTAL=0" "-e" "RUST_BACKTRACE=full" "-e" "RUSTFLAGS=--cap-lints=warn" "-e" "RUSTDOCFLAGS=--cap-lints=warn" "-e" "CARGO_HOME=/opt/rustwide/cargo-home" "-e" "RUSTUP_HOME=/opt/rustwide/rustup-home" "-w" "/opt/rustwide/workdir" "-m" "1610612736" "--user" "0:0" "--network" "none" "ghcr.io/rust-lang/crates-build-env/linux@sha256:3959728d45483eb673ba100a951a6b9f5012970368db2a9e08e0ac9b67c8a5ad" "/opt/rustwide/cargo-home/bin/cargo" "+1.85.0" "build" "--frozen" "--message-format=json", kill_on_drop: false }`
[INFO] [stdout] 71bcbfece63ca7e17b1867f6d240899fe3579788a2a5581fb807fae24c322b10
[INFO] running `Command { std: "docker" "start" "-a" "71bcbfece63ca7e17b1867f6d240899fe3579788a2a5581fb807fae24c322b10", kill_on_drop: false }`
[INFO] [stderr] warning: virtual workspace defaulting to `resolver = "1"` despite one or more workspace members being on edition 2021 which implies `resolver = "2"`
[INFO] [stderr] note: to keep the current resolver, specify `workspace.resolver = "1"` in the workspace root's manifest
[INFO] [stderr] note: to use the edition 2021 resolver, specify `workspace.resolver = "2"` in the workspace root's manifest
[INFO] [stderr] note: for more details see https://doc.rust-lang.org/cargo/reference/resolver.html#resolver-versions
[INFO] [stderr]    Compiling proc-macro2 v1.0.49
[INFO] [stderr]    Compiling unicode-ident v1.0.2
[INFO] [stderr]    Compiling quote v1.0.20
[INFO] [stderr]    Compiling syn v1.0.98
[INFO] [stderr]    Compiling libc v0.2.139
[INFO] [stderr]    Compiling num-traits v0.2.15
[INFO] [stderr]    Compiling num-integer v0.1.45
[INFO] [stderr]    Compiling wasm-bindgen-shared v0.2.81
[INFO] [stderr]    Compiling bytemuck v1.10.0
[INFO] [stderr]    Compiling log v0.4.17
[INFO] [stderr]    Compiling serde_derive v1.0.139
[INFO] [stderr]    Compiling safe_arch v0.6.0
[INFO] [stderr]    Compiling num-rational v0.4.1
[INFO] [stderr]    Compiling proc-macro-error-attr v1.0.4
[INFO] [stderr]    Compiling io-lifetimes v1.0.3
[INFO] [stderr]    Compiling serde v1.0.139
[INFO] [stderr]    Compiling wide v0.7.4
[INFO] [stderr]    Compiling proc-macro-error v1.0.4
[INFO] [stderr]    Compiling rustix v0.36.5
[INFO] [stderr]    Compiling bumpalo v3.10.0
[INFO] [stderr]    Compiling lazy_static v1.4.0
[INFO] [stderr]    Compiling paste v1.0.7
[INFO] [stderr]    Compiling rawpointer v0.2.1
[INFO] [stderr]    Compiling matrixmultiply v0.3.2
[INFO] [stderr]    Compiling approx v0.5.1
[INFO] [stderr]    Compiling num-complex v0.4.2
[INFO] [stderr]    Compiling serde_json v1.0.82
[INFO] [stderr]    Compiling linux-raw-sys v0.1.4
[INFO] [stderr]    Compiling getrandom v0.2.7
[INFO] [stderr]    Compiling rand_core v0.6.3
[INFO] [stderr]    Compiling rand_chacha v0.3.1
[INFO] [stderr]    Compiling wasm-bindgen v0.2.81
[INFO] [stderr]    Compiling heck v0.4.0
[INFO] [stderr]    Compiling itoa v1.0.2
[INFO] [stderr]    Compiling ryu v1.0.10
[INFO] [stderr]    Compiling os_str_bytes v6.4.1
[INFO] [stderr]    Compiling rand v0.8.5
[INFO] [stderr]    Compiling clap_lex v0.3.0
[INFO] [stderr]    Compiling strsim v0.10.0
[INFO] [stderr]    Compiling once_cell v1.17.0
[INFO] [stderr]    Compiling lib-statistics v0.1.0 (/opt/rustwide/workdir/libs/statistics)
[INFO] [stdout] warning: unused import: `crate::discrete_RV::*`
[INFO] [stdout]  --> libs/statistics/src/lib.rs:4:9
[INFO] [stdout]   |
[INFO] [stdout] 4 | pub use crate::discrete_RV::*; 
[INFO] [stdout]   |         ^^^^^^^^^^^^^^^^^^^^^
[INFO] [stdout]   |
[INFO] [stdout]   = note: `#[warn(unused_imports)]` on by default
[INFO] [stdout] 
[INFO] [stdout] 
[INFO] [stdout] warning: unused import: `crate::continuous_RV::*`
[INFO] [stdout]  --> libs/statistics/src/lib.rs:5:9
[INFO] [stdout]   |
[INFO] [stdout] 5 | pub use crate::continuous_RV::*; 
[INFO] [stdout]   |         ^^^^^^^^^^^^^^^^^^^^^^^
[INFO] [stdout] 
[INFO] [stdout] 
[INFO] [stdout] warning: module `discrete_RV` should have a snake case name
[INFO] [stdout]  --> libs/statistics/src/lib.rs:1:5
[INFO] [stdout]   |
[INFO] [stdout] 1 | mod discrete_RV;
[INFO] [stdout]   |     ^^^^^^^^^^^ help: convert the identifier to snake case: `discrete_rv`
[INFO] [stdout]   |
[INFO] [stdout]   = note: `#[warn(non_snake_case)]` on by default
[INFO] [stdout] 
[INFO] [stdout] 
[INFO] [stdout] warning: module `continuous_RV` should have a snake case name
[INFO] [stdout]  --> libs/statistics/src/lib.rs:2:5
[INFO] [stdout]   |
[INFO] [stdout] 2 | mod continuous_RV;
[INFO] [stdout]   |     ^^^^^^^^^^^^^ help: convert the identifier to snake case: `continuous_rv`
[INFO] [stdout] 
[INFO] [stdout] 
[INFO] [stderr]    Compiling simba v0.7.1
[INFO] [stderr]    Compiling is-terminal v0.4.2
[INFO] [stderr]    Compiling lib-genetic-algorithm v0.1.0 (/opt/rustwide/workdir/libs/genetic-algorithm)
[INFO] [stdout] warning: unused import: `crate::selection::SelectionMethod`
[INFO] [stdout]  --> libs/genetic-algorithm/src/selection/boltzmann.rs:1:5
[INFO] [stdout]   |
[INFO] [stdout] 1 | use crate::selection::SelectionMethod;
[INFO] [stdout]   |     ^^^^^^^^^^^^^^^^^^^^^^^^^^^^^^^^^
[INFO] [stdout]   |
[INFO] [stdout]   = note: `#[warn(unused_imports)]` on by default
[INFO] [stdout] 
[INFO] [stdout] 
[INFO] [stdout] warning: unused import: `crate::*`
[INFO] [stdout]  --> libs/genetic-algorithm/src/selection/boltzmann.rs:2:5
[INFO] [stdout]   |
[INFO] [stdout] 2 | use crate::*;
[INFO] [stdout]   |     ^^^^^^^^
[INFO] [stdout] 
[INFO] [stdout] 
[INFO] [stdout] warning: unused variable: `rng`
[INFO] [stdout]  --> libs/genetic-algorithm/src/selection/rank.rs:8:29
[INFO] [stdout]   |
[INFO] [stdout] 8 |     fn select<'a, I>(&self, rng: &mut dyn RngCore, population: &'a [I]) -> &'a I
[INFO] [stdout]   |                             ^^^ help: if this is intentional, prefix it with an underscore: `_rng`
[INFO] [stdout]   |
[INFO] [stdout]   = note: `#[warn(unused_variables)]` on by default
[INFO] [stdout] 
[INFO] [stdout] 
[INFO] [stdout] warning: unused variable: `population`
[INFO] [stdout]  --> libs/genetic-algorithm/src/selection/rank.rs:8:52
[INFO] [stdout]   |
[INFO] [stdout] 8 |     fn select<'a, I>(&self, rng: &mut dyn RngCore, population: &'a [I]) -> &'a I
[INFO] [stdout]   |                                                    ^^^^^^^^^^ help: if this is intentional, prefix it with an underscore: `_population`
[INFO] [stdout] 
[INFO] [stdout] 
[INFO] [stderr]    Compiling wasm-bindgen-backend v0.2.81
[INFO] [stderr]    Compiling nalgebra-macros v0.1.0
[INFO] [stderr]    Compiling clap_derive v4.0.21
[INFO] [stderr]    Compiling wasm-bindgen-macro-support v0.2.81
[INFO] [stderr]    Compiling wasm-bindgen-macro v0.2.81
[INFO] [stderr]    Compiling clap v4.0.32
[INFO] [stderr]    Compiling nalgebra v0.31.0
[INFO] [stderr]    Compiling lib-CLI v0.1.0 (/opt/rustwide/workdir/libs/CLI)
[INFO] [stdout] warning: derive helper attribute is used before it is introduced
[INFO] [stdout]  --> libs/CLI/src/args.rs:7:3
[INFO] [stdout]   |
[INFO] [stdout] 7 | #[command(author="Mario Daniel Panuco",
[INFO] [stdout]   |   ^^^^^^^
[INFO] [stdout] 8 |         version="1.0", about="PlankAI CLI Tool")]
[INFO] [stdout] 9 | #[derive(Debug, Parser)]
[INFO] [stdout]   |                 ------ the attribute is introduced here
[INFO] [stdout]   |
[INFO] [stdout]   = warning: this was previously accepted by the compiler but is being phased out; it will become a hard error in a future release!
[INFO] [stdout]   = note: for more information, see issue #79202 <https://github.com/rust-lang/rust/issues/79202>
[INFO] [stdout]   = note: `#[warn(legacy_derive_helpers)]` on by default
[INFO] [stdout] 
[INFO] [stdout] 
[INFO] [stdout] warning: unused import: `Args`
[INFO] [stdout]  --> libs/CLI/src/args.rs:2:5
[INFO] [stdout]   |
[INFO] [stdout] 2 |     Args,
[INFO] [stdout]   |     ^^^^
[INFO] [stdout]   |
[INFO] [stdout]   = note: `#[warn(unused_imports)]` on by default
[INFO] [stdout] 
[INFO] [stdout] 
[INFO] [stdout] warning: unused import: `args::PlankArgs`
[INFO] [stdout]  --> libs/CLI/src/lib.rs:3:5
[INFO] [stdout]   |
[INFO] [stdout] 3 | use args::PlankArgs;
[INFO] [stdout]   |     ^^^^^^^^^^^^^^^
[INFO] [stdout] 
[INFO] [stdout] 
[INFO] [stdout] warning: unused import: `clap::parser`
[INFO] [stdout]  --> libs/CLI/src/lib.rs:4:5
[INFO] [stdout]   |
[INFO] [stdout] 4 | use clap::parser;
[INFO] [stdout]   |     ^^^^^^^^^^^^
[INFO] [stdout] 
[INFO] [stdout] 
[INFO] [stdout] warning: crate `lib_CLI` should have a snake case name
[INFO] [stdout]   |
[INFO] [stdout]   = help: convert the identifier to snake case: `lib_cli`
[INFO] [stdout]   = note: `#[warn(non_snake_case)]` on by default
[INFO] [stdout] 
[INFO] [stdout] 
[INFO] [stderr]    Compiling lib-neural-network v0.1.0 (/opt/rustwide/workdir/libs/neural-network)
[INFO] [stdout] warning: unused import: `nalgebra as na`
[INFO] [stdout]   --> libs/neural-network/src/lib.rs:14:5
[INFO] [stdout]    |
[INFO] [stdout] 14 | use nalgebra as na;
[INFO] [stdout]    |     ^^^^^^^^^^^^^^
[INFO] [stdout]    |
[INFO] [stdout]    = note: `#[warn(unused_imports)]` on by default
[INFO] [stdout] 
[INFO] [stdout] 
[INFO] [stdout] warning: associated function `new` is never used
[INFO] [stdout]   --> libs/neural-network/src/lib.rs:24:19
[INFO] [stdout]    |
[INFO] [stdout] 23 | impl Network {
[INFO] [stdout]    | ------------ associated function in this implementation
[INFO] [stdout] 24 |     pub(crate) fn new(layers: Vec<Layer>) -> Self {
[INFO] [stdout]    |                   ^^^
[INFO] [stdout]    |
[INFO] [stdout]    = note: `#[warn(dead_code)]` on by default
[INFO] [stdout] 
[INFO] [stdout] 
[INFO] [stderr]    Compiling lib-simulation v0.1.0 (/opt/rustwide/workdir/libs/simulation)
[INFO] [stdout] warning: unused import: `crate::eye::*`
[INFO] [stdout]  --> libs/simulation/src/animal.rs:3:5
[INFO] [stdout]   |
[INFO] [stdout] 3 | use crate::eye::*;
[INFO] [stdout]   |     ^^^^^^^^^^^^^
[INFO] [stdout]   |
[INFO] [stdout]   = note: `#[warn(unused_imports)]` on by default
[INFO] [stdout] 
[INFO] [stdout] 
[INFO] [stdout] warning: unused import: `crate::nn::*`
[INFO] [stdout]  --> libs/simulation/src/animal.rs:4:5
[INFO] [stdout]   |
[INFO] [stdout] 4 | use crate::nn::*;
[INFO] [stdout]   |     ^^^^^^^^^^^^
[INFO] [stdout] 
[INFO] [stdout] 
[INFO] [stdout] warning: value assigned to `angle` is never read
[INFO] [stdout]   --> libs/simulation/src/eye.rs:83:9
[INFO] [stdout]    |
[INFO] [stdout] 83 |         angle = na::wrap(angle, -PI, PI);
[INFO] [stdout]    |         ^^^^^
[INFO] [stdout]    |
[INFO] [stdout]    = help: maybe it is overwritten before being read?
[INFO] [stdout]    = note: `#[warn(unused_assignments)]` on by default
[INFO] [stdout] 
[INFO] [stdout] 
[INFO] [stdout] warning: constant `FOV_RANGE` is never used
[INFO] [stdout]  --> libs/simulation/src/eye.rs:4:7
[INFO] [stdout]   |
[INFO] [stdout] 4 | const FOV_RANGE: f32 = 0.25;
[INFO] [stdout]   |       ^^^^^^^^^
[INFO] [stdout]   |
[INFO] [stdout]   = note: `#[warn(dead_code)]` on by default
[INFO] [stdout] 
[INFO] [stdout] 
[INFO] [stdout] warning: constant `FOV_ANGLE` is never used
[INFO] [stdout]  --> libs/simulation/src/eye.rs:5:7
[INFO] [stdout]   |
[INFO] [stdout] 5 | const FOV_ANGLE: f32 = PI + FRAC_PI_4;
[INFO] [stdout]   |       ^^^^^^^^^
[INFO] [stdout] 
[INFO] [stdout] 
[INFO] [stdout] warning: constant `CELLS` is never used
[INFO] [stdout]  --> libs/simulation/src/eye.rs:6:7
[INFO] [stdout]   |
[INFO] [stdout] 6 | const CELLS: usize = 9;
[INFO] [stdout]   |       ^^^^^
[INFO] [stdout] 
[INFO] [stdout] 
[INFO] [stderr]    Compiling lib-simulation-wasm v0.1.0 (/opt/rustwide/workdir/libs/simulation-wasm)
[INFO] [stdout] warning: unused import: `std::error::Error`
[INFO] [stdout]  --> libs/simulation-wasm/src/lib.rs:1:5
[INFO] [stdout]   |
[INFO] [stdout] 1 | use std::error::Error;
[INFO] [stdout]   |     ^^^^^^^^^^^^^^^^^
[INFO] [stdout]   |
[INFO] [stdout]   = note: `#[warn(unused_imports)]` on by default
[INFO] [stdout] 
[INFO] [stdout] 
[INFO] [stderr]     Finished `dev` profile [unoptimized + debuginfo] target(s) in 53.61s
[INFO] [stderr] warning: the following packages contain code that will be rejected by a future version of Rust: wasm-bindgen v0.2.81
[INFO] [stderr] note: to see what the problems were, use the option `--future-incompat-report`, or run `cargo report future-incompatibilities --id 2`
[INFO] running `Command { std: "docker" "inspect" "71bcbfece63ca7e17b1867f6d240899fe3579788a2a5581fb807fae24c322b10", kill_on_drop: false }`
[INFO] running `Command { std: "docker" "rm" "-f" "71bcbfece63ca7e17b1867f6d240899fe3579788a2a5581fb807fae24c322b10", kill_on_drop: false }`
[INFO] [stdout] 71bcbfece63ca7e17b1867f6d240899fe3579788a2a5581fb807fae24c322b10
[INFO] running `Command { std: "docker" "create" "-v" "/var/lib/crater-agent-workspace/builds/worker-3-tc1/target:/opt/rustwide/target:rw,Z" "-v" "/var/lib/crater-agent-workspace/builds/worker-3-tc1/source:/opt/rustwide/workdir:ro,Z" "-v" "/var/lib/crater-agent-workspace/cargo-home:/opt/rustwide/cargo-home:ro,Z" "-v" "/var/lib/crater-agent-workspace/rustup-home:/opt/rustwide/rustup-home:ro,Z" "-e" "SOURCE_DIR=/opt/rustwide/workdir" "-e" "CARGO_TARGET_DIR=/opt/rustwide/target" "-e" "CARGO_INCREMENTAL=0" "-e" "RUST_BACKTRACE=full" "-e" "RUSTFLAGS=--cap-lints=warn" "-e" "RUSTDOCFLAGS=--cap-lints=warn" "-e" "CARGO_HOME=/opt/rustwide/cargo-home" "-e" "RUSTUP_HOME=/opt/rustwide/rustup-home" "-w" "/opt/rustwide/workdir" "-m" "1610612736" "--user" "0:0" "--network" "none" "ghcr.io/rust-lang/crates-build-env/linux@sha256:3959728d45483eb673ba100a951a6b9f5012970368db2a9e08e0ac9b67c8a5ad" "/opt/rustwide/cargo-home/bin/cargo" "+1.85.0" "test" "--frozen" "--no-run" "--message-format=json", kill_on_drop: false }`
[INFO] [stdout] ad8c8898edd86726d4392076ad3f3bea9e19bbc5459439d52024d4d49a8af522
[INFO] running `Command { std: "docker" "start" "-a" "ad8c8898edd86726d4392076ad3f3bea9e19bbc5459439d52024d4d49a8af522", kill_on_drop: false }`
[INFO] [stderr] warning: virtual workspace defaulting to `resolver = "1"` despite one or more workspace members being on edition 2021 which implies `resolver = "2"`
[INFO] [stderr] note: to keep the current resolver, specify `workspace.resolver = "1"` in the workspace root's manifest
[INFO] [stderr] note: to use the edition 2021 resolver, specify `workspace.resolver = "2"` in the workspace root's manifest
[INFO] [stderr] note: for more details see https://doc.rust-lang.org/cargo/reference/resolver.html#resolver-versions
[INFO] [stdout] warning: unused import: `crate::selection::SelectionMethod`
[INFO] [stdout]  --> libs/genetic-algorithm/src/selection/boltzmann.rs:1:5
[INFO] [stdout]   |
[INFO] [stdout] 1 | use crate::selection::SelectionMethod;
[INFO] [stdout]   |     ^^^^^^^^^^^^^^^^^^^^^^^^^^^^^^^^^
[INFO] [stdout]   |
[INFO] [stdout]   = note: `#[warn(unused_imports)]` on by default
[INFO] [stdout] 
[INFO] [stdout] 
[INFO] [stdout] warning: unused import: `crate::*`
[INFO] [stdout]  --> libs/genetic-algorithm/src/selection/boltzmann.rs:2:5
[INFO] [stdout]   |
[INFO] [stdout] 2 | use crate::*;
[INFO] [stdout]   |     ^^^^^^^^
[INFO] [stdout] 
[INFO] [stdout] 
[INFO] [stdout] warning: unused variable: `rng`
[INFO] [stdout]  --> libs/genetic-algorithm/src/selection/rank.rs:8:29
[INFO] [stdout]   |
[INFO] [stdout] 8 |     fn select<'a, I>(&self, rng: &mut dyn RngCore, population: &'a [I]) -> &'a I
[INFO] [stdout]   |                             ^^^ help: if this is intentional, prefix it with an underscore: `_rng`
[INFO] [stdout]   |
[INFO] [stdout]   = note: `#[warn(unused_variables)]` on by default
[INFO] [stdout] 
[INFO] [stdout] 
[INFO] [stdout] warning: unused variable: `population`
[INFO] [stdout]  --> libs/genetic-algorithm/src/selection/rank.rs:8:52
[INFO] [stdout]   |
[INFO] [stdout] 8 |     fn select<'a, I>(&self, rng: &mut dyn RngCore, population: &'a [I]) -> &'a I
[INFO] [stdout]   |                                                    ^^^^^^^^^^ help: if this is intentional, prefix it with an underscore: `_population`
[INFO] [stdout] 
[INFO] [stdout] 
[INFO] [stdout] warning: unused import: `nalgebra as na`
[INFO] [stdout]   --> libs/neural-network/src/lib.rs:14:5
[INFO] [stdout]    |
[INFO] [stdout] 14 | use nalgebra as na;
[INFO] [stdout]    |     ^^^^^^^^^^^^^^
[INFO] [stdout]    |
[INFO] [stdout]    = note: `#[warn(unused_imports)]` on by default
[INFO] [stdout] 
[INFO] [stdout] 
[INFO] [stdout] warning: associated function `new` is never used
[INFO] [stdout]   --> libs/neural-network/src/lib.rs:24:19
[INFO] [stdout]    |
[INFO] [stdout] 23 | impl Network {
[INFO] [stdout]    | ------------ associated function in this implementation
[INFO] [stdout] 24 |     pub(crate) fn new(layers: Vec<Layer>) -> Self {
[INFO] [stdout]    |                   ^^^
[INFO] [stdout]    |
[INFO] [stdout]    = note: `#[warn(dead_code)]` on by default
[INFO] [stdout] 
[INFO] [stdout] 
[INFO] [stderr]    Compiling approx v0.4.0
[INFO] [stderr]    Compiling test-case-macros v2.1.0
[INFO] [stderr]    Compiling lib-CLI v0.1.0 (/opt/rustwide/workdir/libs/CLI)
[INFO] [stderr]    Compiling lib-neural-network v0.1.0 (/opt/rustwide/workdir/libs/neural-network)
[INFO] [stderr]    Compiling lib-simulation-wasm v0.1.0 (/opt/rustwide/workdir/libs/simulation-wasm)
[INFO] [stdout] warning: unused import: `crate::eye::*`
[INFO] [stdout]  --> libs/simulation/src/animal.rs:3:5
[INFO] [stdout]   |
[INFO] [stdout] 3 | use crate::eye::*;
[INFO] [stdout]   |     ^^^^^^^^^^^^^
[INFO] [stdout]   |
[INFO] [stdout]   = note: `#[warn(unused_imports)]` on by default
[INFO] [stdout] 
[INFO] [stdout] 
[INFO] [stdout] warning: unused import: `crate::nn::*`
[INFO] [stdout]  --> libs/simulation/src/animal.rs:4:5
[INFO] [stdout]   |
[INFO] [stdout] 4 | use crate::nn::*;
[INFO] [stdout]   |     ^^^^^^^^^^^^
[INFO] [stdout] 
[INFO] [stdout] 
[INFO] [stdout] warning: value assigned to `angle` is never read
[INFO] [stdout]   --> libs/simulation/src/eye.rs:83:9
[INFO] [stdout]    |
[INFO] [stdout] 83 |         angle = na::wrap(angle, -PI, PI);
[INFO] [stdout]    |         ^^^^^
[INFO] [stdout]    |
[INFO] [stdout]    = help: maybe it is overwritten before being read?
[INFO] [stdout]    = note: `#[warn(unused_assignments)]` on by default
[INFO] [stdout] 
[INFO] [stdout] 
[INFO] [stdout] warning: constant `FOV_RANGE` is never used
[INFO] [stdout]  --> libs/simulation/src/eye.rs:4:7
[INFO] [stdout]   |
[INFO] [stdout] 4 | const FOV_RANGE: f32 = 0.25;
[INFO] [stdout]   |       ^^^^^^^^^
[INFO] [stdout]   |
[INFO] [stdout]   = note: `#[warn(dead_code)]` on by default
[INFO] [stdout] 
[INFO] [stdout] 
[INFO] [stdout] warning: constant `FOV_ANGLE` is never used
[INFO] [stdout]  --> libs/simulation/src/eye.rs:5:7
[INFO] [stdout]   |
[INFO] [stdout] 5 | const FOV_ANGLE: f32 = PI + FRAC_PI_4;
[INFO] [stdout]   |       ^^^^^^^^^
[INFO] [stdout] 
[INFO] [stdout] 
[INFO] [stdout] warning: constant `CELLS` is never used
[INFO] [stdout]  --> libs/simulation/src/eye.rs:6:7
[INFO] [stdout]   |
[INFO] [stdout] 6 | const CELLS: usize = 9;
[INFO] [stdout]   |       ^^^^^
[INFO] [stdout] 
[INFO] [stdout] 
[INFO] [stdout] warning: unused import: `crate::discrete_RV::*`
[INFO] [stdout]  --> libs/statistics/src/lib.rs:4:9
[INFO] [stdout]   |
[INFO] [stdout] 4 | pub use crate::discrete_RV::*; 
[INFO] [stdout]   |         ^^^^^^^^^^^^^^^^^^^^^
[INFO] [stdout]   |
[INFO] [stdout]   = note: `#[warn(unused_imports)]` on by default
[INFO] [stdout] 
[INFO] [stdout] 
[INFO] [stdout] warning: unused import: `crate::continuous_RV::*`
[INFO] [stdout]  --> libs/statistics/src/lib.rs:5:9
[INFO] [stdout]   |
[INFO] [stdout] 5 | pub use crate::continuous_RV::*; 
[INFO] [stdout]   |         ^^^^^^^^^^^^^^^^^^^^^^^
[INFO] [stdout] 
[INFO] [stdout] 
[INFO] [stdout] warning: module `discrete_RV` should have a snake case name
[INFO] [stdout]  --> libs/statistics/src/lib.rs:1:5
[INFO] [stdout]   |
[INFO] [stdout] 1 | mod discrete_RV;
[INFO] [stdout]   |     ^^^^^^^^^^^ help: convert the identifier to snake case: `discrete_rv`
[INFO] [stdout]   |
[INFO] [stdout]   = note: `#[warn(non_snake_case)]` on by default
[INFO] [stdout] 
[INFO] [stdout] 
[INFO] [stdout] warning: module `continuous_RV` should have a snake case name
[INFO] [stdout]  --> libs/statistics/src/lib.rs:2:5
[INFO] [stdout]   |
[INFO] [stdout] 2 | mod continuous_RV;
[INFO] [stdout]   |     ^^^^^^^^^^^^^ help: convert the identifier to snake case: `continuous_rv`
[INFO] [stdout] 
[INFO] [stdout] 
[INFO] [stdout] warning: derive helper attribute is used before it is introduced
[INFO] [stdout]  --> libs/CLI/src/args.rs:7:3
[INFO] [stdout]   |
[INFO] [stdout] 7 | #[command(author="Mario Daniel Panuco",
[INFO] [stdout]   |   ^^^^^^^
[INFO] [stdout] 8 |         version="1.0", about="PlankAI CLI Tool")]
[INFO] [stdout] 9 | #[derive(Debug, Parser)]
[INFO] [stdout]   |                 ------ the attribute is introduced here
[INFO] [stdout]   |
[INFO] [stdout]   = warning: this was previously accepted by the compiler but is being phased out; it will become a hard error in a future release!
[INFO] [stdout]   = note: for more information, see issue #79202 <https://github.com/rust-lang/rust/issues/79202>
[INFO] [stdout]   = note: `#[warn(legacy_derive_helpers)]` on by default
[INFO] [stdout] 
[INFO] [stdout] 
[INFO] [stdout] warning: unused import: `Args`
[INFO] [stdout]  --> libs/CLI/src/args.rs:2:5
[INFO] [stdout]   |
[INFO] [stdout] 2 |     Args,
[INFO] [stdout]   |     ^^^^
[INFO] [stdout]   |
[INFO] [stdout]   = note: `#[warn(unused_imports)]` on by default
[INFO] [stdout] 
[INFO] [stdout] 
[INFO] [stdout] warning: unused import: `args::PlankArgs`
[INFO] [stdout]  --> libs/CLI/src/lib.rs:3:5
[INFO] [stdout]   |
[INFO] [stdout] 3 | use args::PlankArgs;
[INFO] [stdout]   |     ^^^^^^^^^^^^^^^
[INFO] [stdout] 
[INFO] [stdout] 
[INFO] [stdout] warning: unused import: `clap::parser`
[INFO] [stdout]  --> libs/CLI/src/lib.rs:4:5
[INFO] [stdout]   |
[INFO] [stdout] 4 | use clap::parser;
[INFO] [stdout]   |     ^^^^^^^^^^^^
[INFO] [stdout] 
[INFO] [stdout] 
[INFO] [stdout] warning: crate `lib_CLI` should have a snake case name
[INFO] [stdout]   |
[INFO] [stdout]   = help: convert the identifier to snake case: `lib_cli`
[INFO] [stdout]   = note: `#[warn(non_snake_case)]` on by default
[INFO] [stdout] 
[INFO] [stdout] 
[INFO] [stderr]    Compiling lib-statistics v0.1.0 (/opt/rustwide/workdir/libs/statistics)
[INFO] [stdout] warning: unused import: `crate::discrete_RV::*`
[INFO] [stdout]  --> libs/statistics/src/lib.rs:4:9
[INFO] [stdout]   |
[INFO] [stdout] 4 | pub use crate::discrete_RV::*; 
[INFO] [stdout]   |         ^^^^^^^^^^^^^^^^^^^^^
[INFO] [stdout]   |
[INFO] [stdout]   = note: `#[warn(unused_imports)]` on by default
[INFO] [stdout] 
[INFO] [stdout] 
[INFO] [stdout] warning: unused import: `crate::continuous_RV::*`
[INFO] [stdout]  --> libs/statistics/src/lib.rs:5:9
[INFO] [stdout]   |
[INFO] [stdout] 5 | pub use crate::continuous_RV::*; 
[INFO] [stdout]   |         ^^^^^^^^^^^^^^^^^^^^^^^
[INFO] [stdout] 
[INFO] [stdout] 
[INFO] [stdout] warning: unused import: `super::*`
[INFO] [stdout]  --> libs/statistics/src/lib.rs:9:9
[INFO] [stdout]   |
[INFO] [stdout] 9 |     use super::*;
[INFO] [stdout]   |         ^^^^^^^^
[INFO] [stdout] 
[INFO] [stdout] 
[INFO] [stdout] warning: unused import: `super::*`
[INFO] [stdout]   --> libs/statistics/src/lib.rs:12:13
[INFO] [stdout]    |
[INFO] [stdout] 12 |         use super::*;
[INFO] [stdout]    |             ^^^^^^^^
[INFO] [stdout] 
[INFO] [stdout] 
[INFO] [stdout] warning: derive helper attribute is used before it is introduced
[INFO] [stdout]  --> libs/CLI/src/args.rs:7:3
[INFO] [stdout]   |
[INFO] [stdout] 7 | #[command(author="Mario Daniel Panuco",
[INFO] [stdout]   |   ^^^^^^^
[INFO] [stdout] 8 |         version="1.0", about="PlankAI CLI Tool")]
[INFO] [stdout] 9 | #[derive(Debug, Parser)]
[INFO] [stdout]   |                 ------ the attribute is introduced here
[INFO] [stdout]   |
[INFO] [stdout]   = warning: this was previously accepted by the compiler but is being phased out; it will become a hard error in a future release!
[INFO] [stdout]   = note: for more information, see issue #79202 <https://github.com/rust-lang/rust/issues/79202>
[INFO] [stdout]   = note: `#[warn(legacy_derive_helpers)]` on by default
[INFO] [stdout] 
[INFO] [stdout] 
[INFO] [stdout] warning: unused import: `Args`
[INFO] [stdout]  --> libs/CLI/src/args.rs:2:5
[INFO] [stdout]   |
[INFO] [stdout] 2 |     Args,
[INFO] [stdout]   |     ^^^^
[INFO] [stdout]   |
[INFO] [stdout]   = note: `#[warn(unused_imports)]` on by default
[INFO] [stdout] 
[INFO] [stdout] 
[INFO] [stdout] warning: unused import: `args::PlankArgs`
[INFO] [stdout]  --> libs/CLI/src/lib.rs:3:5
[INFO] [stdout]   |
[INFO] [stdout] 3 | use args::PlankArgs;
[INFO] [stdout]   |     ^^^^^^^^^^^^^^^
[INFO] [stdout] 
[INFO] [stdout] 
[INFO] [stdout] warning: unused import: `clap::parser`
[INFO] [stdout]  --> libs/CLI/src/lib.rs:4:5
[INFO] [stdout]   |
[INFO] [stdout] 4 | use clap::parser;
[INFO] [stdout]   |     ^^^^^^^^^^^^
[INFO] [stdout] 
[INFO] [stdout] 
[INFO] [stdout] warning: unused import: `super::*`
[INFO] [stdout]  --> libs/CLI/src/lib.rs:9:13
[INFO] [stdout]   |
[INFO] [stdout] 9 |         use super::*;
[INFO] [stdout]   |             ^^^^^^^^
[INFO] [stdout] 
[INFO] [stdout] 
[INFO] [stdout] warning: unused variable: `P`
[INFO] [stdout]   --> libs/statistics/src/lib.rs:17:17
[INFO] [stdout]    |
[INFO] [stdout] 17 |             let P: Vec<f32> = vec![0.1, 0.2, 0.3, 0.4, 0.5, 0.6, 0.7, 0.8, 0.9];
[INFO] [stdout]    |                 ^ help: if this is intentional, prefix it with an underscore: `_P`
[INFO] [stdout]    |
[INFO] [stdout]    = note: `#[warn(unused_variables)]` on by default
[INFO] [stdout] 
[INFO] [stdout] 
[INFO] [stdout] warning: unused variable: `Q`
[INFO] [stdout]   --> libs/statistics/src/lib.rs:18:17
[INFO] [stdout]    |
[INFO] [stdout] 18 |             let Q: Vec<f32> = vec![0.1, 0.2, 0.3, 0.4, 0.5, 0.6, 0.7, 0.8, 0.9];
[INFO] [stdout]    |                 ^ help: if this is intentional, prefix it with an underscore: `_Q`
[INFO] [stdout] 
[INFO] [stdout] 
[INFO] [stdout] warning: module `discrete_RV` should have a snake case name
[INFO] [stdout]  --> libs/statistics/src/lib.rs:1:5
[INFO] [stdout]   |
[INFO] [stdout] 1 | mod discrete_RV;
[INFO] [stdout]   |     ^^^^^^^^^^^ help: convert the identifier to snake case: `discrete_rv`
[INFO] [stdout]   |
[INFO] [stdout]   = note: `#[warn(non_snake_case)]` on by default
[INFO] [stdout] 
[INFO] [stdout] 
[INFO] [stdout] warning: module `continuous_RV` should have a snake case name
[INFO] [stdout]  --> libs/statistics/src/lib.rs:2:5
[INFO] [stdout]   |
[INFO] [stdout] 2 | mod continuous_RV;
[INFO] [stdout]   |     ^^^^^^^^^^^^^ help: convert the identifier to snake case: `continuous_rv`
[INFO] [stdout] 
[INFO] [stdout] 
[INFO] [stdout] warning: variable `P` should have a snake case name
[INFO] [stdout]   --> libs/statistics/src/lib.rs:17:17
[INFO] [stdout]    |
[INFO] [stdout] 17 |             let P: Vec<f32> = vec![0.1, 0.2, 0.3, 0.4, 0.5, 0.6, 0.7, 0.8, 0.9];
[INFO] [stdout]    |                 ^ help: convert the identifier to snake case: `p`
[INFO] [stdout] 
[INFO] [stdout] 
[INFO] [stdout] warning: variable `Q` should have a snake case name
[INFO] [stdout]   --> libs/statistics/src/lib.rs:18:17
[INFO] [stdout]    |
[INFO] [stdout] 18 |             let Q: Vec<f32> = vec![0.1, 0.2, 0.3, 0.4, 0.5, 0.6, 0.7, 0.8, 0.9];
[INFO] [stdout]    |                 ^ help: convert the identifier to snake case: `q`
[INFO] [stdout] 
[INFO] [stdout] 
[INFO] [stdout] warning: unused import: `nalgebra as na`
[INFO] [stdout]   --> libs/neural-network/src/lib.rs:14:5
[INFO] [stdout]    |
[INFO] [stdout] 14 | use nalgebra as na;
[INFO] [stdout]    |     ^^^^^^^^^^^^^^
[INFO] [stdout]    |
[INFO] [stdout]    = note: `#[warn(unused_imports)]` on by default
[INFO] [stdout] 
[INFO] [stdout] 
[INFO] [stdout] warning: unused import: `std::error::Error`
[INFO] [stdout]  --> libs/simulation-wasm/src/lib.rs:1:5
[INFO] [stdout]   |
[INFO] [stdout] 1 | use std::error::Error;
[INFO] [stdout]   |     ^^^^^^^^^^^^^^^^^
[INFO] [stdout]   |
[INFO] [stdout]   = note: `#[warn(unused_imports)]` on by default
[INFO] [stdout] 
[INFO] [stdout] 
[INFO] [stderr]    Compiling lib-genetic-algorithm v0.1.0 (/opt/rustwide/workdir/libs/genetic-algorithm)
[INFO] [stdout] warning: unused import: `crate::selection::SelectionMethod`
[INFO] [stdout]  --> libs/genetic-algorithm/src/selection/boltzmann.rs:1:5
[INFO] [stdout]   |
[INFO] [stdout] 1 | use crate::selection::SelectionMethod;
[INFO] [stdout]   |     ^^^^^^^^^^^^^^^^^^^^^^^^^^^^^^^^^
[INFO] [stdout]   |
[INFO] [stdout]   = note: `#[warn(unused_imports)]` on by default
[INFO] [stdout] 
[INFO] [stdout] 
[INFO] [stdout] warning: unused import: `crate::*`
[INFO] [stdout]  --> libs/genetic-algorithm/src/selection/boltzmann.rs:2:5
[INFO] [stdout]   |
[INFO] [stdout] 2 | use crate::*;
[INFO] [stdout]   |     ^^^^^^^^
[INFO] [stdout] 
[INFO] [stdout] 
[INFO] [stdout] warning: unused variable: `rng`
[INFO] [stdout]  --> libs/genetic-algorithm/src/selection/rank.rs:8:29
[INFO] [stdout]   |
[INFO] [stdout] 8 |     fn select<'a, I>(&self, rng: &mut dyn RngCore, population: &'a [I]) -> &'a I
[INFO] [stdout]   |                             ^^^ help: if this is intentional, prefix it with an underscore: `_rng`
[INFO] [stdout]   |
[INFO] [stdout]   = note: `#[warn(unused_variables)]` on by default
[INFO] [stdout] 
[INFO] [stdout] 
[INFO] [stdout] warning: unused variable: `population`
[INFO] [stdout]  --> libs/genetic-algorithm/src/selection/rank.rs:8:52
[INFO] [stdout]   |
[INFO] [stdout] 8 |     fn select<'a, I>(&self, rng: &mut dyn RngCore, population: &'a [I]) -> &'a I
[INFO] [stdout]   |                                                    ^^^^^^^^^^ help: if this is intentional, prefix it with an underscore: `_population`
[INFO] [stdout] 
[INFO] [stdout] 
[INFO] [stderr]    Compiling test-case v2.1.0
[INFO] [stderr]    Compiling lib-simulation v0.1.0 (/opt/rustwide/workdir/libs/simulation)
[INFO] [stdout] warning: unused import: `crate::eye::*`
[INFO] [stdout]  --> libs/simulation/src/animal.rs:3:5
[INFO] [stdout]   |
[INFO] [stdout] 3 | use crate::eye::*;
[INFO] [stdout]   |     ^^^^^^^^^^^^^
[INFO] [stdout]   |
[INFO] [stdout]   = note: `#[warn(unused_imports)]` on by default
[INFO] [stdout] 
[INFO] [stdout] 
[INFO] [stdout] warning: unused import: `crate::nn::*`
[INFO] [stdout]  --> libs/simulation/src/animal.rs:4:5
[INFO] [stdout]   |
[INFO] [stdout] 4 | use crate::nn::*;
[INFO] [stdout]   |     ^^^^^^^^^^^^
[INFO] [stdout] 
[INFO] [stdout] 
[INFO] [stdout] warning: value assigned to `angle` is never read
[INFO] [stdout]   --> libs/simulation/src/eye.rs:83:9
[INFO] [stdout]    |
[INFO] [stdout] 83 |         angle = na::wrap(angle, -PI, PI);
[INFO] [stdout]    |         ^^^^^
[INFO] [stdout]    |
[INFO] [stdout]    = help: maybe it is overwritten before being read?
[INFO] [stdout]    = note: `#[warn(unused_assignments)]` on by default
[INFO] [stdout] 
[INFO] [stdout] 
[INFO] [stdout] warning: constant `FOV_RANGE` is never used
[INFO] [stdout]  --> libs/simulation/src/eye.rs:4:7
[INFO] [stdout]   |
[INFO] [stdout] 4 | const FOV_RANGE: f32 = 0.25;
[INFO] [stdout]   |       ^^^^^^^^^
[INFO] [stdout]   |
[INFO] [stdout]   = note: `#[warn(dead_code)]` on by default
[INFO] [stdout] 
[INFO] [stdout] 
[INFO] [stdout] warning: constant `FOV_ANGLE` is never used
[INFO] [stdout]  --> libs/simulation/src/eye.rs:5:7
[INFO] [stdout]   |
[INFO] [stdout] 5 | const FOV_ANGLE: f32 = PI + FRAC_PI_4;
[INFO] [stdout]   |       ^^^^^^^^^
[INFO] [stdout] 
[INFO] [stdout] 
[INFO] [stdout] warning: constant `CELLS` is never used
[INFO] [stdout]  --> libs/simulation/src/eye.rs:6:7
[INFO] [stdout]   |
[INFO] [stdout] 6 | const CELLS: usize = 9;
[INFO] [stdout]   |       ^^^^^
[INFO] [stdout] 
[INFO] [stdout] 
[INFO] [stderr]     Finished `test` profile [unoptimized + debuginfo] target(s) in 4.02s
[INFO] [stderr] warning: the following packages contain code that will be rejected by a future version of Rust: wasm-bindgen v0.2.81
[INFO] [stderr] note: to see what the problems were, use the option `--future-incompat-report`, or run `cargo report future-incompatibilities --id 2`
[INFO] running `Command { std: "docker" "inspect" "ad8c8898edd86726d4392076ad3f3bea9e19bbc5459439d52024d4d49a8af522", kill_on_drop: false }`
[INFO] running `Command { std: "docker" "rm" "-f" "ad8c8898edd86726d4392076ad3f3bea9e19bbc5459439d52024d4d49a8af522", kill_on_drop: false }`
[INFO] [stdout] ad8c8898edd86726d4392076ad3f3bea9e19bbc5459439d52024d4d49a8af522
[INFO] running `Command { std: "docker" "create" "-v" "/var/lib/crater-agent-workspace/builds/worker-3-tc1/target:/opt/rustwide/target:rw,Z" "-v" "/var/lib/crater-agent-workspace/builds/worker-3-tc1/source:/opt/rustwide/workdir:ro,Z" "-v" "/var/lib/crater-agent-workspace/cargo-home:/opt/rustwide/cargo-home:ro,Z" "-v" "/var/lib/crater-agent-workspace/rustup-home:/opt/rustwide/rustup-home:ro,Z" "-e" "SOURCE_DIR=/opt/rustwide/workdir" "-e" "CARGO_TARGET_DIR=/opt/rustwide/target" "-e" "CARGO_INCREMENTAL=0" "-e" "RUST_BACKTRACE=full" "-e" "RUSTFLAGS=--cap-lints=warn" "-e" "RUSTDOCFLAGS=--cap-lints=warn" "-e" "CARGO_HOME=/opt/rustwide/cargo-home" "-e" "RUSTUP_HOME=/opt/rustwide/rustup-home" "-w" "/opt/rustwide/workdir" "-m" "1610612736" "--user" "0:0" "--network" "none" "ghcr.io/rust-lang/crates-build-env/linux@sha256:3959728d45483eb673ba100a951a6b9f5012970368db2a9e08e0ac9b67c8a5ad" "/opt/rustwide/cargo-home/bin/cargo" "+1.85.0" "test" "--frozen", kill_on_drop: false }`
[INFO] [stdout] 61e44b07a1267944a9a1c5887283bf825584d1088eaeb8bdd7759de274205ec9
[INFO] running `Command { std: "docker" "start" "-a" "61e44b07a1267944a9a1c5887283bf825584d1088eaeb8bdd7759de274205ec9", kill_on_drop: false }`
[INFO] [stderr] warning: virtual workspace defaulting to `resolver = "1"` despite one or more workspace members being on edition 2021 which implies `resolver = "2"`
[INFO] [stderr] note: to keep the current resolver, specify `workspace.resolver = "1"` in the workspace root's manifest
[INFO] [stderr] note: to use the edition 2021 resolver, specify `workspace.resolver = "2"` in the workspace root's manifest
[INFO] [stderr] note: for more details see https://doc.rust-lang.org/cargo/reference/resolver.html#resolver-versions
[INFO] [stderr] warning: unused import: `nalgebra as na`
[INFO] [stderr]   --> libs/neural-network/src/lib.rs:14:5
[INFO] [stderr]    |
[INFO] [stderr] 14 | use nalgebra as na;
[INFO] [stderr]    |     ^^^^^^^^^^^^^^
[INFO] [stderr]    |
[INFO] [stderr]    = note: `#[warn(unused_imports)]` on by default
[INFO] [stderr] 
[INFO] [stderr] warning: associated function `new` is never used
[INFO] [stderr]   --> libs/neural-network/src/lib.rs:24:19
[INFO] [stderr]    |
[INFO] [stderr] 23 | impl Network {
[INFO] [stderr]    | ------------ associated function in this implementation
[INFO] [stderr] 24 |     pub(crate) fn new(layers: Vec<Layer>) -> Self {
[INFO] [stderr]    |                   ^^^
[INFO] [stderr]    |
[INFO] [stderr]    = note: `#[warn(dead_code)]` on by default
[INFO] [stderr] 
[INFO] [stderr] warning: `lib-neural-network` (lib) generated 2 warnings (run `cargo fix --lib -p lib-neural-network` to apply 1 suggestion)
[INFO] [stderr] warning: unused import: `crate::selection::SelectionMethod`
[INFO] [stderr]  --> libs/genetic-algorithm/src/selection/boltzmann.rs:1:5
[INFO] [stderr]   |
[INFO] [stderr] 1 | use crate::selection::SelectionMethod;
[INFO] [stderr]   |     ^^^^^^^^^^^^^^^^^^^^^^^^^^^^^^^^^
[INFO] [stderr]   |
[INFO] [stderr]   = note: `#[warn(unused_imports)]` on by default
[INFO] [stderr] 
[INFO] [stderr] warning: unused import: `crate::*`
[INFO] [stderr]  --> libs/genetic-algorithm/src/selection/boltzmann.rs:2:5
[INFO] [stderr]   |
[INFO] [stderr] 2 | use crate::*;
[INFO] [stderr]   |     ^^^^^^^^
[INFO] [stderr] 
[INFO] [stderr] warning: unused variable: `rng`
[INFO] [stderr]  --> libs/genetic-algorithm/src/selection/rank.rs:8:29
[INFO] [stderr]   |
[INFO] [stderr] 8 |     fn select<'a, I>(&self, rng: &mut dyn RngCore, population: &'a [I]) -> &'a I
[INFO] [stderr]   |                             ^^^ help: if this is intentional, prefix it with an underscore: `_rng`
[INFO] [stderr]   |
[INFO] [stderr]   = note: `#[warn(unused_variables)]` on by default
[INFO] [stderr] 
[INFO] [stderr] warning: unused variable: `population`
[INFO] [stderr]  --> libs/genetic-algorithm/src/selection/rank.rs:8:52
[INFO] [stderr]   |
[INFO] [stderr] 8 |     fn select<'a, I>(&self, rng: &mut dyn RngCore, population: &'a [I]) -> &'a I
[INFO] [stderr]   |                                                    ^^^^^^^^^^ help: if this is intentional, prefix it with an underscore: `_population`
[INFO] [stderr] 
[INFO] [stderr] warning: `lib-genetic-algorithm` (lib) generated 4 warnings (run `cargo fix --lib -p lib-genetic-algorithm` to apply 2 suggestions)
[INFO] [stderr] warning: unused import: `crate::eye::*`
[INFO] [stderr]  --> libs/simulation/src/animal.rs:3:5
[INFO] [stderr]   |
[INFO] [stderr] 3 | use crate::eye::*;
[INFO] [stderr]   |     ^^^^^^^^^^^^^
[INFO] [stderr]   |
[INFO] [stderr]   = note: `#[warn(unused_imports)]` on by default
[INFO] [stderr] 
[INFO] [stderr] warning: unused import: `crate::nn::*`
[INFO] [stderr]  --> libs/simulation/src/animal.rs:4:5
[INFO] [stderr]   |
[INFO] [stderr] 4 | use crate::nn::*;
[INFO] [stderr]   |     ^^^^^^^^^^^^
[INFO] [stderr] 
[INFO] [stderr] warning: value assigned to `angle` is never read
[INFO] [stderr]   --> libs/simulation/src/eye.rs:83:9
[INFO] [stderr]    |
[INFO] [stderr] 83 |         angle = na::wrap(angle, -PI, PI);
[INFO] [stderr]    |         ^^^^^
[INFO] [stderr]    |
[INFO] [stderr]    = help: maybe it is overwritten before being read?
[INFO] [stderr]    = note: `#[warn(unused_assignments)]` on by default
[INFO] [stderr] 
[INFO] [stderr] warning: constant `FOV_RANGE` is never used
[INFO] [stderr]  --> libs/simulation/src/eye.rs:4:7
[INFO] [stderr]   |
[INFO] [stderr] 4 | const FOV_RANGE: f32 = 0.25;
[INFO] [stderr]   |       ^^^^^^^^^
[INFO] [stderr]   |
[INFO] [stderr]   = note: `#[warn(dead_code)]` on by default
[INFO] [stderr] 
[INFO] [stderr] warning: constant `FOV_ANGLE` is never used
[INFO] [stderr]  --> libs/simulation/src/eye.rs:5:7
[INFO] [stderr]   |
[INFO] [stderr] 5 | const FOV_ANGLE: f32 = PI + FRAC_PI_4;
[INFO] [stderr]   |       ^^^^^^^^^
[INFO] [stderr] 
[INFO] [stderr] warning: constant `CELLS` is never used
[INFO] [stderr]  --> libs/simulation/src/eye.rs:6:7
[INFO] [stderr]   |
[INFO] [stderr] 6 | const CELLS: usize = 9;
[INFO] [stderr]   |       ^^^^^
[INFO] [stderr] 
[INFO] [stderr] warning: unused import: `crate::discrete_RV::*`
[INFO] [stderr]  --> libs/statistics/src/lib.rs:4:9
[INFO] [stderr]   |
[INFO] [stderr] 4 | pub use crate::discrete_RV::*; 
[INFO] [stderr]   |         ^^^^^^^^^^^^^^^^^^^^^
[INFO] [stderr]   |
[INFO] [stderr]   = note: `#[warn(unused_imports)]` on by default
[INFO] [stderr] 
[INFO] [stderr] warning: unused import: `crate::continuous_RV::*`
[INFO] [stderr]  --> libs/statistics/src/lib.rs:5:9
[INFO] [stderr]   |
[INFO] [stderr] 5 | pub use crate::continuous_RV::*; 
[INFO] [stderr]   |         ^^^^^^^^^^^^^^^^^^^^^^^
[INFO] [stderr] 
[INFO] [stderr] warning: module `discrete_RV` should have a snake case name
[INFO] [stderr]  --> libs/statistics/src/lib.rs:1:5
[INFO] [stderr]   |
[INFO] [stderr] 1 | mod discrete_RV;
[INFO] [stderr]   |     ^^^^^^^^^^^ help: convert the identifier to snake case: `discrete_rv`
[INFO] [stderr]   |
[INFO] [stderr]   = note: `#[warn(non_snake_case)]` on by default
[INFO] [stderr] 
[INFO] [stderr] warning: module `continuous_RV` should have a snake case name
[INFO] [stderr]  --> libs/statistics/src/lib.rs:2:5
[INFO] [stderr]   |
[INFO] [stderr] 2 | mod continuous_RV;
[INFO] [stderr]   |     ^^^^^^^^^^^^^ help: convert the identifier to snake case: `continuous_rv`
[INFO] [stderr] 
[INFO] [stderr] warning: `lib-simulation` (lib) generated 6 warnings (run `cargo fix --lib -p lib-simulation` to apply 2 suggestions)
[INFO] [stderr] warning: `lib-statistics` (lib) generated 4 warnings (run `cargo fix --lib -p lib-statistics` to apply 2 suggestions)
[INFO] [stderr] warning: derive helper attribute is used before it is introduced
[INFO] [stderr]  --> libs/CLI/src/args.rs:7:3
[INFO] [stderr]   |
[INFO] [stderr] 7 | #[command(author="Mario Daniel Panuco",
[INFO] [stderr]   |   ^^^^^^^
[INFO] [stderr] 8 |         version="1.0", about="PlankAI CLI Tool")]
[INFO] [stderr] 9 | #[derive(Debug, Parser)]
[INFO] [stderr]   |                 ------ the attribute is introduced here
[INFO] [stderr]   |
[INFO] [stderr]   = warning: this was previously accepted by the compiler but is being phased out; it will become a hard error in a future release!
[INFO] [stderr]   = note: for more information, see issue #79202 <https://github.com/rust-lang/rust/issues/79202>
[INFO] [stderr]   = note: `#[warn(legacy_derive_helpers)]` on by default
[INFO] [stderr] 
[INFO] [stderr] warning: unused import: `Args`
[INFO] [stderr]  --> libs/CLI/src/args.rs:2:5
[INFO] [stderr]   |
[INFO] [stderr] 2 |     Args,
[INFO] [stderr]   |     ^^^^
[INFO] [stderr]   |
[INFO] [stderr]   = note: `#[warn(unused_imports)]` on by default
[INFO] [stderr] 
[INFO] [stderr] warning: unused import: `args::PlankArgs`
[INFO] [stderr]  --> libs/CLI/src/lib.rs:3:5
[INFO] [stderr]   |
[INFO] [stderr] 3 | use args::PlankArgs;
[INFO] [stderr]   |     ^^^^^^^^^^^^^^^
[INFO] [stderr] 
[INFO] [stderr] warning: unused import: `clap::parser`
[INFO] [stderr]  --> libs/CLI/src/lib.rs:4:5
[INFO] [stderr]   |
[INFO] [stderr] 4 | use clap::parser;
[INFO] [stderr]   |     ^^^^^^^^^^^^
[INFO] [stderr] 
[INFO] [stderr] warning: crate `lib_CLI` should have a snake case name
[INFO] [stderr]   |
[INFO] [stderr]   = help: convert the identifier to snake case: `lib_cli`
[INFO] [stderr]   = note: `#[warn(non_snake_case)]` on by default
[INFO] [stderr] 
[INFO] [stderr] warning: unused import: `super::*`
[INFO] [stderr]  --> libs/CLI/src/lib.rs:9:13
[INFO] [stderr]   |
[INFO] [stderr] 9 |         use super::*;
[INFO] [stderr]   |             ^^^^^^^^
[INFO] [stderr] 
[INFO] [stderr] warning: `lib-CLI` (lib) generated 5 warnings (run `cargo fix --lib -p lib-CLI` to apply 3 suggestions)
[INFO] [stderr] warning: `lib-CLI` (lib test) generated 5 warnings (4 duplicates) (run `cargo fix --lib -p lib-CLI --tests` to apply 1 suggestion)
[INFO] [stderr] warning: `lib-simulation` (lib test) generated 6 warnings (6 duplicates)
[INFO] [stderr] warning: `lib-genetic-algorithm` (lib test) generated 4 warnings (4 duplicates)
[INFO] [stderr] warning: unused import: `super::*`
[INFO] [stderr]  --> libs/statistics/src/lib.rs:9:9
[INFO] [stderr]   |
[INFO] [stderr] 9 |     use super::*;
[INFO] [stderr]   |         ^^^^^^^^
[INFO] [stderr] 
[INFO] [stderr] warning: unused import: `super::*`
[INFO] [stderr]   --> libs/statistics/src/lib.rs:12:13
[INFO] [stderr]    |
[INFO] [stderr] 12 |         use super::*;
[INFO] [stderr]    |             ^^^^^^^^
[INFO] [stderr] 
[INFO] [stderr] warning: unused variable: `P`
[INFO] [stderr]   --> libs/statistics/src/lib.rs:17:17
[INFO] [stderr]    |
[INFO] [stderr] 17 |             let P: Vec<f32> = vec![0.1, 0.2, 0.3, 0.4, 0.5, 0.6, 0.7, 0.8, 0.9];
[INFO] [stderr]    |                 ^ help: if this is intentional, prefix it with an underscore: `_P`
[INFO] [stderr]    |
[INFO] [stderr]    = note: `#[warn(unused_variables)]` on by default
[INFO] [stderr] 
[INFO] [stderr] warning: unused variable: `Q`
[INFO] [stderr]   --> libs/statistics/src/lib.rs:18:17
[INFO] [stderr]    |
[INFO] [stderr] 18 |             let Q: Vec<f32> = vec![0.1, 0.2, 0.3, 0.4, 0.5, 0.6, 0.7, 0.8, 0.9];
[INFO] [stderr]    |                 ^ help: if this is intentional, prefix it with an underscore: `_Q`
[INFO] [stderr] 
[INFO] [stderr] warning: variable `P` should have a snake case name
[INFO] [stderr]   --> libs/statistics/src/lib.rs:17:17
[INFO] [stderr]    |
[INFO] [stderr] 17 |             let P: Vec<f32> = vec![0.1, 0.2, 0.3, 0.4, 0.5, 0.6, 0.7, 0.8, 0.9];
[INFO] [stderr]    |                 ^ help: convert the identifier to snake case: `p`
[INFO] [stderr] 
[INFO] [stderr] warning: variable `Q` should have a snake case name
[INFO] [stderr]   --> libs/statistics/src/lib.rs:18:17
[INFO] [stderr]    |
[INFO] [stderr] 18 |             let Q: Vec<f32> = vec![0.1, 0.2, 0.3, 0.4, 0.5, 0.6, 0.7, 0.8, 0.9];
[INFO] [stderr]    |                 ^ help: convert the identifier to snake case: `q`
[INFO] [stderr] 
[INFO] [stderr] warning: `lib-neural-network` (lib test) generated 1 warning (1 duplicate)
[INFO] [stderr] warning: `lib-statistics` (lib test) generated 10 warnings (4 duplicates) (run `cargo fix --lib -p lib-statistics --tests` to apply 2 suggestions)
[INFO] [stderr] warning: unused import: `std::error::Error`
[INFO] [stderr]  --> libs/simulation-wasm/src/lib.rs:1:5
[INFO] [stderr]   |
[INFO] [stderr] 1 | use std::error::Error;
[INFO] [stderr]   |     ^^^^^^^^^^^^^^^^^
[INFO] [stderr]   |
[INFO] [stderr]   = note: `#[warn(unused_imports)]` on by default
[INFO] [stderr] 
[INFO] [stderr] warning: `lib-simulation-wasm` (lib test) generated 1 warning (run `cargo fix --lib -p lib-simulation-wasm --tests` to apply 1 suggestion)
[INFO] [stderr]     Finished `test` profile [unoptimized + debuginfo] target(s) in 0.11s
[INFO] [stderr] warning: the following packages contain code that will be rejected by a future version of Rust: wasm-bindgen v0.2.81
[INFO] [stderr] note: to see what the problems were, use the option `--future-incompat-report`, or run `cargo report future-incompatibilities --id 2`
[INFO] [stderr]      Running unittests src/lib.rs (/opt/rustwide/target/debug/deps/lib_CLI-17813a053e084b84)
[INFO] [stdout] 
[INFO] [stdout] running 2 tests
[INFO] [stdout] test tests::args::args ... ok
[INFO] [stdout] test args::tests::parsing ... FAILED
[INFO] [stdout] 
[INFO] [stdout] failures:
[INFO] [stdout] 
[INFO] [stdout] ---- args::tests::parsing stdout ----
[INFO] [stdout] 
[INFO] [stdout] thread 'args::tests::parsing' panicked at libs/CLI/src/args.rs:36:9:
[INFO] [stdout] not yet implemented
[INFO] [stdout] stack backtrace:
[INFO] [stdout]    0:     0x641362faf2fa - std::backtrace_rs::backtrace::libunwind::trace::h88deb10bd0145eb8
[INFO] [stdout]                                at /rustc/4d91de4e48198da2e33413efdcd9cd2cc0c46688/library/std/src/../../backtrace/src/backtrace/libunwind.rs:116:5
[INFO] [stdout]    1:     0x641362faf2fa - std::backtrace_rs::backtrace::trace_unsynchronized::he1036f5481c14dff
[INFO] [stdout]                                at /rustc/4d91de4e48198da2e33413efdcd9cd2cc0c46688/library/std/src/../../backtrace/src/backtrace/mod.rs:66:5
[INFO] [stdout]    2:     0x641362faf2fa - std::sys::backtrace::_print_fmt::hecc345b6e70c4b20
[INFO] [stdout]                                at /rustc/4d91de4e48198da2e33413efdcd9cd2cc0c46688/library/std/src/sys/backtrace.rs:66:9
[INFO] [stdout]    3:     0x641362faf2fa - <std::sys::backtrace::BacktraceLock::print::DisplayBacktrace as core::fmt::Display>::fmt::he089f96442833f67
[INFO] [stdout]                                at /rustc/4d91de4e48198da2e33413efdcd9cd2cc0c46688/library/std/src/sys/backtrace.rs:39:26
[INFO] [stdout]    4:     0x641362fd4c83 - core::fmt::rt::Argument::fmt::h1f77cded99c71a14
[INFO] [stdout]                                at /rustc/4d91de4e48198da2e33413efdcd9cd2cc0c46688/library/core/src/fmt/rt.rs:177:76
[INFO] [stdout]    5:     0x641362fd4c83 - core::fmt::write::h2f210ed4c94745cb
[INFO] [stdout]                                at /rustc/4d91de4e48198da2e33413efdcd9cd2cc0c46688/library/core/src/fmt/mod.rs:1440:21
[INFO] [stdout]    6:     0x641362fac413 - std::io::Write::write_fmt::he723b56f7e0bd522
[INFO] [stdout]                                at /rustc/4d91de4e48198da2e33413efdcd9cd2cc0c46688/library/std/src/io/mod.rs:1887:15
[INFO] [stdout]    7:     0x641362faf142 - std::sys::backtrace::BacktraceLock::print::h810fbd31421329e6
[INFO] [stdout]                                at /rustc/4d91de4e48198da2e33413efdcd9cd2cc0c46688/library/std/src/sys/backtrace.rs:42:9
[INFO] [stdout]    8:     0x641362fb0830 - std::panicking::default_hook::{{closure}}::hbaad47ed9dc6356d
[INFO] [stdout]                                at /rustc/4d91de4e48198da2e33413efdcd9cd2cc0c46688/library/std/src/panicking.rs:295:22
[INFO] [stdout]    9:     0x641362fb05cd - std::panicking::default_hook::h24e207139139d40a
[INFO] [stdout]                                at /rustc/4d91de4e48198da2e33413efdcd9cd2cc0c46688/library/std/src/panicking.rs:319:9
[INFO] [stdout]   10:     0x641362f79a43 - <alloc::boxed::Box<F,A> as core::ops::function::Fn<Args>>::call::h63353c459bb27956
[INFO] [stdout]                                at /rustc/4d91de4e48198da2e33413efdcd9cd2cc0c46688/library/alloc/src/boxed.rs:2007:9
[INFO] [stdout]   11:     0x641362f79a43 - test::test_main::{{closure}}::hd5af4d6c4e32fe08
[INFO] [stdout]                                at /rustc/4d91de4e48198da2e33413efdcd9cd2cc0c46688/library/test/src/lib.rs:134:21
[INFO] [stdout]   12:     0x641362fb1063 - <alloc::boxed::Box<F,A> as core::ops::function::Fn<Args>>::call::h3af32c23caf5c679
[INFO] [stdout]                                at /rustc/4d91de4e48198da2e33413efdcd9cd2cc0c46688/library/alloc/src/boxed.rs:2007:9
[INFO] [stdout]   13:     0x641362fb1063 - std::panicking::rust_panic_with_hook::ha9131beeb2ddc506
[INFO] [stdout]                                at /rustc/4d91de4e48198da2e33413efdcd9cd2cc0c46688/library/std/src/panicking.rs:836:13
[INFO] [stdout]   14:     0x641362fb0d06 - std::panicking::begin_panic_handler::{{closure}}::h1bba0eaeb6da506f
[INFO] [stdout]                                at /rustc/4d91de4e48198da2e33413efdcd9cd2cc0c46688/library/std/src/panicking.rs:694:13
[INFO] [stdout]   15:     0x641362faf7f9 - std::sys::backtrace::__rust_end_short_backtrace::h1d1ca3eade483f4c
[INFO] [stdout]                                at /rustc/4d91de4e48198da2e33413efdcd9cd2cc0c46688/library/std/src/sys/backtrace.rs:168:18
[INFO] [stdout]   16:     0x641362fb09cd - rust_begin_unwind
[INFO] [stdout]                                at /rustc/4d91de4e48198da2e33413efdcd9cd2cc0c46688/library/std/src/panicking.rs:692:5
[INFO] [stdout]   17:     0x641362f3fc30 - core::panicking::panic_fmt::h896a0727a1a943f9
[INFO] [stdout]                                at /rustc/4d91de4e48198da2e33413efdcd9cd2cc0c46688/library/core/src/panicking.rs:75:14
[INFO] [stdout]   18:     0x641362f3fcbc - core::panicking::panic::h06336e0c962d4a4a
[INFO] [stdout]                                at /rustc/4d91de4e48198da2e33413efdcd9cd2cc0c46688/library/core/src/panicking.rs:145:5
[INFO] [stdout]   19:     0x641362f4066d - lib_CLI::args::tests::parsing::hac72f1a5f03873d0
[INFO] [stdout]                                at /opt/rustwide/workdir/libs/CLI/src/args.rs:36:9
[INFO] [stdout]   20:     0x641362f40637 - lib_CLI::args::tests::parsing::{{closure}}::h029238109cb066d6
[INFO] [stdout]                                at /opt/rustwide/workdir/libs/CLI/src/args.rs:35:17
[INFO] [stdout]   21:     0x641362f40416 - core::ops::function::FnOnce::call_once::h2db59ab7a7092d8d
[INFO] [stdout]                                at /rustc/4d91de4e48198da2e33413efdcd9cd2cc0c46688/library/core/src/ops/function.rs:250:5
[INFO] [stdout]   22:     0x641362f7f1eb - core::ops::function::FnOnce::call_once::h8acc80b5a33ff319
[INFO] [stdout]                                at /rustc/4d91de4e48198da2e33413efdcd9cd2cc0c46688/library/core/src/ops/function.rs:250:5
[INFO] [stdout]   23:     0x641362f7f1eb - test::__rust_begin_short_backtrace::h52b6da716ad42b7d
[INFO] [stdout]                                at /rustc/4d91de4e48198da2e33413efdcd9cd2cc0c46688/library/test/src/lib.rs:632:18
[INFO] [stdout]   24:     0x641362f7e123 - test::run_test_in_process::{{closure}}::h2580047890abbefe
[INFO] [stdout]                                at /rustc/4d91de4e48198da2e33413efdcd9cd2cc0c46688/library/test/src/lib.rs:655:60
[INFO] [stdout]   25:     0x641362f7e123 - <core::panic::unwind_safe::AssertUnwindSafe<F> as core::ops::function::FnOnce<()>>::call_once::h936f8c89d0a99c40
[INFO] [stdout]                                at /rustc/4d91de4e48198da2e33413efdcd9cd2cc0c46688/library/core/src/panic/unwind_safe.rs:272:9
[INFO] [stdout]   26:     0x641362f7e123 - std::panicking::try::do_call::h868682cc368697f9
[INFO] [stdout]                                at /rustc/4d91de4e48198da2e33413efdcd9cd2cc0c46688/library/std/src/panicking.rs:584:40
[INFO] [stdout]   27:     0x641362f7e123 - std::panicking::try::h0356ffc38cbb5501
[INFO] [stdout]                                at /rustc/4d91de4e48198da2e33413efdcd9cd2cc0c46688/library/std/src/panicking.rs:547:19
[INFO] [stdout]   28:     0x641362f7e123 - std::panic::catch_unwind::h74edf102a3082536
[INFO] [stdout]                                at /rustc/4d91de4e48198da2e33413efdcd9cd2cc0c46688/library/std/src/panic.rs:358:14
[INFO] [stdout]   29:     0x641362f7e123 - test::run_test_in_process::hc27d69576b7224e4
[INFO] [stdout]                                at /rustc/4d91de4e48198da2e33413efdcd9cd2cc0c46688/library/test/src/lib.rs:655:27
[INFO] [stdout]   30:     0x641362f7e123 - test::run_test::{{closure}}::h9f3bfaf910429adb
[INFO] [stdout]                                at /rustc/4d91de4e48198da2e33413efdcd9cd2cc0c46688/library/test/src/lib.rs:576:43
[INFO] [stdout]   31:     0x641362f41e55 - test::run_test::{{closure}}::h3d537cdce8ec5816
[INFO] [stdout]                                at /rustc/4d91de4e48198da2e33413efdcd9cd2cc0c46688/library/test/src/lib.rs:606:41
[INFO] [stdout]   32:     0x641362f41e55 - std::sys::backtrace::__rust_begin_short_backtrace::hb51d9a6c67ec382d
[INFO] [stdout]                                at /rustc/4d91de4e48198da2e33413efdcd9cd2cc0c46688/library/std/src/sys/backtrace.rs:152:18
[INFO] [stdout]   33:     0x641362f45896 - std::thread::Builder::spawn_unchecked_::{{closure}}::{{closure}}::h5738f3abb9603fe6
[INFO] [stdout]                                at /rustc/4d91de4e48198da2e33413efdcd9cd2cc0c46688/library/std/src/thread/mod.rs:564:17
[INFO] [stdout]   34:     0x641362f45896 - <core::panic::unwind_safe::AssertUnwindSafe<F> as core::ops::function::FnOnce<()>>::call_once::h5e9f4b56e45e8108
[INFO] [stdout]                                at /rustc/4d91de4e48198da2e33413efdcd9cd2cc0c46688/library/core/src/panic/unwind_safe.rs:272:9
[INFO] [stdout]   35:     0x641362f45896 - std::panicking::try::do_call::ha36db853b2f34e23
[INFO] [stdout]                                at /rustc/4d91de4e48198da2e33413efdcd9cd2cc0c46688/library/std/src/panicking.rs:584:40
[INFO] [stdout]   36:     0x641362f45896 - std::panicking::try::h57e1aa33a0efb1be
[INFO] [stdout]                                at /rustc/4d91de4e48198da2e33413efdcd9cd2cc0c46688/library/std/src/panicking.rs:547:19
[INFO] [stdout]   37:     0x641362f45896 - std::panic::catch_unwind::hdb71a6103024936e
[INFO] [stdout]                                at /rustc/4d91de4e48198da2e33413efdcd9cd2cc0c46688/library/std/src/panic.rs:358:14
[INFO] [stdout]   38:     0x641362f45896 - std::thread::Builder::spawn_unchecked_::{{closure}}::h8caa22218f423ab1
[INFO] [stdout]                                at /rustc/4d91de4e48198da2e33413efdcd9cd2cc0c46688/library/std/src/thread/mod.rs:562:30
[INFO] [stdout]   39:     0x641362f45896 - core::ops::function::FnOnce::call_once{{vtable.shim}}::hb3b44780e9c053e5
[INFO] [stdout]                                at /rustc/4d91de4e48198da2e33413efdcd9cd2cc0c46688/library/core/src/ops/function.rs:250:5
[INFO] [stdout]   40:     0x641362fb4ecb - <alloc::boxed::Box<F,A> as core::ops::function::FnOnce<Args>>::call_once::h2649f14f1b1c150d
[INFO] [stdout]                                at /rustc/4d91de4e48198da2e33413efdcd9cd2cc0c46688/library/alloc/src/boxed.rs:1993:9
[INFO] [stdout]   41:     0x641362fb4ecb - <alloc::boxed::Box<F,A> as core::ops::function::FnOnce<Args>>::call_once::hb2ade58cb34e1bc4
[INFO] [stdout]                                at /rustc/4d91de4e48198da2e33413efdcd9cd2cc0c46688/library/alloc/src/boxed.rs:1993:9
[INFO] [stdout]   42:     0x641362fb4ecb - std::sys::pal::unix::thread::Thread::new::thread_start::ha07e360225fa3528
[INFO] [stdout]                                at /rustc/4d91de4e48198da2e33413efdcd9cd2cc0c46688/library/std/src/sys/pal/unix/thread.rs:106:17
[INFO] [stdout]   43:     0x7e05d754cac3 - <unknown>
[INFO] [stdout]   44:     0x7e05d75dda04 - clone
[INFO] [stdout]   45:                0x0 - <unknown>
[INFO] [stdout] 
[INFO] [stdout] 
[INFO] [stdout] failures:
[INFO] [stdout]     args::tests::parsing
[INFO] [stdout] 
[INFO] [stdout] test result: FAILED. 1 passed; 1 failed; 0 ignored; 0 measured; 0 filtered out; finished in 0.06s
[INFO] [stdout] 
[INFO] [stderr] error: test failed, to rerun pass `-p lib-CLI --lib`
[INFO] running `Command { std: "docker" "inspect" "61e44b07a1267944a9a1c5887283bf825584d1088eaeb8bdd7759de274205ec9", kill_on_drop: false }`
[INFO] running `Command { std: "docker" "rm" "-f" "61e44b07a1267944a9a1c5887283bf825584d1088eaeb8bdd7759de274205ec9", kill_on_drop: false }`
[INFO] [stdout] 61e44b07a1267944a9a1c5887283bf825584d1088eaeb8bdd7759de274205ec9
