[INFO] cloning repository https://github.com/Dust-Mail/autoconfig
[INFO] running `Command { std: "git" "-c" "credential.helper=" "-c" "credential.helper=/workspace/cargo-home/bin/git-credential-null" "clone" "--bare" "https://github.com/Dust-Mail/autoconfig" "/workspace/cache/git-repos/https%3A%2F%2Fgithub.com%2FDust-Mail%2Fautoconfig", kill_on_drop: false }`
[INFO] [stderr] Cloning into bare repository '/workspace/cache/git-repos/https%3A%2F%2Fgithub.com%2FDust-Mail%2Fautoconfig'...
[INFO] running `Command { std: "git" "rev-parse" "HEAD", kill_on_drop: false }`
[INFO] [stdout] a4c40bee630c0d3b6383ee92dbccee8571a979fa
[INFO] testing Dust-Mail/autoconfig against 1.85.0 for beta-1.86-3
[INFO] running `Command { std: "git" "clone" "/workspace/cache/git-repos/https%3A%2F%2Fgithub.com%2FDust-Mail%2Fautoconfig" "/workspace/builds/worker-1-tc1/source", kill_on_drop: false }`
[INFO] [stderr] Cloning into '/workspace/builds/worker-1-tc1/source'...
[INFO] [stderr] done.
[INFO] validating manifest of git repo https://github.com/Dust-Mail/autoconfig on toolchain 1.85.0
[INFO] running `Command { std: CARGO_HOME="/workspace/cargo-home" RUSTUP_HOME="/workspace/rustup-home" "/workspace/cargo-home/bin/cargo" "+1.85.0" "metadata" "--manifest-path" "Cargo.toml" "--no-deps", kill_on_drop: false }`
[INFO] started tweaking git repo https://github.com/Dust-Mail/autoconfig
[INFO] finished tweaking git repo https://github.com/Dust-Mail/autoconfig
[INFO] tweaked toml for git repo https://github.com/Dust-Mail/autoconfig written to /workspace/builds/worker-1-tc1/source/Cargo.toml
[INFO] crate git repo https://github.com/Dust-Mail/autoconfig already has a lockfile, it will not be regenerated
[INFO] running `Command { std: CARGO_HOME="/workspace/cargo-home" RUSTUP_HOME="/workspace/rustup-home" "/workspace/cargo-home/bin/cargo" "+1.85.0" "fetch" "--manifest-path" "Cargo.toml", kill_on_drop: false }`
[INFO] [stderr]     Updating crates.io index
[INFO] [stderr]  Downloading crates ...
[INFO] [stderr]   Downloaded trust-dns-resolver v0.22.0
[INFO] [stderr]   Downloaded errno-dragonfly v0.1.2
[INFO] [stderr]   Downloaded event-listener v2.5.3
[INFO] [stderr]   Downloaded async-lock v2.8.0
[INFO] [stderr]   Downloaded io-lifetimes v1.0.10
[INFO] [stderr]   Downloaded async-channel v1.9.0
[INFO] [stderr]   Downloaded atomic-waker v1.1.1
[INFO] [stderr]   Downloaded blocking v1.3.1
[INFO] [stderr]   Downloaded tracing-futures v0.2.5
[INFO] [stderr]   Downloaded value-bag v1.0.0-alpha.9
[INFO] [stderr]   Downloaded vcpkg v0.2.15
[INFO] [stderr]   Downloaded flume v0.9.2
[INFO] [stderr]   Downloaded openssl-sys v0.9.91
[INFO] [stderr]   Downloaded cipher v0.2.5
[INFO] [stderr]   Downloaded wasm-bindgen-futures v0.4.34
[INFO] [stderr]   Downloaded errno v0.3.1
[INFO] [stderr]   Downloaded time-macros-impl v0.1.2
[INFO] [stderr]   Downloaded web-sys v0.3.61
[INFO] [stderr]   Downloaded idna v0.4.0
[INFO] [stderr]   Downloaded futures-executor v0.3.30
[INFO] [stderr]   Downloaded pkg-config v0.3.27
[INFO] [stderr]   Downloaded polling v2.8.0
[INFO] [stderr]   Downloaded socket2 v0.4.9
[INFO] [stderr]   Downloaded async-io v1.13.0
[INFO] [stderr]   Downloaded async-std-resolver v0.22.0
[INFO] [stderr]   Downloaded curl v0.4.44
[INFO] [stderr]   Downloaded regex v1.10.3
[INFO] [stderr]   Downloaded libc v0.2.151
[INFO] [stderr]   Downloaded regex-syntax v0.8.2
[INFO] [stderr]   Downloaded tokio v1.35.1
[INFO] [stderr]   Downloaded linux-raw-sys v0.3.8
[INFO] [stderr]   Downloaded serde-xml-rs v0.6.0
[INFO] [stderr]   Downloaded bytes v0.5.6
[INFO] [stderr]   Downloaded futures v0.3.30
[INFO] [stderr]   Downloaded schannel v0.1.22
[INFO] [stderr]   Downloaded async-attributes v1.1.2
[INFO] [stderr]   Downloaded async-executor v1.5.1
[INFO] [stderr]   Downloaded rustix v0.37.26
[INFO] [stderr]   Downloaded trust-dns-proto v0.23.2
[INFO] [stderr]   Downloaded concurrent-queue v2.2.0
[INFO] [stderr]   Downloaded idna v0.2.3
[INFO] [stderr]   Downloaded time-macros v0.1.1
[INFO] [stderr]   Downloaded cookie v0.14.4
[INFO] [stderr]   Downloaded mime_guess v2.0.4
[INFO] [stderr]   Downloaded match_cfg v0.1.0
[INFO] [stderr]   Downloaded futures-channel v0.3.30
[INFO] [stderr]   Downloaded openssl-probe v0.1.5
[INFO] [stderr]   Downloaded async-std v1.12.0
[INFO] [stderr]   Downloaded aesni v0.10.0
[INFO] [stderr]   Downloaded aes v0.6.0
[INFO] [stderr]   Downloaded sha1_smol v1.0.0
[INFO] [stderr]   Downloaded infer v0.2.3
[INFO] [stderr]   Downloaded serde_qs v0.8.5
[INFO] [stderr]   Downloaded ipconfig v0.3.2
[INFO] [stderr]   Downloaded hostname v0.3.1
[INFO] [stderr]   Downloaded resolv-conf v0.7.0
[INFO] [stderr]   Downloaded async-trait v0.1.69
[INFO] [stderr]   Downloaded data-encoding v2.4.0
[INFO] [stderr]   Downloaded enum-as-inner v0.5.1
[INFO] [stderr]   Downloaded slab v0.4.8
[INFO] [stderr]   Downloaded encoding_rs v0.8.33
[INFO] [stderr]   Downloaded ipnet v2.7.2
[INFO] [stderr]   Downloaded getrandom v0.2.9
[INFO] [stderr]   Downloaded mio v0.8.10
[INFO] [stderr]   Downloaded socket2 v0.5.5
[INFO] [stderr]   Downloaded tokio-macros v2.2.0
[INFO] [stderr]   Downloaded ctor v0.1.26
[INFO] [stderr]   Downloaded idna v0.5.0
[INFO] [stderr]   Downloaded aead v0.3.2
[INFO] [stderr]   Downloaded aes-soft v0.6.4
[INFO] [stderr]   Downloaded ctr v0.6.0
[INFO] [stderr]   Downloaded cpuid-bool v0.2.0
[INFO] [stderr]   Downloaded polyval v0.4.5
[INFO] [stderr]   Downloaded ghash v0.3.1
[INFO] [stderr]   Downloaded aes-gcm v0.8.0
[INFO] [stderr]   Downloaded hkdf v0.10.0
[INFO] [stderr]   Downloaded crypto-mac v0.10.1
[INFO] [stderr]   Downloaded hmac v0.10.1
[INFO] [stderr]   Downloaded const_fn v0.4.9
[INFO] [stderr]   Downloaded discard v1.0.4
[INFO] [stderr]   Downloaded stdweb-derive v0.5.3
[INFO] [stderr]   Downloaded sha1 v0.6.1
[INFO] [stderr]   Downloaded stdweb-internal-macros v0.2.9
[INFO] [stderr]   Downloaded stdweb-internal-runtime v0.1.5
[INFO] [stderr]   Downloaded stdweb v0.4.20
[INFO] [stderr]   Downloaded proc-macro-hack v0.5.20+deprecated
[INFO] [stderr]   Downloaded standback v0.2.17
[INFO] [stderr]   Downloaded windows-sys v0.48.0
[INFO] [stderr]   Downloaded time v0.2.27
[INFO] [stderr]   Downloaded regex-automata v0.4.4
[INFO] [stderr]   Downloaded libnghttp2-sys v0.1.8+1.55.1
[INFO] [stderr]   Downloaded parking v2.1.0
[INFO] [stderr]   Downloaded waker-fn v1.1.0
[INFO] [stderr]   Downloaded unicase v2.6.0
[INFO] [stderr]   Downloaded surf v2.3.2
[INFO] [stderr]   Downloaded enum-as-inner v0.6.0
[INFO] [stderr]   Downloaded widestring v1.0.2
[INFO] [stderr]   Downloaded lru-cache v0.1.2
[INFO] [stderr]   Downloaded js-sys v0.3.61
[INFO] [stderr]   Downloaded spinning_top v0.2.5
[INFO] [stderr]   Downloaded isahc v0.9.14
[INFO] [stderr]   Downloaded base-x v0.2.11
[INFO] [stderr]   Downloaded fastrand v1.9.0
[INFO] [stderr]   Downloaded futures-lite v1.13.0
[INFO] [stderr]   Downloaded mime v0.3.17
[INFO] [stderr]   Downloaded winreg v0.50.0
[INFO] [stderr]   Downloaded quick-error v1.2.3
[INFO] [stderr]   Downloaded futures-core v0.3.30
[INFO] [stderr]   Downloaded futures-io v0.3.30
[INFO] [stderr]   Downloaded futures-macro v0.3.30
[INFO] [stderr]   Downloaded futures-sink v0.3.30
[INFO] [stderr]   Downloaded futures-task v0.3.30
[INFO] [stderr]   Downloaded http-types v2.12.0
[INFO] [stderr]   Downloaded futures-util v0.3.30
[INFO] [stderr]   Downloaded signal-hook-registry v1.4.1
[INFO] [stderr]   Downloaded windows-targets v0.48.0
[INFO] [stderr]   Downloaded pin-project-internal v1.1.0
[INFO] [stderr]   Downloaded async-process v1.7.0
[INFO] [stderr]   Downloaded kv-log-macro v1.0.7
[INFO] [stderr]   Downloaded heck v0.4.1
[INFO] [stderr]   Downloaded matches v0.1.10
[INFO] [stderr]   Downloaded form_urlencoded v1.2.1
[INFO] [stderr]   Downloaded sluice v0.5.5
[INFO] [stderr]   Downloaded pin-project v1.1.0
[INFO] [stderr]   Downloaded http-client v6.5.3
[INFO] [stderr]   Downloaded async-global-executor v2.3.1
[INFO] [stderr]   Downloaded signal-hook v0.3.17
[INFO] [stderr]   Downloaded tracing-attributes v0.1.26
[INFO] [stderr]   Downloaded tracing-core v0.1.30
[INFO] [stderr]   Downloaded async-task v4.4.0
[INFO] [stderr]   Downloaded tracing v0.1.37
[INFO] [stderr]   Downloaded curl-sys v0.4.65+curl-8.2.1
[INFO] [stderr]   Downloaded unicode-bidi v0.3.13
[INFO] [stderr]   Downloaded percent-encoding v2.3.1
[INFO] [stderr]   Downloaded proc-macro2 v1.0.71
[INFO] [stderr]   Downloaded trust-dns-proto v0.22.0
[INFO] [stderr]   Downloaded linked-hash-map v0.5.6
[INFO] [stderr]   Downloaded quote v1.0.26
[INFO] [stderr]   Downloaded unicode-ident v1.0.8
[INFO] [stderr]   Downloaded syn v2.0.15
[INFO] [stderr]   Downloaded url v2.5.0
[INFO] [stderr]   Downloaded libz-sys v1.1.12
[INFO] running `Command { std: "docker" "create" "-v" "/var/lib/crater-agent-workspace/builds/worker-1-tc1/target:/opt/rustwide/target:rw,Z" "-v" "/var/lib/crater-agent-workspace/builds/worker-1-tc1/source:/opt/rustwide/workdir:ro,Z" "-v" "/var/lib/crater-agent-workspace/cargo-home:/opt/rustwide/cargo-home:ro,Z" "-v" "/var/lib/crater-agent-workspace/rustup-home:/opt/rustwide/rustup-home:ro,Z" "-e" "SOURCE_DIR=/opt/rustwide/workdir" "-e" "CARGO_TARGET_DIR=/opt/rustwide/target" "-e" "CARGO_HOME=/opt/rustwide/cargo-home" "-e" "RUSTUP_HOME=/opt/rustwide/rustup-home" "-w" "/opt/rustwide/workdir" "-m" "1610612736" "--user" "0:0" "--network" "none" "ghcr.io/rust-lang/crates-build-env/linux@sha256:3959728d45483eb673ba100a951a6b9f5012970368db2a9e08e0ac9b67c8a5ad" "/opt/rustwide/cargo-home/bin/cargo" "+1.85.0" "metadata" "--no-deps" "--format-version=1", kill_on_drop: false }`
[INFO] [stdout] c02b6a97fbef92bc6e3f9084a530e86b3405143a457068a553f0706da4dfd66d
[INFO] running `Command { std: "docker" "start" "-a" "c02b6a97fbef92bc6e3f9084a530e86b3405143a457068a553f0706da4dfd66d", kill_on_drop: false }`
[INFO] running `Command { std: "docker" "inspect" "c02b6a97fbef92bc6e3f9084a530e86b3405143a457068a553f0706da4dfd66d", kill_on_drop: false }`
[INFO] running `Command { std: "docker" "rm" "-f" "c02b6a97fbef92bc6e3f9084a530e86b3405143a457068a553f0706da4dfd66d", kill_on_drop: false }`
[INFO] [stdout] c02b6a97fbef92bc6e3f9084a530e86b3405143a457068a553f0706da4dfd66d
[INFO] running `Command { std: "docker" "create" "-v" "/var/lib/crater-agent-workspace/builds/worker-1-tc1/target:/opt/rustwide/target:rw,Z" "-v" "/var/lib/crater-agent-workspace/builds/worker-1-tc1/source:/opt/rustwide/workdir:ro,Z" "-v" "/var/lib/crater-agent-workspace/cargo-home:/opt/rustwide/cargo-home:ro,Z" "-v" "/var/lib/crater-agent-workspace/rustup-home:/opt/rustwide/rustup-home:ro,Z" "-e" "SOURCE_DIR=/opt/rustwide/workdir" "-e" "CARGO_TARGET_DIR=/opt/rustwide/target" "-e" "CARGO_INCREMENTAL=0" "-e" "RUST_BACKTRACE=full" "-e" "RUSTFLAGS=--cap-lints=warn" "-e" "RUSTDOCFLAGS=--cap-lints=warn" "-e" "CARGO_HOME=/opt/rustwide/cargo-home" "-e" "RUSTUP_HOME=/opt/rustwide/rustup-home" "-w" "/opt/rustwide/workdir" "-m" "1610612736" "--user" "0:0" "--network" "none" "ghcr.io/rust-lang/crates-build-env/linux@sha256:3959728d45483eb673ba100a951a6b9f5012970368db2a9e08e0ac9b67c8a5ad" "/opt/rustwide/cargo-home/bin/cargo" "+1.85.0" "build" "--frozen" "--message-format=json", kill_on_drop: false }`
[INFO] [stdout] b0289e5b1161b3861c92c9b72f89703df287b2fab4bd5eb37a79a3e48ab5a958
[INFO] running `Command { std: "docker" "start" "-a" "b0289e5b1161b3861c92c9b72f89703df287b2fab4bd5eb37a79a3e48ab5a958", kill_on_drop: false }`
[INFO] [stderr]    Compiling proc-macro2 v1.0.71
[INFO] [stderr]    Compiling libc v0.2.151
[INFO] [stderr]    Compiling syn v1.0.109
[INFO] [stderr]    Compiling generic-array v0.14.7
[INFO] [stderr]    Compiling futures-core v0.3.30
[INFO] [stderr]    Compiling value-bag v1.0.0-alpha.9
[INFO] [stderr]    Compiling memchr v2.6.4
[INFO] [stderr]    Compiling pin-project-lite v0.2.13
[INFO] [stderr]    Compiling log v0.4.17
[INFO] [stderr]    Compiling futures-io v0.3.30
[INFO] [stderr]    Compiling serde v1.0.164
[INFO] [stderr]    Compiling vcpkg v0.2.15
[INFO] [stderr]    Compiling percent-encoding v2.3.1
[INFO] [stderr]    Compiling event-listener v2.5.3
[INFO] [stderr]    Compiling concurrent-queue v2.2.0
[INFO] [stderr]    Compiling futures-sink v0.3.30
[INFO] [stderr]    Compiling subtle v2.4.1
[INFO] [stderr]    Compiling unicode-bidi v0.3.13
[INFO] [stderr]    Compiling libnghttp2-sys v0.1.8+1.55.1
[INFO] [stderr]    Compiling fastrand v1.9.0
[INFO] [stderr]    Compiling waker-fn v1.1.0
[INFO] [stderr]    Compiling parking v2.1.0
[INFO] [stderr]    Compiling form_urlencoded v1.2.1
[INFO] [stderr]    Compiling lock_api v0.4.10
[INFO] [stderr]    Compiling standback v0.2.17
[INFO] [stderr]    Compiling io-lifetimes v1.0.10
[INFO] [stderr]    Compiling proc-macro-hack v0.5.20+deprecated
[INFO] [stderr]    Compiling async-channel v1.9.0
[INFO] [stderr]    Compiling idna v0.5.0
[INFO] [stderr]    Compiling async-lock v2.8.0
[INFO] [stderr]    Compiling curl-sys v0.4.65+curl-8.2.1
[INFO] [stderr]    Compiling polling v2.8.0
[INFO] [stderr]    Compiling futures-lite v1.13.0
[INFO] [stderr]    Compiling tracing-core v0.1.30
[INFO] [stderr]    Compiling cipher v0.2.5
[INFO] [stderr]    Compiling getrandom v0.1.16
[INFO] [stderr]    Compiling rustix v0.37.26
[INFO] [stderr]    Compiling bytes v1.5.0
[INFO] [stderr]    Compiling quote v1.0.26
[INFO] [stderr]    Compiling universal-hash v0.4.1
[INFO] [stderr]    Compiling openssl-sys v0.9.91
[INFO] [stderr]    Compiling libz-sys v1.1.12
[INFO] [stderr]    Compiling digest v0.9.0
[INFO] [stderr]    Compiling futures-channel v0.3.30
[INFO] [stderr]    Compiling getrandom v0.2.9
[INFO] [stderr]    Compiling socket2 v0.4.9
[INFO] [stderr]    Compiling async-io v1.13.0
[INFO] [stderr]    Compiling syn v2.0.15
[INFO] [stderr]    Compiling rand_core v0.6.4
[INFO] [stderr]    Compiling futures-task v0.3.30
[INFO] [stderr]    Compiling rand_chacha v0.3.1
[INFO] [stderr]    Compiling linux-raw-sys v0.3.8
[INFO] [stderr]    Compiling async-trait v0.1.69
[INFO] [stderr]    Compiling cpuid-bool v0.2.0
[INFO] [stderr]    Compiling async-task v4.4.0
[INFO] [stderr]    Compiling const_fn v0.4.9
[INFO] [stderr]    Compiling polyval v0.4.5
[INFO] [stderr]    Compiling aes-soft v0.6.4
[INFO] [stderr]    Compiling rand v0.8.5
[INFO] [stderr]    Compiling crypto-mac v0.10.1
[INFO] [stderr]    Compiling unicase v2.6.0
[INFO] [stderr]    Compiling time v0.2.27
[INFO] [stderr]    Compiling atomic-waker v1.1.1
[INFO] [stderr]    Compiling aes v0.6.0
[INFO] [stderr]    Compiling rand_core v0.5.1
[INFO] [stderr]    Compiling async-executor v1.5.1
[INFO] [stderr]    Compiling ghash v0.3.1
[INFO] [stderr]    Compiling hmac v0.10.1
[INFO] [stderr]    Compiling ctr v0.6.0
[INFO] [stderr]    Compiling aead v0.3.2
[INFO] [stderr]    Compiling block-buffer v0.9.0
[INFO] [stderr]    Compiling cookie v0.14.4
[INFO] [stderr]    Compiling smallvec v1.11.0
[INFO] [stderr]    Compiling heck v0.4.1
[INFO] [stderr]    Compiling curl v0.4.44
[INFO] [stderr]    Compiling sha2 v0.9.9
[INFO] [stderr]    Compiling aes-gcm v0.8.0
[INFO] [stderr]    Compiling hkdf v0.10.0
[INFO] [stderr]    Compiling rand_chacha v0.2.2
[INFO] [stderr]    Compiling socket2 v0.5.5
[INFO] [stderr]    Compiling mio v0.8.10
[INFO] [stderr]    Compiling num_cpus v1.16.0
[INFO] [stderr]    Compiling spinning_top v0.2.5
[INFO] [stderr]    Compiling isahc v0.9.14
[INFO] [stderr]    Compiling http-types v2.12.0
[INFO] [stderr]    Compiling parking_lot_core v0.9.8
[INFO] [stderr]    Compiling http v0.2.9
[INFO] [stderr]    Compiling mime_guess v2.0.4
[INFO] [stderr]    Compiling flume v0.9.2
[INFO] [stderr]    Compiling rand v0.7.3
[INFO] [stderr]    Compiling sluice v0.5.5
[INFO] [stderr]    Compiling matches v0.1.10
[INFO] [stderr]    Compiling data-encoding v2.4.0
[INFO] [stderr]    Compiling infer v0.2.3
[INFO] [stderr]    Compiling match_cfg v0.1.0
[INFO] [stderr]    Compiling bytes v0.5.6
[INFO] [stderr]    Compiling ipnet v2.7.2
[INFO] [stderr]    Compiling tokio v1.35.1
[INFO] [stderr]    Compiling hostname v0.3.1
[INFO] [stderr]    Compiling idna v0.2.3
[INFO] [stderr]    Compiling aho-corasick v1.0.4
[INFO] [stderr]    Compiling regex-syntax v0.8.2
[INFO] [stderr]    Compiling linked-hash-map v0.5.6
[INFO] [stderr]    Compiling quick-error v1.2.3
[INFO] [stderr]    Compiling lru-cache v0.1.2
[INFO] [stderr]    Compiling resolv-conf v0.7.0
[INFO] [stderr]    Compiling parking_lot v0.12.1
[INFO] [stderr]    Compiling idna v0.4.0
[INFO] [stderr]    Compiling encoding_rs v0.8.33
[INFO] [stderr]    Compiling xml-rs v0.8.4
[INFO] [stderr]    Compiling wasm-bindgen-backend v0.2.84
[INFO] [stderr]    Compiling ctor v0.1.26
[INFO] [stderr]    Compiling time-macros-impl v0.1.2
[INFO] [stderr]    Compiling enum-as-inner v0.5.1
[INFO] [stderr]    Compiling regex-automata v0.4.4
[INFO] [stderr]    Compiling serde_derive v1.0.164
[INFO] [stderr]    Compiling thiserror-impl v1.0.40
[INFO] [stderr]    Compiling tracing-attributes v0.1.26
[INFO] [stderr]    Compiling futures-macro v0.3.30
[INFO] [stderr]    Compiling pin-project-internal v1.1.0
[INFO] [stderr]    Compiling enum-as-inner v0.6.0
[INFO] [stderr]    Compiling wasm-bindgen-macro-support v0.2.84
[INFO] [stderr]    Compiling time-macros v0.1.1
[INFO] [stderr]    Compiling wasm-bindgen-macro v0.2.84
[INFO] [stderr]    Compiling blocking v1.3.1
[INFO] [stderr]    Compiling kv-log-macro v1.0.7
[INFO] [stderr]    Compiling futures-util v0.3.30
[INFO] [stderr]    Compiling pin-project v1.1.0
[INFO] [stderr]    Compiling tracing v0.1.37
[INFO] [stderr]    Compiling thiserror v1.0.40
[INFO] [stderr]    Compiling async-global-executor v2.3.1
[INFO] [stderr]    Compiling tracing-futures v0.2.5
[INFO] [stderr]    Compiling wasm-bindgen v0.2.84
[INFO] [stderr]    Compiling async-std v1.12.0
[INFO] [stderr]    Compiling js-sys v0.3.61
[INFO] [stderr]    Compiling regex v1.10.3
[INFO] [stderr]    Compiling futures-executor v0.3.30
[INFO] [stderr]    Compiling futures v0.3.30
[INFO] [stderr]    Compiling web-sys v0.3.61
[INFO] [stderr]    Compiling url v2.5.0
[INFO] [stderr]    Compiling serde_json v1.0.99
[INFO] [stderr]    Compiling serde_qs v0.8.5
[INFO] [stderr]    Compiling serde_urlencoded v0.7.1
[INFO] [stderr]    Compiling serde-xml-rs v0.6.0
[INFO] [stderr]    Compiling trust-dns-proto v0.22.0
[INFO] [stderr]    Compiling trust-dns-proto v0.23.2
[INFO] [stderr]    Compiling http-client v6.5.3
[INFO] [stderr]    Compiling surf v2.3.2
[INFO] [stderr]    Compiling trust-dns-resolver v0.22.0
[INFO] [stderr]    Compiling autoconfig v0.4.0 (/opt/rustwide/workdir)
[INFO] [stderr]     Finished `dev` profile [unoptimized + debuginfo] target(s) in 46.82s
[INFO] [stderr] warning: the following packages contain code that will be rejected by a future version of Rust: wasm-bindgen v0.2.84
[INFO] [stderr] note: to see what the problems were, use the option `--future-incompat-report`, or run `cargo report future-incompatibilities --id 5`
[INFO] running `Command { std: "docker" "inspect" "b0289e5b1161b3861c92c9b72f89703df287b2fab4bd5eb37a79a3e48ab5a958", kill_on_drop: false }`
[INFO] running `Command { std: "docker" "rm" "-f" "b0289e5b1161b3861c92c9b72f89703df287b2fab4bd5eb37a79a3e48ab5a958", kill_on_drop: false }`
[INFO] [stdout] b0289e5b1161b3861c92c9b72f89703df287b2fab4bd5eb37a79a3e48ab5a958
[INFO] running `Command { std: "docker" "create" "-v" "/var/lib/crater-agent-workspace/builds/worker-1-tc1/target:/opt/rustwide/target:rw,Z" "-v" "/var/lib/crater-agent-workspace/builds/worker-1-tc1/source:/opt/rustwide/workdir:ro,Z" "-v" "/var/lib/crater-agent-workspace/cargo-home:/opt/rustwide/cargo-home:ro,Z" "-v" "/var/lib/crater-agent-workspace/rustup-home:/opt/rustwide/rustup-home:ro,Z" "-e" "SOURCE_DIR=/opt/rustwide/workdir" "-e" "CARGO_TARGET_DIR=/opt/rustwide/target" "-e" "CARGO_INCREMENTAL=0" "-e" "RUST_BACKTRACE=full" "-e" "RUSTFLAGS=--cap-lints=warn" "-e" "RUSTDOCFLAGS=--cap-lints=warn" "-e" "CARGO_HOME=/opt/rustwide/cargo-home" "-e" "RUSTUP_HOME=/opt/rustwide/rustup-home" "-w" "/opt/rustwide/workdir" "-m" "1610612736" "--user" "0:0" "--network" "none" "ghcr.io/rust-lang/crates-build-env/linux@sha256:3959728d45483eb673ba100a951a6b9f5012970368db2a9e08e0ac9b67c8a5ad" "/opt/rustwide/cargo-home/bin/cargo" "+1.85.0" "test" "--frozen" "--no-run" "--message-format=json", kill_on_drop: false }`
[INFO] [stdout] ccdb9ed309ae823108cf8b90f03cbb9f668654d48a2545a922f9eb6657afbac0
[INFO] running `Command { std: "docker" "start" "-a" "ccdb9ed309ae823108cf8b90f03cbb9f668654d48a2545a922f9eb6657afbac0", kill_on_drop: false }`
[INFO] [stderr]    Compiling tokio-macros v2.2.0
[INFO] [stderr]    Compiling async-attributes v1.1.2
[INFO] [stderr]    Compiling signal-hook-registry v1.4.1
[INFO] [stderr]    Compiling async-std v1.12.0
[INFO] [stderr]    Compiling tokio v1.35.1
[INFO] [stderr]    Compiling http-types v2.12.0
[INFO] [stderr]    Compiling http-client v6.5.3
[INFO] [stderr]    Compiling surf v2.3.2
[INFO] [stderr]    Compiling trust-dns-proto v0.22.0
[INFO] [stderr]    Compiling trust-dns-proto v0.23.2
[INFO] [stderr]    Compiling trust-dns-resolver v0.22.0
[INFO] [stderr]    Compiling autoconfig v0.4.0 (/opt/rustwide/workdir)
[INFO] [stderr]     Finished `test` profile [unoptimized + debuginfo] target(s) in 21.41s
[INFO] [stderr] warning: the following packages contain code that will be rejected by a future version of Rust: wasm-bindgen v0.2.84
[INFO] [stderr] note: to see what the problems were, use the option `--future-incompat-report`, or run `cargo report future-incompatibilities --id 5`
[INFO] running `Command { std: "docker" "inspect" "ccdb9ed309ae823108cf8b90f03cbb9f668654d48a2545a922f9eb6657afbac0", kill_on_drop: false }`
[INFO] running `Command { std: "docker" "rm" "-f" "ccdb9ed309ae823108cf8b90f03cbb9f668654d48a2545a922f9eb6657afbac0", kill_on_drop: false }`
[INFO] [stdout] ccdb9ed309ae823108cf8b90f03cbb9f668654d48a2545a922f9eb6657afbac0
[INFO] running `Command { std: "docker" "create" "-v" "/var/lib/crater-agent-workspace/builds/worker-1-tc1/target:/opt/rustwide/target:rw,Z" "-v" "/var/lib/crater-agent-workspace/builds/worker-1-tc1/source:/opt/rustwide/workdir:ro,Z" "-v" "/var/lib/crater-agent-workspace/cargo-home:/opt/rustwide/cargo-home:ro,Z" "-v" "/var/lib/crater-agent-workspace/rustup-home:/opt/rustwide/rustup-home:ro,Z" "-e" "SOURCE_DIR=/opt/rustwide/workdir" "-e" "CARGO_TARGET_DIR=/opt/rustwide/target" "-e" "CARGO_INCREMENTAL=0" "-e" "RUST_BACKTRACE=full" "-e" "RUSTFLAGS=--cap-lints=warn" "-e" "RUSTDOCFLAGS=--cap-lints=warn" "-e" "CARGO_HOME=/opt/rustwide/cargo-home" "-e" "RUSTUP_HOME=/opt/rustwide/rustup-home" "-w" "/opt/rustwide/workdir" "-m" "1610612736" "--user" "0:0" "--network" "none" "ghcr.io/rust-lang/crates-build-env/linux@sha256:3959728d45483eb673ba100a951a6b9f5012970368db2a9e08e0ac9b67c8a5ad" "/opt/rustwide/cargo-home/bin/cargo" "+1.85.0" "test" "--frozen", kill_on_drop: false }`
[INFO] [stdout] bdf678485cb5a3915a8fc525237281e75be56b506fab25a4453047fe83fe8ce9
[INFO] running `Command { std: "docker" "start" "-a" "bdf678485cb5a3915a8fc525237281e75be56b506fab25a4453047fe83fe8ce9", kill_on_drop: false }`
[INFO] [stderr]     Finished `test` profile [unoptimized + debuginfo] target(s) in 0.38s
[INFO] [stderr] warning: the following packages contain code that will be rejected by a future version of Rust: wasm-bindgen v0.2.84
[INFO] [stderr] note: to see what the problems were, use the option `--future-incompat-report`, or run `cargo report future-incompatibilities --id 5`
[INFO] [stderr]      Running unittests src/lib.rs (/opt/rustwide/target/debug/deps/autoconfig-75764fdba609bbbb)
[INFO] [stdout] 
[INFO] [stdout] running 2 tests
[INFO] [stdout] test parse::tests::test_parser ... ok
[INFO] [stdout] test test::from_domain ... FAILED
[INFO] [stdout] 
[INFO] [stdout] failures:
[INFO] [stdout] 
[INFO] [stdout] ---- test::from_domain stdout ----
[INFO] [stdout] 
[INFO] [stdout] thread 'test::from_domain' panicked at src/test.rs:15:53:
[INFO] [stdout] called `Result::unwrap()` on an `Err` value: Error { kind: NotFound([Error { kind: Resolve(ResolveError { kind: Proto(ProtoError { kind: Io(Os { code: 101, kind: NetworkUnreachable, message: "Network is unreachable" }) }) }), message: "Error resolving dns" }, Error { kind: Surf(CouldntResolveHost: couldn't resolve host name), message: "Failed to create http request" }]), message: "Could not find a valid config" }
[INFO] [stdout] stack backtrace:
[INFO] [stdout]    0:     0x588c9d6d9cea - std::backtrace_rs::backtrace::libunwind::trace::h88deb10bd0145eb8
[INFO] [stdout]                                at /rustc/4d91de4e48198da2e33413efdcd9cd2cc0c46688/library/std/src/../../backtrace/src/backtrace/libunwind.rs:116:5
[INFO] [stdout]    1:     0x588c9d6d9cea - std::backtrace_rs::backtrace::trace_unsynchronized::he1036f5481c14dff
[INFO] [stdout]                                at /rustc/4d91de4e48198da2e33413efdcd9cd2cc0c46688/library/std/src/../../backtrace/src/backtrace/mod.rs:66:5
[INFO] [stdout]    2:     0x588c9d6d9cea - std::sys::backtrace::_print_fmt::hecc345b6e70c4b20
[INFO] [stdout]                                at /rustc/4d91de4e48198da2e33413efdcd9cd2cc0c46688/library/std/src/sys/backtrace.rs:66:9
[INFO] [stdout]    3:     0x588c9d6d9cea - <std::sys::backtrace::BacktraceLock::print::DisplayBacktrace as core::fmt::Display>::fmt::he089f96442833f67
[INFO] [stdout]                                at /rustc/4d91de4e48198da2e33413efdcd9cd2cc0c46688/library/std/src/sys/backtrace.rs:39:26
[INFO] [stdout]    4:     0x588c9d704473 - core::fmt::rt::Argument::fmt::h1f77cded99c71a14
[INFO] [stdout]                                at /rustc/4d91de4e48198da2e33413efdcd9cd2cc0c46688/library/core/src/fmt/rt.rs:177:76
[INFO] [stdout]    5:     0x588c9d704473 - core::fmt::write::h2f210ed4c94745cb
[INFO] [stdout]                                at /rustc/4d91de4e48198da2e33413efdcd9cd2cc0c46688/library/core/src/fmt/mod.rs:1440:21
[INFO] [stdout]    6:     0x588c9d6d6453 - std::io::Write::write_fmt::he723b56f7e0bd522
[INFO] [stdout]                                at /rustc/4d91de4e48198da2e33413efdcd9cd2cc0c46688/library/std/src/io/mod.rs:1887:15
[INFO] [stdout]    7:     0x588c9d6d9b32 - std::sys::backtrace::BacktraceLock::print::h810fbd31421329e6
[INFO] [stdout]                                at /rustc/4d91de4e48198da2e33413efdcd9cd2cc0c46688/library/std/src/sys/backtrace.rs:42:9
[INFO] [stdout]    8:     0x588c9d6db220 - std::panicking::default_hook::{{closure}}::hbaad47ed9dc6356d
[INFO] [stdout]                                at /rustc/4d91de4e48198da2e33413efdcd9cd2cc0c46688/library/std/src/panicking.rs:295:22
[INFO] [stdout]    9:     0x588c9d6dafbd - std::panicking::default_hook::h24e207139139d40a
[INFO] [stdout]                                at /rustc/4d91de4e48198da2e33413efdcd9cd2cc0c46688/library/std/src/panicking.rs:319:9
[INFO] [stdout]   10:     0x588c9d03a943 - <alloc::boxed::Box<F,A> as core::ops::function::Fn<Args>>::call::h63353c459bb27956
[INFO] [stdout]                                at /rustc/4d91de4e48198da2e33413efdcd9cd2cc0c46688/library/alloc/src/boxed.rs:2007:9
[INFO] [stdout]   11:     0x588c9d03a943 - test::test_main::{{closure}}::hd5af4d6c4e32fe08
[INFO] [stdout]                                at /rustc/4d91de4e48198da2e33413efdcd9cd2cc0c46688/library/test/src/lib.rs:134:21
[INFO] [stdout]   12:     0x588c9d6dba53 - <alloc::boxed::Box<F,A> as core::ops::function::Fn<Args>>::call::h3af32c23caf5c679
[INFO] [stdout]                                at /rustc/4d91de4e48198da2e33413efdcd9cd2cc0c46688/library/alloc/src/boxed.rs:2007:9
[INFO] [stdout]   13:     0x588c9d6dba53 - std::panicking::rust_panic_with_hook::ha9131beeb2ddc506
[INFO] [stdout]                                at /rustc/4d91de4e48198da2e33413efdcd9cd2cc0c46688/library/std/src/panicking.rs:836:13
[INFO] [stdout]   14:     0x588c9d6db72a - std::panicking::begin_panic_handler::{{closure}}::h1bba0eaeb6da506f
[INFO] [stdout]                                at /rustc/4d91de4e48198da2e33413efdcd9cd2cc0c46688/library/std/src/panicking.rs:701:13
[INFO] [stdout]   15:     0x588c9d6da1e9 - std::sys::backtrace::__rust_end_short_backtrace::h1d1ca3eade483f4c
[INFO] [stdout]                                at /rustc/4d91de4e48198da2e33413efdcd9cd2cc0c46688/library/std/src/sys/backtrace.rs:168:18
[INFO] [stdout]   16:     0x588c9d6db3bd - rust_begin_unwind
[INFO] [stdout]                                at /rustc/4d91de4e48198da2e33413efdcd9cd2cc0c46688/library/std/src/panicking.rs:692:5
[INFO] [stdout]   17:     0x588c9cfb4480 - core::panicking::panic_fmt::h896a0727a1a943f9
[INFO] [stdout]                                at /rustc/4d91de4e48198da2e33413efdcd9cd2cc0c46688/library/core/src/panicking.rs:75:14
[INFO] [stdout]   18:     0x588c9cfb4956 - core::result::unwrap_failed::h1b5ed8541c7bebd6
[INFO] [stdout]                                at /rustc/4d91de4e48198da2e33413efdcd9cd2cc0c46688/library/core/src/result.rs:1704:5
[INFO] [stdout]   19:     0x588c9cff5a0a - core::result::Result<T,E>::unwrap::hb8735508b59a2e7b
[INFO] [stdout]                                at /rustc/4d91de4e48198da2e33413efdcd9cd2cc0c46688/library/core/src/result.rs:1109:23
[INFO] [stdout]   20:     0x588c9cff5a0a - autoconfig::test::from_domain::{{closure}}::h08ccb0cfbd12315a
[INFO] [stdout]                                at /opt/rustwide/workdir/src/test.rs:15:22
[INFO] [stdout]   21:     0x588c9cfe2fb2 - <core::pin::Pin<P> as core::future::future::Future>::poll::h43cdc29d89ba19ce
[INFO] [stdout]                                at /rustc/4d91de4e48198da2e33413efdcd9cd2cc0c46688/library/core/src/future/future.rs:124:9
[INFO] [stdout]   22:     0x588c9cfe2fed - <core::pin::Pin<P> as core::future::future::Future>::poll::h4f9a9b6dbff9286d
[INFO] [stdout]                                at /rustc/4d91de4e48198da2e33413efdcd9cd2cc0c46688/library/core/src/future/future.rs:124:9
[INFO] [stdout]   23:     0x588c9cfec4bf - tokio::runtime::scheduler::current_thread::CoreGuard::block_on::{{closure}}::{{closure}}::{{closure}}::h17babeff4f2f4987
[INFO] [stdout]                                at /opt/rustwide/cargo-home/registry/src/index.crates.io-1949cf8c6b5b557f/tokio-1.35.1/src/runtime/scheduler/current_thread/mod.rs:665:57
[INFO] [stdout]   24:     0x588c9cfec3f5 - tokio::runtime::coop::with_budget::hedf7eb6ae56721f0
[INFO] [stdout]                                at /opt/rustwide/cargo-home/registry/src/index.crates.io-1949cf8c6b5b557f/tokio-1.35.1/src/runtime/coop.rs:107:5
[INFO] [stdout]   25:     0x588c9cfec3f5 - tokio::runtime::coop::budget::h05b025e7b0bb0d9a
[INFO] [stdout]                                at /opt/rustwide/cargo-home/registry/src/index.crates.io-1949cf8c6b5b557f/tokio-1.35.1/src/runtime/coop.rs:73:5
[INFO] [stdout]   26:     0x588c9cfec3f5 - tokio::runtime::scheduler::current_thread::CoreGuard::block_on::{{closure}}::{{closure}}::h3770adfd799251d6
[INFO] [stdout]                                at /opt/rustwide/cargo-home/registry/src/index.crates.io-1949cf8c6b5b557f/tokio-1.35.1/src/runtime/scheduler/current_thread/mod.rs:665:25
[INFO] [stdout]   27:     0x588c9cfeb1a0 - tokio::runtime::scheduler::current_thread::Context::enter::he2781a0b743817e0
[INFO] [stdout]                                at /opt/rustwide/cargo-home/registry/src/index.crates.io-1949cf8c6b5b557f/tokio-1.35.1/src/runtime/scheduler/current_thread/mod.rs:410:19
[INFO] [stdout]   28:     0x588c9cfebc5e - tokio::runtime::scheduler::current_thread::CoreGuard::block_on::{{closure}}::hce999a431f274fea
[INFO] [stdout]                                at /opt/rustwide/cargo-home/registry/src/index.crates.io-1949cf8c6b5b557f/tokio-1.35.1/src/runtime/scheduler/current_thread/mod.rs:664:36
[INFO] [stdout]   29:     0x588c9cfeb9d4 - tokio::runtime::scheduler::current_thread::CoreGuard::enter::{{closure}}::haff373a6cf833280
[INFO] [stdout]                                at /opt/rustwide/cargo-home/registry/src/index.crates.io-1949cf8c6b5b557f/tokio-1.35.1/src/runtime/scheduler/current_thread/mod.rs:743:68
[INFO] [stdout]   30:     0x588c9cfef47b - tokio::runtime::context::scoped::Scoped<T>::set::h694ac6b28e8596cf
[INFO] [stdout]                                at /opt/rustwide/cargo-home/registry/src/index.crates.io-1949cf8c6b5b557f/tokio-1.35.1/src/runtime/context/scoped.rs:40:9
[INFO] [stdout]   31:     0x588c9cfe2a69 - tokio::runtime::context::set_scheduler::{{closure}}::h9bdadcbd29eef6d9
[INFO] [stdout]                                at /opt/rustwide/cargo-home/registry/src/index.crates.io-1949cf8c6b5b557f/tokio-1.35.1/src/runtime/context.rs:176:26
[INFO] [stdout]   32:     0x588c9cfd56d2 - std::thread::local::LocalKey<T>::try_with::h4e2bb09b5cb91223
[INFO] [stdout]                                at /rustc/4d91de4e48198da2e33413efdcd9cd2cc0c46688/library/std/src/thread/local.rs:308:12
[INFO] [stdout]   33:     0x588c9cfd529a - std::thread::local::LocalKey<T>::with::hf5342da8fd0f2af2
[INFO] [stdout]                                at /rustc/4d91de4e48198da2e33413efdcd9cd2cc0c46688/library/std/src/thread/local.rs:272:9
[INFO] [stdout]   34:     0x588c9cfe2a1d - tokio::runtime::context::set_scheduler::hd086297511eee61a
[INFO] [stdout]                                at /opt/rustwide/cargo-home/registry/src/index.crates.io-1949cf8c6b5b557f/tokio-1.35.1/src/runtime/context.rs:176:9
[INFO] [stdout]   35:     0x588c9cfeb780 - tokio::runtime::scheduler::current_thread::CoreGuard::enter::h3bc77818234e2b9a
[INFO] [stdout]                                at /opt/rustwide/cargo-home/registry/src/index.crates.io-1949cf8c6b5b557f/tokio-1.35.1/src/runtime/scheduler/current_thread/mod.rs:743:27
[INFO] [stdout]   36:     0x588c9cfeb9f3 - tokio::runtime::scheduler::current_thread::CoreGuard::block_on::h7700d22d4b38f310
[INFO] [stdout]                                at /opt/rustwide/cargo-home/registry/src/index.crates.io-1949cf8c6b5b557f/tokio-1.35.1/src/runtime/scheduler/current_thread/mod.rs:652:19
[INFO] [stdout]   37:     0x588c9cfea9ed - tokio::runtime::scheduler::current_thread::CurrentThread::block_on::{{closure}}::h4aa038694e01269a
[INFO] [stdout]                                at /opt/rustwide/cargo-home/registry/src/index.crates.io-1949cf8c6b5b557f/tokio-1.35.1/src/runtime/scheduler/current_thread/mod.rs:175:28
[INFO] [stdout]   38:     0x588c9cfea236 - tokio::runtime::context::runtime::enter_runtime::h283b6a286b75d5f2
[INFO] [stdout]                                at /opt/rustwide/cargo-home/registry/src/index.crates.io-1949cf8c6b5b557f/tokio-1.35.1/src/runtime/context/runtime.rs:65:16
[INFO] [stdout]   39:     0x588c9cfea901 - tokio::runtime::scheduler::current_thread::CurrentThread::block_on::hf7d3aa671d0848b7
[INFO] [stdout]                                at /opt/rustwide/cargo-home/registry/src/index.crates.io-1949cf8c6b5b557f/tokio-1.35.1/src/runtime/scheduler/current_thread/mod.rs:167:9
[INFO] [stdout]   40:     0x588c9cfdce2d - tokio::runtime::runtime::Runtime::block_on::h2cfc1b00877bd32c
[INFO] [stdout]                                at /opt/rustwide/cargo-home/registry/src/index.crates.io-1949cf8c6b5b557f/tokio-1.35.1/src/runtime/runtime.rs:348:47
[INFO] [stdout]   41:     0x588c9cff5605 - autoconfig::test::from_domain::hbbac00dbe54d52a9
[INFO] [stdout]                                at /opt/rustwide/workdir/src/test.rs:14:5
[INFO] [stdout]   42:     0x588c9cff54a7 - autoconfig::test::from_domain::{{closure}}::he898d5c66c073531
[INFO] [stdout]                                at /opt/rustwide/workdir/src/test.rs:5:27
[INFO] [stdout]   43:     0x588c9cfe67b6 - core::ops::function::FnOnce::call_once::hc4a362989d21e769
[INFO] [stdout]                                at /rustc/4d91de4e48198da2e33413efdcd9cd2cc0c46688/library/core/src/ops/function.rs:250:5
[INFO] [stdout]   44:     0x588c9d0400eb - core::ops::function::FnOnce::call_once::h8acc80b5a33ff319
[INFO] [stdout]                                at /rustc/4d91de4e48198da2e33413efdcd9cd2cc0c46688/library/core/src/ops/function.rs:250:5
[INFO] [stdout]   45:     0x588c9d0400eb - test::__rust_begin_short_backtrace::h52b6da716ad42b7d
[INFO] [stdout]                                at /rustc/4d91de4e48198da2e33413efdcd9cd2cc0c46688/library/test/src/lib.rs:632:18
[INFO] [stdout]   46:     0x588c9d03f023 - test::run_test_in_process::{{closure}}::h2580047890abbefe
[INFO] [stdout]                                at /rustc/4d91de4e48198da2e33413efdcd9cd2cc0c46688/library/test/src/lib.rs:655:60
[INFO] [stdout]   47:     0x588c9d03f023 - <core::panic::unwind_safe::AssertUnwindSafe<F> as core::ops::function::FnOnce<()>>::call_once::h936f8c89d0a99c40
[INFO] [stdout]                                at /rustc/4d91de4e48198da2e33413efdcd9cd2cc0c46688/library/core/src/panic/unwind_safe.rs:272:9
[INFO] [stdout]   48:     0x588c9d03f023 - std::panicking::try::do_call::h868682cc368697f9
[INFO] [stdout]                                at /rustc/4d91de4e48198da2e33413efdcd9cd2cc0c46688/library/std/src/panicking.rs:584:40
[INFO] [stdout]   49:     0x588c9d03f023 - std::panicking::try::h0356ffc38cbb5501
[INFO] [stdout]                                at /rustc/4d91de4e48198da2e33413efdcd9cd2cc0c46688/library/std/src/panicking.rs:547:19
[INFO] [stdout]   50:     0x588c9d03f023 - std::panic::catch_unwind::h74edf102a3082536
[INFO] [stdout]                                at /rustc/4d91de4e48198da2e33413efdcd9cd2cc0c46688/library/std/src/panic.rs:358:14
[INFO] [stdout]   51:     0x588c9d03f023 - test::run_test_in_process::hc27d69576b7224e4
[INFO] [stdout]                                at /rustc/4d91de4e48198da2e33413efdcd9cd2cc0c46688/library/test/src/lib.rs:655:27
[INFO] [stdout]   52:     0x588c9d03f023 - test::run_test::{{closure}}::h9f3bfaf910429adb
[INFO] [stdout]                                at /rustc/4d91de4e48198da2e33413efdcd9cd2cc0c46688/library/test/src/lib.rs:576:43
[INFO] [stdout]   53:     0x588c9d002d55 - test::run_test::{{closure}}::h3d537cdce8ec5816
[INFO] [stdout]                                at /rustc/4d91de4e48198da2e33413efdcd9cd2cc0c46688/library/test/src/lib.rs:606:41
[INFO] [stdout]   54:     0x588c9d002d55 - std::sys::backtrace::__rust_begin_short_backtrace::hb51d9a6c67ec382d
[INFO] [stdout]                                at /rustc/4d91de4e48198da2e33413efdcd9cd2cc0c46688/library/std/src/sys/backtrace.rs:152:18
[INFO] [stdout]   55:     0x588c9d006796 - std::thread::Builder::spawn_unchecked_::{{closure}}::{{closure}}::h5738f3abb9603fe6
[INFO] [stdout]                                at /rustc/4d91de4e48198da2e33413efdcd9cd2cc0c46688/library/std/src/thread/mod.rs:564:17
[INFO] [stdout]   56:     0x588c9d006796 - <core::panic::unwind_safe::AssertUnwindSafe<F> as core::ops::function::FnOnce<()>>::call_once::h5e9f4b56e45e8108
[INFO] [stdout]                                at /rustc/4d91de4e48198da2e33413efdcd9cd2cc0c46688/library/core/src/panic/unwind_safe.rs:272:9
[INFO] [stdout]   57:     0x588c9d006796 - std::panicking::try::do_call::ha36db853b2f34e23
[INFO] [stdout]                                at /rustc/4d91de4e48198da2e33413efdcd9cd2cc0c46688/library/std/src/panicking.rs:584:40
[INFO] [stdout]   58:     0x588c9d006796 - std::panicking::try::h57e1aa33a0efb1be
[INFO] [stdout]                                at /rustc/4d91de4e48198da2e33413efdcd9cd2cc0c46688/library/std/src/panicking.rs:547:19
[INFO] [stdout]   59:     0x588c9d006796 - std::panic::catch_unwind::hdb71a6103024936e
[INFO] [stdout]                                at /rustc/4d91de4e48198da2e33413efdcd9cd2cc0c46688/library/std/src/panic.rs:358:14
[INFO] [stdout]   60:     0x588c9d006796 - std::thread::Builder::spawn_unchecked_::{{closure}}::h8caa22218f423ab1
[INFO] [stdout]                                at /rustc/4d91de4e48198da2e33413efdcd9cd2cc0c46688/library/std/src/thread/mod.rs:562:30
[INFO] [stdout]   61:     0x588c9d006796 - core::ops::function::FnOnce::call_once{{vtable.shim}}::hb3b44780e9c053e5
[INFO] [stdout]                                at /rustc/4d91de4e48198da2e33413efdcd9cd2cc0c46688/library/core/src/ops/function.rs:250:5
[INFO] [stdout]   62:     0x588c9d6dfcbb - <alloc::boxed::Box<F,A> as core::ops::function::FnOnce<Args>>::call_once::h2649f14f1b1c150d
[INFO] [stdout]                                at /rustc/4d91de4e48198da2e33413efdcd9cd2cc0c46688/library/alloc/src/boxed.rs:1993:9
[INFO] [stdout]   63:     0x588c9d6dfcbb - <alloc::boxed::Box<F,A> as core::ops::function::FnOnce<Args>>::call_once::hb2ade58cb34e1bc4
[INFO] [stdout]                                at /rustc/4d91de4e48198da2e33413efdcd9cd2cc0c46688/library/alloc/src/boxed.rs:1993:9
[INFO] [stdout]   64:     0x588c9d6dfcbb - std::sys::pal::unix::thread::Thread::new::thread_start::ha07e360225fa3528
[INFO] [stdout]                                at /rustc/4d91de4e48198da2e33413efdcd9cd2cc0c46688/library/std/src/sys/pal/unix/thread.rs:106:17
[INFO] [stdout]   65:     0x7627875feac3 - <unknown>
[INFO] [stdout]   66:     0x76278768fa04 - clone
[INFO] [stdout]   67:                0x0 - <unknown>
[INFO] [stdout] 
[INFO] [stdout] 
[INFO] [stdout] failures:
[INFO] [stdout]     test::from_domain
[INFO] [stdout] 
[INFO] [stdout] test result: FAILED. 1 passed; 1 failed; 0 ignored; 0 measured; 0 filtered out; finished in 0.08s
[INFO] [stdout] 
[INFO] [stderr] error: test failed, to rerun pass `--lib`
[INFO] running `Command { std: "docker" "inspect" "bdf678485cb5a3915a8fc525237281e75be56b506fab25a4453047fe83fe8ce9", kill_on_drop: false }`
[INFO] running `Command { std: "docker" "rm" "-f" "bdf678485cb5a3915a8fc525237281e75be56b506fab25a4453047fe83fe8ce9", kill_on_drop: false }`
[INFO] [stdout] bdf678485cb5a3915a8fc525237281e75be56b506fab25a4453047fe83fe8ce9
