[INFO] cloning repository https://github.com/Demonthos/rsx_parser
[INFO] running `Command { std: "git" "-c" "credential.helper=" "-c" "credential.helper=/workspace/cargo-home/bin/git-credential-null" "clone" "--bare" "https://github.com/Demonthos/rsx_parser" "/workspace/cache/git-repos/https%3A%2F%2Fgithub.com%2FDemonthos%2Frsx_parser", kill_on_drop: false }`
[INFO] [stderr] Cloning into bare repository '/workspace/cache/git-repos/https%3A%2F%2Fgithub.com%2FDemonthos%2Frsx_parser'...
[INFO] running `Command { std: "git" "rev-parse" "HEAD", kill_on_drop: false }`
[INFO] [stdout] 61969678b91228a22fbef5ad6b45fa217b5bb2a3
[INFO] testing Demonthos/rsx_parser against 1.85.0 for beta-1.86-3
[INFO] running `Command { std: "git" "clone" "/workspace/cache/git-repos/https%3A%2F%2Fgithub.com%2FDemonthos%2Frsx_parser" "/workspace/builds/worker-1-tc1/source", kill_on_drop: false }`
[INFO] [stderr] Cloning into '/workspace/builds/worker-1-tc1/source'...
[INFO] [stderr] done.
[INFO] validating manifest of git repo https://github.com/Demonthos/rsx_parser on toolchain 1.85.0
[INFO] running `Command { std: CARGO_HOME="/workspace/cargo-home" RUSTUP_HOME="/workspace/rustup-home" "/workspace/cargo-home/bin/cargo" "+1.85.0" "metadata" "--manifest-path" "Cargo.toml" "--no-deps", kill_on_drop: false }`
[INFO] started tweaking git repo https://github.com/Demonthos/rsx_parser
[INFO] finished tweaking git repo https://github.com/Demonthos/rsx_parser
[INFO] tweaked toml for git repo https://github.com/Demonthos/rsx_parser written to /workspace/builds/worker-1-tc1/source/Cargo.toml
[INFO] crate git repo https://github.com/Demonthos/rsx_parser already has a lockfile, it will not be regenerated
[INFO] running `Command { std: CARGO_HOME="/workspace/cargo-home" RUSTUP_HOME="/workspace/rustup-home" "/workspace/cargo-home/bin/cargo" "+1.85.0" "fetch" "--manifest-path" "Cargo.toml", kill_on_drop: false }`
[INFO] [stderr]     Updating crates.io index
[INFO] [stderr]  Downloading crates ...
[INFO] [stderr]   Downloaded logos v0.12.0
[INFO] [stderr]   Downloaded new_debug_unreachable v1.0.4
[INFO] [stderr]   Downloaded qp-trie v0.8.0
[INFO] [stderr]   Downloaded utf8-ranges v1.0.5
[INFO] [stderr]   Downloaded precomputed-hash v0.1.1
[INFO] [stderr]   Downloaded phf_shared v0.10.0
[INFO] [stderr]   Downloaded dioxus-interpreter-js v0.2.1
[INFO] [stderr]   Downloaded futures-macro v0.3.21
[INFO] [stderr]   Downloaded dioxus-hooks v0.2.1
[INFO] [stderr]   Downloaded dioxus-core-macro v0.2.1
[INFO] [stderr]   Downloaded miniz_oxide v0.5.1
[INFO] [stderr]   Downloaded backtrace v0.3.65
[INFO] [stderr]   Downloaded dioxus-core v0.2.1
[INFO] [stderr]   Downloaded ena v0.14.0
[INFO] [stderr]   Downloaded addr2line v0.17.0
[INFO] [stderr]   Downloaded longest-increasing-subsequence v0.1.0
[INFO] [stderr]   Downloaded dioxus-html v0.2.1
[INFO] [stderr]   Downloaded dioxus-web v0.2.1
[INFO] [stderr]   Downloaded lalrpop v0.19.8
[INFO] [stderr]   Downloaded once_cell v1.11.0
[INFO] [stderr]   Downloaded string_cache v0.8.4
[INFO] [stderr]   Downloaded term v0.7.0
[INFO] [stderr]   Downloaded object v0.28.4
[INFO] [stderr]   Downloaded dioxus-router v0.2.3
[INFO] [stderr]   Downloaded dioxus-ssr v0.2.1
[INFO] [stderr]   Downloaded rustc-demangle v0.1.21
[INFO] [stderr]   Downloaded ascii-canvas v3.0.0
[INFO] [stderr]   Downloaded pico-args v0.4.2
[INFO] [stderr]   Downloaded tiny-keccak v2.0.2
[INFO] [stderr]   Downloaded lalrpop-util v0.19.8
[INFO] [stderr]   Downloaded smallstr v0.2.0
[INFO] [stderr]   Downloaded diff v0.1.12
[INFO] [stderr]   Downloaded beef v0.5.1
[INFO] [stderr]   Downloaded logos-derive v0.12.0
[INFO] [stderr]   Downloaded gimli v0.26.1
[INFO] [stderr]   Downloaded dioxus v0.2.4
[INFO] running `Command { std: "docker" "create" "-v" "/var/lib/crater-agent-workspace/builds/worker-1-tc1/target:/opt/rustwide/target:rw,Z" "-v" "/var/lib/crater-agent-workspace/builds/worker-1-tc1/source:/opt/rustwide/workdir:ro,Z" "-v" "/var/lib/crater-agent-workspace/cargo-home:/opt/rustwide/cargo-home:ro,Z" "-v" "/var/lib/crater-agent-workspace/rustup-home:/opt/rustwide/rustup-home:ro,Z" "-e" "SOURCE_DIR=/opt/rustwide/workdir" "-e" "CARGO_TARGET_DIR=/opt/rustwide/target" "-e" "CARGO_HOME=/opt/rustwide/cargo-home" "-e" "RUSTUP_HOME=/opt/rustwide/rustup-home" "-w" "/opt/rustwide/workdir" "-m" "1610612736" "--user" "0:0" "--network" "none" "ghcr.io/rust-lang/crates-build-env/linux@sha256:3959728d45483eb673ba100a951a6b9f5012970368db2a9e08e0ac9b67c8a5ad" "/opt/rustwide/cargo-home/bin/cargo" "+1.85.0" "metadata" "--no-deps" "--format-version=1", kill_on_drop: false }`
[INFO] [stdout] 80e178933532bff295d4a7ac64021ca2158b0cc961173bab280613a303f1e680
[INFO] running `Command { std: "docker" "start" "-a" "80e178933532bff295d4a7ac64021ca2158b0cc961173bab280613a303f1e680", kill_on_drop: false }`
[INFO] running `Command { std: "docker" "inspect" "80e178933532bff295d4a7ac64021ca2158b0cc961173bab280613a303f1e680", kill_on_drop: false }`
[INFO] running `Command { std: "docker" "rm" "-f" "80e178933532bff295d4a7ac64021ca2158b0cc961173bab280613a303f1e680", kill_on_drop: false }`
[INFO] [stdout] 80e178933532bff295d4a7ac64021ca2158b0cc961173bab280613a303f1e680
[INFO] running `Command { std: "docker" "create" "-v" "/var/lib/crater-agent-workspace/builds/worker-1-tc1/target:/opt/rustwide/target:rw,Z" "-v" "/var/lib/crater-agent-workspace/builds/worker-1-tc1/source:/opt/rustwide/workdir:ro,Z" "-v" "/var/lib/crater-agent-workspace/cargo-home:/opt/rustwide/cargo-home:ro,Z" "-v" "/var/lib/crater-agent-workspace/rustup-home:/opt/rustwide/rustup-home:ro,Z" "-e" "SOURCE_DIR=/opt/rustwide/workdir" "-e" "CARGO_TARGET_DIR=/opt/rustwide/target" "-e" "CARGO_INCREMENTAL=0" "-e" "RUST_BACKTRACE=full" "-e" "RUSTFLAGS=--cap-lints=warn" "-e" "RUSTDOCFLAGS=--cap-lints=warn" "-e" "CARGO_HOME=/opt/rustwide/cargo-home" "-e" "RUSTUP_HOME=/opt/rustwide/rustup-home" "-w" "/opt/rustwide/workdir" "-m" "1610612736" "--user" "0:0" "--network" "none" "ghcr.io/rust-lang/crates-build-env/linux@sha256:3959728d45483eb673ba100a951a6b9f5012970368db2a9e08e0ac9b67c8a5ad" "/opt/rustwide/cargo-home/bin/cargo" "+1.85.0" "build" "--frozen" "--message-format=json", kill_on_drop: false }`
[INFO] [stdout] 5ea009d482731230017a01d9c6af9526b12b3dc5d74d4a5556128b725263de6b
[INFO] running `Command { std: "docker" "start" "-a" "5ea009d482731230017a01d9c6af9526b12b3dc5d74d4a5556128b725263de6b", kill_on_drop: false }`
[INFO] [stderr]    Compiling proc-macro2 v1.0.39
[INFO] [stderr]    Compiling syn v1.0.95
[INFO] [stderr]    Compiling wasm-bindgen v0.2.80
[INFO] [stderr]    Compiling smallvec v1.8.0
[INFO] [stderr]    Compiling indexmap v1.8.1
[INFO] [stderr]    Compiling hashbrown v0.11.2
[INFO] [stderr]    Compiling libc v0.2.126
[INFO] [stderr]    Compiling futures-core v0.3.21
[INFO] [stderr]    Compiling once_cell v1.11.0
[INFO] [stderr]    Compiling futures-task v0.3.21
[INFO] [stderr]    Compiling futures-channel v0.3.21
[INFO] [stderr]    Compiling backtrace v0.3.65
[INFO] [stderr]    Compiling futures-util v0.3.21
[INFO] [stderr]    Compiling adler v1.0.2
[INFO] [stderr]    Compiling gimli v0.26.1
[INFO] [stderr]    Compiling miniz_oxide v0.5.1
[INFO] [stderr]    Compiling quote v1.0.18
[INFO] [stderr]    Compiling object v0.28.4
[INFO] [stderr]    Compiling rustc-demangle v0.1.21
[INFO] [stderr]    Compiling byteorder v1.4.3
[INFO] [stderr]    Compiling pin-project-lite v0.2.9
[INFO] [stderr]    Compiling pin-utils v0.1.0
[INFO] [stderr]    Compiling slab v0.4.6
[INFO] [stderr]    Compiling fxhash v0.2.1
[INFO] [stderr]    Compiling lock_api v0.4.7
[INFO] [stderr]    Compiling longest-increasing-subsequence v0.1.0
[INFO] [stderr]    Compiling bumpalo v3.9.1
[INFO] [stderr]    Compiling parking_lot_core v0.9.3
[INFO] [stderr]    Compiling dirs-sys-next v0.1.2
[INFO] [stderr]    Compiling proc-macro-error-attr v1.0.4
[INFO] [stderr]    Compiling matches v0.1.9
[INFO] [stderr]    Compiling tinyvec_macros v0.1.0
[INFO] [stderr]    Compiling scopeguard v1.1.0
[INFO] [stderr]    Compiling tinyvec v1.6.0
[INFO] [stderr]    Compiling crunchy v0.2.2
[INFO] [stderr]    Compiling dirs-next v2.0.0
[INFO] [stderr]    Compiling proc-macro-error v1.0.4
[INFO] [stderr]    Compiling addr2line v0.17.0
[INFO] [stderr]    Compiling siphasher v0.3.10
[INFO] [stderr]    Compiling percent-encoding v2.1.0
[INFO] [stderr]    Compiling tiny-keccak v2.0.2
[INFO] [stderr]    Compiling new_debug_unreachable v1.0.4
[INFO] [stderr]    Compiling phf_shared v0.10.0
[INFO] [stderr]    Compiling form_urlencoded v1.0.1
[INFO] [stderr]    Compiling parking_lot v0.12.0
[INFO] [stderr]    Compiling term v0.7.0
[INFO] [stderr]    Compiling either v1.6.1
[INFO] [stderr]    Compiling precomputed-hash v0.1.1
[INFO] [stderr]    Compiling unicode-bidi v0.3.8
[INFO] [stderr]    Compiling bit-vec v0.6.3
[INFO] [stderr]    Compiling fixedbitset v0.4.1
[INFO] [stderr]    Compiling anyhow v1.0.57
[INFO] [stderr]    Compiling bit-set v0.5.2
[INFO] [stderr]    Compiling ascii-canvas v3.0.0
[INFO] [stderr]    Compiling unicode-normalization v0.1.19
[INFO] [stderr]    Compiling petgraph v0.6.0
[INFO] [stderr]    Compiling string_cache v0.8.4
[INFO] [stderr]    Compiling itertools v0.10.3
[INFO] [stderr]    Compiling lalrpop-util v0.19.8
[INFO] [stderr]    Compiling atty v0.2.14
[INFO] [stderr]    Compiling ena v0.14.0
[INFO] [stderr]    Compiling diff v0.1.12
[INFO] [stderr]    Compiling pico-args v0.4.2
[INFO] [stderr]    Compiling unicode-xid v0.2.3
[INFO] [stderr]    Compiling smallstr v0.2.0
[INFO] [stderr]    Compiling fnv v1.0.7
[INFO] [stderr]    Compiling beef v0.5.1
[INFO] [stderr]    Compiling utf8-ranges v1.0.5
[INFO] [stderr]    Compiling void v1.0.2
[INFO] [stderr]    Compiling unreachable v1.0.0
[INFO] [stderr]    Compiling qp-trie v0.8.0
[INFO] [stderr]    Compiling idna v0.2.3
[INFO] [stderr]    Compiling lalrpop v0.19.8
[INFO] [stderr]    Compiling wasm-bindgen-backend v0.2.80
[INFO] [stderr]    Compiling url v2.2.2
[INFO] [stderr]    Compiling serde_derive v1.0.137
[INFO] [stderr]    Compiling futures-macro v0.3.21
[INFO] [stderr]    Compiling thiserror-impl v1.0.31
[INFO] [stderr]    Compiling dioxus-core-macro v0.2.1
[INFO] [stderr]    Compiling logos-derive v0.12.0
[INFO] [stderr]    Compiling wasm-bindgen-macro-support v0.2.80
[INFO] [stderr]    Compiling wasm-bindgen-macro v0.2.80
[INFO] [stderr]    Compiling thiserror v1.0.31
[INFO] [stderr]    Compiling logos v0.12.0
[INFO] [stderr]    Compiling js-sys v0.3.57
[INFO] [stderr]    Compiling console_error_panic_hook v0.1.7
[INFO] [stderr]    Compiling serde v1.0.137
[INFO] [stderr]    Compiling web-sys v0.3.57
[INFO] [stderr]    Compiling gloo-timers v0.2.4
[INFO] [stderr]    Compiling wasm-bindgen-futures v0.4.30
[INFO] [stderr]    Compiling dioxus-core v0.2.1
[INFO] [stderr]    Compiling serde-wasm-bindgen v0.4.3
[INFO] [stderr]    Compiling serde_urlencoded v0.7.1
[INFO] [stderr]    Compiling dioxus-ssr v0.2.1
[INFO] [stderr]    Compiling dioxus-hooks v0.2.1
[INFO] [stderr]    Compiling rsx_parser v0.1.0 (/opt/rustwide/workdir)
[INFO] [stderr]    Compiling dioxus-html v0.2.1
[INFO] [stderr]    Compiling gloo-events v0.1.2
[INFO] [stderr]    Compiling dioxus-interpreter-js v0.2.1
[INFO] [stderr]    Compiling dioxus-web v0.2.1
[INFO] [stderr]    Compiling dioxus-router v0.2.3
[INFO] [stderr]    Compiling dioxus v0.2.4
[INFO] [stderr]     Finished `dev` profile [unoptimized + debuginfo] target(s) in 1m 16s
[INFO] [stderr] warning: the following packages contain code that will be rejected by a future version of Rust: lalrpop v0.19.8, wasm-bindgen v0.2.80
[INFO] [stderr] note: to see what the problems were, use the option `--future-incompat-report`, or run `cargo report future-incompatibilities --id 5`
[INFO] running `Command { std: "docker" "inspect" "5ea009d482731230017a01d9c6af9526b12b3dc5d74d4a5556128b725263de6b", kill_on_drop: false }`
[INFO] running `Command { std: "docker" "rm" "-f" "5ea009d482731230017a01d9c6af9526b12b3dc5d74d4a5556128b725263de6b", kill_on_drop: false }`
[INFO] [stdout] 5ea009d482731230017a01d9c6af9526b12b3dc5d74d4a5556128b725263de6b
[INFO] running `Command { std: "docker" "create" "-v" "/var/lib/crater-agent-workspace/builds/worker-1-tc1/target:/opt/rustwide/target:rw,Z" "-v" "/var/lib/crater-agent-workspace/builds/worker-1-tc1/source:/opt/rustwide/workdir:ro,Z" "-v" "/var/lib/crater-agent-workspace/cargo-home:/opt/rustwide/cargo-home:ro,Z" "-v" "/var/lib/crater-agent-workspace/rustup-home:/opt/rustwide/rustup-home:ro,Z" "-e" "SOURCE_DIR=/opt/rustwide/workdir" "-e" "CARGO_TARGET_DIR=/opt/rustwide/target" "-e" "CARGO_INCREMENTAL=0" "-e" "RUST_BACKTRACE=full" "-e" "RUSTFLAGS=--cap-lints=warn" "-e" "RUSTDOCFLAGS=--cap-lints=warn" "-e" "CARGO_HOME=/opt/rustwide/cargo-home" "-e" "RUSTUP_HOME=/opt/rustwide/rustup-home" "-w" "/opt/rustwide/workdir" "-m" "1610612736" "--user" "0:0" "--network" "none" "ghcr.io/rust-lang/crates-build-env/linux@sha256:3959728d45483eb673ba100a951a6b9f5012970368db2a9e08e0ac9b67c8a5ad" "/opt/rustwide/cargo-home/bin/cargo" "+1.85.0" "test" "--frozen" "--no-run" "--message-format=json", kill_on_drop: false }`
[INFO] [stdout] 9aa9827ba33561b68458c555c5fba28328d5f03a1f62f27861a1025fdf6af432
[INFO] running `Command { std: "docker" "start" "-a" "9aa9827ba33561b68458c555c5fba28328d5f03a1f62f27861a1025fdf6af432", kill_on_drop: false }`
[INFO] [stderr]    Compiling rsx_parser v0.1.0 (/opt/rustwide/workdir)
[INFO] [stderr]     Finished `test` profile [unoptimized + debuginfo] target(s) in 6.75s
[INFO] [stderr] warning: the following packages contain code that will be rejected by a future version of Rust: lalrpop v0.19.8, wasm-bindgen v0.2.80
[INFO] [stderr] note: to see what the problems were, use the option `--future-incompat-report`, or run `cargo report future-incompatibilities --id 5`
[INFO] running `Command { std: "docker" "inspect" "9aa9827ba33561b68458c555c5fba28328d5f03a1f62f27861a1025fdf6af432", kill_on_drop: false }`
[INFO] running `Command { std: "docker" "rm" "-f" "9aa9827ba33561b68458c555c5fba28328d5f03a1f62f27861a1025fdf6af432", kill_on_drop: false }`
[INFO] [stdout] 9aa9827ba33561b68458c555c5fba28328d5f03a1f62f27861a1025fdf6af432
[INFO] running `Command { std: "docker" "create" "-v" "/var/lib/crater-agent-workspace/builds/worker-1-tc1/target:/opt/rustwide/target:rw,Z" "-v" "/var/lib/crater-agent-workspace/builds/worker-1-tc1/source:/opt/rustwide/workdir:ro,Z" "-v" "/var/lib/crater-agent-workspace/cargo-home:/opt/rustwide/cargo-home:ro,Z" "-v" "/var/lib/crater-agent-workspace/rustup-home:/opt/rustwide/rustup-home:ro,Z" "-e" "SOURCE_DIR=/opt/rustwide/workdir" "-e" "CARGO_TARGET_DIR=/opt/rustwide/target" "-e" "CARGO_INCREMENTAL=0" "-e" "RUST_BACKTRACE=full" "-e" "RUSTFLAGS=--cap-lints=warn" "-e" "RUSTDOCFLAGS=--cap-lints=warn" "-e" "CARGO_HOME=/opt/rustwide/cargo-home" "-e" "RUSTUP_HOME=/opt/rustwide/rustup-home" "-w" "/opt/rustwide/workdir" "-m" "1610612736" "--user" "0:0" "--network" "none" "ghcr.io/rust-lang/crates-build-env/linux@sha256:3959728d45483eb673ba100a951a6b9f5012970368db2a9e08e0ac9b67c8a5ad" "/opt/rustwide/cargo-home/bin/cargo" "+1.85.0" "test" "--frozen", kill_on_drop: false }`
[INFO] [stdout] df07446ce40b3d2fd42400f759134c004b54a5f023d26f1a567e5621ba7c697a
[INFO] running `Command { std: "docker" "start" "-a" "df07446ce40b3d2fd42400f759134c004b54a5f023d26f1a567e5621ba7c697a", kill_on_drop: false }`
[INFO] [stderr]     Finished `test` profile [unoptimized + debuginfo] target(s) in 0.17s
[INFO] [stderr] warning: the following packages contain code that will be rejected by a future version of Rust: lalrpop v0.19.8, wasm-bindgen v0.2.80
[INFO] [stderr] note: to see what the problems were, use the option `--future-incompat-report`, or run `cargo report future-incompatibilities --id 5`
[INFO] [stderr]      Running unittests src/main.rs (/opt/rustwide/target/debug/deps/rsx_parser-3fc71e77ac53cb4a)
[INFO] [stdout] 
[INFO] [stdout] running 4 tests
[INFO] [stdout] test parser::test_parse ... ok
[INFO] [stdout] test parse_rsx_1 ... ok
[INFO] [stdout] test parse_rsx_2 ... ok
[INFO] [stdout] test parse_rsx_3 ... FAILED
[INFO] [stdout] 
[INFO] [stdout] failures:
[INFO] [stdout] 
[INFO] [stdout] ---- parse_rsx_3 stdout ----
[INFO] [stdout] rsx!{r###"hello "## world "#"###}
[INFO] [stdout] 
[INFO] [stdout] thread 'parse_rsx_3' panicked at src/main.rs:209:1:
[INFO] [stdout] called `Result::unwrap()` on an `Err` value: User { error: InvalidToken }
[INFO] [stdout] stack backtrace:
[INFO] [stdout]    0:     0x609bd606af7a - std::backtrace_rs::backtrace::libunwind::trace::h88deb10bd0145eb8
[INFO] [stdout]                                at /rustc/4d91de4e48198da2e33413efdcd9cd2cc0c46688/library/std/src/../../backtrace/src/backtrace/libunwind.rs:116:5
[INFO] [stdout]    1:     0x609bd606af7a - std::backtrace_rs::backtrace::trace_unsynchronized::he1036f5481c14dff
[INFO] [stdout]                                at /rustc/4d91de4e48198da2e33413efdcd9cd2cc0c46688/library/std/src/../../backtrace/src/backtrace/mod.rs:66:5
[INFO] [stdout]    2:     0x609bd606af7a - std::sys::backtrace::_print_fmt::hecc345b6e70c4b20
[INFO] [stdout]                                at /rustc/4d91de4e48198da2e33413efdcd9cd2cc0c46688/library/std/src/sys/backtrace.rs:66:9
[INFO] [stdout]    3:     0x609bd606af7a - <std::sys::backtrace::BacktraceLock::print::DisplayBacktrace as core::fmt::Display>::fmt::he089f96442833f67
[INFO] [stdout]                                at /rustc/4d91de4e48198da2e33413efdcd9cd2cc0c46688/library/std/src/sys/backtrace.rs:39:26
[INFO] [stdout]    4:     0x609bd6090953 - core::fmt::rt::Argument::fmt::h1f77cded99c71a14
[INFO] [stdout]                                at /rustc/4d91de4e48198da2e33413efdcd9cd2cc0c46688/library/core/src/fmt/rt.rs:177:76
[INFO] [stdout]    5:     0x609bd6090953 - core::fmt::write::h2f210ed4c94745cb
[INFO] [stdout]                                at /rustc/4d91de4e48198da2e33413efdcd9cd2cc0c46688/library/core/src/fmt/mod.rs:1440:21
[INFO] [stdout]    6:     0x609bd6068093 - std::io::Write::write_fmt::he723b56f7e0bd522
[INFO] [stdout]                                at /rustc/4d91de4e48198da2e33413efdcd9cd2cc0c46688/library/std/src/io/mod.rs:1887:15
[INFO] [stdout]    7:     0x609bd606adc2 - std::sys::backtrace::BacktraceLock::print::h810fbd31421329e6
[INFO] [stdout]                                at /rustc/4d91de4e48198da2e33413efdcd9cd2cc0c46688/library/std/src/sys/backtrace.rs:42:9
[INFO] [stdout]    8:     0x609bd606c4b0 - std::panicking::default_hook::{{closure}}::hbaad47ed9dc6356d
[INFO] [stdout]                                at /rustc/4d91de4e48198da2e33413efdcd9cd2cc0c46688/library/std/src/panicking.rs:295:22
[INFO] [stdout]    9:     0x609bd606c24d - std::panicking::default_hook::h24e207139139d40a
[INFO] [stdout]                                at /rustc/4d91de4e48198da2e33413efdcd9cd2cc0c46688/library/std/src/panicking.rs:319:9
[INFO] [stdout]   10:     0x609bd60297d3 - <alloc::boxed::Box<F,A> as core::ops::function::Fn<Args>>::call::h63353c459bb27956
[INFO] [stdout]                                at /rustc/4d91de4e48198da2e33413efdcd9cd2cc0c46688/library/alloc/src/boxed.rs:2007:9
[INFO] [stdout]   11:     0x609bd60297d3 - test::test_main::{{closure}}::hd5af4d6c4e32fe08
[INFO] [stdout]                                at /rustc/4d91de4e48198da2e33413efdcd9cd2cc0c46688/library/test/src/lib.rs:134:21
[INFO] [stdout]   12:     0x609bd606cce3 - <alloc::boxed::Box<F,A> as core::ops::function::Fn<Args>>::call::h3af32c23caf5c679
[INFO] [stdout]                                at /rustc/4d91de4e48198da2e33413efdcd9cd2cc0c46688/library/alloc/src/boxed.rs:2007:9
[INFO] [stdout]   13:     0x609bd606cce3 - std::panicking::rust_panic_with_hook::ha9131beeb2ddc506
[INFO] [stdout]                                at /rustc/4d91de4e48198da2e33413efdcd9cd2cc0c46688/library/std/src/panicking.rs:836:13
[INFO] [stdout]   14:     0x609bd606c9ba - std::panicking::begin_panic_handler::{{closure}}::h1bba0eaeb6da506f
[INFO] [stdout]                                at /rustc/4d91de4e48198da2e33413efdcd9cd2cc0c46688/library/std/src/panicking.rs:701:13
[INFO] [stdout]   15:     0x609bd606b479 - std::sys::backtrace::__rust_end_short_backtrace::h1d1ca3eade483f4c
[INFO] [stdout]                                at /rustc/4d91de4e48198da2e33413efdcd9cd2cc0c46688/library/std/src/sys/backtrace.rs:168:18
[INFO] [stdout]   16:     0x609bd606c64d - rust_begin_unwind
[INFO] [stdout]                                at /rustc/4d91de4e48198da2e33413efdcd9cd2cc0c46688/library/std/src/panicking.rs:692:5
[INFO] [stdout]   17:     0x609bd5f64ca0 - core::panicking::panic_fmt::h896a0727a1a943f9
[INFO] [stdout]                                at /rustc/4d91de4e48198da2e33413efdcd9cd2cc0c46688/library/core/src/panicking.rs:75:14
[INFO] [stdout]   18:     0x609bd5f650e6 - core::result::unwrap_failed::h1b5ed8541c7bebd6
[INFO] [stdout]                                at /rustc/4d91de4e48198da2e33413efdcd9cd2cc0c46688/library/core/src/result.rs:1704:5
[INFO] [stdout]   19:     0x609bd5fdc4f8 - core::result::Result<T,E>::unwrap::hd3c6f63427caec40
[INFO] [stdout]                                at /rustc/4d91de4e48198da2e33413efdcd9cd2cc0c46688/library/core/src/result.rs:1109:23
[INFO] [stdout]   20:     0x609bd5fdc4f8 - rsx_parser::parse_rsx_3::h3c489cd23d9dda16
[INFO] [stdout]                                at /opt/rustwide/workdir/src/main.rs:192:40
[INFO] [stdout]   21:     0x609bd5fdc3c7 - rsx_parser::parse_rsx_3::{{closure}}::hf774805efb5a6ed9
[INFO] [stdout]                                at /opt/rustwide/workdir/src/main.rs:187:16
[INFO] [stdout]   22:     0x609bd5fd3d36 - core::ops::function::FnOnce::call_once::h340e3cc3fbd3adfd
[INFO] [stdout]                                at /rustc/4d91de4e48198da2e33413efdcd9cd2cc0c46688/library/core/src/ops/function.rs:250:5
[INFO] [stdout]   23:     0x609bd602ef7b - core::ops::function::FnOnce::call_once::h8acc80b5a33ff319
[INFO] [stdout]                                at /rustc/4d91de4e48198da2e33413efdcd9cd2cc0c46688/library/core/src/ops/function.rs:250:5
[INFO] [stdout]   24:     0x609bd602ef7b - test::__rust_begin_short_backtrace::h52b6da716ad42b7d
[INFO] [stdout]                                at /rustc/4d91de4e48198da2e33413efdcd9cd2cc0c46688/library/test/src/lib.rs:632:18
[INFO] [stdout]   25:     0x609bd602deb3 - test::run_test_in_process::{{closure}}::h2580047890abbefe
[INFO] [stdout]                                at /rustc/4d91de4e48198da2e33413efdcd9cd2cc0c46688/library/test/src/lib.rs:655:60
[INFO] [stdout]   26:     0x609bd602deb3 - <core::panic::unwind_safe::AssertUnwindSafe<F> as core::ops::function::FnOnce<()>>::call_once::h936f8c89d0a99c40
[INFO] [stdout]                                at /rustc/4d91de4e48198da2e33413efdcd9cd2cc0c46688/library/core/src/panic/unwind_safe.rs:272:9
[INFO] [stdout]   27:     0x609bd602deb3 - std::panicking::try::do_call::h868682cc368697f9
[INFO] [stdout]                                at /rustc/4d91de4e48198da2e33413efdcd9cd2cc0c46688/library/std/src/panicking.rs:584:40
[INFO] [stdout]   28:     0x609bd602deb3 - std::panicking::try::h0356ffc38cbb5501
[INFO] [stdout]                                at /rustc/4d91de4e48198da2e33413efdcd9cd2cc0c46688/library/std/src/panicking.rs:547:19
[INFO] [stdout]   29:     0x609bd602deb3 - std::panic::catch_unwind::h74edf102a3082536
[INFO] [stdout]                                at /rustc/4d91de4e48198da2e33413efdcd9cd2cc0c46688/library/std/src/panic.rs:358:14
[INFO] [stdout]   30:     0x609bd602deb3 - test::run_test_in_process::hc27d69576b7224e4
[INFO] [stdout]                                at /rustc/4d91de4e48198da2e33413efdcd9cd2cc0c46688/library/test/src/lib.rs:655:27
[INFO] [stdout]   31:     0x609bd602deb3 - test::run_test::{{closure}}::h9f3bfaf910429adb
[INFO] [stdout]                                at /rustc/4d91de4e48198da2e33413efdcd9cd2cc0c46688/library/test/src/lib.rs:576:43
[INFO] [stdout]   32:     0x609bd5ff1be5 - test::run_test::{{closure}}::h3d537cdce8ec5816
[INFO] [stdout]                                at /rustc/4d91de4e48198da2e33413efdcd9cd2cc0c46688/library/test/src/lib.rs:606:41
[INFO] [stdout]   33:     0x609bd5ff1be5 - std::sys::backtrace::__rust_begin_short_backtrace::hb51d9a6c67ec382d
[INFO] [stdout]                                at /rustc/4d91de4e48198da2e33413efdcd9cd2cc0c46688/library/std/src/sys/backtrace.rs:152:18
[INFO] [stdout]   34:     0x609bd5ff5626 - std::thread::Builder::spawn_unchecked_::{{closure}}::{{closure}}::h5738f3abb9603fe6
[INFO] [stdout]                                at /rustc/4d91de4e48198da2e33413efdcd9cd2cc0c46688/library/std/src/thread/mod.rs:564:17
[INFO] [stdout]   35:     0x609bd5ff5626 - <core::panic::unwind_safe::AssertUnwindSafe<F> as core::ops::function::FnOnce<()>>::call_once::h5e9f4b56e45e8108
[INFO] [stdout]                                at /rustc/4d91de4e48198da2e33413efdcd9cd2cc0c46688/library/core/src/panic/unwind_safe.rs:272:9
[INFO] [stdout]   36:     0x609bd5ff5626 - std::panicking::try::do_call::ha36db853b2f34e23
[INFO] [stdout]                                at /rustc/4d91de4e48198da2e33413efdcd9cd2cc0c46688/library/std/src/panicking.rs:584:40
[INFO] [stdout]   37:     0x609bd5ff5626 - std::panicking::try::h57e1aa33a0efb1be
[INFO] [stdout]                                at /rustc/4d91de4e48198da2e33413efdcd9cd2cc0c46688/library/std/src/panicking.rs:547:19
[INFO] [stdout]   38:     0x609bd5ff5626 - std::panic::catch_unwind::hdb71a6103024936e
[INFO] [stdout]                                at /rustc/4d91de4e48198da2e33413efdcd9cd2cc0c46688/library/std/src/panic.rs:358:14
[INFO] [stdout]   39:     0x609bd5ff5626 - std::thread::Builder::spawn_unchecked_::{{closure}}::h8caa22218f423ab1
[INFO] [stdout]                                at /rustc/4d91de4e48198da2e33413efdcd9cd2cc0c46688/library/std/src/thread/mod.rs:562:30
[INFO] [stdout]   40:     0x609bd5ff5626 - core::ops::function::FnOnce::call_once{{vtable.shim}}::hb3b44780e9c053e5
[INFO] [stdout]                                at /rustc/4d91de4e48198da2e33413efdcd9cd2cc0c46688/library/core/src/ops/function.rs:250:5
[INFO] [stdout]   41:     0x609bd6070b4b - <alloc::boxed::Box<F,A> as core::ops::function::FnOnce<Args>>::call_once::h2649f14f1b1c150d
[INFO] [stdout]                                at /rustc/4d91de4e48198da2e33413efdcd9cd2cc0c46688/library/alloc/src/boxed.rs:1993:9
[INFO] [stdout]   42:     0x609bd6070b4b - <alloc::boxed::Box<F,A> as core::ops::function::FnOnce<Args>>::call_once::hb2ade58cb34e1bc4
[INFO] [stdout]                                at /rustc/4d91de4e48198da2e33413efdcd9cd2cc0c46688/library/alloc/src/boxed.rs:1993:9
[INFO] [stdout]   43:     0x609bd6070b4b - std::sys::pal::unix::thread::Thread::new::thread_start::ha07e360225fa3528
[INFO] [stdout]                                at /rustc/4d91de4e48198da2e33413efdcd9cd2cc0c46688/library/std/src/sys/pal/unix/thread.rs:106:17
[INFO] [stdout]   44:     0x7e86c2bd9ac3 - <unknown>
[INFO] [stdout]   45:     0x7e86c2c6aa04 - clone
[INFO] [stdout]   46:                0x0 - <unknown>
[INFO] [stdout] 
[INFO] [stdout] 
[INFO] [stdout] failures:
[INFO] [stdout]     parse_rsx_3
[INFO] [stdout] 
[INFO] [stdout] test result: FAILED. 3 passed; 1 failed; 0 ignored; 0 measured; 0 filtered out; finished in 0.07s
[INFO] [stdout] 
[INFO] [stderr] error: test failed, to rerun pass `--bin rsx_parser`
[INFO] running `Command { std: "docker" "inspect" "df07446ce40b3d2fd42400f759134c004b54a5f023d26f1a567e5621ba7c697a", kill_on_drop: false }`
[INFO] running `Command { std: "docker" "rm" "-f" "df07446ce40b3d2fd42400f759134c004b54a5f023d26f1a567e5621ba7c697a", kill_on_drop: false }`
[INFO] [stdout] df07446ce40b3d2fd42400f759134c004b54a5f023d26f1a567e5621ba7c697a
