[INFO] cloning repository https://github.com/Dav1dde/ssr-workers
[INFO] running `Command { std: "git" "-c" "credential.helper=" "-c" "credential.helper=/workspace/cargo-home/bin/git-credential-null" "clone" "--bare" "https://github.com/Dav1dde/ssr-workers" "/workspace/cache/git-repos/https%3A%2F%2Fgithub.com%2FDav1dde%2Fssr-workers", kill_on_drop: false }`
[INFO] [stderr] Cloning into bare repository '/workspace/cache/git-repos/https%3A%2F%2Fgithub.com%2FDav1dde%2Fssr-workers'...
[INFO] running `Command { std: "git" "rev-parse" "HEAD", kill_on_drop: false }`
[INFO] [stdout] 537814714ec4ce1a05354e034bed411d8be46065
[INFO] testing Dav1dde/ssr-workers against 1.85.0 for beta-1.86-3
[INFO] running `Command { std: "git" "clone" "/workspace/cache/git-repos/https%3A%2F%2Fgithub.com%2FDav1dde%2Fssr-workers" "/workspace/builds/worker-5-tc1/source", kill_on_drop: false }`
[INFO] [stderr] Cloning into '/workspace/builds/worker-5-tc1/source'...
[INFO] [stderr] done.
[INFO] validating manifest of git repo https://github.com/Dav1dde/ssr-workers on toolchain 1.85.0
[INFO] running `Command { std: CARGO_HOME="/workspace/cargo-home" RUSTUP_HOME="/workspace/rustup-home" "/workspace/cargo-home/bin/cargo" "+1.85.0" "metadata" "--manifest-path" "Cargo.toml" "--no-deps", kill_on_drop: false }`
[INFO] started tweaking git repo https://github.com/Dav1dde/ssr-workers
[INFO] finished tweaking git repo https://github.com/Dav1dde/ssr-workers
[INFO] tweaked toml for git repo https://github.com/Dav1dde/ssr-workers written to /workspace/builds/worker-5-tc1/source/Cargo.toml
[INFO] crate git repo https://github.com/Dav1dde/ssr-workers already has a lockfile, it will not be regenerated
[INFO] running `Command { std: CARGO_HOME="/workspace/cargo-home" RUSTUP_HOME="/workspace/rustup-home" "/workspace/cargo-home/bin/cargo" "+1.85.0" "fetch" "--manifest-path" "Cargo.toml", kill_on_drop: false }`
[INFO] [stderr] warning: virtual workspace defaulting to `resolver = "1"` despite one or more workspace members being on edition 2021 which implies `resolver = "2"`
[INFO] [stderr] note: to keep the current resolver, specify `workspace.resolver = "1"` in the workspace root's manifest
[INFO] [stderr] note: to use the edition 2021 resolver, specify `workspace.resolver = "2"` in the workspace root's manifest
[INFO] [stderr] note: for more details see https://doc.rust-lang.org/cargo/reference/resolver.html#resolver-versions
[INFO] [stderr]     Blocking waiting for file lock on package cache
[INFO] [stderr]     Updating crates.io index
[INFO] [stderr]     Updating git repository `https://github.com/Dav1dde/workers-rs.git`
[INFO] [stderr]     Blocking waiting for file lock on package cache
[INFO] [stderr]  Downloading crates ...
[INFO] [stderr]   Downloaded wasm-bindgen-macro-support v0.2.78
[INFO] [stderr]   Downloaded wasm-bindgen-shared v0.2.78
[INFO] [stderr]   Downloaded utf8-width v0.1.5
[INFO] [stderr]   Downloaded quote v1.0.14
[INFO] [stderr]   Downloaded wasm-bindgen-macro v0.2.78
[INFO] [stderr]   Downloaded paste v1.0.6
[INFO] [stderr]   Downloaded lexical v6.0.1
[INFO] [stderr]   Downloaded worker-kv v0.5.1
[INFO] [stderr]   Downloaded html-escape v0.2.9
[INFO] [stderr]   Downloaded lexical-write-integer v0.8.0
[INFO] [stderr]   Downloaded indexmap v1.7.0
[INFO] [stderr]   Downloaded lexical-util v0.8.1
[INFO] [stderr]   Downloaded lexical-write-float v0.8.2
[INFO] [stderr]   Downloaded serde_json v1.0.74
[INFO] [stderr]   Downloaded wasm-bindgen v0.2.78
[INFO] [stderr]   Downloaded chrono v0.4.19
[INFO] [stderr]   Downloaded js-sys v0.3.55
[INFO] [stderr]   Downloaded lexical-parse-float v0.8.2
[INFO] [stderr]   Downloaded regex-syntax v0.5.6
[INFO] [stderr]   Downloaded regex v0.2.11
[INFO] [stderr]   Downloaded serde v1.0.133
[INFO] [stderr]   Downloaded bumpalo v3.8.0
[INFO] [stderr]   Downloaded serde_derive v1.0.133
[INFO] [stderr]   Downloaded syn v1.0.84
[INFO] [stderr]   Downloaded lexical-parse-integer v0.8.0
[INFO] [stderr]   Downloaded static_assertions v1.1.0
[INFO] [stderr]   Downloaded lexical-core v0.8.2
[INFO] [stderr]   Downloaded sycamore v0.7.1
[INFO] [stderr]   Downloaded aho-corasick v0.6.10
[INFO] [stderr]   Downloaded ucd-util v0.1.8
[INFO] [stderr]   Downloaded async-trait v0.1.52
[INFO] [stderr]   Downloaded sycamore-macro v0.7.1
[INFO] [stderr]   Downloaded getrandom v0.2.3
[INFO] [stderr]   Downloaded chrono-tz v0.4.1
[INFO] [stderr]   Downloaded smallvec v1.7.0
[INFO] [stderr]   Downloaded time v0.1.43
[INFO] [stderr]   Downloaded utf8-ranges v1.0.4
[INFO] [stderr]   Downloaded parse-zoneinfo v0.1.1
[INFO] [stderr]   Downloaded matchit v0.4.4
[INFO] [stderr]   Downloaded libc v0.2.112
[INFO] [stderr]   Downloaded web-sys v0.3.55
[INFO] [stderr]   Downloaded wasm-bindgen-futures v0.4.28
[INFO] [stderr]   Downloaded wasm-bindgen-backend v0.2.78
[INFO] [stderr]   Downloaded sycamore-reactive v0.7.1
[INFO] [stderr]   Downloaded thread_local v0.3.6
[INFO] running `Command { std: "docker" "create" "-v" "/var/lib/crater-agent-workspace/builds/worker-5-tc1/target:/opt/rustwide/target:rw,Z" "-v" "/var/lib/crater-agent-workspace/builds/worker-5-tc1/source:/opt/rustwide/workdir:ro,Z" "-v" "/var/lib/crater-agent-workspace/cargo-home:/opt/rustwide/cargo-home:ro,Z" "-v" "/var/lib/crater-agent-workspace/rustup-home:/opt/rustwide/rustup-home:ro,Z" "-e" "SOURCE_DIR=/opt/rustwide/workdir" "-e" "CARGO_TARGET_DIR=/opt/rustwide/target" "-e" "CARGO_HOME=/opt/rustwide/cargo-home" "-e" "RUSTUP_HOME=/opt/rustwide/rustup-home" "-w" "/opt/rustwide/workdir" "-m" "1610612736" "--user" "0:0" "--network" "none" "ghcr.io/rust-lang/crates-build-env/linux@sha256:3959728d45483eb673ba100a951a6b9f5012970368db2a9e08e0ac9b67c8a5ad" "/opt/rustwide/cargo-home/bin/cargo" "+1.85.0" "metadata" "--no-deps" "--format-version=1", kill_on_drop: false }`
[INFO] [stdout] b7253946bd71569b58591379133defefffc440d52465ffedcf8eb1eca70021e4
[INFO] running `Command { std: "docker" "start" "-a" "b7253946bd71569b58591379133defefffc440d52465ffedcf8eb1eca70021e4", kill_on_drop: false }`
[INFO] running `Command { std: "docker" "inspect" "b7253946bd71569b58591379133defefffc440d52465ffedcf8eb1eca70021e4", kill_on_drop: false }`
[INFO] running `Command { std: "docker" "rm" "-f" "b7253946bd71569b58591379133defefffc440d52465ffedcf8eb1eca70021e4", kill_on_drop: false }`
[INFO] [stdout] b7253946bd71569b58591379133defefffc440d52465ffedcf8eb1eca70021e4
[INFO] running `Command { std: "docker" "create" "-v" "/var/lib/crater-agent-workspace/builds/worker-5-tc1/target:/opt/rustwide/target:rw,Z" "-v" "/var/lib/crater-agent-workspace/builds/worker-5-tc1/source:/opt/rustwide/workdir:ro,Z" "-v" "/var/lib/crater-agent-workspace/cargo-home:/opt/rustwide/cargo-home:ro,Z" "-v" "/var/lib/crater-agent-workspace/rustup-home:/opt/rustwide/rustup-home:ro,Z" "-e" "SOURCE_DIR=/opt/rustwide/workdir" "-e" "CARGO_TARGET_DIR=/opt/rustwide/target" "-e" "CARGO_INCREMENTAL=0" "-e" "RUST_BACKTRACE=full" "-e" "RUSTFLAGS=--cap-lints=warn" "-e" "RUSTDOCFLAGS=--cap-lints=warn" "-e" "CARGO_HOME=/opt/rustwide/cargo-home" "-e" "RUSTUP_HOME=/opt/rustwide/rustup-home" "-w" "/opt/rustwide/workdir" "-m" "1610612736" "--user" "0:0" "--network" "none" "ghcr.io/rust-lang/crates-build-env/linux@sha256:3959728d45483eb673ba100a951a6b9f5012970368db2a9e08e0ac9b67c8a5ad" "/opt/rustwide/cargo-home/bin/cargo" "+1.85.0" "build" "--frozen" "--message-format=json", kill_on_drop: false }`
[INFO] [stdout] 48371e359c13ffd71a428060774a42df9370ff35ee81616d304791eb20316e8a
[INFO] running `Command { std: "docker" "start" "-a" "48371e359c13ffd71a428060774a42df9370ff35ee81616d304791eb20316e8a", kill_on_drop: false }`
[INFO] [stderr] warning: virtual workspace defaulting to `resolver = "1"` despite one or more workspace members being on edition 2021 which implies `resolver = "2"`
[INFO] [stderr] note: to keep the current resolver, specify `workspace.resolver = "1"` in the workspace root's manifest
[INFO] [stderr] note: to use the edition 2021 resolver, specify `workspace.resolver = "2"` in the workspace root's manifest
[INFO] [stderr] note: for more details see https://doc.rust-lang.org/cargo/reference/resolver.html#resolver-versions
[INFO] [stderr]    Compiling proc-macro2 v1.0.36
[INFO] [stderr]    Compiling unicode-xid v0.2.2
[INFO] [stderr]    Compiling syn v1.0.84
[INFO] [stderr]    Compiling lazy_static v1.4.0
[INFO] [stderr]    Compiling log v0.4.14
[INFO] [stderr]    Compiling wasm-bindgen-shared v0.2.78
[INFO] [stderr]    Compiling serde_derive v1.0.133
[INFO] [stderr]    Compiling serde v1.0.133
[INFO] [stderr]    Compiling bumpalo v3.8.0
[INFO] [stderr]    Compiling serde_json v1.0.74
[INFO] [stderr]    Compiling itoa v1.0.1
[INFO] [stderr]    Compiling wasm-bindgen v0.2.78
[INFO] [stderr]    Compiling ryu v1.0.9
[INFO] [stderr]    Compiling memchr v2.4.1
[INFO] [stderr]    Compiling libc v0.2.112
[INFO] [stderr]    Compiling static_assertions v1.1.0
[INFO] [stderr]    Compiling lexical-util v0.8.1
[INFO] [stderr]    Compiling ucd-util v0.1.8
[INFO] [stderr]    Compiling futures-core v0.3.19
[INFO] [stderr]    Compiling regex v0.2.11
[INFO] [stderr]    Compiling ahash v0.7.6
[INFO] [stderr]    Compiling regex-syntax v0.5.6
[INFO] [stderr]    Compiling thread_local v0.3.6
[INFO] [stderr]    Compiling num-traits v0.2.14
[INFO] [stderr]    Compiling indexmap v1.7.0
[INFO] [stderr]    Compiling once_cell v1.9.0
[INFO] [stderr]    Compiling futures-task v0.3.19
[INFO] [stderr]    Compiling futures-channel v0.3.19
[INFO] [stderr]    Compiling utf8-ranges v1.0.4
[INFO] [stderr]    Compiling num-integer v0.1.44
[INFO] [stderr]    Compiling hashbrown v0.11.2
[INFO] [stderr]    Compiling tinyvec_macros v0.1.0
[INFO] [stderr]    Compiling futures-sink v0.3.19
[INFO] [stderr]    Compiling futures-util v0.3.19
[INFO] [stderr]    Compiling tinyvec v1.5.1
[INFO] [stderr]    Compiling slab v0.4.5
[INFO] [stderr]    Compiling pin-project-lite v0.2.8
[INFO] [stderr]    Compiling lexical-write-integer v0.8.0
[INFO] [stderr]    Compiling lexical-parse-integer v0.8.0
[INFO] [stderr]    Compiling async-trait v0.1.52
[INFO] [stderr]    Compiling smallvec v1.7.0
[INFO] [stderr]    Compiling lexical-parse-float v0.8.2
[INFO] [stderr]    Compiling getrandom v0.2.3
[INFO] [stderr]    Compiling aho-corasick v0.6.10
[INFO] [stderr]    Compiling lexical-write-float v0.8.2
[INFO] [stderr]    Compiling futures-io v0.3.19
[INFO] [stderr]    Compiling matches v0.1.9
[INFO] [stderr]    Compiling utf8-width v0.1.5
[INFO] [stderr]    Compiling time v0.1.43
[INFO] [stderr]    Compiling unicode-bidi v0.3.7
[INFO] [stderr]    Compiling html-escape v0.2.9
[INFO] [stderr]    Compiling paste v1.0.6
[INFO] [stderr]    Compiling percent-encoding v2.1.0
[INFO] [stderr]    Compiling bytes v1.1.0
[INFO] [stderr]    Compiling matchit v0.4.4
[INFO] [stderr]    Compiling form_urlencoded v1.0.1
[INFO] [stderr]    Compiling lexical-core v0.8.2
[INFO] [stderr]    Compiling quote v1.0.14
[INFO] [stderr]    Compiling unicode-normalization v0.1.19
[INFO] [stderr]    Compiling lexical v6.0.1
[INFO] [stderr]    Compiling chrono v0.4.19
[INFO] [stderr]    Compiling http v0.2.6
[INFO] [stderr]    Compiling idna v0.2.3
[INFO] [stderr]    Compiling url v2.2.2
[INFO] [stderr]    Compiling parse-zoneinfo v0.1.1
[INFO] [stderr]    Compiling chrono-tz v0.4.1
[INFO] [stderr]    Compiling wasm-bindgen-backend v0.2.78
[INFO] [stderr]    Compiling futures-macro v0.3.19
[INFO] [stderr]    Compiling thiserror-impl v1.0.30
[INFO] [stderr]    Compiling sycamore-macro v0.7.1
[INFO] [stderr]    Compiling wasm-bindgen-macro-support v0.2.78
[INFO] [stderr]    Compiling wasm-bindgen-macro v0.2.78
[INFO] [stderr]    Compiling thiserror v1.0.30
[INFO] [stderr]    Compiling futures-executor v0.3.19
[INFO] [stderr]    Compiling futures v0.3.19
[INFO] [stderr]    Compiling js-sys v0.3.55
[INFO] [stderr]    Compiling console_error_panic_hook v0.1.7
[INFO] [stderr]    Compiling web-sys v0.3.55
[INFO] [stderr]    Compiling wasm-bindgen-futures v0.4.28
[INFO] [stderr]    Compiling worker-kv v0.5.1
[INFO] [stderr]    Compiling sycamore-reactive v0.7.1
[INFO] [stderr]    Compiling worker-sys v0.0.2 (https://github.com/Dav1dde/workers-rs.git?rev=12ff82f#12ff82f3)
[INFO] [stderr]    Compiling console_log v0.2.0
[INFO] [stderr]    Compiling sycamore v0.7.1
[INFO] [stderr]    Compiling worker-macros v0.0.2 (https://github.com/Dav1dde/workers-rs.git?rev=12ff82f#12ff82f3)
[INFO] [stderr]    Compiling app v0.1.0 (/opt/rustwide/workdir/app)
[INFO] [stderr]    Compiling worker v0.0.7 (https://github.com/Dav1dde/workers-rs.git?rev=12ff82f#12ff82f3)
[INFO] [stderr]    Compiling worker v0.1.0 (/opt/rustwide/workdir/worker)
[INFO] [stderr]     Finished `dev` profile [unoptimized + debuginfo] target(s) in 36.10s
[INFO] [stderr] warning: the following packages contain code that will be rejected by a future version of Rust: wasm-bindgen v0.2.78
[INFO] [stderr] note: to see what the problems were, use the option `--future-incompat-report`, or run `cargo report future-incompatibilities --id 8`
[INFO] running `Command { std: "docker" "inspect" "48371e359c13ffd71a428060774a42df9370ff35ee81616d304791eb20316e8a", kill_on_drop: false }`
[INFO] running `Command { std: "docker" "rm" "-f" "48371e359c13ffd71a428060774a42df9370ff35ee81616d304791eb20316e8a", kill_on_drop: false }`
[INFO] [stdout] 48371e359c13ffd71a428060774a42df9370ff35ee81616d304791eb20316e8a
[INFO] running `Command { std: "docker" "create" "-v" "/var/lib/crater-agent-workspace/builds/worker-5-tc1/target:/opt/rustwide/target:rw,Z" "-v" "/var/lib/crater-agent-workspace/builds/worker-5-tc1/source:/opt/rustwide/workdir:ro,Z" "-v" "/var/lib/crater-agent-workspace/cargo-home:/opt/rustwide/cargo-home:ro,Z" "-v" "/var/lib/crater-agent-workspace/rustup-home:/opt/rustwide/rustup-home:ro,Z" "-e" "SOURCE_DIR=/opt/rustwide/workdir" "-e" "CARGO_TARGET_DIR=/opt/rustwide/target" "-e" "CARGO_INCREMENTAL=0" "-e" "RUST_BACKTRACE=full" "-e" "RUSTFLAGS=--cap-lints=warn" "-e" "RUSTDOCFLAGS=--cap-lints=warn" "-e" "CARGO_HOME=/opt/rustwide/cargo-home" "-e" "RUSTUP_HOME=/opt/rustwide/rustup-home" "-w" "/opt/rustwide/workdir" "-m" "1610612736" "--user" "0:0" "--network" "none" "ghcr.io/rust-lang/crates-build-env/linux@sha256:3959728d45483eb673ba100a951a6b9f5012970368db2a9e08e0ac9b67c8a5ad" "/opt/rustwide/cargo-home/bin/cargo" "+1.85.0" "test" "--frozen" "--no-run" "--message-format=json", kill_on_drop: false }`
[INFO] [stdout] 17c4c7b609a9c20b5619dcbad668aa2941133d61218e967c4b7fa0317e636930
[INFO] running `Command { std: "docker" "start" "-a" "17c4c7b609a9c20b5619dcbad668aa2941133d61218e967c4b7fa0317e636930", kill_on_drop: false }`
[INFO] [stderr] warning: virtual workspace defaulting to `resolver = "1"` despite one or more workspace members being on edition 2021 which implies `resolver = "2"`
[INFO] [stderr] note: to keep the current resolver, specify `workspace.resolver = "1"` in the workspace root's manifest
[INFO] [stderr] note: to use the edition 2021 resolver, specify `workspace.resolver = "2"` in the workspace root's manifest
[INFO] [stderr] note: for more details see https://doc.rust-lang.org/cargo/reference/resolver.html#resolver-versions
[INFO] [stderr]    Compiling app v0.1.0 (/opt/rustwide/workdir/app)
[INFO] [stderr]    Compiling worker v0.1.0 (/opt/rustwide/workdir/worker)
[INFO] [stderr]     Finished `test` profile [unoptimized + debuginfo] target(s) in 0.50s
[INFO] [stderr] warning: the following packages contain code that will be rejected by a future version of Rust: wasm-bindgen v0.2.78
[INFO] [stderr] note: to see what the problems were, use the option `--future-incompat-report`, or run `cargo report future-incompatibilities --id 8`
[INFO] running `Command { std: "docker" "inspect" "17c4c7b609a9c20b5619dcbad668aa2941133d61218e967c4b7fa0317e636930", kill_on_drop: false }`
[INFO] running `Command { std: "docker" "rm" "-f" "17c4c7b609a9c20b5619dcbad668aa2941133d61218e967c4b7fa0317e636930", kill_on_drop: false }`
[INFO] [stdout] 17c4c7b609a9c20b5619dcbad668aa2941133d61218e967c4b7fa0317e636930
[INFO] running `Command { std: "docker" "create" "-v" "/var/lib/crater-agent-workspace/builds/worker-5-tc1/target:/opt/rustwide/target:rw,Z" "-v" "/var/lib/crater-agent-workspace/builds/worker-5-tc1/source:/opt/rustwide/workdir:ro,Z" "-v" "/var/lib/crater-agent-workspace/cargo-home:/opt/rustwide/cargo-home:ro,Z" "-v" "/var/lib/crater-agent-workspace/rustup-home:/opt/rustwide/rustup-home:ro,Z" "-e" "SOURCE_DIR=/opt/rustwide/workdir" "-e" "CARGO_TARGET_DIR=/opt/rustwide/target" "-e" "CARGO_INCREMENTAL=0" "-e" "RUST_BACKTRACE=full" "-e" "RUSTFLAGS=--cap-lints=warn" "-e" "RUSTDOCFLAGS=--cap-lints=warn" "-e" "CARGO_HOME=/opt/rustwide/cargo-home" "-e" "RUSTUP_HOME=/opt/rustwide/rustup-home" "-w" "/opt/rustwide/workdir" "-m" "1610612736" "--user" "0:0" "--network" "none" "ghcr.io/rust-lang/crates-build-env/linux@sha256:3959728d45483eb673ba100a951a6b9f5012970368db2a9e08e0ac9b67c8a5ad" "/opt/rustwide/cargo-home/bin/cargo" "+1.85.0" "test" "--frozen", kill_on_drop: false }`
[INFO] [stdout] c7fde99d473fab1cb96f176039ed1b3efb70577dfcd7d2f49a60a55e1e7e3dd0
[INFO] running `Command { std: "docker" "start" "-a" "c7fde99d473fab1cb96f176039ed1b3efb70577dfcd7d2f49a60a55e1e7e3dd0", kill_on_drop: false }`
[INFO] [stderr] warning: virtual workspace defaulting to `resolver = "1"` despite one or more workspace members being on edition 2021 which implies `resolver = "2"`
[INFO] [stderr] note: to keep the current resolver, specify `workspace.resolver = "1"` in the workspace root's manifest
[INFO] [stderr] note: to use the edition 2021 resolver, specify `workspace.resolver = "2"` in the workspace root's manifest
[INFO] [stderr] note: for more details see https://doc.rust-lang.org/cargo/reference/resolver.html#resolver-versions
[INFO] [stderr]     Finished `test` profile [unoptimized + debuginfo] target(s) in 0.09s
[INFO] [stderr] warning: the following packages contain code that will be rejected by a future version of Rust: wasm-bindgen v0.2.78
[INFO] [stderr] note: to see what the problems were, use the option `--future-incompat-report`, or run `cargo report future-incompatibilities --id 8`
[INFO] [stderr]      Running unittests src/lib.rs (/opt/rustwide/target/debug/deps/app-fdeca47549f4ae77)
[INFO] [stdout] 
[INFO] [stdout] running 0 tests
[INFO] [stdout] 
[INFO] [stdout] test result: ok. 0 passed; 0 failed; 0 ignored; 0 measured; 0 filtered out; finished in 0.00s
[INFO] [stdout] 
[INFO] [stderr]      Running unittests src/main.rs (/opt/rustwide/target/debug/deps/app-de3bfa83f453a648)
[INFO] [stdout] 
[INFO] [stdout] running 0 tests
[INFO] [stdout] 
[INFO] [stdout] test result: ok. 0 passed; 0 failed; 0 ignored; 0 measured; 0 filtered out; finished in 0.00s
[INFO] [stdout] 
[INFO] [stderr]      Running unittests src/lib.rs (/opt/rustwide/target/debug/deps/worker-87876b27a636e75e)
[INFO] [stdout] 
[INFO] [stdout] running 0 tests
[INFO] [stdout] 
[INFO] [stdout] test result: ok. 0 passed; 0 failed; 0 ignored; 0 measured; 0 filtered out; finished in 0.00s
[INFO] [stdout] 
[INFO] [stderr]    Doc-tests app
[INFO] [stdout] 
[INFO] [stdout] running 0 tests
[INFO] [stdout] 
[INFO] [stdout] test result: ok. 0 passed; 0 failed; 0 ignored; 0 measured; 0 filtered out; finished in 0.00s
[INFO] [stdout] 
[INFO] [stderr]    Doc-tests worker
[INFO] [stderr] error[E0464]: multiple candidates for `rlib` dependency `worker` found
[INFO] [stderr]  --> worker/src/lib.rs:1:5
[INFO] [stderr]   |
[INFO] [stderr] 1 | use worker::{console_log, event, Date, Env, Method, Request, Response, Result};
[INFO] [stderr]   |     ^^^^^^
[INFO] [stderr]   |
[INFO] [stderr]   = note: candidate #1: /opt/rustwide/target/debug/deps/libworker-2a1e2237c19a9f1d.rlib
[INFO] [stderr]   = note: candidate #2: /opt/rustwide/target/debug/deps/libworker.rlib
[INFO] [stderr] 
[INFO] [stderr] error[E0464]: multiple candidates for `rlib` dependency `worker` found
[INFO] [stderr]  --> worker/src/assets.rs:1:5
[INFO] [stderr]   |
[INFO] [stderr] 1 | use worker::{kv::KvStore, Request, Response};
[INFO] [stderr]   |     ^^^^^^
[INFO] [stderr]   |
[INFO] [stderr]   = note: candidate #1: /opt/rustwide/target/debug/deps/libworker-2a1e2237c19a9f1d.rlib
[INFO] [stderr]   = note: candidate #2: /opt/rustwide/target/debug/deps/libworker.rlib
[INFO] [stderr] 
[INFO] [stderr] error[E0464]: multiple candidates for `rlib` dependency `worker` found
[INFO] [stderr]  --> worker/src/assets.rs:8:59
[INFO] [stderr]   |
[INFO] [stderr] 8 | pub async fn serve_asset(req: Request, store: KvStore) -> worker::Result<Response> {
[INFO] [stderr]   |                                                           ^^^^^^
[INFO] [stderr]   |
[INFO] [stderr]   = note: candidate #1: /opt/rustwide/target/debug/deps/libworker-2a1e2237c19a9f1d.rlib
[INFO] [stderr]   = note: candidate #2: /opt/rustwide/target/debug/deps/libworker.rlib
[INFO] [stderr] 
[INFO] [stderr] error[E0464]: multiple candidates for `rlib` dependency `worker` found
[INFO] [stderr]  --> worker/src/lib.rs:6:22
[INFO] [stderr]   |
[INFO] [stderr] 6 | fn log_request(req: &worker::Request) {
[INFO] [stderr]   |                      ^^^^^^
[INFO] [stderr]   |
[INFO] [stderr]   = note: candidate #1: /opt/rustwide/target/debug/deps/libworker-2a1e2237c19a9f1d.rlib
[INFO] [stderr]   = note: candidate #2: /opt/rustwide/target/debug/deps/libworker.rlib
[INFO] [stderr] 
[INFO] [stderr] error: aborting due to 4 previous errors
[INFO] [stderr] 
[INFO] [stderr] For more information about this error, try `rustc --explain E0464`.
[INFO] [stderr] error: doctest failed, to rerun pass `-p worker --doc`
[INFO] [stderr] 
[INFO] [stderr] Caused by:
[INFO] [stderr]   process didn't exit successfully: `/opt/rustwide/rustup-home/toolchains/1.85.0-x86_64-unknown-linux-gnu/bin/rustdoc --edition=2021 --crate-type cdylib --crate-type rlib --color auto --crate-name worker --test worker/src/lib.rs --test-run-directory /opt/rustwide/workdir/worker -L dependency=/opt/rustwide/target/debug/deps -L dependency=/opt/rustwide/target/debug/deps --extern app=/opt/rustwide/target/debug/deps/libapp-215b15017b3c1151.rlib --extern cfg_if=/opt/rustwide/target/debug/deps/libcfg_if-6eed7227e410c2ce.rlib --extern console_error_panic_hook=/opt/rustwide/target/debug/deps/libconsole_error_panic_hook-4bd2669a9087bc29.rlib --extern serde_json=/opt/rustwide/target/debug/deps/libserde_json-1a4d767e0d66bf18.rlib --extern worker=/opt/rustwide/target/debug/deps/libworker-2a1e2237c19a9f1d.rlib --extern worker=/opt/rustwide/target/debug/deps/libworker.rlib -C embed-bitcode=no --cfg 'feature="console_error_panic_hook"' --cfg 'feature="default"' --check-cfg 'cfg(docsrs,test)' --check-cfg 'cfg(feature, values("console_error_panic_hook", "default"))' --cap-lints=warn --error-format human` (exit status: 1)
[INFO] [stderr] note: test exited abnormally; to see the full output pass --nocapture to the harness.
[INFO] running `Command { std: "docker" "inspect" "c7fde99d473fab1cb96f176039ed1b3efb70577dfcd7d2f49a60a55e1e7e3dd0", kill_on_drop: false }`
[INFO] running `Command { std: "docker" "rm" "-f" "c7fde99d473fab1cb96f176039ed1b3efb70577dfcd7d2f49a60a55e1e7e3dd0", kill_on_drop: false }`
[INFO] [stdout] c7fde99d473fab1cb96f176039ed1b3efb70577dfcd7d2f49a60a55e1e7e3dd0
