[INFO] cloning repository https://github.com/CERIT-SC/scaphandre
[INFO] running `Command { std: "git" "-c" "credential.helper=" "-c" "credential.helper=/workspace/cargo-home/bin/git-credential-null" "clone" "--bare" "https://github.com/CERIT-SC/scaphandre" "/workspace/cache/git-repos/https%3A%2F%2Fgithub.com%2FCERIT-SC%2Fscaphandre", kill_on_drop: false }`
[INFO] [stderr] Cloning into bare repository '/workspace/cache/git-repos/https%3A%2F%2Fgithub.com%2FCERIT-SC%2Fscaphandre'...
[INFO] running `Command { std: "git" "rev-parse" "HEAD", kill_on_drop: false }`
[INFO] [stdout] 5525c68b5a96bbbba39bce6ae65d6a4ecdb1dab2
[INFO] testing CERIT-SC/scaphandre against 1.85.0 for beta-1.86-3
[INFO] running `Command { std: "git" "clone" "/workspace/cache/git-repos/https%3A%2F%2Fgithub.com%2FCERIT-SC%2Fscaphandre" "/workspace/builds/worker-1-tc1/source", kill_on_drop: false }`
[INFO] [stderr] Cloning into '/workspace/builds/worker-1-tc1/source'...
[INFO] [stderr] done.
[INFO] validating manifest of git repo https://github.com/CERIT-SC/scaphandre on toolchain 1.85.0
[INFO] running `Command { std: CARGO_HOME="/workspace/cargo-home" RUSTUP_HOME="/workspace/rustup-home" "/workspace/cargo-home/bin/cargo" "+1.85.0" "metadata" "--manifest-path" "Cargo.toml" "--no-deps", kill_on_drop: false }`
[INFO] removed /workspace/builds/worker-1-tc1/source/.cargo/config
[INFO] started tweaking git repo https://github.com/CERIT-SC/scaphandre
[INFO] finished tweaking git repo https://github.com/CERIT-SC/scaphandre
[INFO] tweaked toml for git repo https://github.com/CERIT-SC/scaphandre written to /workspace/builds/worker-1-tc1/source/Cargo.toml
[INFO] crate git repo https://github.com/CERIT-SC/scaphandre already has a lockfile, it will not be regenerated
[INFO] running `Command { std: CARGO_HOME="/workspace/cargo-home" RUSTUP_HOME="/workspace/rustup-home" "/workspace/cargo-home/bin/cargo" "+1.85.0" "fetch" "--manifest-path" "Cargo.toml", kill_on_drop: false }`
[INFO] [stderr]     Blocking waiting for file lock on package cache
[INFO] [stderr]     Updating crates.io index
[INFO] [stderr]     Blocking waiting for file lock on package cache
[INFO] [stderr]  Downloading crates ...
[INFO] [stderr]   Downloaded warp10 v1.0.0
[INFO] [stderr]   Downloaded stdweb-internal-runtime v0.1.5
[INFO] [stderr]   Downloaded discard v1.0.4
[INFO] [stderr]   Downloaded time-macros v0.1.1
[INFO] [stderr]   Downloaded matches v0.1.8
[INFO] [stderr]   Downloaded instant v0.1.9
[INFO] [stderr]   Downloaded tokio-macros v1.3.0
[INFO] [stderr]   Downloaded sluice v0.5.4
[INFO] [stderr]   Downloaded openssl-probe v0.1.2
[INFO] [stderr]   Downloaded waker-fn v1.1.0
[INFO] [stderr]   Downloaded sha1 v0.6.0
[INFO] [stderr]   Downloaded stdweb-derive v0.5.3
[INFO] [stderr]   Downloaded const_fn v0.4.6
[INFO] [stderr]   Downloaded futures-io v0.3.13
[INFO] [stderr]   Downloaded procfs v0.12.0
[INFO] [stderr]   Downloaded http-body v0.4.3
[INFO] [stderr]   Downloaded futures-sink v0.3.13
[INFO] [stderr]   Downloaded rand_chacha v0.3.1
[INFO] [stderr]   Downloaded match_cfg v0.1.0
[INFO] [stderr]   Downloaded cc v1.0.67
[INFO] [stderr]   Downloaded ansi_term v0.11.0
[INFO] [stderr]   Downloaded dtoa v0.4.8
[INFO] [stderr]   Downloaded futures-task v0.3.13
[INFO] [stderr]   Downloaded serde_json v1.0.64
[INFO] [stderr]   Downloaded wasm-bindgen v0.2.72
[INFO] [stderr]   Downloaded tokio-util v0.6.8
[INFO] [stderr]   Downloaded rand v0.8.4
[INFO] [stderr]   Downloaded isahc v1.5.0
[INFO] [stderr]   Downloaded futures-util v0.3.13
[INFO] [stderr]   Downloaded h2 v0.3.4
[INFO] [stderr]   Downloaded clap v2.33.3
[INFO] [stderr]   Downloaded regex-syntax v0.6.23
[INFO] [stderr]   Downloaded regex v1.4.5
[INFO] [stderr]   Downloaded openssl v0.10.36
[INFO] [stderr]   Downloaded idna v0.2.2
[INFO] [stderr]   Downloaded hyper v0.14.13
[INFO] [stderr]   Downloaded protobuf v2.22.1
[INFO] [stderr]   Downloaded webpki-roots v0.21.0
[INFO] [stderr]   Downloaded syn v1.0.65
[INFO] [stderr]   Downloaded aho-corasick v0.7.15
[INFO] [stderr]   Downloaded rustls v0.19.0
[INFO] [stderr]   Downloaded stdweb v0.4.20
[INFO] [stderr]   Downloaded serde_yaml v0.8.21
[INFO] [stderr]   Downloaded tokio v1.11.0
[INFO] [stderr]   Downloaded windows_aarch64_msvc v0.27.0
[INFO] [stderr]   Downloaded flate2 v1.0.22
[INFO] [stderr]   Downloaded bumpalo v3.6.1
[INFO] [stderr]   Downloaded httpdate v1.0.1
[INFO] [stderr]   Downloaded indexmap v1.6.2
[INFO] [stderr]   Downloaded getrandom v0.2.3
[INFO] [stderr]   Downloaded sysinfo v0.22.4
[INFO] [stderr]   Downloaded yaml-rust v0.4.5
[INFO] [stderr]   Downloaded web-sys v0.3.49
[INFO] [stderr]   Downloaded rand_hc v0.3.1
[INFO] [stderr]   Downloaded windows_x86_64_msvc v0.27.0
[INFO] [stderr]   Downloaded windows_i686_msvc v0.27.0
[INFO] [stderr]   Downloaded windows_i686_gnu v0.27.0
[INFO] [stderr]   Downloaded windows_x86_64_gnu v0.27.0
[INFO] [stderr]   Downloaded ppv-lite86 v0.2.10
[INFO] [stderr]   Downloaded docopt v1.1.1
[INFO] [stderr]   Downloaded sct v0.6.0
[INFO] [stderr]   Downloaded js-sys v0.3.49
[INFO] [stderr]   Downloaded webpki v0.21.4
[INFO] [stderr]   Downloaded crossbeam-channel v0.5.1
[INFO] [stderr]   Downloaded curl v0.4.38
[INFO] [stderr]   Downloaded unicode-normalization v0.1.17
[INFO] [stderr]   Downloaded colored v2.0.0
[INFO] [stderr]   Downloaded docker-sync v0.1.2
[INFO] [stderr]   Downloaded dirs v3.0.2
[INFO] [stderr]   Downloaded linked-hash-map v0.5.4
[INFO] [stderr]   Downloaded rand_core v0.6.3
[INFO] [stderr]   Downloaded k8s-sync v0.2.3
[INFO] [stderr]   Downloaded loggerv v0.7.2
[INFO] [stderr]   Downloaded ordered-float v2.8.0
[INFO] [stderr]   Downloaded mio v0.7.13
[INFO] [stderr]   Downloaded openssl-sys v0.9.66
[INFO] [stderr]   Downloaded time v0.2.26
[INFO] [stderr]   Downloaded hostname v0.3.1
[INFO] [stderr]   Downloaded dirs-sys v0.3.6
[INFO] [stderr]   Downloaded crossbeam-epoch v0.9.5
[INFO] [stderr]   Downloaded parking_lot v0.11.1
[INFO] [stderr]   Downloaded socket2 v0.4.2
[INFO] [stderr]   Downloaded bytes v1.0.1
[INFO] [stderr]   Downloaded pin-project v1.0.6
[INFO] [stderr]   Downloaded pin-project-lite v0.2.6
[INFO] [stderr]   Downloaded tracing-core v0.1.17
[INFO] [stderr]   Downloaded tracing v0.1.25
[INFO] [stderr]   Downloaded standback v0.2.17
[INFO] [stderr]   Downloaded hex v0.4.3
[INFO] [stderr]   Downloaded smallvec v1.6.1
[INFO] [stderr]   Downloaded libz-sys v1.1.2
[INFO] [stderr]   Downloaded encoding_rs v0.8.28
[INFO] [stderr]   Downloaded parking_lot_core v0.8.3
[INFO] [stderr]   Downloaded event-listener v2.5.1
[INFO] [stderr]   Downloaded once_cell v1.7.2
[INFO] [stderr]   Downloaded wepoll-sys v3.0.1
[INFO] [stderr]   Downloaded wasm-bindgen-backend v0.2.72
[INFO] [stderr]   Downloaded serde-value v0.7.0
[INFO] [stderr]   Downloaded riemann_client v0.9.0
[INFO] [stderr]   Downloaded num_cpus v1.13.0
[INFO] [stderr]   Downloaded crossbeam-utils v0.8.5
[INFO] [stderr]   Downloaded futures-lite v1.11.3
[INFO] [stderr]   Downloaded futures-channel v0.3.13
[INFO] [stderr]   Downloaded pin-project-internal v1.0.6
[INFO] [stderr]   Downloaded semver v0.9.0
[INFO] [stderr]   Downloaded itoa v0.4.7
[INFO] [stderr]   Downloaded wasm-bindgen-macro-support v0.2.72
[INFO] [stderr]   Downloaded proc-macro2 v1.0.24
[INFO] [stderr]   Downloaded version_check v0.9.3
[INFO] [stderr]   Downloaded unicode-bidi v0.3.4
[INFO] [stderr]   Downloaded tinyvec v1.1.1
[INFO] [stderr]   Downloaded rustls-pemfile v0.2.0
[INFO] [stderr]   Downloaded lock_api v0.4.2
[INFO] [stderr]   Downloaded redox_syscall v0.2.5
[INFO] [stderr]   Downloaded signal-hook-registry v1.3.0
[INFO] [stderr]   Downloaded cache-padded v1.1.1
[INFO] [stderr]   Downloaded concurrent-queue v1.2.2
[INFO] [stderr]   Downloaded async-channel v1.6.1
[INFO] [stderr]   Downloaded pkg-config v0.3.19
[INFO] [stderr]   Downloaded vcpkg v0.2.11
[INFO] [stderr]   Downloaded fastrand v1.4.0
[INFO] [stderr]   Downloaded memchr v2.3.4
[INFO] [stderr]   Downloaded polling v2.0.3
[INFO] [stderr]   Downloaded slab v0.4.2
[INFO] [stderr]   Downloaded tracing-attributes v0.1.15
[INFO] [stderr]   Downloaded time-macros-impl v0.1.1
[INFO] [stderr]   Downloaded hermit-abi v0.1.18
[INFO] [stderr]   Downloaded parking v2.0.0
[INFO] [stderr]   Downloaded futures-core v0.3.13
[INFO] [stderr]   Downloaded tracing-futures v0.2.5
[INFO] [stderr]   Downloaded rustc_version v0.2.3
[INFO] [stderr]   Downloaded base-x v0.2.8
[INFO] [stderr]   Downloaded stdweb-internal-macros v0.2.9
[INFO] [stderr]   Downloaded semver-parser v0.7.0
[INFO] [stderr]   Downloaded wasm-bindgen-macro v0.2.72
[INFO] [stderr]   Downloaded wasm-bindgen-shared v0.2.72
[INFO] [stderr]   Downloaded unicode-xid v0.2.1
[INFO] [stderr]   Downloaded unicode-width v0.1.8
[INFO] [stderr]   Downloaded tempfile v3.2.0
[INFO] [stderr]   Downloaded k8s-openapi v0.13.0
[INFO] [stderr]   Downloaded crc32fast v1.3.0
[INFO] [stderr]   Downloaded curl-sys v0.4.47+curl-7.79.0
[INFO] [stderr]   Downloaded windows-sys v0.27.0
[INFO] [stderr]   Downloaded libnghttp2-sys v0.1.6+1.43.0
[INFO] [stderr]   Downloaded windows v0.27.0
[INFO] running `Command { std: "docker" "create" "-v" "/var/lib/crater-agent-workspace/builds/worker-1-tc1/target:/opt/rustwide/target:rw,Z" "-v" "/var/lib/crater-agent-workspace/builds/worker-1-tc1/source:/opt/rustwide/workdir:ro,Z" "-v" "/var/lib/crater-agent-workspace/cargo-home:/opt/rustwide/cargo-home:ro,Z" "-v" "/var/lib/crater-agent-workspace/rustup-home:/opt/rustwide/rustup-home:ro,Z" "-e" "SOURCE_DIR=/opt/rustwide/workdir" "-e" "CARGO_TARGET_DIR=/opt/rustwide/target" "-e" "CARGO_HOME=/opt/rustwide/cargo-home" "-e" "RUSTUP_HOME=/opt/rustwide/rustup-home" "-w" "/opt/rustwide/workdir" "-m" "1610612736" "--user" "0:0" "--network" "none" "ghcr.io/rust-lang/crates-build-env/linux@sha256:3959728d45483eb673ba100a951a6b9f5012970368db2a9e08e0ac9b67c8a5ad" "/opt/rustwide/cargo-home/bin/cargo" "+1.85.0" "metadata" "--no-deps" "--format-version=1", kill_on_drop: false }`
[INFO] [stdout] e4c96bf0f845b884fd61486c4e950db43f8512e63a95187b261ecc538015ab4a
[INFO] running `Command { std: "docker" "start" "-a" "e4c96bf0f845b884fd61486c4e950db43f8512e63a95187b261ecc538015ab4a", kill_on_drop: false }`
[INFO] running `Command { std: "docker" "inspect" "e4c96bf0f845b884fd61486c4e950db43f8512e63a95187b261ecc538015ab4a", kill_on_drop: false }`
[INFO] running `Command { std: "docker" "rm" "-f" "e4c96bf0f845b884fd61486c4e950db43f8512e63a95187b261ecc538015ab4a", kill_on_drop: false }`
[INFO] [stdout] e4c96bf0f845b884fd61486c4e950db43f8512e63a95187b261ecc538015ab4a
[INFO] running `Command { std: "docker" "create" "-v" "/var/lib/crater-agent-workspace/builds/worker-1-tc1/target:/opt/rustwide/target:rw,Z" "-v" "/var/lib/crater-agent-workspace/builds/worker-1-tc1/source:/opt/rustwide/workdir:ro,Z" "-v" "/var/lib/crater-agent-workspace/cargo-home:/opt/rustwide/cargo-home:ro,Z" "-v" "/var/lib/crater-agent-workspace/rustup-home:/opt/rustwide/rustup-home:ro,Z" "-e" "SOURCE_DIR=/opt/rustwide/workdir" "-e" "CARGO_TARGET_DIR=/opt/rustwide/target" "-e" "CARGO_INCREMENTAL=0" "-e" "RUST_BACKTRACE=full" "-e" "RUSTFLAGS=--cap-lints=warn" "-e" "RUSTDOCFLAGS=--cap-lints=warn" "-e" "CARGO_HOME=/opt/rustwide/cargo-home" "-e" "RUSTUP_HOME=/opt/rustwide/rustup-home" "-w" "/opt/rustwide/workdir" "-m" "1610612736" "--user" "0:0" "--network" "none" "ghcr.io/rust-lang/crates-build-env/linux@sha256:3959728d45483eb673ba100a951a6b9f5012970368db2a9e08e0ac9b67c8a5ad" "/opt/rustwide/cargo-home/bin/cargo" "+1.85.0" "build" "--frozen" "--message-format=json", kill_on_drop: false }`
[INFO] [stdout] 4dfa7e9b93b44c22a44b0261fb48a81a062d8966a5c4ec8b3cf85e72101d531d
[INFO] running `Command { std: "docker" "start" "-a" "4dfa7e9b93b44c22a44b0261fb48a81a062d8966a5c4ec8b3cf85e72101d531d", kill_on_drop: false }`
[INFO] [stderr]    Compiling libc v0.2.112
[INFO] [stderr]    Compiling autocfg v1.0.1
[INFO] [stderr]    Compiling proc-macro2 v1.0.24
[INFO] [stderr]    Compiling unicode-xid v0.2.1
[INFO] [stderr]    Compiling syn v1.0.65
[INFO] [stderr]    Compiling cc v1.0.67
[INFO] [stderr]    Compiling log v0.4.14
[INFO] [stderr]    Compiling pkg-config v0.3.19
[INFO] [stderr]    Compiling once_cell v1.7.2
[INFO] [stderr]    Compiling serde_derive v1.0.130
[INFO] [stderr]    Compiling memchr v2.3.4
[INFO] [stderr]    Compiling serde v1.0.130
[INFO] [stderr]    Compiling pin-project-lite v0.2.6
[INFO] [stderr]    Compiling futures-core v0.3.13
[INFO] [stderr]    Compiling bytes v1.0.1
[INFO] [stderr]    Compiling itoa v0.4.7
[INFO] [stderr]    Compiling num-traits v0.2.14
[INFO] [stderr]    Compiling matches v0.1.8
[INFO] [stderr]    Compiling version_check v0.9.3
[INFO] [stderr]    Compiling tinyvec v1.1.1
[INFO] [stderr]    Compiling quote v1.0.9
[INFO] [stderr]    Compiling http v0.2.4
[INFO] [stderr]    Compiling tracing-core v0.1.17
[INFO] [stderr]    Compiling openssl-sys v0.9.66
[INFO] [stderr]    Compiling libz-sys v1.1.2
[INFO] [stderr]    Compiling libnghttp2-sys v0.1.6+1.43.0
[INFO] [stderr]    Compiling curl-sys v0.4.47+curl-7.79.0
[INFO] [stderr]    Compiling ryu v1.0.5
[INFO] [stderr]    Compiling ring v0.16.20
[INFO] [stderr]    Compiling unicode-bidi v0.3.4
[INFO] [stderr]    Compiling unicode-normalization v0.1.17
[INFO] [stderr]    Compiling serde_json v1.0.64
[INFO] [stderr]    Compiling percent-encoding v2.1.0
[INFO] [stderr]    Compiling form_urlencoded v1.0.1
[INFO] [stderr]    Compiling idna v0.2.2
[INFO] [stderr]    Compiling socket2 v0.4.2
[INFO] [stderr]    Compiling standback v0.2.17
[INFO] [stderr]    Compiling futures-channel v0.3.13
[INFO] [stderr]    Compiling num-integer v0.1.44
[INFO] [stderr]    Compiling indexmap v1.6.2
[INFO] [stderr]    Compiling instant v0.1.9
[INFO] [stderr]    Compiling proc-macro-hack v0.5.19
[INFO] [stderr]    Compiling encoding_rs v0.8.28
[INFO] [stderr]    Compiling smallvec v1.6.1
[INFO] [stderr]    Compiling ppv-lite86 v0.2.10
[INFO] [stderr]    Compiling cache-padded v1.1.1
[INFO] [stderr]    Compiling futures-io v0.3.13
[INFO] [stderr]    Compiling curl v0.4.38
[INFO] [stderr]    Compiling bitflags v1.2.1
[INFO] [stderr]    Compiling slab v0.4.2
[INFO] [stderr]    Compiling crossbeam-utils v0.8.5
[INFO] [stderr]    Compiling concurrent-queue v1.2.2
[INFO] [stderr]    Compiling parking_lot_core v0.8.3
[INFO] [stderr]    Compiling lock_api v0.4.2
[INFO] [stderr]    Compiling url v2.2.2
[INFO] [stderr]    Compiling getrandom v0.2.3
[INFO] [stderr]    Compiling tokio v1.11.0
[INFO] [stderr]    Compiling isahc v1.5.0
[INFO] [stderr]    Compiling fastrand v1.4.0
[INFO] [stderr]    Compiling getrandom v0.1.16
[INFO] [stderr]    Compiling event-listener v2.5.1
[INFO] [stderr]    Compiling parking v2.0.0
[INFO] [stderr]    Compiling waker-fn v1.1.0
[INFO] [stderr]    Compiling openssl-probe v0.1.2
[INFO] [stderr]    Compiling hashbrown v0.9.1
[INFO] [stderr]    Compiling async-channel v1.6.1
[INFO] [stderr]    Compiling futures-lite v1.11.3
[INFO] [stderr]    Compiling parking_lot v0.11.1
[INFO] [stderr]    Compiling rand_core v0.6.3
[INFO] [stderr]    Compiling sluice v0.5.4
[INFO] [stderr]    Compiling mio v0.7.13
[INFO] [stderr]    Compiling polling v2.0.3
[INFO] [stderr]    Compiling num_cpus v1.13.0
[INFO] [stderr]    Compiling signal-hook-registry v1.3.0
[INFO] [stderr]    Compiling time v0.1.44
[INFO] [stderr]    Compiling miniz_oxide v0.4.4
[INFO] [stderr]    Compiling mime v0.3.16
[INFO] [stderr]    Compiling const_fn v0.4.6
[INFO] [stderr]    Compiling crc32fast v1.3.0
[INFO] [stderr]    Compiling webpki v0.21.4
[INFO] [stderr]    Compiling rand_chacha v0.3.1
[INFO] [stderr]    Compiling ordered-float v2.8.0
[INFO] [stderr]    Compiling atty v0.2.14
[INFO] [stderr]    Compiling time v0.2.26
[INFO] [stderr]    Compiling aho-corasick v0.7.15
[INFO] [stderr]    Compiling regex-syntax v0.6.23
[INFO] [stderr]    Compiling futures-task v0.3.13
[INFO] [stderr]    Compiling protobuf v2.22.1
[INFO] [stderr]    Compiling futures-sink v0.3.13
[INFO] [stderr]    Compiling k8s-openapi v0.13.0
[INFO] [stderr]    Compiling foreign-types-shared v0.1.1
[INFO] [stderr]    Compiling linked-hash-map v0.5.4
[INFO] [stderr]    Compiling openssl v0.10.36
[INFO] [stderr]    Compiling httparse v1.5.1
[INFO] [stderr]    Compiling yaml-rust v0.4.5
[INFO] [stderr]    Compiling foreign-types v0.3.2
[INFO] [stderr]    Compiling futures-util v0.3.13
[INFO] [stderr]    Compiling rand v0.8.4
[INFO] [stderr]    Compiling tracing-attributes v0.1.15
[INFO] [stderr]    Compiling pin-project-internal v1.0.6
[INFO] [stderr]    Compiling tokio-macros v1.3.0
[INFO] [stderr]    Compiling time-macros-impl v0.1.1
[INFO] [stderr]    Compiling regex v1.4.5
[INFO] [stderr]    Compiling tracing v0.1.25
[INFO] [stderr]    Compiling time-macros v0.1.1
[INFO] [stderr]    Compiling rand_core v0.5.1
[INFO] [stderr]    Compiling sct v0.6.0
[INFO] [stderr]    Compiling pin-project v1.0.6
[INFO] [stderr]    Compiling tracing-futures v0.2.5
[INFO] [stderr]    Compiling dirs-sys v0.3.6
[INFO] [stderr]    Compiling dtoa v0.4.8
[INFO] [stderr]    Compiling try-lock v0.2.3
[INFO] [stderr]    Compiling unicode-width v0.1.8
[INFO] [stderr]    Compiling strsim v0.10.0
[INFO] [stderr]    Compiling textwrap v0.11.0
[INFO] [stderr]    Compiling want v0.3.0
[INFO] [stderr]    Compiling tempfile v3.2.0
[INFO] [stderr]    Compiling dirs v3.0.2
[INFO] [stderr]    Compiling rustls v0.19.0
[INFO] [stderr]    Compiling rand_chacha v0.2.2
[INFO] [stderr]    Compiling flate2 v1.0.22
[INFO] [stderr]    Compiling webpki-roots v0.21.0
[INFO] [stderr]    Compiling rustls-pemfile v0.2.0
[INFO] [stderr]    Compiling http-body v0.4.3
[INFO] [stderr]    Compiling strsim v0.8.0
[INFO] [stderr]    Compiling httpdate v1.0.1
[INFO] [stderr]    Compiling match_cfg v0.1.0
[INFO] [stderr]    Compiling hex v0.4.3
[INFO] [stderr]    Compiling ansi_term v0.11.0
[INFO] [stderr]    Compiling vec_map v0.8.2
[INFO] [stderr]    Compiling ansi_term v0.12.1
[INFO] [stderr]    Compiling tower-service v0.3.1
[INFO] [stderr]    Compiling clap v2.33.3
[INFO] [stderr]    Compiling loggerv v0.7.2
[INFO] [stderr]    Compiling tokio-util v0.6.8
[INFO] [stderr]    Compiling hostname v0.3.1
[INFO] [stderr]    Compiling rand v0.7.3
[INFO] [stderr]    Compiling h2 v0.3.4
[INFO] [stderr]    Compiling colored v2.0.0
[INFO] [stderr]    Compiling chrono v0.4.19
[INFO] [stderr]    Compiling serde-value v0.7.0
[INFO] [stderr]    Compiling docopt v1.1.1
[INFO] [stderr]    Compiling serde_yaml v0.8.21
[INFO] [stderr]    Compiling riemann_client v0.9.0
[INFO] [stderr]    Compiling procfs v0.12.0
[INFO] [stderr]    Compiling warp10 v1.0.0
[INFO] [stderr]    Compiling docker-sync v0.1.2
[INFO] [stderr]    Compiling hyper v0.14.13
[INFO] [stderr]    Compiling k8s-sync v0.2.3
[INFO] [stderr]    Compiling scaphandre v0.5.0 (/opt/rustwide/workdir)
[INFO] [stderr]     Finished `dev` profile [unoptimized + debuginfo] target(s) in 2m 57s
[INFO] [stderr] warning: the following packages contain code that will be rejected by a future version of Rust: riemann_client v0.9.0
[INFO] [stderr] note: to see what the problems were, use the option `--future-incompat-report`, or run `cargo report future-incompatibilities --id 8`
[INFO] running `Command { std: "docker" "inspect" "4dfa7e9b93b44c22a44b0261fb48a81a062d8966a5c4ec8b3cf85e72101d531d", kill_on_drop: false }`
[INFO] running `Command { std: "docker" "rm" "-f" "4dfa7e9b93b44c22a44b0261fb48a81a062d8966a5c4ec8b3cf85e72101d531d", kill_on_drop: false }`
[INFO] [stdout] 4dfa7e9b93b44c22a44b0261fb48a81a062d8966a5c4ec8b3cf85e72101d531d
[INFO] running `Command { std: "docker" "create" "-v" "/var/lib/crater-agent-workspace/builds/worker-1-tc1/target:/opt/rustwide/target:rw,Z" "-v" "/var/lib/crater-agent-workspace/builds/worker-1-tc1/source:/opt/rustwide/workdir:ro,Z" "-v" "/var/lib/crater-agent-workspace/cargo-home:/opt/rustwide/cargo-home:ro,Z" "-v" "/var/lib/crater-agent-workspace/rustup-home:/opt/rustwide/rustup-home:ro,Z" "-e" "SOURCE_DIR=/opt/rustwide/workdir" "-e" "CARGO_TARGET_DIR=/opt/rustwide/target" "-e" "CARGO_INCREMENTAL=0" "-e" "RUST_BACKTRACE=full" "-e" "RUSTFLAGS=--cap-lints=warn" "-e" "RUSTDOCFLAGS=--cap-lints=warn" "-e" "CARGO_HOME=/opt/rustwide/cargo-home" "-e" "RUSTUP_HOME=/opt/rustwide/rustup-home" "-w" "/opt/rustwide/workdir" "-m" "1610612736" "--user" "0:0" "--network" "none" "ghcr.io/rust-lang/crates-build-env/linux@sha256:3959728d45483eb673ba100a951a6b9f5012970368db2a9e08e0ac9b67c8a5ad" "/opt/rustwide/cargo-home/bin/cargo" "+1.85.0" "test" "--frozen" "--no-run" "--message-format=json", kill_on_drop: false }`
[INFO] [stdout] 0b1971e9e7a7824b4b6e91d7ea310d196b87461509a135164b82d13e7cbf2cff
[INFO] running `Command { std: "docker" "start" "-a" "0b1971e9e7a7824b4b6e91d7ea310d196b87461509a135164b82d13e7cbf2cff", kill_on_drop: false }`
[INFO] [stderr]    Compiling scaphandre v0.5.0 (/opt/rustwide/workdir)
[INFO] [stderr]     Finished `test` profile [unoptimized + debuginfo] target(s) in 13.30s
[INFO] [stderr] warning: the following packages contain code that will be rejected by a future version of Rust: riemann_client v0.9.0
[INFO] [stderr] note: to see what the problems were, use the option `--future-incompat-report`, or run `cargo report future-incompatibilities --id 8`
[INFO] running `Command { std: "docker" "inspect" "0b1971e9e7a7824b4b6e91d7ea310d196b87461509a135164b82d13e7cbf2cff", kill_on_drop: false }`
[INFO] running `Command { std: "docker" "rm" "-f" "0b1971e9e7a7824b4b6e91d7ea310d196b87461509a135164b82d13e7cbf2cff", kill_on_drop: false }`
[INFO] [stdout] 0b1971e9e7a7824b4b6e91d7ea310d196b87461509a135164b82d13e7cbf2cff
[INFO] running `Command { std: "docker" "create" "-v" "/var/lib/crater-agent-workspace/builds/worker-1-tc1/target:/opt/rustwide/target:rw,Z" "-v" "/var/lib/crater-agent-workspace/builds/worker-1-tc1/source:/opt/rustwide/workdir:ro,Z" "-v" "/var/lib/crater-agent-workspace/cargo-home:/opt/rustwide/cargo-home:ro,Z" "-v" "/var/lib/crater-agent-workspace/rustup-home:/opt/rustwide/rustup-home:ro,Z" "-e" "SOURCE_DIR=/opt/rustwide/workdir" "-e" "CARGO_TARGET_DIR=/opt/rustwide/target" "-e" "CARGO_INCREMENTAL=0" "-e" "RUST_BACKTRACE=full" "-e" "RUSTFLAGS=--cap-lints=warn" "-e" "RUSTDOCFLAGS=--cap-lints=warn" "-e" "CARGO_HOME=/opt/rustwide/cargo-home" "-e" "RUSTUP_HOME=/opt/rustwide/rustup-home" "-w" "/opt/rustwide/workdir" "-m" "1610612736" "--user" "0:0" "--network" "none" "ghcr.io/rust-lang/crates-build-env/linux@sha256:3959728d45483eb673ba100a951a6b9f5012970368db2a9e08e0ac9b67c8a5ad" "/opt/rustwide/cargo-home/bin/cargo" "+1.85.0" "test" "--frozen", kill_on_drop: false }`
[INFO] [stdout] 33908447f5ccaa433c79c2382d5e3b4da6acd00c4f8f5f6aabd71be583f5c858
[INFO] running `Command { std: "docker" "start" "-a" "33908447f5ccaa433c79c2382d5e3b4da6acd00c4f8f5f6aabd71be583f5c858", kill_on_drop: false }`
[INFO] [stderr]     Finished `test` profile [unoptimized + debuginfo] target(s) in 0.41s
[INFO] [stderr] warning: the following packages contain code that will be rejected by a future version of Rust: riemann_client v0.9.0
[INFO] [stderr] note: to see what the problems were, use the option `--future-incompat-report`, or run `cargo report future-incompatibilities --id 8`
[INFO] [stderr]      Running unittests src/lib.rs (/opt/rustwide/target/debug/deps/scaphandre-d4f1ea04f7dcdd73)
[INFO] [stdout] 
[INFO] [stdout] running 22 tests
[INFO] [stdout] test exporters::utils::tests::test_filter_qemu_cmdline_ko_empty_guest01 ... ok
[INFO] [stdout] test exporters::utils::test_filter_cmdline_with_carriage_return ... ok
[INFO] [stdout] test exporters::utils::tests::test_filter_qemu_cmdline_ko_no_comma_separator ... ok
[INFO] [stdout] test exporters::utils::tests::test_filter_qemu_cmdline_ok ... ok
[INFO] [stdout] test exporters::utils::tests::test_filter_qemu_cmdline_ko_empty_guest02 ... ok
[INFO] [stdout] test exporters::utils::tests::test_filter_qemu_cmdline_ko_no_guest_token ... ok
[INFO] [stdout] test sensors::units::tests::joule_to_milijoules ... ok
[INFO] [stdout] test sensors::units::tests::kw_equals_0001megawatt ... ok
[INFO] [stdout] test exporters::utils::tests::test_filter_qemu_cmdline_ko_not_qemu ... ok
[INFO] [stdout] test sensors::units::tests::kw_equals_1000w ... ok
[INFO] [stdout] test sensors::units::tests::kw_to_milliwatt ... ok
[INFO] [stdout] test sensors::units::tests::megawatt_to_microwatt ... ok
[INFO] [stdout] test sensors::units::tests::milijoule_to_joules ... ok
[INFO] [stdout] test sensors::units::tests::milliwatt_to_watt ... ok
[INFO] [stdout] test sensors::units::tests::joule_equals_1000000microjoules ... ok
[INFO] [stdout] test sensors::tests::get_proc_cpuinfo ... ok
[INFO] [stdout] test sensors::utils::tests::process_records_added ... ok
[INFO] [stdout] test sensors::utils::tests::process_records_cleaned ... ok
[INFO] [stdout] test sensors::powercap_rapl::tests::get_topology_returns_topology_type ... FAILED
[INFO] [stdout] test sensors::tests::read_socket_stats ... FAILED
[INFO] [stdout] test sensors::tests::read_core_stats ... FAILED
[INFO] [stdout] test sensors::tests::read_topology_stats ... FAILED
[INFO] [stdout] 
[INFO] [stdout] failures:
[INFO] [stdout] 
[INFO] [stdout] ---- sensors::powercap_rapl::tests::get_topology_returns_topology_type stdout ----
[INFO] [stdout] 
[INFO] [stdout] thread 'sensors::powercap_rapl::tests::get_topology_returns_topology_type' panicked at src/sensors/mod.rs:320:22:
[INFO] [stdout] Trick: if you are running on a vm, do not forget to use --vm parameter invoking scaphandre at the command line
[INFO] [stdout] stack backtrace:
[INFO] [stdout]    0:     0x59109cbf034a - std::backtrace_rs::backtrace::libunwind::trace::h88deb10bd0145eb8
[INFO] [stdout]                                at /rustc/4d91de4e48198da2e33413efdcd9cd2cc0c46688/library/std/src/../../backtrace/src/backtrace/libunwind.rs:116:5
[INFO] [stdout]    1:     0x59109cbf034a - std::backtrace_rs::backtrace::trace_unsynchronized::he1036f5481c14dff
[INFO] [stdout]                                at /rustc/4d91de4e48198da2e33413efdcd9cd2cc0c46688/library/std/src/../../backtrace/src/backtrace/mod.rs:66:5
[INFO] [stdout]    2:     0x59109cbf034a - std::sys::backtrace::_print_fmt::hecc345b6e70c4b20
[INFO] [stdout]                                at /rustc/4d91de4e48198da2e33413efdcd9cd2cc0c46688/library/std/src/sys/backtrace.rs:66:9
[INFO] [stdout]    3:     0x59109cbf034a - <std::sys::backtrace::BacktraceLock::print::DisplayBacktrace as core::fmt::Display>::fmt::he089f96442833f67
[INFO] [stdout]                                at /rustc/4d91de4e48198da2e33413efdcd9cd2cc0c46688/library/std/src/sys/backtrace.rs:39:26
[INFO] [stdout]    4:     0x59109cc16723 - core::fmt::rt::Argument::fmt::h1f77cded99c71a14
[INFO] [stdout]                                at /rustc/4d91de4e48198da2e33413efdcd9cd2cc0c46688/library/core/src/fmt/rt.rs:177:76
[INFO] [stdout]    5:     0x59109cc16723 - core::fmt::write::h2f210ed4c94745cb
[INFO] [stdout]                                at /rustc/4d91de4e48198da2e33413efdcd9cd2cc0c46688/library/core/src/fmt/mod.rs:1440:21
[INFO] [stdout]    6:     0x59109cbed2a3 - std::io::Write::write_fmt::he723b56f7e0bd522
[INFO] [stdout]                                at /rustc/4d91de4e48198da2e33413efdcd9cd2cc0c46688/library/std/src/io/mod.rs:1887:15
[INFO] [stdout]    7:     0x59109cbf0192 - std::sys::backtrace::BacktraceLock::print::h810fbd31421329e6
[INFO] [stdout]                                at /rustc/4d91de4e48198da2e33413efdcd9cd2cc0c46688/library/std/src/sys/backtrace.rs:42:9
[INFO] [stdout]    8:     0x59109cbf1880 - std::panicking::default_hook::{{closure}}::hbaad47ed9dc6356d
[INFO] [stdout]                                at /rustc/4d91de4e48198da2e33413efdcd9cd2cc0c46688/library/std/src/panicking.rs:295:22
[INFO] [stdout]    9:     0x59109cbf161d - std::panicking::default_hook::h24e207139139d40a
[INFO] [stdout]                                at /rustc/4d91de4e48198da2e33413efdcd9cd2cc0c46688/library/std/src/panicking.rs:319:9
[INFO] [stdout]   10:     0x59109ca35373 - <alloc::boxed::Box<F,A> as core::ops::function::Fn<Args>>::call::h63353c459bb27956
[INFO] [stdout]                                at /rustc/4d91de4e48198da2e33413efdcd9cd2cc0c46688/library/alloc/src/boxed.rs:2007:9
[INFO] [stdout]   11:     0x59109ca35373 - test::test_main::{{closure}}::hd5af4d6c4e32fe08
[INFO] [stdout]                                at /rustc/4d91de4e48198da2e33413efdcd9cd2cc0c46688/library/test/src/lib.rs:134:21
[INFO] [stdout]   12:     0x59109cbf20b3 - <alloc::boxed::Box<F,A> as core::ops::function::Fn<Args>>::call::h3af32c23caf5c679
[INFO] [stdout]                                at /rustc/4d91de4e48198da2e33413efdcd9cd2cc0c46688/library/alloc/src/boxed.rs:2007:9
[INFO] [stdout]   13:     0x59109cbf20b3 - std::panicking::rust_panic_with_hook::ha9131beeb2ddc506
[INFO] [stdout]                                at /rustc/4d91de4e48198da2e33413efdcd9cd2cc0c46688/library/std/src/panicking.rs:836:13
[INFO] [stdout]   14:     0x59109cbf1d8a - std::panicking::begin_panic_handler::{{closure}}::h1bba0eaeb6da506f
[INFO] [stdout]                                at /rustc/4d91de4e48198da2e33413efdcd9cd2cc0c46688/library/std/src/panicking.rs:701:13
[INFO] [stdout]   15:     0x59109cbf0849 - std::sys::backtrace::__rust_end_short_backtrace::h1d1ca3eade483f4c
[INFO] [stdout]                                at /rustc/4d91de4e48198da2e33413efdcd9cd2cc0c46688/library/std/src/sys/backtrace.rs:168:18
[INFO] [stdout]   16:     0x59109cbf1a1d - rust_begin_unwind
[INFO] [stdout]                                at /rustc/4d91de4e48198da2e33413efdcd9cd2cc0c46688/library/std/src/panicking.rs:692:5
[INFO] [stdout]   17:     0x59109c9de130 - core::panicking::panic_fmt::h896a0727a1a943f9
[INFO] [stdout]                                at /rustc/4d91de4e48198da2e33413efdcd9cd2cc0c46688/library/core/src/panicking.rs:75:14
[INFO] [stdout]   18:     0x59109c9de10b - core::panicking::panic_display::he48e31e939a730f1
[INFO] [stdout]                                at /rustc/4d91de4e48198da2e33413efdcd9cd2cc0c46688/library/core/src/panicking.rs:261:5
[INFO] [stdout]   19:     0x59109c9de10b - core::option::expect_failed::h8c40d2d654ba3611
[INFO] [stdout]                                at /rustc/4d91de4e48198da2e33413efdcd9cd2cc0c46688/library/core/src/option.rs:2024:5
[INFO] [stdout]   20:     0x59109c9e0562 - core::option::Option<T>::expect::hf7c122dbb8eefe91
[INFO] [stdout]                                at /rustc/4d91de4e48198da2e33413efdcd9cd2cc0c46688/library/core/src/option.rs:933:21
[INFO] [stdout]   21:     0x59109c9f2951 - scaphandre::sensors::Topology::add_cpu_cores::h6aec3e76a2940013
[INFO] [stdout]                                at /opt/rustwide/workdir/src/sensors/mod.rs:316:30
[INFO] [stdout]   22:     0x59109c9e2f6c - <scaphandre::sensors::powercap_rapl::PowercapRAPLSensor as scaphandre::sensors::Sensor>::generate_topology::h898fdcdda2f30dce
[INFO] [stdout]                                at /opt/rustwide/workdir/src/sensors/powercap_rapl.rs:186:9
[INFO] [stdout]   23:     0x59109c9e4dbc - <scaphandre::sensors::powercap_rapl::PowercapRAPLSensor as scaphandre::sensors::Sensor>::get_topology::hc9db33adf369541c
[INFO] [stdout]                                at /opt/rustwide/workdir/src/sensors/powercap_rapl.rs:192:24
[INFO] [stdout]   24:     0x59109c9f3c59 - scaphandre::sensors::powercap_rapl::tests::get_topology_returns_topology_type::hc3e23f02478ca5fe
[INFO] [stdout]                                at /opt/rustwide/workdir/src/sensors/powercap_rapl.rs:211:24
[INFO] [stdout]   25:     0x59109c9f3c17 - scaphandre::sensors::powercap_rapl::tests::get_topology_returns_topology_type::{{closure}}::hd2273a0df6f8ffa9
[INFO] [stdout]                                at /opt/rustwide/workdir/src/sensors/powercap_rapl.rs:209:44
[INFO] [stdout]   26:     0x59109c9ecf46 - core::ops::function::FnOnce::call_once::h16c451c5ffb6bd61
[INFO] [stdout]                                at /rustc/4d91de4e48198da2e33413efdcd9cd2cc0c46688/library/core/src/ops/function.rs:250:5
[INFO] [stdout]   27:     0x59109ca3ab1b - core::ops::function::FnOnce::call_once::h8acc80b5a33ff319
[INFO] [stdout]                                at /rustc/4d91de4e48198da2e33413efdcd9cd2cc0c46688/library/core/src/ops/function.rs:250:5
[INFO] [stdout]   28:     0x59109ca3ab1b - test::__rust_begin_short_backtrace::h52b6da716ad42b7d
[INFO] [stdout]                                at /rustc/4d91de4e48198da2e33413efdcd9cd2cc0c46688/library/test/src/lib.rs:632:18
[INFO] [stdout]   29:     0x59109ca39a53 - test::run_test_in_process::{{closure}}::h2580047890abbefe
[INFO] [stdout]                                at /rustc/4d91de4e48198da2e33413efdcd9cd2cc0c46688/library/test/src/lib.rs:655:60
[INFO] [stdout]   30:     0x59109ca39a53 - <core::panic::unwind_safe::AssertUnwindSafe<F> as core::ops::function::FnOnce<()>>::call_once::h936f8c89d0a99c40
[INFO] [stdout]                                at /rustc/4d91de4e48198da2e33413efdcd9cd2cc0c46688/library/core/src/panic/unwind_safe.rs:272:9
[INFO] [stdout]   31:     0x59109ca39a53 - std::panicking::try::do_call::h868682cc368697f9
[INFO] [stdout]                                at /rustc/4d91de4e48198da2e33413efdcd9cd2cc0c46688/library/std/src/panicking.rs:584:40
[INFO] [stdout]   32:     0x59109ca39a53 - std::panicking::try::h0356ffc38cbb5501
[INFO] [stdout]                                at /rustc/4d91de4e48198da2e33413efdcd9cd2cc0c46688/library/std/src/panicking.rs:547:19
[INFO] [stdout]   33:     0x59109ca39a53 - std::panic::catch_unwind::h74edf102a3082536
[INFO] [stdout]                                at /rustc/4d91de4e48198da2e33413efdcd9cd2cc0c46688/library/std/src/panic.rs:358:14
[INFO] [stdout]   34:     0x59109ca39a53 - test::run_test_in_process::hc27d69576b7224e4
[INFO] [stdout]                                at /rustc/4d91de4e48198da2e33413efdcd9cd2cc0c46688/library/test/src/lib.rs:655:27
[INFO] [stdout]   35:     0x59109ca39a53 - test::run_test::{{closure}}::h9f3bfaf910429adb
[INFO] [stdout]                                at /rustc/4d91de4e48198da2e33413efdcd9cd2cc0c46688/library/test/src/lib.rs:576:43
[INFO] [stdout]   36:     0x59109c9fd785 - test::run_test::{{closure}}::h3d537cdce8ec5816
[INFO] [stdout]                                at /rustc/4d91de4e48198da2e33413efdcd9cd2cc0c46688/library/test/src/lib.rs:606:41
[INFO] [stdout]   37:     0x59109c9fd785 - std::sys::backtrace::__rust_begin_short_backtrace::hb51d9a6c67ec382d
[INFO] [stdout]                                at /rustc/4d91de4e48198da2e33413efdcd9cd2cc0c46688/library/std/src/sys/backtrace.rs:152:18
[INFO] [stdout]   38:     0x59109ca011c6 - std::thread::Builder::spawn_unchecked_::{{closure}}::{{closure}}::h5738f3abb9603fe6
[INFO] [stdout]                                at /rustc/4d91de4e48198da2e33413efdcd9cd2cc0c46688/library/std/src/thread/mod.rs:564:17
[INFO] [stdout]   39:     0x59109ca011c6 - <core::panic::unwind_safe::AssertUnwindSafe<F> as core::ops::function::FnOnce<()>>::call_once::h5e9f4b56e45e8108
[INFO] [stdout]                                at /rustc/4d91de4e48198da2e33413efdcd9cd2cc0c46688/library/core/src/panic/unwind_safe.rs:272:9
[INFO] [stdout]   40:     0x59109ca011c6 - std::panicking::try::do_call::ha36db853b2f34e23
[INFO] [stdout]                                at /rustc/4d91de4e48198da2e33413efdcd9cd2cc0c46688/library/std/src/panicking.rs:584:40
[INFO] [stdout]   41:     0x59109ca011c6 - std::panicking::try::h57e1aa33a0efb1be
[INFO] [stdout]                                at /rustc/4d91de4e48198da2e33413efdcd9cd2cc0c46688/library/std/src/panicking.rs:547:19
[INFO] [stdout]   42:     0x59109ca011c6 - std::panic::catch_unwind::hdb71a6103024936e
[INFO] [stdout]                                at /rustc/4d91de4e48198da2e33413efdcd9cd2cc0c46688/library/std/src/panic.rs:358:14
[INFO] [stdout]   43:     0x59109ca011c6 - std::thread::Builder::spawn_unchecked_::{{closure}}::h8caa22218f423ab1
[INFO] [stdout]                                at /rustc/4d91de4e48198da2e33413efdcd9cd2cc0c46688/library/std/src/thread/mod.rs:562:30
[INFO] [stdout]   44:     0x59109ca011c6 - core::ops::function::FnOnce::call_once{{vtable.shim}}::hb3b44780e9c053e5
[INFO] [stdout]                                at /rustc/4d91de4e48198da2e33413efdcd9cd2cc0c46688/library/core/src/ops/function.rs:250:5
[INFO] [stdout]   45:     0x59109cbf640b - <alloc::boxed::Box<F,A> as core::ops::function::FnOnce<Args>>::call_once::h2649f14f1b1c150d
[INFO] [stdout]                                at /rustc/4d91de4e48198da2e33413efdcd9cd2cc0c46688/library/alloc/src/boxed.rs:1993:9
[INFO] [stdout]   46:     0x59109cbf640b - <alloc::boxed::Box<F,A> as core::ops::function::FnOnce<Args>>::call_once::hb2ade58cb34e1bc4
[INFO] [stdout]                                at /rustc/4d91de4e48198da2e33413efdcd9cd2cc0c46688/library/alloc/src/boxed.rs:1993:9
[INFO] [stdout]   47:     0x59109cbf640b - std::sys::pal::unix::thread::Thread::new::thread_start::ha07e360225fa3528
[INFO] [stdout]                                at /rustc/4d91de4e48198da2e33413efdcd9cd2cc0c46688/library/std/src/sys/pal/unix/thread.rs:106:17
[INFO] [stdout]   48:     0x7bb6b481aac3 - <unknown>
[INFO] [stdout]   49:     0x7bb6b48aba04 - clone
[INFO] [stdout]   50:                0x0 - <unknown>
[INFO] [stdout] 
[INFO] [stdout] ---- sensors::tests::read_socket_stats stdout ----
[INFO] [stdout] 
[INFO] [stdout] thread 'sensors::tests::read_socket_stats' panicked at src/sensors/mod.rs:320:22:
[INFO] [stdout] Trick: if you are running on a vm, do not forget to use --vm parameter invoking scaphandre at the command line
[INFO] [stdout] stack backtrace:
[INFO] [stdout]    0:     0x59109cbf034a - std::backtrace_rs::backtrace::libunwind::trace::h88deb10bd0145eb8
[INFO] [stdout]                                at /rustc/4d91de4e48198da2e33413efdcd9cd2cc0c46688/library/std/src/../../backtrace/src/backtrace/libunwind.rs:116:5
[INFO] [stdout]    1:     0x59109cbf034a - std::backtrace_rs::backtrace::trace_unsynchronized::he1036f5481c14dff
[INFO] [stdout]                                at /rustc/4d91de4e48198da2e33413efdcd9cd2cc0c46688/library/std/src/../../backtrace/src/backtrace/mod.rs:66:5
[INFO] [stdout]    2:     0x59109cbf034a - std::sys::backtrace::_print_fmt::hecc345b6e70c4b20
[INFO] [stdout]                                at /rustc/4d91de4e48198da2e33413efdcd9cd2cc0c46688/library/std/src/sys/backtrace.rs:66:9
[INFO] [stdout]    3:     0x59109cbf034a - <std::sys::backtrace::BacktraceLock::print::DisplayBacktrace as core::fmt::Display>::fmt::he089f96442833f67
[INFO] [stdout]                                at /rustc/4d91de4e48198da2e33413efdcd9cd2cc0c46688/library/std/src/sys/backtrace.rs:39:26
[INFO] [stdout]    4:     0x59109cc16723 - core::fmt::rt::Argument::fmt::h1f77cded99c71a14
[INFO] [stdout]                                at /rustc/4d91de4e48198da2e33413efdcd9cd2cc0c46688/library/core/src/fmt/rt.rs:177:76
[INFO] [stdout]    5:     0x59109cc16723 - core::fmt::write::h2f210ed4c94745cb
[INFO] [stdout]                                at /rustc/4d91de4e48198da2e33413efdcd9cd2cc0c46688/library/core/src/fmt/mod.rs:1440:21
[INFO] [stdout]    6:     0x59109cbed2a3 - std::io::Write::write_fmt::he723b56f7e0bd522
[INFO] [stdout]                                at /rustc/4d91de4e48198da2e33413efdcd9cd2cc0c46688/library/std/src/io/mod.rs:1887:15
[INFO] [stdout]    7:     0x59109cbf0192 - std::sys::backtrace::BacktraceLock::print::h810fbd31421329e6
[INFO] [stdout]                                at /rustc/4d91de4e48198da2e33413efdcd9cd2cc0c46688/library/std/src/sys/backtrace.rs:42:9
[INFO] [stdout]    8:     0x59109cbf1880 - std::panicking::default_hook::{{closure}}::hbaad47ed9dc6356d
[INFO] [stdout]                                at /rustc/4d91de4e48198da2e33413efdcd9cd2cc0c46688/library/std/src/panicking.rs:295:22
[INFO] [stdout]    9:     0x59109cbf161d - std::panicking::default_hook::h24e207139139d40a
[INFO] [stdout]                                at /rustc/4d91de4e48198da2e33413efdcd9cd2cc0c46688/library/std/src/panicking.rs:319:9
[INFO] [stdout]   10:     0x59109ca35373 - <alloc::boxed::Box<F,A> as core::ops::function::Fn<Args>>::call::h63353c459bb27956
[INFO] [stdout]                                at /rustc/4d91de4e48198da2e33413efdcd9cd2cc0c46688/library/alloc/src/boxed.rs:2007:9
[INFO] [stdout]   11:     0x59109ca35373 - test::test_main::{{closure}}::hd5af4d6c4e32fe08
[INFO] [stdout]                                at /rustc/4d91de4e48198da2e33413efdcd9cd2cc0c46688/library/test/src/lib.rs:134:21
[INFO] [stdout]   12:     0x59109cbf20b3 - <alloc::boxed::Box<F,A> as core::ops::function::Fn<Args>>::call::h3af32c23caf5c679
[INFO] [stdout]                                at /rustc/4d91de4e48198da2e33413efdcd9cd2cc0c46688/library/alloc/src/boxed.rs:2007:9
[INFO] [stdout]   13:     0x59109cbf20b3 - std::panicking::rust_panic_with_hook::ha9131beeb2ddc506
[INFO] [stdout]                                at /rustc/4d91de4e48198da2e33413efdcd9cd2cc0c46688/library/std/src/panicking.rs:836:13
[INFO] [stdout]   14:     0x59109cbf1d8a - std::panicking::begin_panic_handler::{{closure}}::h1bba0eaeb6da506f
[INFO] [stdout]                                at /rustc/4d91de4e48198da2e33413efdcd9cd2cc0c46688/library/std/src/panicking.rs:701:13
[INFO] [stdout]   15:     0x59109cbf0849 - std::sys::backtrace::__rust_end_short_backtrace::h1d1ca3eade483f4c
[INFO] [stdout]                                at /rustc/4d91de4e48198da2e33413efdcd9cd2cc0c46688/library/std/src/sys/backtrace.rs:168:18
[INFO] [stdout]   16:     0x59109cbf1a1d - rust_begin_unwind
[INFO] [stdout]                                at /rustc/4d91de4e48198da2e33413efdcd9cd2cc0c46688/library/std/src/panicking.rs:692:5
[INFO] [stdout]   17:     0x59109c9de130 - core::panicking::panic_fmt::h896a0727a1a943f9
[INFO] [stdout]                                at /rustc/4d91de4e48198da2e33413efdcd9cd2cc0c46688/library/core/src/panicking.rs:75:14
[INFO] [stdout]   18:     0x59109c9de10b - core::panicking::panic_display::he48e31e939a730f1
[INFO] [stdout]                                at /rustc/4d91de4e48198da2e33413efdcd9cd2cc0c46688/library/core/src/panicking.rs:261:5
[INFO] [stdout]   19:     0x59109c9de10b - core::option::expect_failed::h8c40d2d654ba3611
[INFO] [stdout]                                at /rustc/4d91de4e48198da2e33413efdcd9cd2cc0c46688/library/core/src/option.rs:2024:5
[INFO] [stdout]   20:     0x59109c9e0562 - core::option::Option<T>::expect::hf7c122dbb8eefe91
[INFO] [stdout]                                at /rustc/4d91de4e48198da2e33413efdcd9cd2cc0c46688/library/core/src/option.rs:933:21
[INFO] [stdout]   21:     0x59109c9f2951 - scaphandre::sensors::Topology::add_cpu_cores::h6aec3e76a2940013
[INFO] [stdout]                                at /opt/rustwide/workdir/src/sensors/mod.rs:316:30
[INFO] [stdout]   22:     0x59109c9e2f6c - <scaphandre::sensors::powercap_rapl::PowercapRAPLSensor as scaphandre::sensors::Sensor>::generate_topology::h898fdcdda2f30dce
[INFO] [stdout]                                at /opt/rustwide/workdir/src/sensors/powercap_rapl.rs:186:9
[INFO] [stdout]   23:     0x59109c9e4dbc - <scaphandre::sensors::powercap_rapl::PowercapRAPLSensor as scaphandre::sensors::Sensor>::get_topology::hc9db33adf369541c
[INFO] [stdout]                                at /opt/rustwide/workdir/src/sensors/powercap_rapl.rs:192:24
[INFO] [stdout]   24:     0x59109c9e60a9 - scaphandre::sensors::tests::read_socket_stats::h4ee9e3a715181625
[INFO] [stdout]                                at /opt/rustwide/workdir/src/sensors/mod.rs:1296:26
[INFO] [stdout]   25:     0x59109c9e6067 - scaphandre::sensors::tests::read_socket_stats::{{closure}}::h294e7472852ad20e
[INFO] [stdout]                                at /opt/rustwide/workdir/src/sensors/mod.rs:1291:27
[INFO] [stdout]   26:     0x59109c9ed316 - core::ops::function::FnOnce::call_once::h7ca6b3651b2b7c7a
[INFO] [stdout]                                at /rustc/4d91de4e48198da2e33413efdcd9cd2cc0c46688/library/core/src/ops/function.rs:250:5
[INFO] [stdout]   27:     0x59109ca3ab1b - core::ops::function::FnOnce::call_once::h8acc80b5a33ff319
[INFO] [stdout]                                at /rustc/4d91de4e48198da2e33413efdcd9cd2cc0c46688/library/core/src/ops/function.rs:250:5
[INFO] [stdout]   28:     0x59109ca3ab1b - test::__rust_begin_short_backtrace::h52b6da716ad42b7d
[INFO] [stdout]                                at /rustc/4d91de4e48198da2e33413efdcd9cd2cc0c46688/library/test/src/lib.rs:632:18
[INFO] [stdout]   29:     0x59109ca39a53 - test::run_test_in_process::{{closure}}::h2580047890abbefe
[INFO] [stdout]                                at /rustc/4d91de4e48198da2e33413efdcd9cd2cc0c46688/library/test/src/lib.rs:655:60
[INFO] [stdout]   30:     0x59109ca39a53 - <core::panic::unwind_safe::AssertUnwindSafe<F> as core::ops::function::FnOnce<()>>::call_once::h936f8c89d0a99c40
[INFO] [stdout]                                at /rustc/4d91de4e48198da2e33413efdcd9cd2cc0c46688/library/core/src/panic/unwind_safe.rs:272:9
[INFO] [stdout]   31:     0x59109ca39a53 - std::panicking::try::do_call::h868682cc368697f9
[INFO] [stdout]                                at /rustc/4d91de4e48198da2e33413efdcd9cd2cc0c46688/library/std/src/panicking.rs:584:40
[INFO] [stdout]   32:     0x59109ca39a53 - std::panicking::try::h0356ffc38cbb5501
[INFO] [stdout]                                at /rustc/4d91de4e48198da2e33413efdcd9cd2cc0c46688/library/std/src/panicking.rs:547:19
[INFO] [stdout]   33:     0x59109ca39a53 - std::panic::catch_unwind::h74edf102a3082536
[INFO] [stdout]                                at /rustc/4d91de4e48198da2e33413efdcd9cd2cc0c46688/library/std/src/panic.rs:358:14
[INFO] [stdout]   34:     0x59109ca39a53 - test::run_test_in_process::hc27d69576b7224e4
[INFO] [stdout]                                at /rustc/4d91de4e48198da2e33413efdcd9cd2cc0c46688/library/test/src/lib.rs:655:27
[INFO] [stdout]   35:     0x59109ca39a53 - test::run_test::{{closure}}::h9f3bfaf910429adb
[INFO] [stdout]                                at /rustc/4d91de4e48198da2e33413efdcd9cd2cc0c46688/library/test/src/lib.rs:576:43
[INFO] [stdout]   36:     0x59109c9fd785 - test::run_test::{{closure}}::h3d537cdce8ec5816
[INFO] [stdout]                                at /rustc/4d91de4e48198da2e33413efdcd9cd2cc0c46688/library/test/src/lib.rs:606:41
[INFO] [stdout]   37:     0x59109c9fd785 - std::sys::backtrace::__rust_begin_short_backtrace::hb51d9a6c67ec382d
[INFO] [stdout]                                at /rustc/4d91de4e48198da2e33413efdcd9cd2cc0c46688/library/std/src/sys/backtrace.rs:152:18
[INFO] [stdout]   38:     0x59109ca011c6 - std::thread::Builder::spawn_unchecked_::{{closure}}::{{closure}}::h5738f3abb9603fe6
[INFO] [stdout]                                at /rustc/4d91de4e48198da2e33413efdcd9cd2cc0c46688/library/std/src/thread/mod.rs:564:17
[INFO] [stdout]   39:     0x59109ca011c6 - <core::panic::unwind_safe::AssertUnwindSafe<F> as core::ops::function::FnOnce<()>>::call_once::h5e9f4b56e45e8108
[INFO] [stdout]                                at /rustc/4d91de4e48198da2e33413efdcd9cd2cc0c46688/library/core/src/panic/unwind_safe.rs:272:9
[INFO] [stdout]   40:     0x59109ca011c6 - std::panicking::try::do_call::ha36db853b2f34e23
[INFO] [stdout]                                at /rustc/4d91de4e48198da2e33413efdcd9cd2cc0c46688/library/std/src/panicking.rs:584:40
[INFO] [stdout]   41:     0x59109ca011c6 - std::panicking::try::h57e1aa33a0efb1be
[INFO] [stdout]                                at /rustc/4d91de4e48198da2e33413efdcd9cd2cc0c46688/library/std/src/panicking.rs:547:19
[INFO] [stdout]   42:     0x59109ca011c6 - std::panic::catch_unwind::hdb71a6103024936e
[INFO] [stdout]                                at /rustc/4d91de4e48198da2e33413efdcd9cd2cc0c46688/library/std/src/panic.rs:358:14
[INFO] [stdout]   43:     0x59109ca011c6 - std::thread::Builder::spawn_unchecked_::{{closure}}::h8caa22218f423ab1
[INFO] [stdout]                                at /rustc/4d91de4e48198da2e33413efdcd9cd2cc0c46688/library/std/src/thread/mod.rs:562:30
[INFO] [stdout]   44:     0x59109ca011c6 - core::ops::function::FnOnce::call_once{{vtable.shim}}::hb3b44780e9c053e5
[INFO] [stdout]                                at /rustc/4d91de4e48198da2e33413efdcd9cd2cc0c46688/library/core/src/ops/function.rs:250:5
[INFO] [stdout]   45:     0x59109cbf640b - <alloc::boxed::Box<F,A> as core::ops::function::FnOnce<Args>>::call_once::h2649f14f1b1c150d
[INFO] [stdout]                                at /rustc/4d91de4e48198da2e33413efdcd9cd2cc0c46688/library/alloc/src/boxed.rs:1993:9
[INFO] [stdout]   46:     0x59109cbf640b - <alloc::boxed::Box<F,A> as core::ops::function::FnOnce<Args>>::call_once::hb2ade58cb34e1bc4
[INFO] [stdout]                                at /rustc/4d91de4e48198da2e33413efdcd9cd2cc0c46688/library/alloc/src/boxed.rs:1993:9
[INFO] [stdout]   47:     0x59109cbf640b - std::sys::pal::unix::thread::Thread::new::thread_start::ha07e360225fa3528
[INFO] [stdout]                                at /rustc/4d91de4e48198da2e33413efdcd9cd2cc0c46688/library/std/src/sys/pal/unix/thread.rs:106:17
[INFO] [stdout]   48:     0x7bb6b481aac3 - <unknown>
[INFO] [stdout]   49:     0x7bb6b48aba04 - clone
[INFO] [stdout]   50:                0x0 - <unknown>
[INFO] [stdout] 
[INFO] [stdout] ---- sensors::tests::read_core_stats stdout ----
[INFO] [stdout] 
[INFO] [stdout] thread 'sensors::tests::read_core_stats' panicked at src/sensors/mod.rs:320:22:
[INFO] [stdout] Trick: if you are running on a vm, do not forget to use --vm parameter invoking scaphandre at the command line
[INFO] [stdout] stack backtrace:
[INFO] [stdout]    0:     0x59109cbf034a - std::backtrace_rs::backtrace::libunwind::trace::h88deb10bd0145eb8
[INFO] [stdout]                                at /rustc/4d91de4e48198da2e33413efdcd9cd2cc0c46688/library/std/src/../../backtrace/src/backtrace/libunwind.rs:116:5
[INFO] [stdout]    1:     0x59109cbf034a - std::backtrace_rs::backtrace::trace_unsynchronized::he1036f5481c14dff
[INFO] [stdout]                                at /rustc/4d91de4e48198da2e33413efdcd9cd2cc0c46688/library/std/src/../../backtrace/src/backtrace/mod.rs:66:5
[INFO] [stdout]    2:     0x59109cbf034a - std::sys::backtrace::_print_fmt::hecc345b6e70c4b20
[INFO] [stdout]                                at /rustc/4d91de4e48198da2e33413efdcd9cd2cc0c46688/library/std/src/sys/backtrace.rs:66:9
[INFO] [stdout]    3:     0x59109cbf034a - <std::sys::backtrace::BacktraceLock::print::DisplayBacktrace as core::fmt::Display>::fmt::he089f96442833f67
[INFO] [stdout]                                at /rustc/4d91de4e48198da2e33413efdcd9cd2cc0c46688/library/std/src/sys/backtrace.rs:39:26
[INFO] [stdout]    4:     0x59109cc16723 - core::fmt::rt::Argument::fmt::h1f77cded99c71a14
[INFO] [stdout]                                at /rustc/4d91de4e48198da2e33413efdcd9cd2cc0c46688/library/core/src/fmt/rt.rs:177:76
[INFO] [stdout]    5:     0x59109cc16723 - core::fmt::write::h2f210ed4c94745cb
[INFO] [stdout]                                at /rustc/4d91de4e48198da2e33413efdcd9cd2cc0c46688/library/core/src/fmt/mod.rs:1440:21
[INFO] [stdout]    6:     0x59109cbed2a3 - std::io::Write::write_fmt::he723b56f7e0bd522
[INFO] [stdout]                                at /rustc/4d91de4e48198da2e33413efdcd9cd2cc0c46688/library/std/src/io/mod.rs:1887:15
[INFO] [stdout]    7:     0x59109cbf0192 - std::sys::backtrace::BacktraceLock::print::h810fbd31421329e6
[INFO] [stdout]                                at /rustc/4d91de4e48198da2e33413efdcd9cd2cc0c46688/library/std/src/sys/backtrace.rs:42:9
[INFO] [stdout]    8:     0x59109cbf1880 - std::panicking::default_hook::{{closure}}::hbaad47ed9dc6356d
[INFO] [stdout]                                at /rustc/4d91de4e48198da2e33413efdcd9cd2cc0c46688/library/std/src/panicking.rs:295:22
[INFO] [stdout]    9:     0x59109cbf161d - std::panicking::default_hook::h24e207139139d40a
[INFO] [stdout]                                at /rustc/4d91de4e48198da2e33413efdcd9cd2cc0c46688/library/std/src/panicking.rs:319:9
[INFO] [stdout]   10:     0x59109ca35373 - <alloc::boxed::Box<F,A> as core::ops::function::Fn<Args>>::call::h63353c459bb27956
[INFO] [stdout]                                at /rustc/4d91de4e48198da2e33413efdcd9cd2cc0c46688/library/alloc/src/boxed.rs:2007:9
[INFO] [stdout]   11:     0x59109ca35373 - test::test_main::{{closure}}::hd5af4d6c4e32fe08
[INFO] [stdout]                                at /rustc/4d91de4e48198da2e33413efdcd9cd2cc0c46688/library/test/src/lib.rs:134:21
[INFO] [stdout]   12:     0x59109cbf20b3 - <alloc::boxed::Box<F,A> as core::ops::function::Fn<Args>>::call::h3af32c23caf5c679
[INFO] [stdout]                                at /rustc/4d91de4e48198da2e33413efdcd9cd2cc0c46688/library/alloc/src/boxed.rs:2007:9
[INFO] [stdout]   13:     0x59109cbf20b3 - std::panicking::rust_panic_with_hook::ha9131beeb2ddc506
[INFO] [stdout]                                at /rustc/4d91de4e48198da2e33413efdcd9cd2cc0c46688/library/std/src/panicking.rs:836:13
[INFO] [stdout]   14:     0x59109cbf1d8a - std::panicking::begin_panic_handler::{{closure}}::h1bba0eaeb6da506f
[INFO] [stdout]                                at /rustc/4d91de4e48198da2e33413efdcd9cd2cc0c46688/library/std/src/panicking.rs:701:13
[INFO] [stdout]   15:     0x59109cbf0849 - std::sys::backtrace::__rust_end_short_backtrace::h1d1ca3eade483f4c
[INFO] [stdout]                                at /rustc/4d91de4e48198da2e33413efdcd9cd2cc0c46688/library/std/src/sys/backtrace.rs:168:18
[INFO] [stdout]   16:     0x59109cbf1a1d - rust_begin_unwind
[INFO] [stdout]                                at /rustc/4d91de4e48198da2e33413efdcd9cd2cc0c46688/library/std/src/panicking.rs:692:5
[INFO] [stdout]   17:     0x59109c9de130 - core::panicking::panic_fmt::h896a0727a1a943f9
[INFO] [stdout]                                at /rustc/4d91de4e48198da2e33413efdcd9cd2cc0c46688/library/core/src/panicking.rs:75:14
[INFO] [stdout]   18:     0x59109c9de10b - core::panicking::panic_display::he48e31e939a730f1
[INFO] [stdout]                                at /rustc/4d91de4e48198da2e33413efdcd9cd2cc0c46688/library/core/src/panicking.rs:261:5
[INFO] [stdout]   19:     0x59109c9de10b - core::option::expect_failed::h8c40d2d654ba3611
[INFO] [stdout]                                at /rustc/4d91de4e48198da2e33413efdcd9cd2cc0c46688/library/core/src/option.rs:2024:5
[INFO] [stdout]   20:     0x59109c9e0562 - core::option::Option<T>::expect::hf7c122dbb8eefe91
[INFO] [stdout]                                at /rustc/4d91de4e48198da2e33413efdcd9cd2cc0c46688/library/core/src/option.rs:933:21
[INFO] [stdout]   21:     0x59109c9f2951 - scaphandre::sensors::Topology::add_cpu_cores::h6aec3e76a2940013
[INFO] [stdout]                                at /opt/rustwide/workdir/src/sensors/mod.rs:316:30
[INFO] [stdout]   22:     0x59109c9e2f6c - <scaphandre::sensors::powercap_rapl::PowercapRAPLSensor as scaphandre::sensors::Sensor>::generate_topology::h898fdcdda2f30dce
[INFO] [stdout]                                at /opt/rustwide/workdir/src/sensors/powercap_rapl.rs:186:9
[INFO] [stdout]   23:     0x59109c9e4dbc - <scaphandre::sensors::powercap_rapl::PowercapRAPLSensor as scaphandre::sensors::Sensor>::get_topology::hc9db33adf369541c
[INFO] [stdout]                                at /opt/rustwide/workdir/src/sensors/powercap_rapl.rs:192:24
[INFO] [stdout]   24:     0x59109c9e5d59 - scaphandre::sensors::tests::read_core_stats::h56db4d53a77a3189
[INFO] [stdout]                                at /opt/rustwide/workdir/src/sensors/mod.rs:1282:26
[INFO] [stdout]   25:     0x59109c9e5d17 - scaphandre::sensors::tests::read_core_stats::{{closure}}::h3846ec9f8f648775
[INFO] [stdout]                                at /opt/rustwide/workdir/src/sensors/mod.rs:1277:25
[INFO] [stdout]   26:     0x59109c9ed486 - core::ops::function::FnOnce::call_once::hba6a1d439e5fca33
[INFO] [stdout]                                at /rustc/4d91de4e48198da2e33413efdcd9cd2cc0c46688/library/core/src/ops/function.rs:250:5
[INFO] [stdout]   27:     0x59109ca3ab1b - core::ops::function::FnOnce::call_once::h8acc80b5a33ff319
[INFO] [stdout]                                at /rustc/4d91de4e48198da2e33413efdcd9cd2cc0c46688/library/core/src/ops/function.rs:250:5
[INFO] [stdout]   28:     0x59109ca3ab1b - test::__rust_begin_short_backtrace::h52b6da716ad42b7d
[INFO] [stdout]                                at /rustc/4d91de4e48198da2e33413efdcd9cd2cc0c46688/library/test/src/lib.rs:632:18
[INFO] [stdout]   29:     0x59109ca39a53 - test::run_test_in_process::{{closure}}::h2580047890abbefe
[INFO] [stdout]                                at /rustc/4d91de4e48198da2e33413efdcd9cd2cc0c46688/library/test/src/lib.rs:655:60
[INFO] [stdout]   30:     0x59109ca39a53 - <core::panic::unwind_safe::AssertUnwindSafe<F> as core::ops::function::FnOnce<()>>::call_once::h936f8c89d0a99c40
[INFO] [stdout]                                at /rustc/4d91de4e48198da2e33413efdcd9cd2cc0c46688/library/core/src/panic/unwind_safe.rs:272:9
[INFO] [stdout]   31:     0x59109ca39a53 - std::panicking::try::do_call::h868682cc368697f9
[INFO] [stdout]                                at /rustc/4d91de4e48198da2e33413efdcd9cd2cc0c46688/library/std/src/panicking.rs:584:40
[INFO] [stdout]   32:     0x59109ca39a53 - std::panicking::try::h0356ffc38cbb5501
[INFO] [stdout]                                at /rustc/4d91de4e48198da2e33413efdcd9cd2cc0c46688/library/std/src/panicking.rs:547:19
[INFO] [stdout]   33:     0x59109ca39a53 - std::panic::catch_unwind::h74edf102a3082536
[INFO] [stdout]                                at /rustc/4d91de4e48198da2e33413efdcd9cd2cc0c46688/library/std/src/panic.rs:358:14
[INFO] [stdout]   34:     0x59109ca39a53 - test::run_test_in_process::hc27d69576b7224e4
[INFO] [stdout]                                at /rustc/4d91de4e48198da2e33413efdcd9cd2cc0c46688/library/test/src/lib.rs:655:27
[INFO] [stdout]   35:     0x59109ca39a53 - test::run_test::{{closure}}::h9f3bfaf910429adb
[INFO] [stdout]                                at /rustc/4d91de4e48198da2e33413efdcd9cd2cc0c46688/library/test/src/lib.rs:576:43
[INFO] [stdout]   36:     0x59109c9fd785 - test::run_test::{{closure}}::h3d537cdce8ec5816
[INFO] [stdout]                                at /rustc/4d91de4e48198da2e33413efdcd9cd2cc0c46688/library/test/src/lib.rs:606:41
[INFO] [stdout]   37:     0x59109c9fd785 - std::sys::backtrace::__rust_begin_short_backtrace::hb51d9a6c67ec382d
[INFO] [stdout]                                at /rustc/4d91de4e48198da2e33413efdcd9cd2cc0c46688/library/std/src/sys/backtrace.rs:152:18
[INFO] [stdout]   38:     0x59109ca011c6 - std::thread::Builder::spawn_unchecked_::{{closure}}::{{closure}}::h5738f3abb9603fe6
[INFO] [stdout]                                at /rustc/4d91de4e48198da2e33413efdcd9cd2cc0c46688/library/std/src/thread/mod.rs:564:17
[INFO] [stdout]   39:     0x59109ca011c6 - <core::panic::unwind_safe::AssertUnwindSafe<F> as core::ops::function::FnOnce<()>>::call_once::h5e9f4b56e45e8108
[INFO] [stdout]                                at /rustc/4d91de4e48198da2e33413efdcd9cd2cc0c46688/library/core/src/panic/unwind_safe.rs:272:9
[INFO] [stdout]   40:     0x59109ca011c6 - std::panicking::try::do_call::ha36db853b2f34e23
[INFO] [stdout]                                at /rustc/4d91de4e48198da2e33413efdcd9cd2cc0c46688/library/std/src/panicking.rs:584:40
[INFO] [stdout]   41:     0x59109ca011c6 - std::panicking::try::h57e1aa33a0efb1be
[INFO] [stdout]                                at /rustc/4d91de4e48198da2e33413efdcd9cd2cc0c46688/library/std/src/panicking.rs:547:19
[INFO] [stdout]   42:     0x59109ca011c6 - std::panic::catch_unwind::hdb71a6103024936e
[INFO] [stdout]                                at /rustc/4d91de4e48198da2e33413efdcd9cd2cc0c46688/library/std/src/panic.rs:358:14
[INFO] [stdout]   43:     0x59109ca011c6 - std::thread::Builder::spawn_unchecked_::{{closure}}::h8caa22218f423ab1
[INFO] [stdout]                                at /rustc/4d91de4e48198da2e33413efdcd9cd2cc0c46688/library/std/src/thread/mod.rs:562:30
[INFO] [stdout]   44:     0x59109ca011c6 - core::ops::function::FnOnce::call_once{{vtable.shim}}::hb3b44780e9c053e5
[INFO] [stdout]                                at /rustc/4d91de4e48198da2e33413efdcd9cd2cc0c46688/library/core/src/ops/function.rs:250:5
[INFO] [stdout]   45:     0x59109cbf640b - <alloc::boxed::Box<F,A> as core::ops::function::FnOnce<Args>>::call_once::h2649f14f1b1c150d
[INFO] [stdout]                                at /rustc/4d91de4e48198da2e33413efdcd9cd2cc0c46688/library/alloc/src/boxed.rs:1993:9
[INFO] [stdout]   46:     0x59109cbf640b - <alloc::boxed::Box<F,A> as core::ops::function::FnOnce<Args>>::call_once::hb2ade58cb34e1bc4
[INFO] [stdout]                                at /rustc/4d91de4e48198da2e33413efdcd9cd2cc0c46688/library/alloc/src/boxed.rs:1993:9
[INFO] [stdout]   47:     0x59109cbf640b - std::sys::pal::unix::thread::Thread::new::thread_start::ha07e360225fa3528
[INFO] [stdout]                                at /rustc/4d91de4e48198da2e33413efdcd9cd2cc0c46688/library/std/src/sys/pal/unix/thread.rs:106:17
[INFO] [stdout]   48:     0x7bb6b481aac3 - <unknown>
[INFO] [stdout]   49:     0x7bb6b48aba04 - clone
[INFO] [stdout]   50:                0x0 - <unknown>
[INFO] [stdout] 
[INFO] [stdout] ---- sensors::tests::read_topology_stats stdout ----
[INFO] [stdout] 
[INFO] [stdout] thread 'sensors::tests::read_topology_stats' panicked at src/sensors/mod.rs:320:22:
[INFO] [stdout] Trick: if you are running on a vm, do not forget to use --vm parameter invoking scaphandre at the command line
[INFO] [stdout] stack backtrace:
[INFO] [stdout]    0:     0x59109cbf034a - std::backtrace_rs::backtrace::libunwind::trace::h88deb10bd0145eb8
[INFO] [stdout]                                at /rustc/4d91de4e48198da2e33413efdcd9cd2cc0c46688/library/std/src/../../backtrace/src/backtrace/libunwind.rs:116:5
[INFO] [stdout]    1:     0x59109cbf034a - std::backtrace_rs::backtrace::trace_unsynchronized::he1036f5481c14dff
[INFO] [stdout]                                at /rustc/4d91de4e48198da2e33413efdcd9cd2cc0c46688/library/std/src/../../backtrace/src/backtrace/mod.rs:66:5
[INFO] [stdout]    2:     0x59109cbf034a - std::sys::backtrace::_print_fmt::hecc345b6e70c4b20
[INFO] [stdout]                                at /rustc/4d91de4e48198da2e33413efdcd9cd2cc0c46688/library/std/src/sys/backtrace.rs:66:9
[INFO] [stdout]    3:     0x59109cbf034a - <std::sys::backtrace::BacktraceLock::print::DisplayBacktrace as core::fmt::Display>::fmt::he089f96442833f67
[INFO] [stdout]                                at /rustc/4d91de4e48198da2e33413efdcd9cd2cc0c46688/library/std/src/sys/backtrace.rs:39:26
[INFO] [stdout]    4:     0x59109cc16723 - core::fmt::rt::Argument::fmt::h1f77cded99c71a14
[INFO] [stdout]                                at /rustc/4d91de4e48198da2e33413efdcd9cd2cc0c46688/library/core/src/fmt/rt.rs:177:76
[INFO] [stdout]    5:     0x59109cc16723 - core::fmt::write::h2f210ed4c94745cb
[INFO] [stdout]                                at /rustc/4d91de4e48198da2e33413efdcd9cd2cc0c46688/library/core/src/fmt/mod.rs:1440:21
[INFO] [stdout]    6:     0x59109cbed2a3 - std::io::Write::write_fmt::he723b56f7e0bd522
[INFO] [stdout]                                at /rustc/4d91de4e48198da2e33413efdcd9cd2cc0c46688/library/std/src/io/mod.rs:1887:15
[INFO] [stdout]    7:     0x59109cbf0192 - std::sys::backtrace::BacktraceLock::print::h810fbd31421329e6
[INFO] [stdout]                                at /rustc/4d91de4e48198da2e33413efdcd9cd2cc0c46688/library/std/src/sys/backtrace.rs:42:9
[INFO] [stdout]    8:     0x59109cbf1880 - std::panicking::default_hook::{{closure}}::hbaad47ed9dc6356d
[INFO] [stdout]                                at /rustc/4d91de4e48198da2e33413efdcd9cd2cc0c46688/library/std/src/panicking.rs:295:22
[INFO] [stdout]    9:     0x59109cbf161d - std::panicking::default_hook::h24e207139139d40a
[INFO] [stdout]                                at /rustc/4d91de4e48198da2e33413efdcd9cd2cc0c46688/library/std/src/panicking.rs:319:9
[INFO] [stdout]   10:     0x59109ca35373 - <alloc::boxed::Box<F,A> as core::ops::function::Fn<Args>>::call::h63353c459bb27956
[INFO] [stdout]                                at /rustc/4d91de4e48198da2e33413efdcd9cd2cc0c46688/library/alloc/src/boxed.rs:2007:9
[INFO] [stdout]   11:     0x59109ca35373 - test::test_main::{{closure}}::hd5af4d6c4e32fe08
[INFO] [stdout]                                at /rustc/4d91de4e48198da2e33413efdcd9cd2cc0c46688/library/test/src/lib.rs:134:21
[INFO] [stdout]   12:     0x59109cbf20b3 - <alloc::boxed::Box<F,A> as core::ops::function::Fn<Args>>::call::h3af32c23caf5c679
[INFO] [stdout]                                at /rustc/4d91de4e48198da2e33413efdcd9cd2cc0c46688/library/alloc/src/boxed.rs:2007:9
[INFO] [stdout]   13:     0x59109cbf20b3 - std::panicking::rust_panic_with_hook::ha9131beeb2ddc506
[INFO] [stdout]                                at /rustc/4d91de4e48198da2e33413efdcd9cd2cc0c46688/library/std/src/panicking.rs:836:13
[INFO] [stdout]   14:     0x59109cbf1d8a - std::panicking::begin_panic_handler::{{closure}}::h1bba0eaeb6da506f
[INFO] [stdout]                                at /rustc/4d91de4e48198da2e33413efdcd9cd2cc0c46688/library/std/src/panicking.rs:701:13
[INFO] [stdout]   15:     0x59109cbf0849 - std::sys::backtrace::__rust_end_short_backtrace::h1d1ca3eade483f4c
[INFO] [stdout]                                at /rustc/4d91de4e48198da2e33413efdcd9cd2cc0c46688/library/std/src/sys/backtrace.rs:168:18
[INFO] [stdout]   16:     0x59109cbf1a1d - rust_begin_unwind
[INFO] [stdout]                                at /rustc/4d91de4e48198da2e33413efdcd9cd2cc0c46688/library/std/src/panicking.rs:692:5
[INFO] [stdout]   17:     0x59109c9de130 - core::panicking::panic_fmt::h896a0727a1a943f9
[INFO] [stdout]                                at /rustc/4d91de4e48198da2e33413efdcd9cd2cc0c46688/library/core/src/panicking.rs:75:14
[INFO] [stdout]   18:     0x59109c9de10b - core::panicking::panic_display::he48e31e939a730f1
[INFO] [stdout]                                at /rustc/4d91de4e48198da2e33413efdcd9cd2cc0c46688/library/core/src/panicking.rs:261:5
[INFO] [stdout]   19:     0x59109c9de10b - core::option::expect_failed::h8c40d2d654ba3611
[INFO] [stdout]                                at /rustc/4d91de4e48198da2e33413efdcd9cd2cc0c46688/library/core/src/option.rs:2024:5
[INFO] [stdout]   20:     0x59109c9e0562 - core::option::Option<T>::expect::hf7c122dbb8eefe91
[INFO] [stdout]                                at /rustc/4d91de4e48198da2e33413efdcd9cd2cc0c46688/library/core/src/option.rs:933:21
[INFO] [stdout]   21:     0x59109c9f2951 - scaphandre::sensors::Topology::add_cpu_cores::h6aec3e76a2940013
[INFO] [stdout]                                at /opt/rustwide/workdir/src/sensors/mod.rs:316:30
[INFO] [stdout]   22:     0x59109c9e2f6c - <scaphandre::sensors::powercap_rapl::PowercapRAPLSensor as scaphandre::sensors::Sensor>::generate_topology::h898fdcdda2f30dce
[INFO] [stdout]                                at /opt/rustwide/workdir/src/sensors/powercap_rapl.rs:186:9
[INFO] [stdout]   23:     0x59109c9e4dbc - <scaphandre::sensors::powercap_rapl::PowercapRAPLSensor as scaphandre::sensors::Sensor>::get_topology::hc9db33adf369541c
[INFO] [stdout]                                at /opt/rustwide/workdir/src/sensors/powercap_rapl.rs:192:24
[INFO] [stdout]   24:     0x59109c9e5b29 - scaphandre::sensors::tests::read_topology_stats::ha49de16de78e5c53
[INFO] [stdout]                                at /opt/rustwide/workdir/src/sensors/mod.rs:1272:22
[INFO] [stdout]   25:     0x59109c9e5ae7 - scaphandre::sensors::tests::read_topology_stats::{{closure}}::h95abc5d297aabbfe
[INFO] [stdout]                                at /opt/rustwide/workdir/src/sensors/mod.rs:1267:29
[INFO] [stdout]   26:     0x59109c9ed356 - core::ops::function::FnOnce::call_once::h7ebd01e1ec71bf97
[INFO] [stdout]                                at /rustc/4d91de4e48198da2e33413efdcd9cd2cc0c46688/library/core/src/ops/function.rs:250:5
[INFO] [stdout]   27:     0x59109ca3ab1b - core::ops::function::FnOnce::call_once::h8acc80b5a33ff319
[INFO] [stdout]                                at /rustc/4d91de4e48198da2e33413efdcd9cd2cc0c46688/library/core/src/ops/function.rs:250:5
[INFO] [stdout]   28:     0x59109ca3ab1b - test::__rust_begin_short_backtrace::h52b6da716ad42b7d
[INFO] [stdout]                                at /rustc/4d91de4e48198da2e33413efdcd9cd2cc0c46688/library/test/src/lib.rs:632:18
[INFO] [stdout]   29:     0x59109ca39a53 - test::run_test_in_process::{{closure}}::h2580047890abbefe
[INFO] [stdout]                                at /rustc/4d91de4e48198da2e33413efdcd9cd2cc0c46688/library/test/src/lib.rs:655:60
[INFO] [stdout]   30:     0x59109ca39a53 - <core::panic::unwind_safe::AssertUnwindSafe<F> as core::ops::function::FnOnce<()>>::call_once::h936f8c89d0a99c40
[INFO] [stdout]                                at /rustc/4d91de4e48198da2e33413efdcd9cd2cc0c46688/library/core/src/panic/unwind_safe.rs:272:9
[INFO] [stdout]   31:     0x59109ca39a53 - std::panicking::try::do_call::h868682cc368697f9
[INFO] [stdout]                                at /rustc/4d91de4e48198da2e33413efdcd9cd2cc0c46688/library/std/src/panicking.rs:584:40
[INFO] [stdout]   32:     0x59109ca39a53 - std::panicking::try::h0356ffc38cbb5501
[INFO] [stdout]                                at /rustc/4d91de4e48198da2e33413efdcd9cd2cc0c46688/library/std/src/panicking.rs:547:19
[INFO] [stdout]   33:     0x59109ca39a53 - std::panic::catch_unwind::h74edf102a3082536
[INFO] [stdout]                                at /rustc/4d91de4e48198da2e33413efdcd9cd2cc0c46688/library/std/src/panic.rs:358:14
[INFO] [stdout]   34:     0x59109ca39a53 - test::run_test_in_process::hc27d69576b7224e4
[INFO] [stdout]                                at /rustc/4d91de4e48198da2e33413efdcd9cd2cc0c46688/library/test/src/lib.rs:655:27
[INFO] [stdout]   35:     0x59109ca39a53 - test::run_test::{{closure}}::h9f3bfaf910429adb
[INFO] [stdout]                                at /rustc/4d91de4e48198da2e33413efdcd9cd2cc0c46688/library/test/src/lib.rs:576:43
[INFO] [stdout]   36:     0x59109c9fd785 - test::run_test::{{closure}}::h3d537cdce8ec5816
[INFO] [stdout]                                at /rustc/4d91de4e48198da2e33413efdcd9cd2cc0c46688/library/test/src/lib.rs:606:41
[INFO] [stdout]   37:     0x59109c9fd785 - std::sys::backtrace::__rust_begin_short_backtrace::hb51d9a6c67ec382d
[INFO] [stdout]                                at /rustc/4d91de4e48198da2e33413efdcd9cd2cc0c46688/library/std/src/sys/backtrace.rs:152:18
[INFO] [stdout]   38:     0x59109ca011c6 - std::thread::Builder::spawn_unchecked_::{{closure}}::{{closure}}::h5738f3abb9603fe6
[INFO] [stdout]                                at /rustc/4d91de4e48198da2e33413efdcd9cd2cc0c46688/library/std/src/thread/mod.rs:564:17
[INFO] [stdout]   39:     0x59109ca011c6 - <core::panic::unwind_safe::AssertUnwindSafe<F> as core::ops::function::FnOnce<()>>::call_once::h5e9f4b56e45e8108
[INFO] [stdout]                                at /rustc/4d91de4e48198da2e33413efdcd9cd2cc0c46688/library/core/src/panic/unwind_safe.rs:272:9
[INFO] [stdout]   40:     0x59109ca011c6 - std::panicking::try::do_call::ha36db853b2f34e23
[INFO] [stdout]                                at /rustc/4d91de4e48198da2e33413efdcd9cd2cc0c46688/library/std/src/panicking.rs:584:40
[INFO] [stdout]   41:     0x59109ca011c6 - std::panicking::try::h57e1aa33a0efb1be
[INFO] [stdout]                                at /rustc/4d91de4e48198da2e33413efdcd9cd2cc0c46688/library/std/src/panicking.rs:547:19
[INFO] [stdout]   42:     0x59109ca011c6 - std::panic::catch_unwind::hdb71a6103024936e
[INFO] [stdout]                                at /rustc/4d91de4e48198da2e33413efdcd9cd2cc0c46688/library/std/src/panic.rs:358:14
[INFO] [stdout]   43:     0x59109ca011c6 - std::thread::Builder::spawn_unchecked_::{{closure}}::h8caa22218f423ab1
[INFO] [stdout]                                at /rustc/4d91de4e48198da2e33413efdcd9cd2cc0c46688/library/std/src/thread/mod.rs:562:30
[INFO] [stdout]   44:     0x59109ca011c6 - core::ops::function::FnOnce::call_once{{vtable.shim}}::hb3b44780e9c053e5
[INFO] [stdout]                                at /rustc/4d91de4e48198da2e33413efdcd9cd2cc0c46688/library/core/src/ops/function.rs:250:5
[INFO] [stdout]   45:     0x59109cbf640b - <alloc::boxed::Box<F,A> as core::ops::function::FnOnce<Args>>::call_once::h2649f14f1b1c150d
[INFO] [stdout]                                at /rustc/4d91de4e48198da2e33413efdcd9cd2cc0c46688/library/alloc/src/boxed.rs:1993:9
[INFO] [stdout]   46:     0x59109cbf640b - <alloc::boxed::Box<F,A> as core::ops::function::FnOnce<Args>>::call_once::hb2ade58cb34e1bc4
[INFO] [stdout]                                at /rustc/4d91de4e48198da2e33413efdcd9cd2cc0c46688/library/alloc/src/boxed.rs:1993:9
[INFO] [stdout]   47:     0x59109cbf640b - std::sys::pal::unix::thread::Thread::new::thread_start::ha07e360225fa3528
[INFO] [stdout]                                at /rustc/4d91de4e48198da2e33413efdcd9cd2cc0c46688/library/std/src/sys/pal/unix/thread.rs:106:17
[INFO] [stdout]   48:     0x7bb6b481aac3 - <unknown>
[INFO] [stdout]   49:     0x7bb6b48aba04 - clone
[INFO] [stdout]   50:                0x0 - <unknown>
[INFO] [stdout] 
[INFO] [stdout] 
[INFO] [stdout] failures:
[INFO] [stdout]     sensors::powercap_rapl::tests::get_topology_returns_topology_type
[INFO] [stdout]     sensors::tests::read_core_stats
[INFO] [stdout]     sensors::tests::read_socket_stats
[INFO] [stdout]     sensors::tests::read_topology_stats
[INFO] [stdout] 
[INFO] [stdout] test result: FAILED. 18 passed; 4 failed; 0 ignored; 0 measured; 0 filtered out; finished in 0.31s
[INFO] [stdout] 
[INFO] [stderr] error: test failed, to rerun pass `--lib`
[INFO] running `Command { std: "docker" "inspect" "33908447f5ccaa433c79c2382d5e3b4da6acd00c4f8f5f6aabd71be583f5c858", kill_on_drop: false }`
[INFO] running `Command { std: "docker" "rm" "-f" "33908447f5ccaa433c79c2382d5e3b4da6acd00c4f8f5f6aabd71be583f5c858", kill_on_drop: false }`
[INFO] [stdout] 33908447f5ccaa433c79c2382d5e3b4da6acd00c4f8f5f6aabd71be583f5c858
