[INFO] cloning repository https://github.com/BuonOmo/ascacou-solver
[INFO] running `Command { std: "git" "-c" "credential.helper=" "-c" "credential.helper=/workspace/cargo-home/bin/git-credential-null" "clone" "--bare" "https://github.com/BuonOmo/ascacou-solver" "/workspace/cache/git-repos/https%3A%2F%2Fgithub.com%2FBuonOmo%2Fascacou-solver", kill_on_drop: false }`
[INFO] [stderr] Cloning into bare repository '/workspace/cache/git-repos/https%3A%2F%2Fgithub.com%2FBuonOmo%2Fascacou-solver'...
[INFO] running `Command { std: "git" "rev-parse" "HEAD", kill_on_drop: false }`
[INFO] [stdout] 90f19b161fa1cfcf233bd5be729d5ac2c5c8a6df
[INFO] testing BuonOmo/ascacou-solver against 1.85.0 for beta-1.86-3
[INFO] running `Command { std: "git" "clone" "/workspace/cache/git-repos/https%3A%2F%2Fgithub.com%2FBuonOmo%2Fascacou-solver" "/workspace/builds/worker-6-tc1/source", kill_on_drop: false }`
[INFO] [stderr] Cloning into '/workspace/builds/worker-6-tc1/source'...
[INFO] [stderr] done.
[INFO] validating manifest of git repo https://github.com/BuonOmo/ascacou-solver on toolchain 1.85.0
[INFO] running `Command { std: CARGO_HOME="/workspace/cargo-home" RUSTUP_HOME="/workspace/rustup-home" "/workspace/cargo-home/bin/cargo" "+1.85.0" "metadata" "--manifest-path" "Cargo.toml" "--no-deps", kill_on_drop: false }`
[INFO] started tweaking git repo https://github.com/BuonOmo/ascacou-solver
[INFO] finished tweaking git repo https://github.com/BuonOmo/ascacou-solver
[INFO] tweaked toml for git repo https://github.com/BuonOmo/ascacou-solver written to /workspace/builds/worker-6-tc1/source/Cargo.toml
[INFO] crate git repo https://github.com/BuonOmo/ascacou-solver already has a lockfile, it will not be regenerated
[INFO] running `Command { std: CARGO_HOME="/workspace/cargo-home" RUSTUP_HOME="/workspace/rustup-home" "/workspace/cargo-home/bin/cargo" "+1.85.0" "fetch" "--manifest-path" "Cargo.toml", kill_on_drop: false }`
[INFO] [stderr] warning: virtual workspace defaulting to `resolver = "1"` despite one or more workspace members being on edition 2021 which implies `resolver = "2"`
[INFO] [stderr] note: to keep the current resolver, specify `workspace.resolver = "1"` in the workspace root's manifest
[INFO] [stderr] note: to use the edition 2021 resolver, specify `workspace.resolver = "2"` in the workspace root's manifest
[INFO] [stderr] note: for more details see https://doc.rust-lang.org/cargo/reference/resolver.html#resolver-versions
[INFO] [stderr] warning: /workspace/builds/worker-6-tc1/source/engine/Cargo.toml: unused manifest key: bin.0.description
[INFO] [stderr] warning: /workspace/builds/worker-6-tc1/source/engine/Cargo.toml: unused manifest key: bin.1.description
[INFO] [stderr] warning: /workspace/builds/worker-6-tc1/source/engine/Cargo.toml: unused manifest key: bin.2.description
[INFO] [stderr]     Blocking waiting for file lock on package cache
[INFO] [stderr]     Updating crates.io index
[INFO] [stderr]     Blocking waiting for file lock on package cache
[INFO] [stderr]  Downloading crates ...
[INFO] [stderr]   Downloaded wasm-bindgen-test v0.3.28
[INFO] [stderr]   Downloaded proc-macro2 v1.0.36
[INFO] [stderr]   Downloaded wasm-bindgen-test-macro v0.3.28
[INFO] [stderr]   Downloaded unicode-xid v0.2.2
[INFO] [stderr]   Downloaded indoc-impl v0.3.6
[INFO] [stderr]   Downloaded indextree v4.3.1
[INFO] [stderr]   Downloaded clap_derive v3.0.5
[INFO] [stderr]   Downloaded lock_api v0.4.5
[INFO] [stderr]   Downloaded smallvec v1.7.0
[INFO] [stderr]   Downloaded redox_syscall v0.2.10
[INFO] [stderr]   Downloaded indexmap v1.7.0
[INFO] [stderr]   Downloaded rand v0.8.4
[INFO] [stderr]   Downloaded bumpalo v3.8.0
[INFO] [stderr]   Downloaded memchr v2.4.1
[INFO] [stderr]   Downloaded parking_lot v0.11.2
[INFO] [stderr]   Downloaded textwrap v0.14.2
[INFO] [stderr]   Downloaded parking_lot_core v0.8.5
[INFO] [stderr]   Downloaded clap v3.0.5
[INFO] [stderr]   Downloaded once_cell v1.9.0
[INFO] [stderr]   Downloaded pyo3-macros-backend v0.15.1
[INFO] [stderr]   Downloaded syn v1.0.84
[INFO] [stderr]   Downloaded unindent v0.1.7
[INFO] [stderr]   Downloaded libc v0.2.112
[INFO] [stderr]   Downloaded wasi v0.10.2+wasi-snapshot-preview1
[INFO] [stderr]   Downloaded getrandom v0.2.3
[INFO] [stderr]   Downloaded rand_hc v0.3.1
[INFO] [stderr]   Downloaded pyo3 v0.15.1
[INFO] [stderr]   Downloaded heck v0.4.0
[INFO] [stderr]   Downloaded proc-macro-error v1.0.4
[INFO] [stderr]   Downloaded autocfg v1.0.1
[INFO] [stderr]   Downloaded os_str_bytes v6.0.0
[INFO] [stderr]   Downloaded strsim v0.10.0
[INFO] [stderr]   Downloaded termcolor v1.1.2
[INFO] [stderr]   Downloaded scoped-tls v1.0.0
[INFO] [stderr]   Downloaded indoc v0.3.6
[INFO] [stderr]   Downloaded instant v0.1.12
[INFO] [stderr]   Downloaded paste-impl v0.1.18
[INFO] [stderr]   Downloaded proc-macro-hack v0.5.19
[INFO] [stderr]   Downloaded paste v0.1.18
[INFO] [stderr]   Downloaded pyo3-build-config v0.15.1
[INFO] [stderr]   Downloaded pyo3-macros v0.15.1
[INFO] [stderr]   Downloaded proc-macro-error-attr v1.0.4
[INFO] [stderr]   Downloaded memory_units v0.4.0
[INFO] [stderr]   Downloaded wee_alloc v0.4.5
[INFO] [stderr]   Downloaded quote v1.0.14
[INFO] running `Command { std: "docker" "create" "-v" "/var/lib/crater-agent-workspace/builds/worker-6-tc1/target:/opt/rustwide/target:rw,Z" "-v" "/var/lib/crater-agent-workspace/builds/worker-6-tc1/source:/opt/rustwide/workdir:ro,Z" "-v" "/var/lib/crater-agent-workspace/cargo-home:/opt/rustwide/cargo-home:ro,Z" "-v" "/var/lib/crater-agent-workspace/rustup-home:/opt/rustwide/rustup-home:ro,Z" "-e" "SOURCE_DIR=/opt/rustwide/workdir" "-e" "CARGO_TARGET_DIR=/opt/rustwide/target" "-e" "CARGO_HOME=/opt/rustwide/cargo-home" "-e" "RUSTUP_HOME=/opt/rustwide/rustup-home" "-w" "/opt/rustwide/workdir" "-m" "1610612736" "--user" "0:0" "--network" "none" "ghcr.io/rust-lang/crates-build-env/linux@sha256:3959728d45483eb673ba100a951a6b9f5012970368db2a9e08e0ac9b67c8a5ad" "/opt/rustwide/cargo-home/bin/cargo" "+1.85.0" "metadata" "--no-deps" "--format-version=1", kill_on_drop: false }`
[INFO] [stdout] 623da155822d731d343696e9f2a45e29e24c9c15e653156cde2c2915c59ee675
[INFO] running `Command { std: "docker" "start" "-a" "623da155822d731d343696e9f2a45e29e24c9c15e653156cde2c2915c59ee675", kill_on_drop: false }`
[INFO] running `Command { std: "docker" "inspect" "623da155822d731d343696e9f2a45e29e24c9c15e653156cde2c2915c59ee675", kill_on_drop: false }`
[INFO] running `Command { std: "docker" "rm" "-f" "623da155822d731d343696e9f2a45e29e24c9c15e653156cde2c2915c59ee675", kill_on_drop: false }`
[INFO] [stdout] 623da155822d731d343696e9f2a45e29e24c9c15e653156cde2c2915c59ee675
[INFO] running `Command { std: "docker" "create" "-v" "/var/lib/crater-agent-workspace/builds/worker-6-tc1/target:/opt/rustwide/target:rw,Z" "-v" "/var/lib/crater-agent-workspace/builds/worker-6-tc1/source:/opt/rustwide/workdir:ro,Z" "-v" "/var/lib/crater-agent-workspace/cargo-home:/opt/rustwide/cargo-home:ro,Z" "-v" "/var/lib/crater-agent-workspace/rustup-home:/opt/rustwide/rustup-home:ro,Z" "-e" "SOURCE_DIR=/opt/rustwide/workdir" "-e" "CARGO_TARGET_DIR=/opt/rustwide/target" "-e" "CARGO_INCREMENTAL=0" "-e" "RUST_BACKTRACE=full" "-e" "RUSTFLAGS=--cap-lints=warn" "-e" "RUSTDOCFLAGS=--cap-lints=warn" "-e" "CARGO_HOME=/opt/rustwide/cargo-home" "-e" "RUSTUP_HOME=/opt/rustwide/rustup-home" "-w" "/opt/rustwide/workdir" "-m" "1610612736" "--user" "0:0" "--network" "none" "ghcr.io/rust-lang/crates-build-env/linux@sha256:3959728d45483eb673ba100a951a6b9f5012970368db2a9e08e0ac9b67c8a5ad" "/opt/rustwide/cargo-home/bin/cargo" "+1.85.0" "build" "--frozen" "--message-format=json", kill_on_drop: false }`
[INFO] [stdout] 333eb964ce60a7cb1cf3d0504c7b49294221fefa6df8f263d89e9c3b160f2b8b
[INFO] running `Command { std: "docker" "start" "-a" "333eb964ce60a7cb1cf3d0504c7b49294221fefa6df8f263d89e9c3b160f2b8b", kill_on_drop: false }`
[INFO] [stderr] warning: virtual workspace defaulting to `resolver = "1"` despite one or more workspace members being on edition 2021 which implies `resolver = "2"`
[INFO] [stderr] note: to keep the current resolver, specify `workspace.resolver = "1"` in the workspace root's manifest
[INFO] [stderr] note: to use the edition 2021 resolver, specify `workspace.resolver = "2"` in the workspace root's manifest
[INFO] [stderr] note: for more details see https://doc.rust-lang.org/cargo/reference/resolver.html#resolver-versions
[INFO] [stderr] warning: /opt/rustwide/workdir/engine/Cargo.toml: unused manifest key: bin.0.description
[INFO] [stderr] warning: /opt/rustwide/workdir/engine/Cargo.toml: unused manifest key: bin.1.description
[INFO] [stderr] warning: /opt/rustwide/workdir/engine/Cargo.toml: unused manifest key: bin.2.description
[INFO] [stderr]    Compiling syn v1.0.84
[INFO] [stderr]    Compiling log v0.4.14
[INFO] [stderr]    Compiling proc-macro-hack v0.5.19
[INFO] [stderr]    Compiling pyo3-build-config v0.15.1
[INFO] [stderr]    Compiling once_cell v1.9.0
[INFO] [stderr]    Compiling hashbrown v0.11.2
[INFO] [stderr]    Compiling proc-macro-error-attr v1.0.4
[INFO] [stderr]    Compiling proc-macro-error v1.0.4
[INFO] [stderr]    Compiling indexmap v1.7.0
[INFO] [stderr]    Compiling heck v0.4.0
[INFO] [stderr]    Compiling textwrap v0.14.2
[INFO] [stderr]    Compiling getrandom v0.2.3
[INFO] [stderr]    Compiling os_str_bytes v6.0.0
[INFO] [stderr]    Compiling strsim v0.10.0
[INFO] [stderr]    Compiling parking_lot_core v0.8.5
[INFO] [stderr]    Compiling instant v0.1.12
[INFO] [stderr]    Compiling unindent v0.1.7
[INFO] [stderr]    Compiling scopeguard v1.1.0
[INFO] [stderr]    Compiling rand_core v0.6.3
[INFO] [stderr]    Compiling smallvec v1.7.0
[INFO] [stderr]    Compiling lock_api v0.4.5
[INFO] [stderr]    Compiling indextree v4.3.1
[INFO] [stderr]    Compiling rand_chacha v0.3.1
[INFO] [stderr]    Compiling rand v0.8.4
[INFO] [stderr]    Compiling parking_lot v0.11.2
[INFO] [stderr]    Compiling paste-impl v0.1.18
[INFO] [stderr]    Compiling pyo3 v0.15.1
[INFO] [stderr]    Compiling ascacou v0.1.0 (/opt/rustwide/workdir/engine)
[INFO] [stdout] warning: associated items `empty` and `add` are never used
[INFO] [stdout]   --> engine/src/tileset.rs:14:9
[INFO] [stdout]    |
[INFO] [stdout] 13 | impl TileSet {
[INFO] [stdout]    | ------------ associated items in this implementation
[INFO] [stdout] 14 |     pub fn empty() -> TileSet {
[INFO] [stdout]    |            ^^^^^
[INFO] [stdout] ...
[INFO] [stdout] 45 |     pub fn add(&mut self, val: u8) {
[INFO] [stdout]    |            ^^^
[INFO] [stdout]    |
[INFO] [stdout]    = note: `#[warn(dead_code)]` on by default
[INFO] [stdout] 
[INFO] [stdout] 
[INFO] [stderr]    Compiling paste v0.1.18
[INFO] [stderr]    Compiling wasm-bindgen-backend v0.2.78
[INFO] [stderr]    Compiling pyo3-macros-backend v0.15.1
[INFO] [stderr]    Compiling clap_derive v3.0.5
[INFO] [stderr]    Compiling indoc-impl v0.3.6
[INFO] [stderr]    Compiling wasm-bindgen-macro-support v0.2.78
[INFO] [stderr]    Compiling indoc v0.3.6
[INFO] [stderr]    Compiling wasm-bindgen-macro v0.2.78
[INFO] [stderr]    Compiling wasm-bindgen v0.2.78
[INFO] [stderr]    Compiling pyo3-macros v0.15.1
[INFO] [stderr]    Compiling console_error_panic_hook v0.1.7
[INFO] [stderr]    Compiling clap v3.0.5
[INFO] [stderr]    Compiling minicou v0.1.0 (/opt/rustwide/workdir/minicou)
[INFO] [stderr]    Compiling alphacou v0.1.0 (/opt/rustwide/workdir/alphacou)
[INFO] [stdout] warning: method `n0` is never used
[INFO] [stdout]   --> minicou/src/solver.rs:41:5
[INFO] [stdout]    |
[INFO] [stdout] 13 | impl Solver {
[INFO] [stdout]    | ----------- method in this implementation
[INFO] [stdout] ...
[INFO] [stdout] 41 |     fn n0(&mut self, board: &Board, depth: u8) -> (i8, Option<Move>) {
[INFO] [stdout]    |        ^^
[INFO] [stdout]    |
[INFO] [stdout]    = note: `#[warn(dead_code)]` on by default
[INFO] [stdout] 
[INFO] [stdout] 
[INFO] [stdout] warning: variable does not need to be mutable
[INFO] [stdout]    --> alphacou/src/lib.rs:138:8
[INFO] [stdout]     |
[INFO] [stdout] 138 |             let mut data = self.arena.get_mut(id).map(|node|node.get_mut()).unwrap();
[INFO] [stdout]     |                 ----^^^^
[INFO] [stdout]     |                 |
[INFO] [stdout]     |                 help: remove this `mut`
[INFO] [stdout]     |
[INFO] [stdout]     = note: `#[warn(unused_mut)]` on by default
[INFO] [stdout] 
[INFO] [stdout] 
[INFO] [stderr]    Compiling ascacou-solver-wasm v0.2.0 (/opt/rustwide/workdir/wasm)
[INFO] [stdout] warning: unused import: `std::time::Duration`
[INFO] [stdout]  --> minicou/src/bin/cli.rs:4:5
[INFO] [stdout]   |
[INFO] [stdout] 4 | use std::time::Duration;
[INFO] [stdout]   |     ^^^^^^^^^^^^^^^^^^^
[INFO] [stdout]   |
[INFO] [stdout]   = note: `#[warn(unused_imports)]` on by default
[INFO] [stdout] 
[INFO] [stdout] 
[INFO] [stdout] warning: function `set_panic_hook` is never used
[INFO] [stdout]  --> wasm/src/utils.rs:1:8
[INFO] [stdout]   |
[INFO] [stdout] 1 | pub fn set_panic_hook() {
[INFO] [stdout]   |        ^^^^^^^^^^^^^^
[INFO] [stdout]   |
[INFO] [stdout]   = note: `#[warn(dead_code)]` on by default
[INFO] [stdout] 
[INFO] [stdout] 
[INFO] [stderr]    Compiling ascacou-python v0.3.1 (/opt/rustwide/workdir/py)
[INFO] [stderr]     Finished `dev` profile [unoptimized + debuginfo] target(s) in 24.15s
[INFO] [stderr] warning: the following packages contain code that will be rejected by a future version of Rust: wasm-bindgen v0.2.78
[INFO] [stderr] note: to see what the problems were, use the option `--future-incompat-report`, or run `cargo report future-incompatibilities --id 1`
[INFO] running `Command { std: "docker" "inspect" "333eb964ce60a7cb1cf3d0504c7b49294221fefa6df8f263d89e9c3b160f2b8b", kill_on_drop: false }`
[INFO] running `Command { std: "docker" "rm" "-f" "333eb964ce60a7cb1cf3d0504c7b49294221fefa6df8f263d89e9c3b160f2b8b", kill_on_drop: false }`
[INFO] [stdout] 333eb964ce60a7cb1cf3d0504c7b49294221fefa6df8f263d89e9c3b160f2b8b
[INFO] running `Command { std: "docker" "create" "-v" "/var/lib/crater-agent-workspace/builds/worker-6-tc1/target:/opt/rustwide/target:rw,Z" "-v" "/var/lib/crater-agent-workspace/builds/worker-6-tc1/source:/opt/rustwide/workdir:ro,Z" "-v" "/var/lib/crater-agent-workspace/cargo-home:/opt/rustwide/cargo-home:ro,Z" "-v" "/var/lib/crater-agent-workspace/rustup-home:/opt/rustwide/rustup-home:ro,Z" "-e" "SOURCE_DIR=/opt/rustwide/workdir" "-e" "CARGO_TARGET_DIR=/opt/rustwide/target" "-e" "CARGO_INCREMENTAL=0" "-e" "RUST_BACKTRACE=full" "-e" "RUSTFLAGS=--cap-lints=warn" "-e" "RUSTDOCFLAGS=--cap-lints=warn" "-e" "CARGO_HOME=/opt/rustwide/cargo-home" "-e" "RUSTUP_HOME=/opt/rustwide/rustup-home" "-w" "/opt/rustwide/workdir" "-m" "1610612736" "--user" "0:0" "--network" "none" "ghcr.io/rust-lang/crates-build-env/linux@sha256:3959728d45483eb673ba100a951a6b9f5012970368db2a9e08e0ac9b67c8a5ad" "/opt/rustwide/cargo-home/bin/cargo" "+1.85.0" "test" "--frozen" "--no-run" "--message-format=json", kill_on_drop: false }`
[INFO] [stdout] 5ca0741133f1481f0824a56db00feb1f95d933a723a1b4210dfc12abe9df45da
[INFO] running `Command { std: "docker" "start" "-a" "5ca0741133f1481f0824a56db00feb1f95d933a723a1b4210dfc12abe9df45da", kill_on_drop: false }`
[INFO] [stderr] warning: virtual workspace defaulting to `resolver = "1"` despite one or more workspace members being on edition 2021 which implies `resolver = "2"`
[INFO] [stderr] note: to keep the current resolver, specify `workspace.resolver = "1"` in the workspace root's manifest
[INFO] [stderr] note: to use the edition 2021 resolver, specify `workspace.resolver = "2"` in the workspace root's manifest
[INFO] [stderr] note: for more details see https://doc.rust-lang.org/cargo/reference/resolver.html#resolver-versions
[INFO] [stderr] warning: /opt/rustwide/workdir/engine/Cargo.toml: unused manifest key: bin.0.description
[INFO] [stderr] warning: /opt/rustwide/workdir/engine/Cargo.toml: unused manifest key: bin.1.description
[INFO] [stderr] warning: /opt/rustwide/workdir/engine/Cargo.toml: unused manifest key: bin.2.description
[INFO] [stderr]    Compiling js-sys v0.3.55
[INFO] [stdout] warning: associated items `empty` and `add` are never used
[INFO] [stdout]   --> engine/src/tileset.rs:14:9
[INFO] [stdout]    |
[INFO] [stdout] 13 | impl TileSet {
[INFO] [stdout]    | ------------ associated items in this implementation
[INFO] [stdout] 14 |     pub fn empty() -> TileSet {
[INFO] [stdout]    |            ^^^^^
[INFO] [stdout] ...
[INFO] [stdout] 45 |     pub fn add(&mut self, val: u8) {
[INFO] [stdout]    |            ^^^
[INFO] [stdout]    |
[INFO] [stdout]    = note: `#[warn(dead_code)]` on by default
[INFO] [stdout] 
[INFO] [stdout] 
[INFO] [stdout] warning: method `n0` is never used
[INFO] [stdout]   --> minicou/src/solver.rs:41:5
[INFO] [stdout]    |
[INFO] [stdout] 13 | impl Solver {
[INFO] [stdout]    | ----------- method in this implementation
[INFO] [stdout] ...
[INFO] [stdout] 41 |     fn n0(&mut self, board: &Board, depth: u8) -> (i8, Option<Move>) {
[INFO] [stdout]    |        ^^
[INFO] [stdout]    |
[INFO] [stdout]    = note: `#[warn(dead_code)]` on by default
[INFO] [stdout] 
[INFO] [stdout] 
[INFO] [stderr]    Compiling wasm-bindgen-test-macro v0.3.28
[INFO] [stderr]    Compiling scoped-tls v1.0.0
[INFO] [stdout] warning: function `set_panic_hook` is never used
[INFO] [stdout]  --> wasm/src/utils.rs:1:8
[INFO] [stdout]   |
[INFO] [stdout] 1 | pub fn set_panic_hook() {
[INFO] [stdout]   |        ^^^^^^^^^^^^^^
[INFO] [stdout]   |
[INFO] [stdout]   = note: `#[warn(dead_code)]` on by default
[INFO] [stdout] 
[INFO] [stdout] 
[INFO] [stderr]    Compiling minicou v0.1.0 (/opt/rustwide/workdir/minicou)
[INFO] [stderr]    Compiling ascacou v0.1.0 (/opt/rustwide/workdir/engine)
[INFO] [stdout] warning: variable does not need to be mutable
[INFO] [stdout]    --> alphacou/src/lib.rs:138:8
[INFO] [stdout]     |
[INFO] [stdout] 138 |             let mut data = self.arena.get_mut(id).map(|node|node.get_mut()).unwrap();
[INFO] [stdout]     |                 ----^^^^
[INFO] [stdout]     |                 |
[INFO] [stdout]     |                 help: remove this `mut`
[INFO] [stdout]     |
[INFO] [stdout]     = note: `#[warn(unused_mut)]` on by default
[INFO] [stdout] 
[INFO] [stdout] 
[INFO] [stderr]    Compiling alphacou v0.1.0 (/opt/rustwide/workdir/alphacou)
[INFO] [stderr]    Compiling ascacou-python v0.3.1 (/opt/rustwide/workdir/py)
[INFO] [stdout] warning: unused import: `std::time::Duration`
[INFO] [stdout]  --> minicou/src/bin/cli.rs:4:5
[INFO] [stdout]   |
[INFO] [stdout] 4 | use std::time::Duration;
[INFO] [stdout]   |     ^^^^^^^^^^^^^^^^^^^
[INFO] [stdout]   |
[INFO] [stdout]   = note: `#[warn(unused_imports)]` on by default
[INFO] [stdout] 
[INFO] [stdout] 
[INFO] [stdout] warning: method `n0` is never used
[INFO] [stdout]   --> minicou/src/solver.rs:41:5
[INFO] [stdout]    |
[INFO] [stdout] 13 | impl Solver {
[INFO] [stdout]    | ----------- method in this implementation
[INFO] [stdout] ...
[INFO] [stdout] 41 |     fn n0(&mut self, board: &Board, depth: u8) -> (i8, Option<Move>) {
[INFO] [stdout]    |        ^^
[INFO] [stdout]    |
[INFO] [stdout]    = note: `#[warn(dead_code)]` on by default
[INFO] [stdout] 
[INFO] [stdout] 
[INFO] [stdout] warning: variable does not need to be mutable
[INFO] [stdout]    --> alphacou/src/lib.rs:138:8
[INFO] [stdout]     |
[INFO] [stdout] 138 |             let mut data = self.arena.get_mut(id).map(|node|node.get_mut()).unwrap();
[INFO] [stdout]     |                 ----^^^^
[INFO] [stdout]     |                 |
[INFO] [stdout]     |                 help: remove this `mut`
[INFO] [stdout]     |
[INFO] [stdout]     = note: `#[warn(unused_mut)]` on by default
[INFO] [stdout] 
[INFO] [stdout] 
[INFO] [stdout] warning: associated items `empty` and `add` are never used
[INFO] [stdout]   --> engine/src/tileset.rs:14:9
[INFO] [stdout]    |
[INFO] [stdout] 13 | impl TileSet {
[INFO] [stdout]    | ------------ associated items in this implementation
[INFO] [stdout] 14 |     pub fn empty() -> TileSet {
[INFO] [stdout]    |            ^^^^^
[INFO] [stdout] ...
[INFO] [stdout] 45 |     pub fn add(&mut self, val: u8) {
[INFO] [stdout]    |            ^^^
[INFO] [stdout]    |
[INFO] [stdout]    = note: `#[warn(dead_code)]` on by default
[INFO] [stdout] 
[INFO] [stdout] 
[INFO] [stderr]    Compiling wasm-bindgen-futures v0.4.28
[INFO] [stderr]    Compiling wasm-bindgen-test v0.3.28
[INFO] [stderr]    Compiling ascacou-solver-wasm v0.2.0 (/opt/rustwide/workdir/wasm)
[INFO] [stdout] warning: function `set_panic_hook` is never used
[INFO] [stdout]  --> wasm/src/utils.rs:1:8
[INFO] [stdout]   |
[INFO] [stdout] 1 | pub fn set_panic_hook() {
[INFO] [stdout]   |        ^^^^^^^^^^^^^^
[INFO] [stdout]   |
[INFO] [stdout]   = note: `#[warn(dead_code)]` on by default
[INFO] [stdout] 
[INFO] [stdout] 
[INFO] [stderr]     Finished `test` profile [unoptimized + debuginfo] target(s) in 4.48s
[INFO] [stderr] warning: the following packages contain code that will be rejected by a future version of Rust: wasm-bindgen v0.2.78
[INFO] [stderr] note: to see what the problems were, use the option `--future-incompat-report`, or run `cargo report future-incompatibilities --id 1`
[INFO] running `Command { std: "docker" "inspect" "5ca0741133f1481f0824a56db00feb1f95d933a723a1b4210dfc12abe9df45da", kill_on_drop: false }`
[INFO] running `Command { std: "docker" "rm" "-f" "5ca0741133f1481f0824a56db00feb1f95d933a723a1b4210dfc12abe9df45da", kill_on_drop: false }`
[INFO] [stdout] 5ca0741133f1481f0824a56db00feb1f95d933a723a1b4210dfc12abe9df45da
[INFO] running `Command { std: "docker" "create" "-v" "/var/lib/crater-agent-workspace/builds/worker-6-tc1/target:/opt/rustwide/target:rw,Z" "-v" "/var/lib/crater-agent-workspace/builds/worker-6-tc1/source:/opt/rustwide/workdir:ro,Z" "-v" "/var/lib/crater-agent-workspace/cargo-home:/opt/rustwide/cargo-home:ro,Z" "-v" "/var/lib/crater-agent-workspace/rustup-home:/opt/rustwide/rustup-home:ro,Z" "-e" "SOURCE_DIR=/opt/rustwide/workdir" "-e" "CARGO_TARGET_DIR=/opt/rustwide/target" "-e" "CARGO_INCREMENTAL=0" "-e" "RUST_BACKTRACE=full" "-e" "RUSTFLAGS=--cap-lints=warn" "-e" "RUSTDOCFLAGS=--cap-lints=warn" "-e" "CARGO_HOME=/opt/rustwide/cargo-home" "-e" "RUSTUP_HOME=/opt/rustwide/rustup-home" "-w" "/opt/rustwide/workdir" "-m" "1610612736" "--user" "0:0" "--network" "none" "ghcr.io/rust-lang/crates-build-env/linux@sha256:3959728d45483eb673ba100a951a6b9f5012970368db2a9e08e0ac9b67c8a5ad" "/opt/rustwide/cargo-home/bin/cargo" "+1.85.0" "test" "--frozen", kill_on_drop: false }`
[INFO] [stdout] f62f219082487d84cb863f326673ce860e7262794faf83ca01a830bcffdef5e8
[INFO] running `Command { std: "docker" "start" "-a" "f62f219082487d84cb863f326673ce860e7262794faf83ca01a830bcffdef5e8", kill_on_drop: false }`
[INFO] [stderr] warning: virtual workspace defaulting to `resolver = "1"` despite one or more workspace members being on edition 2021 which implies `resolver = "2"`
[INFO] [stderr] note: to keep the current resolver, specify `workspace.resolver = "1"` in the workspace root's manifest
[INFO] [stderr] note: to use the edition 2021 resolver, specify `workspace.resolver = "2"` in the workspace root's manifest
[INFO] [stderr] note: for more details see https://doc.rust-lang.org/cargo/reference/resolver.html#resolver-versions
[INFO] [stderr] warning: /opt/rustwide/workdir/engine/Cargo.toml: unused manifest key: bin.0.description
[INFO] [stderr] warning: /opt/rustwide/workdir/engine/Cargo.toml: unused manifest key: bin.1.description
[INFO] [stderr] warning: /opt/rustwide/workdir/engine/Cargo.toml: unused manifest key: bin.2.description
[INFO] [stderr] warning: associated items `empty` and `add` are never used
[INFO] [stderr]   --> engine/src/tileset.rs:14:9
[INFO] [stderr]    |
[INFO] [stderr] 13 | impl TileSet {
[INFO] [stderr]    | ------------ associated items in this implementation
[INFO] [stderr] 14 |     pub fn empty() -> TileSet {
[INFO] [stderr]    |            ^^^^^
[INFO] [stderr] ...
[INFO] [stderr] 45 |     pub fn add(&mut self, val: u8) {
[INFO] [stderr]    |            ^^^
[INFO] [stderr]    |
[INFO] [stderr]    = note: `#[warn(dead_code)]` on by default
[INFO] [stderr] 
[INFO] [stderr] warning: `ascacou` (lib) generated 1 warning
[INFO] [stderr] warning: `ascacou` (lib test) generated 1 warning (1 duplicate)
[INFO] [stderr] warning: method `n0` is never used
[INFO] [stderr]   --> minicou/src/solver.rs:41:5
[INFO] [stderr]    |
[INFO] [stderr] 13 | impl Solver {
[INFO] [stderr]    | ----------- method in this implementation
[INFO] [stderr] ...
[INFO] [stderr] 41 |     fn n0(&mut self, board: &Board, depth: u8) -> (i8, Option<Move>) {
[INFO] [stderr]    |        ^^
[INFO] [stderr]    |
[INFO] [stderr]    = note: `#[warn(dead_code)]` on by default
[INFO] [stderr] 
[INFO] [stderr] warning: variable does not need to be mutable
[INFO] [stderr]    --> alphacou/src/lib.rs:138:8
[INFO] [stderr]     |
[INFO] [stderr] 138 |             let mut data = self.arena.get_mut(id).map(|node|node.get_mut()).unwrap();
[INFO] [stderr]     |                 ----^^^^
[INFO] [stderr]     |                 |
[INFO] [stderr]     |                 help: remove this `mut`
[INFO] [stderr]     |
[INFO] [stderr]     = note: `#[warn(unused_mut)]` on by default
[INFO] [stderr] 
[INFO] [stderr] warning: `minicou` (lib) generated 1 warning
[INFO] [stderr] warning: `alphacou` (lib) generated 1 warning (run `cargo fix --lib -p alphacou` to apply 1 suggestion)
[INFO] [stderr] warning: `alphacou` (lib test) generated 1 warning (1 duplicate)
[INFO] [stderr] warning: `minicou` (lib test) generated 1 warning (1 duplicate)
[INFO] [stderr] warning: function `set_panic_hook` is never used
[INFO] [stderr]  --> wasm/src/utils.rs:1:8
[INFO] [stderr]   |
[INFO] [stderr] 1 | pub fn set_panic_hook() {
[INFO] [stderr]   |        ^^^^^^^^^^^^^^
[INFO] [stderr]   |
[INFO] [stderr]   = note: `#[warn(dead_code)]` on by default
[INFO] [stderr] 
[INFO] [stderr] warning: unused import: `std::time::Duration`
[INFO] [stderr]  --> minicou/src/bin/cli.rs:4:5
[INFO] [stderr]   |
[INFO] [stderr] 4 | use std::time::Duration;
[INFO] [stderr]   |     ^^^^^^^^^^^^^^^^^^^
[INFO] [stderr]   |
[INFO] [stderr]   = note: `#[warn(unused_imports)]` on by default
[INFO] [stderr] 
[INFO] [stderr] warning: `ascacou-solver-wasm` (lib) generated 1 warning
[INFO] [stderr] warning: `minicou` (bin "minicou" test) generated 1 warning (run `cargo fix --bin "minicou" --tests` to apply 1 suggestion)
[INFO] [stderr] warning: `ascacou-solver-wasm` (lib test) generated 1 warning (1 duplicate)
[INFO] [stderr]     Finished `test` profile [unoptimized + debuginfo] target(s) in 0.08s
[INFO] [stderr] warning: the following packages contain code that will be rejected by a future version of Rust: wasm-bindgen v0.2.78
[INFO] [stderr] note: to see what the problems were, use the option `--future-incompat-report`, or run `cargo report future-incompatibilities --id 1`
[INFO] [stderr]      Running unittests src/lib.rs (/opt/rustwide/target/debug/deps/alphacou-35337a554d86f18f)
[INFO] [stdout] 
[INFO] [stdout] running 0 tests
[INFO] [stdout] 
[INFO] [stdout] test result: ok. 0 passed; 0 failed; 0 ignored; 0 measured; 0 filtered out; finished in 0.00s
[INFO] [stdout] 
[INFO] [stderr]      Running unittests src/bin/cli.rs (/opt/rustwide/target/debug/deps/alphacou-545abb2b424e9b94)
[INFO] [stdout] 
[INFO] [stdout] running 0 tests
[INFO] [stdout] 
[INFO] [stdout] test result: ok. 0 passed; 0 failed; 0 ignored; 0 measured; 0 filtered out; finished in 0.00s
[INFO] [stdout] 
[INFO] [stderr]      Running unittests src/lib.rs (/opt/rustwide/target/debug/deps/ascacou-77effd2e5d566461)
[INFO] [stdout] 
[INFO] [stdout] running 7 tests
[INFO] [stdout] test board::tests::current_score ... ok
[INFO] [stdout] test board::tests::position_mask ... ok
[INFO] [stdout] test board::tests::impossible_move_generating_two_times_the_same_tile ... ok
[INFO] [stdout] test board::tests::tiles_from ... ok
[INFO] [stdout] test mov::test_try_from_string ... ok
[INFO] [stdout] test player::test_show_players ... ignored, purely visual test (cargo test -- --nocapture test_show)
[INFO] [stdout] test player::test_fen_part ... ok
[INFO] [stdout] 
[INFO] [stdout] test result: ok. 6 passed; 0 failed; 1 ignored; 0 measured; 0 filtered out; finished in 0.00s
[INFO] [stdout] 
[INFO] [stderr]      Running unittests src/bin/console.rs (/opt/rustwide/target/debug/deps/console-f41b06b453caf5a3)
[INFO] [stdout] 
[INFO] [stdout] running 0 tests
[INFO] [stdout] 
[INFO] [stdout] test result: ok. 0 passed; 0 failed; 0 ignored; 0 measured; 0 filtered out; finished in 0.00s
[INFO] [stdout] 
[INFO] [stderr]      Running unittests src/bin/game-info.rs (/opt/rustwide/target/debug/deps/game_info-b6722e73eb9b1594)
[INFO] [stdout] 
[INFO] [stdout] running 0 tests
[INFO] [stdout] 
[INFO] [stdout] test result: ok. 0 passed; 0 failed; 0 ignored; 0 measured; 0 filtered out; finished in 0.00s
[INFO] [stdout] 
[INFO] [stderr]      Running unittests src/bin/stats.rs (/opt/rustwide/target/debug/deps/stats-48e8e60b50d87866)
[INFO] [stdout] 
[INFO] [stdout] running 0 tests
[INFO] [stdout] 
[INFO] [stdout] test result: ok. 0 passed; 0 failed; 0 ignored; 0 measured; 0 filtered out; finished in 0.00s
[INFO] [stdout] 
[INFO] [stderr]      Running unittests src/lib.rs (/opt/rustwide/target/debug/deps/ascacou-de526e8c5ed8abcd)
[INFO] [stdout] 
[INFO] [stdout] running 0 tests
[INFO] [stdout] 
[INFO] [stdout] test result: ok. 0 passed; 0 failed; 0 ignored; 0 measured; 0 filtered out; finished in 0.00s
[INFO] [stdout] 
[INFO] [stderr]      Running unittests src/lib.rs (/opt/rustwide/target/debug/deps/ascacou_solver_wasm-cd1ff18058f0e2c0)
[INFO] [stdout] 
[INFO] [stdout] running 0 tests
[INFO] [stdout] 
[INFO] [stdout] test result: ok. 0 passed; 0 failed; 0 ignored; 0 measured; 0 filtered out; finished in 0.00s
[INFO] [stdout] 
[INFO] [stderr]      Running unittests src/lib.rs (/opt/rustwide/target/debug/deps/minicou-137a31378909cd17)
[INFO] [stdout] 
[INFO] [stdout] running 3 tests
[INFO] [stdout] test solver::tests::depths ... ignored, too slow, shall be used as a benchmark.
[INFO] [stdout] test solver::tests::it_solves_endings_quickly ... FAILED
[INFO] [stdout] test solver::tests::it_finds_winning_continuations ... FAILED
[INFO] [stdout] 
[INFO] [stdout] failures:
[INFO] [stdout] 
[INFO] [stdout] ---- solver::tests::it_solves_endings_quickly stdout ----
[INFO] [stdout] wwwbb/bwbwb/bbbww/bbwww/w4 01234567
[INFO] [stdout]    8     9    10    11    12    13    14    15  
[INFO] [stdout] [44m [31m● [31m● [0m [47m [30m● [31m● [0m [47m [31m● [30m● [0m [44m [30m● [30m● [0m [47m [31m● [31m● [0m [44m [30m● [31m● [0m [44m [31m● [30m● [0m [44m [30m● [30m● [0m
[INFO] [stdout] [44m [31m● [30m● [0m [47m [31m● [30m● [0m [47m [31m● [30m● [0m [44m [31m● [30m● [0m [47m [30m● [30m● [0m [44m [30m● [30m● [0m [44m [30m● [30m● [0m [44m [30m● [30m● [0m
[INFO] [stdout]    a b c d e
[INFO] [stdout] 1 [47m [31m● [31m● [31m● [30m● [30m● [0m
[INFO] [stdout] 2 [47m [30m● [31m● [30m● [31m● [30m● [0m
[INFO] [stdout] 3 [47m [30m● [30m● [30m● [31m● [31m● [0m
[INFO] [stdout] 4 [47m [30m● [30m● [31m● [31m● [31m● [0m
[INFO] [stdout] 5 [47m [31m● [30m· [30m· [30m· [30m· [0m
[INFO] [stdout] 
[INFO] [stdout]    0     1     2     3     4     5     6     7  
[INFO] [stdout] [44m [31m● [31m● [0m [44m [30m● [31m● [0m [44m [31m● [30m● [0m [47m [30m● [30m● [0m [44m [31m● [31m● [0m [44m [30m● [31m● [0m [44m [31m● [30m● [0m [44m [30m● [30m● [0m
[INFO] [stdout] [44m [31m● [31m● [0m [44m [31m● [31m● [0m [44m [31m● [31m● [0m [47m [31m● [31m● [0m [44m [30m● [31m● [0m [44m [30m● [31m● [0m [44m [30m● [31m● [0m [44m [30m● [31m● [0m
[INFO] [stdout] 
[INFO] [stdout] 
[INFO] [stdout] thread 'solver::tests::it_solves_endings_quickly' panicked at minicou/src/solver.rs:187:9:
[INFO] [stdout] assertion `left == right` failed
[INFO] [stdout]   left: (3, Some(Move { x: 3, y: 4, color: White }), 30)
[INFO] [stdout]  right: (1, Some(Move { x: 1, y: 3, color: White }), 39)
[INFO] [stdout] stack backtrace:
[INFO] [stdout]    0:     0x60e84664052a - std::backtrace_rs::backtrace::libunwind::trace::h88deb10bd0145eb8
[INFO] [stdout]                                at /rustc/4d91de4e48198da2e33413efdcd9cd2cc0c46688/library/std/src/../../backtrace/src/backtrace/libunwind.rs:116:5
[INFO] [stdout]    1:     0x60e84664052a - std::backtrace_rs::backtrace::trace_unsynchronized::he1036f5481c14dff
[INFO] [stdout]                                at /rustc/4d91de4e48198da2e33413efdcd9cd2cc0c46688/library/std/src/../../backtrace/src/backtrace/mod.rs:66:5
[INFO] [stdout]    2:     0x60e84664052a - std::sys::backtrace::_print_fmt::hecc345b6e70c4b20
[INFO] [stdout]                                at /rustc/4d91de4e48198da2e33413efdcd9cd2cc0c46688/library/std/src/sys/backtrace.rs:66:9
[INFO] [stdout]    3:     0x60e84664052a - <std::sys::backtrace::BacktraceLock::print::DisplayBacktrace as core::fmt::Display>::fmt::he089f96442833f67
[INFO] [stdout]                                at /rustc/4d91de4e48198da2e33413efdcd9cd2cc0c46688/library/std/src/sys/backtrace.rs:39:26
[INFO] [stdout]    4:     0x60e846666b03 - core::fmt::rt::Argument::fmt::h1f77cded99c71a14
[INFO] [stdout]                                at /rustc/4d91de4e48198da2e33413efdcd9cd2cc0c46688/library/core/src/fmt/rt.rs:177:76
[INFO] [stdout]    5:     0x60e846666b03 - core::fmt::write::h2f210ed4c94745cb
[INFO] [stdout]                                at /rustc/4d91de4e48198da2e33413efdcd9cd2cc0c46688/library/core/src/fmt/mod.rs:1440:21
[INFO] [stdout]    6:     0x60e84663d643 - std::io::Write::write_fmt::he723b56f7e0bd522
[INFO] [stdout]                                at /rustc/4d91de4e48198da2e33413efdcd9cd2cc0c46688/library/std/src/io/mod.rs:1887:15
[INFO] [stdout]    7:     0x60e846640372 - std::sys::backtrace::BacktraceLock::print::h810fbd31421329e6
[INFO] [stdout]                                at /rustc/4d91de4e48198da2e33413efdcd9cd2cc0c46688/library/std/src/sys/backtrace.rs:42:9
[INFO] [stdout]    8:     0x60e846641a60 - std::panicking::default_hook::{{closure}}::hbaad47ed9dc6356d
[INFO] [stdout]                                at /rustc/4d91de4e48198da2e33413efdcd9cd2cc0c46688/library/std/src/panicking.rs:295:22
[INFO] [stdout]    9:     0x60e8466417fd - std::panicking::default_hook::h24e207139139d40a
[INFO] [stdout]                                at /rustc/4d91de4e48198da2e33413efdcd9cd2cc0c46688/library/std/src/panicking.rs:319:9
[INFO] [stdout]   10:     0x60e846603c23 - <alloc::boxed::Box<F,A> as core::ops::function::Fn<Args>>::call::h63353c459bb27956
[INFO] [stdout]                                at /rustc/4d91de4e48198da2e33413efdcd9cd2cc0c46688/library/alloc/src/boxed.rs:2007:9
[INFO] [stdout]   11:     0x60e846603c23 - test::test_main::{{closure}}::hd5af4d6c4e32fe08
[INFO] [stdout]                                at /rustc/4d91de4e48198da2e33413efdcd9cd2cc0c46688/library/test/src/lib.rs:134:21
[INFO] [stdout]   12:     0x60e846642293 - <alloc::boxed::Box<F,A> as core::ops::function::Fn<Args>>::call::h3af32c23caf5c679
[INFO] [stdout]                                at /rustc/4d91de4e48198da2e33413efdcd9cd2cc0c46688/library/alloc/src/boxed.rs:2007:9
[INFO] [stdout]   13:     0x60e846642293 - std::panicking::rust_panic_with_hook::ha9131beeb2ddc506
[INFO] [stdout]                                at /rustc/4d91de4e48198da2e33413efdcd9cd2cc0c46688/library/std/src/panicking.rs:836:13
[INFO] [stdout]   14:     0x60e846641f6a - std::panicking::begin_panic_handler::{{closure}}::h1bba0eaeb6da506f
[INFO] [stdout]                                at /rustc/4d91de4e48198da2e33413efdcd9cd2cc0c46688/library/std/src/panicking.rs:701:13
[INFO] [stdout]   15:     0x60e846640a29 - std::sys::backtrace::__rust_end_short_backtrace::h1d1ca3eade483f4c
[INFO] [stdout]                                at /rustc/4d91de4e48198da2e33413efdcd9cd2cc0c46688/library/std/src/sys/backtrace.rs:168:18
[INFO] [stdout]   16:     0x60e846641bfd - rust_begin_unwind
[INFO] [stdout]                                at /rustc/4d91de4e48198da2e33413efdcd9cd2cc0c46688/library/std/src/panicking.rs:692:5
[INFO] [stdout]   17:     0x60e8465bec70 - core::panicking::panic_fmt::h896a0727a1a943f9
[INFO] [stdout]                                at /rustc/4d91de4e48198da2e33413efdcd9cd2cc0c46688/library/core/src/panicking.rs:75:14
[INFO] [stdout]   18:     0x60e8465bef92 - core::panicking::assert_failed_inner::ha51bf8fa7906dee4
[INFO] [stdout]   19:     0x60e8465c7fb2 - core::panicking::assert_failed::h3f02e8a29c4121e3
[INFO] [stdout]                                at /rustc/4d91de4e48198da2e33413efdcd9cd2cc0c46688/library/core/src/panicking.rs:364:5
[INFO] [stdout]   20:     0x60e8465ca47e - minicou::solver::tests::it_solves_endings_quickly::h69597e18208759e8
[INFO] [stdout]                                at /opt/rustwide/workdir/minicou/src/solver.rs:187:3
[INFO] [stdout]   21:     0x60e8465ca197 - minicou::solver::tests::it_solves_endings_quickly::{{closure}}::h09c0e99a02b950f5
[INFO] [stdout]                                at /opt/rustwide/workdir/minicou/src/solver.rs:184:32
[INFO] [stdout]   22:     0x60e8465c7506 - core::ops::function::FnOnce::call_once::h2827133f56294c9c
[INFO] [stdout]                                at /rustc/4d91de4e48198da2e33413efdcd9cd2cc0c46688/library/core/src/ops/function.rs:250:5
[INFO] [stdout]   23:     0x60e8466093cb - core::ops::function::FnOnce::call_once::h8acc80b5a33ff319
[INFO] [stdout]                                at /rustc/4d91de4e48198da2e33413efdcd9cd2cc0c46688/library/core/src/ops/function.rs:250:5
[INFO] [stdout]   24:     0x60e8466093cb - test::__rust_begin_short_backtrace::h52b6da716ad42b7d
[INFO] [stdout]                                at /rustc/4d91de4e48198da2e33413efdcd9cd2cc0c46688/library/test/src/lib.rs:632:18
[INFO] [stdout]   25:     0x60e846608303 - test::run_test_in_process::{{closure}}::h2580047890abbefe
[INFO] [stdout]                                at /rustc/4d91de4e48198da2e33413efdcd9cd2cc0c46688/library/test/src/lib.rs:655:60
[INFO] [stdout]   26:     0x60e846608303 - <core::panic::unwind_safe::AssertUnwindSafe<F> as core::ops::function::FnOnce<()>>::call_once::h936f8c89d0a99c40
[INFO] [stdout]                                at /rustc/4d91de4e48198da2e33413efdcd9cd2cc0c46688/library/core/src/panic/unwind_safe.rs:272:9
[INFO] [stdout]   27:     0x60e846608303 - std::panicking::try::do_call::h868682cc368697f9
[INFO] [stdout]                                at /rustc/4d91de4e48198da2e33413efdcd9cd2cc0c46688/library/std/src/panicking.rs:584:40
[INFO] [stdout]   28:     0x60e846608303 - std::panicking::try::h0356ffc38cbb5501
[INFO] [stdout]                                at /rustc/4d91de4e48198da2e33413efdcd9cd2cc0c46688/library/std/src/panicking.rs:547:19
[INFO] [stdout]   29:     0x60e846608303 - std::panic::catch_unwind::h74edf102a3082536
[INFO] [stdout]                                at /rustc/4d91de4e48198da2e33413efdcd9cd2cc0c46688/library/std/src/panic.rs:358:14
[INFO] [stdout]   30:     0x60e846608303 - test::run_test_in_process::hc27d69576b7224e4
[INFO] [stdout]                                at /rustc/4d91de4e48198da2e33413efdcd9cd2cc0c46688/library/test/src/lib.rs:655:27
[INFO] [stdout]   31:     0x60e846608303 - test::run_test::{{closure}}::h9f3bfaf910429adb
[INFO] [stdout]                                at /rustc/4d91de4e48198da2e33413efdcd9cd2cc0c46688/library/test/src/lib.rs:576:43
[INFO] [stdout]   32:     0x60e8465cc035 - test::run_test::{{closure}}::h3d537cdce8ec5816
[INFO] [stdout]                                at /rustc/4d91de4e48198da2e33413efdcd9cd2cc0c46688/library/test/src/lib.rs:606:41
[INFO] [stdout]   33:     0x60e8465cc035 - std::sys::backtrace::__rust_begin_short_backtrace::hb51d9a6c67ec382d
[INFO] [stdout]                                at /rustc/4d91de4e48198da2e33413efdcd9cd2cc0c46688/library/std/src/sys/backtrace.rs:152:18
[INFO] [stdout]   34:     0x60e8465cfa76 - std::thread::Builder::spawn_unchecked_::{{closure}}::{{closure}}::h5738f3abb9603fe6
[INFO] [stdout]                                at /rustc/4d91de4e48198da2e33413efdcd9cd2cc0c46688/library/std/src/thread/mod.rs:564:17
[INFO] [stdout]   35:     0x60e8465cfa76 - <core::panic::unwind_safe::AssertUnwindSafe<F> as core::ops::function::FnOnce<()>>::call_once::h5e9f4b56e45e8108
[INFO] [stdout]                                at /rustc/4d91de4e48198da2e33413efdcd9cd2cc0c46688/library/core/src/panic/unwind_safe.rs:272:9
[INFO] [stdout]   36:     0x60e8465cfa76 - std::panicking::try::do_call::ha36db853b2f34e23
[INFO] [stdout]                                at /rustc/4d91de4e48198da2e33413efdcd9cd2cc0c46688/library/std/src/panicking.rs:584:40
[INFO] [stdout]   37:     0x60e8465cfa76 - std::panicking::try::h57e1aa33a0efb1be
[INFO] [stdout]                                at /rustc/4d91de4e48198da2e33413efdcd9cd2cc0c46688/library/std/src/panicking.rs:547:19
[INFO] [stdout]   38:     0x60e8465cfa76 - std::panic::catch_unwind::hdb71a6103024936e
[INFO] [stdout]                                at /rustc/4d91de4e48198da2e33413efdcd9cd2cc0c46688/library/std/src/panic.rs:358:14
[INFO] [stdout]   39:     0x60e8465cfa76 - std::thread::Builder::spawn_unchecked_::{{closure}}::h8caa22218f423ab1
[INFO] [stdout]                                at /rustc/4d91de4e48198da2e33413efdcd9cd2cc0c46688/library/std/src/thread/mod.rs:562:30
[INFO] [stdout]   40:     0x60e8465cfa76 - core::ops::function::FnOnce::call_once{{vtable.shim}}::hb3b44780e9c053e5
[INFO] [stdout]                                at /rustc/4d91de4e48198da2e33413efdcd9cd2cc0c46688/library/core/src/ops/function.rs:250:5
[INFO] [stdout]   41:     0x60e8466460fb - <alloc::boxed::Box<F,A> as core::ops::function::FnOnce<Args>>::call_once::h2649f14f1b1c150d
[INFO] [stdout]                                at /rustc/4d91de4e48198da2e33413efdcd9cd2cc0c46688/library/alloc/src/boxed.rs:1993:9
[INFO] [stdout]   42:     0x60e8466460fb - <alloc::boxed::Box<F,A> as core::ops::function::FnOnce<Args>>::call_once::hb2ade58cb34e1bc4
[INFO] [stdout]                                at /rustc/4d91de4e48198da2e33413efdcd9cd2cc0c46688/library/alloc/src/boxed.rs:1993:9
[INFO] [stdout]   43:     0x60e8466460fb - std::sys::pal::unix::thread::Thread::new::thread_start::ha07e360225fa3528
[INFO] [stdout]                                at /rustc/4d91de4e48198da2e33413efdcd9cd2cc0c46688/library/std/src/sys/pal/unix/thread.rs:106:17
[INFO] [stdout]   44:     0x77e543761ac3 - <unknown>
[INFO] [stdout]   45:     0x77e5437f2a04 - clone
[INFO] [stdout]   46:                0x0 - <unknown>
[INFO] [stdout] 
[INFO] [stdout] ---- solver::tests::it_finds_winning_continuations stdout ----
[INFO] [stdout] 2bbw/bww1w/w1w1w/1w1bw/wbb1b 2458abdf
[INFO] [stdout]    0     1     3     6     7     9    12    14  
[INFO] [stdout] [47m [31m● [31m● [0m [47m [30m● [31m● [0m [47m [30m● [30m● [0m [47m [31m● [30m● [0m [47m [30m● [30m● [0m [47m [30m● [31m● [0m [47m [31m● [31m● [0m [47m [31m● [30m● [0m
[INFO] [stdout] [47m [31m● [31m● [0m [47m [31m● [31m● [0m [47m [31m● [31m● [0m [47m [30m● [31m● [0m [47m [30m● [31m● [0m [47m [31m● [30m● [0m [47m [30m● [30m● [0m [47m [30m● [30m● [0m
[INFO] [stdout]    a b c d e
[INFO] [stdout] 1 [47m [30m· [30m· [30m● [30m● [31m● [0m
[INFO] [stdout] 2 [47m [30m● [31m● [31m● [30m· [31m● [0m
[INFO] [stdout] 3 [47m [31m● [30m· [31m● [30m· [31m● [0m
[INFO] [stdout] 4 [47m [30m· [31m● [30m· [30m● [31m● [0m
[INFO] [stdout] 5 [47m [31m● [30m● [30m● [30m· [30m● [0m
[INFO] [stdout] 
[INFO] [stdout]    2     4     5     8    10    11    13    15  
[INFO] [stdout] [47m [31m● [30m● [0m [47m [31m● [31m● [0m [47m [30m● [31m● [0m [47m [31m● [31m● [0m [47m [31m● [30m● [0m [47m [30m● [30m● [0m [47m [30m● [31m● [0m [47m [30m● [30m● [0m
[INFO] [stdout] [47m [31m● [31m● [0m [47m [30m● [31m● [0m [47m [30m● [31m● [0m [47m [31m● [30m● [0m [47m [31m● [30m● [0m [47m [31m● [30m● [0m [47m [30m● [30m● [0m [47m [30m● [30m● [0m
[INFO] [stdout] 
[INFO] [stdout] (0, Some(Move { x: 1, y: 2, color: Black }), 2736)
[INFO] [stdout] 
[INFO] [stdout] thread 'solver::tests::it_finds_winning_continuations' panicked at minicou/src/solver.rs:169:9:
[INFO] [stdout] assertion failed: matches!(Solver::solve(&board, Some(8)), (x, Some(_), _) if x > 0)
[INFO] [stdout] stack backtrace:
[INFO] [stdout]    0:     0x60e84664052a - std::backtrace_rs::backtrace::libunwind::trace::h88deb10bd0145eb8
[INFO] [stdout]                                at /rustc/4d91de4e48198da2e33413efdcd9cd2cc0c46688/library/std/src/../../backtrace/src/backtrace/libunwind.rs:116:5
[INFO] [stdout]    1:     0x60e84664052a - std::backtrace_rs::backtrace::trace_unsynchronized::he1036f5481c14dff
[INFO] [stdout]                                at /rustc/4d91de4e48198da2e33413efdcd9cd2cc0c46688/library/std/src/../../backtrace/src/backtrace/mod.rs:66:5
[INFO] [stdout]    2:     0x60e84664052a - std::sys::backtrace::_print_fmt::hecc345b6e70c4b20
[INFO] [stdout]                                at /rustc/4d91de4e48198da2e33413efdcd9cd2cc0c46688/library/std/src/sys/backtrace.rs:66:9
[INFO] [stdout]    3:     0x60e84664052a - <std::sys::backtrace::BacktraceLock::print::DisplayBacktrace as core::fmt::Display>::fmt::he089f96442833f67
[INFO] [stdout]                                at /rustc/4d91de4e48198da2e33413efdcd9cd2cc0c46688/library/std/src/sys/backtrace.rs:39:26
[INFO] [stdout]    4:     0x60e846666b03 - core::fmt::rt::Argument::fmt::h1f77cded99c71a14
[INFO] [stdout]                                at /rustc/4d91de4e48198da2e33413efdcd9cd2cc0c46688/library/core/src/fmt/rt.rs:177:76
[INFO] [stdout]    5:     0x60e846666b03 - core::fmt::write::h2f210ed4c94745cb
[INFO] [stdout]                                at /rustc/4d91de4e48198da2e33413efdcd9cd2cc0c46688/library/core/src/fmt/mod.rs:1440:21
[INFO] [stdout]    6:     0x60e84663d643 - std::io::Write::write_fmt::he723b56f7e0bd522
[INFO] [stdout]                                at /rustc/4d91de4e48198da2e33413efdcd9cd2cc0c46688/library/std/src/io/mod.rs:1887:15
[INFO] [stdout]    7:     0x60e846640372 - std::sys::backtrace::BacktraceLock::print::h810fbd31421329e6
[INFO] [stdout]                                at /rustc/4d91de4e48198da2e33413efdcd9cd2cc0c46688/library/std/src/sys/backtrace.rs:42:9
[INFO] [stdout]    8:     0x60e846641a60 - std::panicking::default_hook::{{closure}}::hbaad47ed9dc6356d
[INFO] [stdout]                                at /rustc/4d91de4e48198da2e33413efdcd9cd2cc0c46688/library/std/src/panicking.rs:295:22
[INFO] [stdout]    9:     0x60e8466417fd - std::panicking::default_hook::h24e207139139d40a
[INFO] [stdout]                                at /rustc/4d91de4e48198da2e33413efdcd9cd2cc0c46688/library/std/src/panicking.rs:319:9
[INFO] [stdout]   10:     0x60e846603c23 - <alloc::boxed::Box<F,A> as core::ops::function::Fn<Args>>::call::h63353c459bb27956
[INFO] [stdout]                                at /rustc/4d91de4e48198da2e33413efdcd9cd2cc0c46688/library/alloc/src/boxed.rs:2007:9
[INFO] [stdout]   11:     0x60e846603c23 - test::test_main::{{closure}}::hd5af4d6c4e32fe08
[INFO] [stdout]                                at /rustc/4d91de4e48198da2e33413efdcd9cd2cc0c46688/library/test/src/lib.rs:134:21
[INFO] [stdout]   12:     0x60e846642293 - <alloc::boxed::Box<F,A> as core::ops::function::Fn<Args>>::call::h3af32c23caf5c679
[INFO] [stdout]                                at /rustc/4d91de4e48198da2e33413efdcd9cd2cc0c46688/library/alloc/src/boxed.rs:2007:9
[INFO] [stdout]   13:     0x60e846642293 - std::panicking::rust_panic_with_hook::ha9131beeb2ddc506
[INFO] [stdout]                                at /rustc/4d91de4e48198da2e33413efdcd9cd2cc0c46688/library/std/src/panicking.rs:836:13
[INFO] [stdout]   14:     0x60e846641f36 - std::panicking::begin_panic_handler::{{closure}}::h1bba0eaeb6da506f
[INFO] [stdout]                                at /rustc/4d91de4e48198da2e33413efdcd9cd2cc0c46688/library/std/src/panicking.rs:694:13
[INFO] [stdout]   15:     0x60e846640a29 - std::sys::backtrace::__rust_end_short_backtrace::h1d1ca3eade483f4c
[INFO] [stdout]                                at /rustc/4d91de4e48198da2e33413efdcd9cd2cc0c46688/library/std/src/sys/backtrace.rs:168:18
[INFO] [stdout]   16:     0x60e846641bfd - rust_begin_unwind
[INFO] [stdout]                                at /rustc/4d91de4e48198da2e33413efdcd9cd2cc0c46688/library/std/src/panicking.rs:692:5
[INFO] [stdout]   17:     0x60e8465bec70 - core::panicking::panic_fmt::h896a0727a1a943f9
[INFO] [stdout]                                at /rustc/4d91de4e48198da2e33413efdcd9cd2cc0c46688/library/core/src/panicking.rs:75:14
[INFO] [stdout]   18:     0x60e8465becfc - core::panicking::panic::h06336e0c962d4a4a
[INFO] [stdout]                                at /rustc/4d91de4e48198da2e33413efdcd9cd2cc0c46688/library/core/src/panicking.rs:145:5
[INFO] [stdout]   19:     0x60e8465c9e59 - minicou::solver::tests::it_finds_winning_continuations::hd2ab83d9afc43fe7
[INFO] [stdout]                                at /opt/rustwide/workdir/minicou/src/solver.rs:169:3
[INFO] [stdout]   20:     0x60e8465c9b77 - minicou::solver::tests::it_finds_winning_continuations::{{closure}}::h9ca2509ae523ea59
[INFO] [stdout]                                at /opt/rustwide/workdir/minicou/src/solver.rs:165:37
[INFO] [stdout]   21:     0x60e8465c7756 - core::ops::function::FnOnce::call_once::he5b14b8d52f09c6e
[INFO] [stdout]                                at /rustc/4d91de4e48198da2e33413efdcd9cd2cc0c46688/library/core/src/ops/function.rs:250:5
[INFO] [stdout]   22:     0x60e8466093cb - core::ops::function::FnOnce::call_once::h8acc80b5a33ff319
[INFO] [stdout]                                at /rustc/4d91de4e48198da2e33413efdcd9cd2cc0c46688/library/core/src/ops/function.rs:250:5
[INFO] [stdout]   23:     0x60e8466093cb - test::__rust_begin_short_backtrace::h52b6da716ad42b7d
[INFO] [stdout]                                at /rustc/4d91de4e48198da2e33413efdcd9cd2cc0c46688/library/test/src/lib.rs:632:18
[INFO] [stdout]   24:     0x60e846608303 - test::run_test_in_process::{{closure}}::h2580047890abbefe
[INFO] [stdout]                                at /rustc/4d91de4e48198da2e33413efdcd9cd2cc0c46688/library/test/src/lib.rs:655:60
[INFO] [stdout]   25:     0x60e846608303 - <core::panic::unwind_safe::AssertUnwindSafe<F> as core::ops::function::FnOnce<()>>::call_once::h936f8c89d0a99c40
[INFO] [stdout]                                at /rustc/4d91de4e48198da2e33413efdcd9cd2cc0c46688/library/core/src/panic/unwind_safe.rs:272:9
[INFO] [stdout]   26:     0x60e846608303 - std::panicking::try::do_call::h868682cc368697f9
[INFO] [stdout]                                at /rustc/4d91de4e48198da2e33413efdcd9cd2cc0c46688/library/std/src/panicking.rs:584:40
[INFO] [stdout]   27:     0x60e846608303 - std::panicking::try::h0356ffc38cbb5501
[INFO] [stdout]                                at /rustc/4d91de4e48198da2e33413efdcd9cd2cc0c46688/library/std/src/panicking.rs:547:19
[INFO] [stdout]   28:     0x60e846608303 - std::panic::catch_unwind::h74edf102a3082536
[INFO] [stdout]                                at /rustc/4d91de4e48198da2e33413efdcd9cd2cc0c46688/library/std/src/panic.rs:358:14
[INFO] [stdout]   29:     0x60e846608303 - test::run_test_in_process::hc27d69576b7224e4
[INFO] [stdout]                                at /rustc/4d91de4e48198da2e33413efdcd9cd2cc0c46688/library/test/src/lib.rs:655:27
[INFO] [stdout]   30:     0x60e846608303 - test::run_test::{{closure}}::h9f3bfaf910429adb
[INFO] [stdout]                                at /rustc/4d91de4e48198da2e33413efdcd9cd2cc0c46688/library/test/src/lib.rs:576:43
[INFO] [stdout]   31:     0x60e8465cc035 - test::run_test::{{closure}}::h3d537cdce8ec5816
[INFO] [stdout]                                at /rustc/4d91de4e48198da2e33413efdcd9cd2cc0c46688/library/test/src/lib.rs:606:41
[INFO] [stdout]   32:     0x60e8465cc035 - std::sys::backtrace::__rust_begin_short_backtrace::hb51d9a6c67ec382d
[INFO] [stdout]                                at /rustc/4d91de4e48198da2e33413efdcd9cd2cc0c46688/library/std/src/sys/backtrace.rs:152:18
[INFO] [stdout]   33:     0x60e8465cfa76 - std::thread::Builder::spawn_unchecked_::{{closure}}::{{closure}}::h5738f3abb9603fe6
[INFO] [stdout]                                at /rustc/4d91de4e48198da2e33413efdcd9cd2cc0c46688/library/std/src/thread/mod.rs:564:17
[INFO] [stdout]   34:     0x60e8465cfa76 - <core::panic::unwind_safe::AssertUnwindSafe<F> as core::ops::function::FnOnce<()>>::call_once::h5e9f4b56e45e8108
[INFO] [stdout]                                at /rustc/4d91de4e48198da2e33413efdcd9cd2cc0c46688/library/core/src/panic/unwind_safe.rs:272:9
[INFO] [stdout]   35:     0x60e8465cfa76 - std::panicking::try::do_call::ha36db853b2f34e23
[INFO] [stdout]                                at /rustc/4d91de4e48198da2e33413efdcd9cd2cc0c46688/library/std/src/panicking.rs:584:40
[INFO] [stdout]   36:     0x60e8465cfa76 - std::panicking::try::h57e1aa33a0efb1be
[INFO] [stdout]                                at /rustc/4d91de4e48198da2e33413efdcd9cd2cc0c46688/library/std/src/panicking.rs:547:19
[INFO] [stdout]   37:     0x60e8465cfa76 - std::panic::catch_unwind::hdb71a6103024936e
[INFO] [stdout]                                at /rustc/4d91de4e48198da2e33413efdcd9cd2cc0c46688/library/std/src/panic.rs:358:14
[INFO] [stdout]   38:     0x60e8465cfa76 - std::thread::Builder::spawn_unchecked_::{{closure}}::h8caa22218f423ab1
[INFO] [stdout]                                at /rustc/4d91de4e48198da2e33413efdcd9cd2cc0c46688/library/std/src/thread/mod.rs:562:30
[INFO] [stdout]   39:     0x60e8465cfa76 - core::ops::function::FnOnce::call_once{{vtable.shim}}::hb3b44780e9c053e5
[INFO] [stdout]                                at /rustc/4d91de4e48198da2e33413efdcd9cd2cc0c46688/library/core/src/ops/function.rs:250:5
[INFO] [stdout]   40:     0x60e8466460fb - <alloc::boxed::Box<F,A> as core::ops::function::FnOnce<Args>>::call_once::h2649f14f1b1c150d
[INFO] [stdout]                                at /rustc/4d91de4e48198da2e33413efdcd9cd2cc0c46688/library/alloc/src/boxed.rs:1993:9
[INFO] [stdout]   41:     0x60e8466460fb - <alloc::boxed::Box<F,A> as core::ops::function::FnOnce<Args>>::call_once::hb2ade58cb34e1bc4
[INFO] [stdout]                                at /rustc/4d91de4e48198da2e33413efdcd9cd2cc0c46688/library/alloc/src/boxed.rs:1993:9
[INFO] [stdout]   42:     0x60e8466460fb - std::sys::pal::unix::thread::Thread::new::thread_start::ha07e360225fa3528
[INFO] [stdout]                                at /rustc/4d91de4e48198da2e33413efdcd9cd2cc0c46688/library/std/src/sys/pal/unix/thread.rs:106:17
[INFO] [stdout]   43:     0x77e543761ac3 - <unknown>
[INFO] [stdout]   44:     0x77e5437f2a04 - clone
[INFO] [stdout]   45:                0x0 - <unknown>
[INFO] [stdout] 
[INFO] [stdout] 
[INFO] [stdout] failures:
[INFO] [stdout]     solver::tests::it_finds_winning_continuations
[INFO] [stdout]     solver::tests::it_solves_endings_quickly
[INFO] [stdout] 
[INFO] [stdout] test result: FAILED. 0 passed; 2 failed; 1 ignored; 0 measured; 0 filtered out; finished in 0.02s
[INFO] [stdout] 
[INFO] [stderr] error: test failed, to rerun pass `-p minicou --lib`
[INFO] running `Command { std: "docker" "inspect" "f62f219082487d84cb863f326673ce860e7262794faf83ca01a830bcffdef5e8", kill_on_drop: false }`
[INFO] running `Command { std: "docker" "rm" "-f" "f62f219082487d84cb863f326673ce860e7262794faf83ca01a830bcffdef5e8", kill_on_drop: false }`
[INFO] [stdout] f62f219082487d84cb863f326673ce860e7262794faf83ca01a830bcffdef5e8
