[INFO] cloning repository https://github.com/AIngleLab/ai-id
[INFO] running `Command { std: "git" "-c" "credential.helper=" "-c" "credential.helper=/workspace/cargo-home/bin/git-credential-null" "clone" "--bare" "https://github.com/AIngleLab/ai-id" "/workspace/cache/git-repos/https%3A%2F%2Fgithub.com%2FAIngleLab%2Fai-id", kill_on_drop: false }`
[INFO] [stderr] Cloning into bare repository '/workspace/cache/git-repos/https%3A%2F%2Fgithub.com%2FAIngleLab%2Fai-id'...
[INFO] running `Command { std: "git" "rev-parse" "HEAD", kill_on_drop: false }`
[INFO] [stdout] 4b655df68c9b9fb3e439c198fb1b2bd471012577
[INFO] testing AIngleLab/ai-id against 1.85.0 for beta-1.86-3
[INFO] running `Command { std: "git" "clone" "/workspace/cache/git-repos/https%3A%2F%2Fgithub.com%2FAIngleLab%2Fai-id" "/workspace/builds/worker-4-tc1/source", kill_on_drop: false }`
[INFO] [stderr] Cloning into '/workspace/builds/worker-4-tc1/source'...
[INFO] [stderr] done.
[INFO] validating manifest of git repo https://github.com/AIngleLab/ai-id on toolchain 1.85.0
[INFO] running `Command { std: CARGO_HOME="/workspace/cargo-home" RUSTUP_HOME="/workspace/rustup-home" "/workspace/cargo-home/bin/cargo" "+1.85.0" "metadata" "--manifest-path" "Cargo.toml" "--no-deps", kill_on_drop: false }`
[INFO] started tweaking git repo https://github.com/AIngleLab/ai-id
[INFO] finished tweaking git repo https://github.com/AIngleLab/ai-id
[INFO] tweaked toml for git repo https://github.com/AIngleLab/ai-id written to /workspace/builds/worker-4-tc1/source/Cargo.toml
[INFO] crate git repo https://github.com/AIngleLab/ai-id already has a lockfile, it will not be regenerated
[INFO] running `Command { std: CARGO_HOME="/workspace/cargo-home" RUSTUP_HOME="/workspace/rustup-home" "/workspace/cargo-home/bin/cargo" "+1.85.0" "fetch" "--manifest-path" "Cargo.toml", kill_on_drop: false }`
[INFO] [stderr] warning: /workspace/builds/worker-4-tc1/source/aiid-js/rust/Cargo.toml: no edition set: defaulting to the 2015 edition while the latest is 2024
[INFO] [stderr]     Blocking waiting for file lock on package cache
[INFO] [stderr]     Updating crates.io index
[INFO] [stderr]     Blocking waiting for file lock on package cache
[INFO] [stderr]  Downloading crates ...
[INFO] [stderr]   Downloaded void v1.0.2
[INFO] [stderr]   Downloaded unreachable v1.0.0
[INFO] [stderr]   Downloaded cfg-if v0.1.6
[INFO] [stderr]   Downloaded memory_units v0.4.0
[INFO] [stderr]   Downloaded wasm-bindgen-macro v0.2.40
[INFO] [stderr]   Downloaded wee_alloc v0.4.4
[INFO] [stderr]   Downloaded hex v0.3.2
[INFO] [stderr]   Downloaded wasm-bindgen-shared v0.2.40
[INFO] [stderr]   Downloaded itoa v0.4.3
[INFO] [stderr]   Downloaded log v0.4.6
[INFO] [stderr]   Downloaded wasm-bindgen-backend v0.2.40
[INFO] [stderr]   Downloaded reed-solomon v0.2.1
[INFO] [stderr]   Downloaded wasm-bindgen-macro-support v0.2.40
[INFO] [stderr]   Downloaded ryu v0.2.7
[INFO] [stderr]   Downloaded serde_json v1.0.38
[INFO] [stderr]   Downloaded proc-macro2 v0.4.27
[INFO] [stderr]   Downloaded serde v1.0.87
[INFO] [stderr]   Downloaded wasm-bindgen v0.2.40
[INFO] [stderr]   Downloaded aiid v0.0.2
[INFO] [stderr]   Downloaded bumpalo v2.4.1
[INFO] [stderr]   Downloaded syn v0.15.26
[INFO] [stderr]   Downloaded lazy_static v1.2.0
[INFO] [stderr]   Downloaded quote v0.6.11
[INFO] [stderr]   Downloaded unicode-xid v0.1.0
[INFO] [stderr]   Downloaded libc v0.2.54
[INFO] [stderr]   Downloaded winapi v0.3.7
[INFO] running `Command { std: "docker" "create" "-v" "/var/lib/crater-agent-workspace/builds/worker-4-tc1/target:/opt/rustwide/target:rw,Z" "-v" "/var/lib/crater-agent-workspace/builds/worker-4-tc1/source:/opt/rustwide/workdir:ro,Z" "-v" "/var/lib/crater-agent-workspace/cargo-home:/opt/rustwide/cargo-home:ro,Z" "-v" "/var/lib/crater-agent-workspace/rustup-home:/opt/rustwide/rustup-home:ro,Z" "-e" "SOURCE_DIR=/opt/rustwide/workdir" "-e" "CARGO_TARGET_DIR=/opt/rustwide/target" "-e" "CARGO_HOME=/opt/rustwide/cargo-home" "-e" "RUSTUP_HOME=/opt/rustwide/rustup-home" "-w" "/opt/rustwide/workdir" "-m" "1610612736" "--user" "0:0" "--network" "none" "ghcr.io/rust-lang/crates-build-env/linux@sha256:3959728d45483eb673ba100a951a6b9f5012970368db2a9e08e0ac9b67c8a5ad" "/opt/rustwide/cargo-home/bin/cargo" "+1.85.0" "metadata" "--no-deps" "--format-version=1", kill_on_drop: false }`
[INFO] [stdout] 87d8c1b4f2813a8bd350321f0dd1c78fd2a2b6a4b05503e3dcf32009f48cb3a2
[INFO] running `Command { std: "docker" "start" "-a" "87d8c1b4f2813a8bd350321f0dd1c78fd2a2b6a4b05503e3dcf32009f48cb3a2", kill_on_drop: false }`
[INFO] running `Command { std: "docker" "inspect" "87d8c1b4f2813a8bd350321f0dd1c78fd2a2b6a4b05503e3dcf32009f48cb3a2", kill_on_drop: false }`
[INFO] running `Command { std: "docker" "rm" "-f" "87d8c1b4f2813a8bd350321f0dd1c78fd2a2b6a4b05503e3dcf32009f48cb3a2", kill_on_drop: false }`
[INFO] [stdout] 87d8c1b4f2813a8bd350321f0dd1c78fd2a2b6a4b05503e3dcf32009f48cb3a2
[INFO] running `Command { std: "docker" "create" "-v" "/var/lib/crater-agent-workspace/builds/worker-4-tc1/target:/opt/rustwide/target:rw,Z" "-v" "/var/lib/crater-agent-workspace/builds/worker-4-tc1/source:/opt/rustwide/workdir:ro,Z" "-v" "/var/lib/crater-agent-workspace/cargo-home:/opt/rustwide/cargo-home:ro,Z" "-v" "/var/lib/crater-agent-workspace/rustup-home:/opt/rustwide/rustup-home:ro,Z" "-e" "SOURCE_DIR=/opt/rustwide/workdir" "-e" "CARGO_TARGET_DIR=/opt/rustwide/target" "-e" "CARGO_INCREMENTAL=0" "-e" "RUST_BACKTRACE=full" "-e" "RUSTFLAGS=--cap-lints=warn" "-e" "RUSTDOCFLAGS=--cap-lints=warn" "-e" "CARGO_HOME=/opt/rustwide/cargo-home" "-e" "RUSTUP_HOME=/opt/rustwide/rustup-home" "-w" "/opt/rustwide/workdir" "-m" "1610612736" "--user" "0:0" "--network" "none" "ghcr.io/rust-lang/crates-build-env/linux@sha256:3959728d45483eb673ba100a951a6b9f5012970368db2a9e08e0ac9b67c8a5ad" "/opt/rustwide/cargo-home/bin/cargo" "+1.85.0" "build" "--frozen" "--message-format=json", kill_on_drop: false }`
[INFO] [stdout] 09a4b7db9855a8f88f0da4a91e9b057fa3219bb8298f73bf7040f21868798a04
[INFO] running `Command { std: "docker" "start" "-a" "09a4b7db9855a8f88f0da4a91e9b057fa3219bb8298f73bf7040f21868798a04", kill_on_drop: false }`
[INFO] [stderr] warning: /opt/rustwide/workdir/aiid-js/rust/Cargo.toml: no edition set: defaulting to the 2015 edition while the latest is 2024
[INFO] [stderr]    Compiling cfg-if v0.1.6
[INFO] [stderr]    Compiling lazy_static v1.2.0
[INFO] [stderr]    Compiling bumpalo v2.4.1
[INFO] [stderr]    Compiling libc v0.2.54
[INFO] [stderr]    Compiling wee_alloc v0.4.4
[INFO] [stderr]    Compiling void v1.0.2
[INFO] [stderr]    Compiling reed-solomon v0.2.1
[INFO] [stderr]    Compiling syn v0.15.26
[INFO] [stderr]    Compiling log v0.4.6
[INFO] [stderr]    Compiling unreachable v1.0.0
[INFO] [stderr]    Compiling aiid v0.0.2
[INFO] [stderr]    Compiling aiid v0.0.2 (/opt/rustwide/workdir/aiid)
[INFO] [stdout] warning: type `aiidError` should have an upper camel case name
[INFO] [stdout]  --> aiid/src/error.rs:3:12
[INFO] [stdout]   |
[INFO] [stdout] 3 | pub struct aiidError(pub String);
[INFO] [stdout]   |            ^^^^^^^^^ help: convert the identifier to upper camel case: `AiidError`
[INFO] [stdout]   |
[INFO] [stdout]   = note: `#[warn(non_camel_case_types)]` on by default
[INFO] [stdout] 
[INFO] [stdout] 
[INFO] [stdout] warning: type `aiidResult` should have an upper camel case name
[INFO] [stdout]  --> aiid/src/error.rs:6:10
[INFO] [stdout]   |
[INFO] [stdout] 6 | pub type aiidResult<T> = Result<T, aiidError>;
[INFO] [stdout]   |          ^^^^^^^^^^ help: convert the identifier to upper camel case: `AiidResult`
[INFO] [stdout] 
[INFO] [stdout] 
[INFO] [stdout] warning: type `aiidEncodingConfig` should have an upper camel case name
[INFO] [stdout]   --> aiid/src/lib.rs:99:12
[INFO] [stdout]    |
[INFO] [stdout] 99 | pub struct aiidEncodingConfig {
[INFO] [stdout]    |            ^^^^^^^^^^^^^^^^^^ help: convert the identifier to upper camel case: `AiidEncodingConfig`
[INFO] [stdout] 
[INFO] [stdout] 
[INFO] [stdout] warning: type `aiidEncoding` should have an upper camel case name
[INFO] [stdout]    --> aiid/src/lib.rs:155:12
[INFO] [stdout]     |
[INFO] [stdout] 155 | pub struct aiidEncoding {
[INFO] [stdout]     |            ^^^^^^^^^^^^ help: convert the identifier to upper camel case: `AiidEncoding`
[INFO] [stdout] 
[INFO] [stdout] 
[INFO] [stdout] warning: trait objects without an explicit `dyn` are deprecated
[INFO] [stdout]   --> aiid/src/error.rs:18:32
[INFO] [stdout]    |
[INFO] [stdout] 18 |     fn cause(&self) -> Option<&std::error::Error> {
[INFO] [stdout]    |                                ^^^^^^^^^^^^^^^^^
[INFO] [stdout]    |
[INFO] [stdout]    = warning: this is accepted in the current edition (Rust 2018) but is a hard error in Rust 2021!
[INFO] [stdout]    = note: for more information, see <https://doc.rust-lang.org/nightly/edition-guide/rust-2021/warnings-promoted-to-error.html>
[INFO] [stdout]    = note: `#[warn(bare_trait_objects)]` on by default
[INFO] [stdout] help: if this is a dyn-compatible trait, use `dyn`
[INFO] [stdout]    |
[INFO] [stdout] 18 |     fn cause(&self) -> Option<&dyn std::error::Error> {
[INFO] [stdout]    |                                +++
[INFO] [stdout] 
[INFO] [stdout] 
[INFO] [stderr]    Compiling wasm-bindgen-backend v0.2.40
[INFO] [stderr]    Compiling wasm-bindgen-macro-support v0.2.40
[INFO] [stderr]    Compiling wasm-bindgen-macro v0.2.40
[INFO] [stderr]    Compiling wasm-bindgen v0.2.40
[INFO] [stderr]    Compiling aiid_js v0.0.1 (/opt/rustwide/workdir/aiid-js/rust)
[INFO] [stderr]     Finished `dev` profile [unoptimized + debuginfo] target(s) in 8.59s
[INFO] [stderr] warning: the following packages contain code that will be rejected by a future version of Rust: wasm-bindgen v0.2.40
[INFO] [stderr] note: to see what the problems were, use the option `--future-incompat-report`, or run `cargo report future-incompatibilities --id 12`
[INFO] running `Command { std: "docker" "inspect" "09a4b7db9855a8f88f0da4a91e9b057fa3219bb8298f73bf7040f21868798a04", kill_on_drop: false }`
[INFO] running `Command { std: "docker" "rm" "-f" "09a4b7db9855a8f88f0da4a91e9b057fa3219bb8298f73bf7040f21868798a04", kill_on_drop: false }`
[INFO] [stdout] 09a4b7db9855a8f88f0da4a91e9b057fa3219bb8298f73bf7040f21868798a04
[INFO] running `Command { std: "docker" "create" "-v" "/var/lib/crater-agent-workspace/builds/worker-4-tc1/target:/opt/rustwide/target:rw,Z" "-v" "/var/lib/crater-agent-workspace/builds/worker-4-tc1/source:/opt/rustwide/workdir:ro,Z" "-v" "/var/lib/crater-agent-workspace/cargo-home:/opt/rustwide/cargo-home:ro,Z" "-v" "/var/lib/crater-agent-workspace/rustup-home:/opt/rustwide/rustup-home:ro,Z" "-e" "SOURCE_DIR=/opt/rustwide/workdir" "-e" "CARGO_TARGET_DIR=/opt/rustwide/target" "-e" "CARGO_INCREMENTAL=0" "-e" "RUST_BACKTRACE=full" "-e" "RUSTFLAGS=--cap-lints=warn" "-e" "RUSTDOCFLAGS=--cap-lints=warn" "-e" "CARGO_HOME=/opt/rustwide/cargo-home" "-e" "RUSTUP_HOME=/opt/rustwide/rustup-home" "-w" "/opt/rustwide/workdir" "-m" "1610612736" "--user" "0:0" "--network" "none" "ghcr.io/rust-lang/crates-build-env/linux@sha256:3959728d45483eb673ba100a951a6b9f5012970368db2a9e08e0ac9b67c8a5ad" "/opt/rustwide/cargo-home/bin/cargo" "+1.85.0" "test" "--frozen" "--no-run" "--message-format=json", kill_on_drop: false }`
[INFO] [stdout] b48040cfc05f1d29ddb2f7577c4d60288a105e7b1f84be8e014a13ffb9d72d3b
[INFO] running `Command { std: "docker" "start" "-a" "b48040cfc05f1d29ddb2f7577c4d60288a105e7b1f84be8e014a13ffb9d72d3b", kill_on_drop: false }`
[INFO] [stderr] warning: /opt/rustwide/workdir/aiid-js/rust/Cargo.toml: no edition set: defaulting to the 2015 edition while the latest is 2024
[INFO] [stderr]    Compiling serde v1.0.87
[INFO] [stderr]    Compiling hex v0.3.2
[INFO] [stderr]    Compiling aiid_js v0.0.1 (/opt/rustwide/workdir/aiid-js/rust)
[INFO] [stdout] warning: type `aiidError` should have an upper camel case name
[INFO] [stdout]  --> aiid/src/error.rs:3:12
[INFO] [stdout]   |
[INFO] [stdout] 3 | pub struct aiidError(pub String);
[INFO] [stdout]   |            ^^^^^^^^^ help: convert the identifier to upper camel case: `AiidError`
[INFO] [stdout]   |
[INFO] [stdout]   = note: `#[warn(non_camel_case_types)]` on by default
[INFO] [stdout] 
[INFO] [stdout] 
[INFO] [stdout] warning: type `aiidResult` should have an upper camel case name
[INFO] [stdout]  --> aiid/src/error.rs:6:10
[INFO] [stdout]   |
[INFO] [stdout] 6 | pub type aiidResult<T> = Result<T, aiidError>;
[INFO] [stdout]   |          ^^^^^^^^^^ help: convert the identifier to upper camel case: `AiidResult`
[INFO] [stdout] 
[INFO] [stdout] 
[INFO] [stdout] warning: type `aiidEncodingConfig` should have an upper camel case name
[INFO] [stdout]   --> aiid/src/lib.rs:99:12
[INFO] [stdout]    |
[INFO] [stdout] 99 | pub struct aiidEncodingConfig {
[INFO] [stdout]    |            ^^^^^^^^^^^^^^^^^^ help: convert the identifier to upper camel case: `AiidEncodingConfig`
[INFO] [stdout] 
[INFO] [stdout] 
[INFO] [stdout] warning: type `aiidEncoding` should have an upper camel case name
[INFO] [stdout]    --> aiid/src/lib.rs:155:12
[INFO] [stdout]     |
[INFO] [stdout] 155 | pub struct aiidEncoding {
[INFO] [stdout]     |            ^^^^^^^^^^^^ help: convert the identifier to upper camel case: `AiidEncoding`
[INFO] [stdout] 
[INFO] [stdout] 
[INFO] [stdout] warning: trait objects without an explicit `dyn` are deprecated
[INFO] [stdout]   --> aiid/src/error.rs:18:32
[INFO] [stdout]    |
[INFO] [stdout] 18 |     fn cause(&self) -> Option<&std::error::Error> {
[INFO] [stdout]    |                                ^^^^^^^^^^^^^^^^^
[INFO] [stdout]    |
[INFO] [stdout]    = warning: this is accepted in the current edition (Rust 2018) but is a hard error in Rust 2021!
[INFO] [stdout]    = note: for more information, see <https://doc.rust-lang.org/nightly/edition-guide/rust-2021/warnings-promoted-to-error.html>
[INFO] [stdout]    = note: `#[warn(bare_trait_objects)]` on by default
[INFO] [stdout] help: if this is a dyn-compatible trait, use `dyn`
[INFO] [stdout]    |
[INFO] [stdout] 18 |     fn cause(&self) -> Option<&dyn std::error::Error> {
[INFO] [stdout]    |                                +++
[INFO] [stdout] 
[INFO] [stdout] 
[INFO] [stderr]    Compiling serde_json v1.0.38
[INFO] [stderr]    Compiling aiid v0.0.2 (/opt/rustwide/workdir/aiid)
[INFO] [stdout] warning: type `aiidError` should have an upper camel case name
[INFO] [stdout]  --> aiid/src/error.rs:3:12
[INFO] [stdout]   |
[INFO] [stdout] 3 | pub struct aiidError(pub String);
[INFO] [stdout]   |            ^^^^^^^^^ help: convert the identifier to upper camel case: `AiidError`
[INFO] [stdout]   |
[INFO] [stdout]   = note: `#[warn(non_camel_case_types)]` on by default
[INFO] [stdout] 
[INFO] [stdout] 
[INFO] [stdout] warning: type `aiidResult` should have an upper camel case name
[INFO] [stdout]  --> aiid/src/error.rs:6:10
[INFO] [stdout]   |
[INFO] [stdout] 6 | pub type aiidResult<T> = Result<T, aiidError>;
[INFO] [stdout]   |          ^^^^^^^^^^ help: convert the identifier to upper camel case: `AiidResult`
[INFO] [stdout] 
[INFO] [stdout] 
[INFO] [stdout] warning: type `aiidEncodingConfig` should have an upper camel case name
[INFO] [stdout]   --> aiid/src/lib.rs:99:12
[INFO] [stdout]    |
[INFO] [stdout] 99 | pub struct aiidEncodingConfig {
[INFO] [stdout]    |            ^^^^^^^^^^^^^^^^^^ help: convert the identifier to upper camel case: `AiidEncodingConfig`
[INFO] [stdout] 
[INFO] [stdout] 
[INFO] [stdout] warning: type `aiidEncoding` should have an upper camel case name
[INFO] [stdout]    --> aiid/src/lib.rs:155:12
[INFO] [stdout]     |
[INFO] [stdout] 155 | pub struct aiidEncoding {
[INFO] [stdout]     |            ^^^^^^^^^^^^ help: convert the identifier to upper camel case: `AiidEncoding`
[INFO] [stdout] 
[INFO] [stdout] 
[INFO] [stdout] warning: trait objects without an explicit `dyn` are deprecated
[INFO] [stdout]   --> aiid/src/error.rs:18:32
[INFO] [stdout]    |
[INFO] [stdout] 18 |     fn cause(&self) -> Option<&std::error::Error> {
[INFO] [stdout]    |                                ^^^^^^^^^^^^^^^^^
[INFO] [stdout]    |
[INFO] [stdout]    = warning: this is accepted in the current edition (Rust 2018) but is a hard error in Rust 2021!
[INFO] [stdout]    = note: for more information, see <https://doc.rust-lang.org/nightly/edition-guide/rust-2021/warnings-promoted-to-error.html>
[INFO] [stdout]    = note: `#[warn(bare_trait_objects)]` on by default
[INFO] [stdout] help: if this is a dyn-compatible trait, use `dyn`
[INFO] [stdout]    |
[INFO] [stdout] 18 |     fn cause(&self) -> Option<&dyn std::error::Error> {
[INFO] [stdout]    |                                +++
[INFO] [stdout] 
[INFO] [stdout] 
[INFO] [stdout] warning: panic message is not a string literal
[INFO] [stdout]   --> aiid/tests/integration.rs:10:38
[INFO] [stdout]    |
[INFO] [stdout] 10 |           .unwrap_or_else(|err| panic!(format!(
[INFO] [stdout]    |  ______________________________________^
[INFO] [stdout] 11 | |             "correct test of {} failed: {:?}", id, err)));
[INFO] [stdout]    | |_______________________________________________________^
[INFO] [stdout]    |
[INFO] [stdout]    = note: this usage of `panic!()` is deprecated; it will be a hard error in Rust 2021
[INFO] [stdout]    = note: for more information, see <https://doc.rust-lang.org/nightly/edition-guide/rust-2021/panic-macro-consistency.html>
[INFO] [stdout]    = note: the `panic!()` macro supports formatting, so there's no need for the `format!()` macro here
[INFO] [stdout]    = note: `#[warn(non_fmt_panics)]` on by default
[INFO] [stdout] help: remove the `format!(..)` macro call
[INFO] [stdout]    |
[INFO] [stdout] 10 ~         .unwrap_or_else(|err| panic!(
[INFO] [stdout] 11 ~             "correct test of {} failed: {:?}", id, err));
[INFO] [stdout]    |
[INFO] [stdout] 
[INFO] [stdout] 
[INFO] [stdout] warning: panic message is not a string literal
[INFO] [stdout]   --> aiid/tests/integration.rs:20:38
[INFO] [stdout]    |
[INFO] [stdout] 20 |           .unwrap_or_else(|err| panic!(format!(
[INFO] [stdout]    |  ______________________________________^
[INFO] [stdout] 21 | |             "correctable test of {} failed: {:?}", id, err)));
[INFO] [stdout]    | |___________________________________________________________^
[INFO] [stdout]    |
[INFO] [stdout]    = note: this usage of `panic!()` is deprecated; it will be a hard error in Rust 2021
[INFO] [stdout]    = note: for more information, see <https://doc.rust-lang.org/nightly/edition-guide/rust-2021/panic-macro-consistency.html>
[INFO] [stdout]    = note: the `panic!()` macro supports formatting, so there's no need for the `format!()` macro here
[INFO] [stdout] help: remove the `format!(..)` macro call
[INFO] [stdout]    |
[INFO] [stdout] 20 ~         .unwrap_or_else(|err| panic!(
[INFO] [stdout] 21 ~             "correctable test of {} failed: {:?}", id, err));
[INFO] [stdout]    |
[INFO] [stdout] 
[INFO] [stdout] 
[INFO] [stderr]     Finished `test` profile [unoptimized + debuginfo] target(s) in 5.66s
[INFO] [stderr] warning: the following packages contain code that will be rejected by a future version of Rust: wasm-bindgen v0.2.40
[INFO] [stderr] note: to see what the problems were, use the option `--future-incompat-report`, or run `cargo report future-incompatibilities --id 12`
[INFO] running `Command { std: "docker" "inspect" "b48040cfc05f1d29ddb2f7577c4d60288a105e7b1f84be8e014a13ffb9d72d3b", kill_on_drop: false }`
[INFO] running `Command { std: "docker" "rm" "-f" "b48040cfc05f1d29ddb2f7577c4d60288a105e7b1f84be8e014a13ffb9d72d3b", kill_on_drop: false }`
[INFO] [stdout] b48040cfc05f1d29ddb2f7577c4d60288a105e7b1f84be8e014a13ffb9d72d3b
[INFO] running `Command { std: "docker" "create" "-v" "/var/lib/crater-agent-workspace/builds/worker-4-tc1/target:/opt/rustwide/target:rw,Z" "-v" "/var/lib/crater-agent-workspace/builds/worker-4-tc1/source:/opt/rustwide/workdir:ro,Z" "-v" "/var/lib/crater-agent-workspace/cargo-home:/opt/rustwide/cargo-home:ro,Z" "-v" "/var/lib/crater-agent-workspace/rustup-home:/opt/rustwide/rustup-home:ro,Z" "-e" "SOURCE_DIR=/opt/rustwide/workdir" "-e" "CARGO_TARGET_DIR=/opt/rustwide/target" "-e" "CARGO_INCREMENTAL=0" "-e" "RUST_BACKTRACE=full" "-e" "RUSTFLAGS=--cap-lints=warn" "-e" "RUSTDOCFLAGS=--cap-lints=warn" "-e" "CARGO_HOME=/opt/rustwide/cargo-home" "-e" "RUSTUP_HOME=/opt/rustwide/rustup-home" "-w" "/opt/rustwide/workdir" "-m" "1610612736" "--user" "0:0" "--network" "none" "ghcr.io/rust-lang/crates-build-env/linux@sha256:3959728d45483eb673ba100a951a6b9f5012970368db2a9e08e0ac9b67c8a5ad" "/opt/rustwide/cargo-home/bin/cargo" "+1.85.0" "test" "--frozen", kill_on_drop: false }`
[INFO] [stdout] ed7f112c373fc0e4d2e169a69c9286faec2512c50dbb21433078d186c8f229ec
[INFO] running `Command { std: "docker" "start" "-a" "ed7f112c373fc0e4d2e169a69c9286faec2512c50dbb21433078d186c8f229ec", kill_on_drop: false }`
[INFO] [stderr] warning: /opt/rustwide/workdir/aiid-js/rust/Cargo.toml: no edition set: defaulting to the 2015 edition while the latest is 2024
[INFO] [stderr] warning: type `aiidError` should have an upper camel case name
[INFO] [stderr]  --> aiid/src/error.rs:3:12
[INFO] [stderr]   |
[INFO] [stderr] 3 | pub struct aiidError(pub String);
[INFO] [stderr]   |            ^^^^^^^^^ help: convert the identifier to upper camel case: `AiidError`
[INFO] [stderr]   |
[INFO] [stderr]   = note: `#[warn(non_camel_case_types)]` on by default
[INFO] [stderr] 
[INFO] [stderr] warning: type `aiidResult` should have an upper camel case name
[INFO] [stderr]  --> aiid/src/error.rs:6:10
[INFO] [stderr]   |
[INFO] [stderr] 6 | pub type aiidResult<T> = Result<T, aiidError>;
[INFO] [stderr]   |          ^^^^^^^^^^ help: convert the identifier to upper camel case: `AiidResult`
[INFO] [stderr] 
[INFO] [stderr] warning: type `aiidEncodingConfig` should have an upper camel case name
[INFO] [stderr]   --> aiid/src/lib.rs:99:12
[INFO] [stderr]    |
[INFO] [stderr] 99 | pub struct aiidEncodingConfig {
[INFO] [stderr]    |            ^^^^^^^^^^^^^^^^^^ help: convert the identifier to upper camel case: `AiidEncodingConfig`
[INFO] [stderr] 
[INFO] [stderr] warning: type `aiidEncoding` should have an upper camel case name
[INFO] [stderr]    --> aiid/src/lib.rs:155:12
[INFO] [stderr]     |
[INFO] [stderr] 155 | pub struct aiidEncoding {
[INFO] [stderr]     |            ^^^^^^^^^^^^ help: convert the identifier to upper camel case: `AiidEncoding`
[INFO] [stderr] 
[INFO] [stderr] warning: trait objects without an explicit `dyn` are deprecated
[INFO] [stderr]   --> aiid/src/error.rs:18:32
[INFO] [stderr]    |
[INFO] [stderr] 18 |     fn cause(&self) -> Option<&std::error::Error> {
[INFO] [stderr]    |                                ^^^^^^^^^^^^^^^^^
[INFO] [stderr]    |
[INFO] [stderr]    = warning: this is accepted in the current edition (Rust 2018) but is a hard error in Rust 2021!
[INFO] [stderr]    = note: for more information, see <https://doc.rust-lang.org/nightly/edition-guide/rust-2021/warnings-promoted-to-error.html>
[INFO] [stderr]    = note: `#[warn(bare_trait_objects)]` on by default
[INFO] [stderr] help: if this is a dyn-compatible trait, use `dyn`
[INFO] [stderr]    |
[INFO] [stderr] 18 |     fn cause(&self) -> Option<&dyn std::error::Error> {
[INFO] [stderr]    |                                +++
[INFO] [stderr] 
[INFO] [stderr] warning: `aiid` (lib) generated 5 warnings (run `cargo fix --lib -p aiid` to apply 1 suggestion)
[INFO] [stderr] warning: panic message is not a string literal
[INFO] [stderr]   --> aiid/tests/integration.rs:10:38
[INFO] [stderr]    |
[INFO] [stderr] 10 |           .unwrap_or_else(|err| panic!(format!(
[INFO] [stderr]    |  ______________________________________^
[INFO] [stderr] 11 | |             "correct test of {} failed: {:?}", id, err)));
[INFO] [stderr]    | |_______________________________________________________^
[INFO] [stderr]    |
[INFO] [stderr]    = note: this usage of `panic!()` is deprecated; it will be a hard error in Rust 2021
[INFO] [stderr]    = note: for more information, see <https://doc.rust-lang.org/nightly/edition-guide/rust-2021/panic-macro-consistency.html>
[INFO] [stderr]    = note: the `panic!()` macro supports formatting, so there's no need for the `format!()` macro here
[INFO] [stderr]    = note: `#[warn(non_fmt_panics)]` on by default
[INFO] [stderr] help: remove the `format!(..)` macro call
[INFO] [stderr]    |
[INFO] [stderr] 10 ~         .unwrap_or_else(|err| panic!(
[INFO] [stderr] 11 ~             "correct test of {} failed: {:?}", id, err));
[INFO] [stderr]    |
[INFO] [stderr] 
[INFO] [stderr] warning: panic message is not a string literal
[INFO] [stderr]   --> aiid/tests/integration.rs:20:38
[INFO] [stderr]    |
[INFO] [stderr] 20 |           .unwrap_or_else(|err| panic!(format!(
[INFO] [stderr]    |  ______________________________________^
[INFO] [stderr] 21 | |             "correctable test of {} failed: {:?}", id, err)));
[INFO] [stderr]    | |___________________________________________________________^
[INFO] [stderr]    |
[INFO] [stderr]    = note: this usage of `panic!()` is deprecated; it will be a hard error in Rust 2021
[INFO] [stderr]    = note: for more information, see <https://doc.rust-lang.org/nightly/edition-guide/rust-2021/panic-macro-consistency.html>
[INFO] [stderr]    = note: the `panic!()` macro supports formatting, so there's no need for the `format!()` macro here
[INFO] [stderr] help: remove the `format!(..)` macro call
[INFO] [stderr]    |
[INFO] [stderr] 20 ~         .unwrap_or_else(|err| panic!(
[INFO] [stderr] 21 ~             "correctable test of {} failed: {:?}", id, err));
[INFO] [stderr]    |
[INFO] [stderr] 
[INFO] [stderr] warning: `aiid` (lib test) generated 5 warnings (5 duplicates)
[INFO] [stderr] warning: `aiid` (test "integration") generated 2 warnings (run `cargo fix --test "integration"` to apply 2 suggestions)
[INFO] [stderr]     Finished `test` profile [unoptimized + debuginfo] target(s) in 0.05s
[INFO] [stderr] warning: the following packages contain code that will be rejected by a future version of Rust: wasm-bindgen v0.2.40
[INFO] [stderr] note: to see what the problems were, use the option `--future-incompat-report`, or run `cargo report future-incompatibilities --id 12`
[INFO] [stderr]      Running unittests src/lib.rs (/opt/rustwide/target/debug/deps/aiid-0d61a6834642567f)
[INFO] [stdout] 
[INFO] [stdout] running 7 tests
[INFO] [stdout] test b32::tests::it_should_encode_and_decode_1 ... ok
[INFO] [stdout] test b32::tests::it_should_encode_and_decode_3 ... ok
[INFO] [stdout] test b32::tests::it_should_encode_and_decode_2 ... ok
[INFO] [stdout] test b32::tests::it_should_error_on_bad_decode ... ok
[INFO] [stdout] test b32::tests::it_should_encode_and_decode_4 ... ok
[INFO] [stdout] test tests::it_decodes_1 ... FAILED
[INFO] [stdout] test tests::it_encodes_1 ... FAILED
[INFO] [stdout] 
[INFO] [stdout] failures:
[INFO] [stdout] 
[INFO] [stdout] ---- tests::it_decodes_1 stdout ----
[INFO] [stdout] 
[INFO] [stdout] thread 'tests::it_decodes_1' panicked at aiid/src/lib.rs:429:51:
[INFO] [stdout] called `Result::unwrap()` on an `Err` value: aiidError("invalid kind: `aik0`")
[INFO] [stdout] stack backtrace:
[INFO] [stdout]    0:     0x643ecb31f30a - std::backtrace_rs::backtrace::libunwind::trace::h88deb10bd0145eb8
[INFO] [stdout]                                at /rustc/4d91de4e48198da2e33413efdcd9cd2cc0c46688/library/std/src/../../backtrace/src/backtrace/libunwind.rs:116:5
[INFO] [stdout]    1:     0x643ecb31f30a - std::backtrace_rs::backtrace::trace_unsynchronized::he1036f5481c14dff
[INFO] [stdout]                                at /rustc/4d91de4e48198da2e33413efdcd9cd2cc0c46688/library/std/src/../../backtrace/src/backtrace/mod.rs:66:5
[INFO] [stdout]    2:     0x643ecb31f30a - std::sys::backtrace::_print_fmt::hecc345b6e70c4b20
[INFO] [stdout]                                at /rustc/4d91de4e48198da2e33413efdcd9cd2cc0c46688/library/std/src/sys/backtrace.rs:66:9
[INFO] [stdout]    3:     0x643ecb31f30a - <std::sys::backtrace::BacktraceLock::print::DisplayBacktrace as core::fmt::Display>::fmt::he089f96442833f67
[INFO] [stdout]                                at /rustc/4d91de4e48198da2e33413efdcd9cd2cc0c46688/library/std/src/sys/backtrace.rs:39:26
[INFO] [stdout]    4:     0x643ecb344cb3 - core::fmt::rt::Argument::fmt::h1f77cded99c71a14
[INFO] [stdout]                                at /rustc/4d91de4e48198da2e33413efdcd9cd2cc0c46688/library/core/src/fmt/rt.rs:177:76
[INFO] [stdout]    5:     0x643ecb344cb3 - core::fmt::write::h2f210ed4c94745cb
[INFO] [stdout]                                at /rustc/4d91de4e48198da2e33413efdcd9cd2cc0c46688/library/core/src/fmt/mod.rs:1440:21
[INFO] [stdout]    6:     0x643ecb31c423 - std::io::Write::write_fmt::he723b56f7e0bd522
[INFO] [stdout]                                at /rustc/4d91de4e48198da2e33413efdcd9cd2cc0c46688/library/std/src/io/mod.rs:1887:15
[INFO] [stdout]    7:     0x643ecb31f152 - std::sys::backtrace::BacktraceLock::print::h810fbd31421329e6
[INFO] [stdout]                                at /rustc/4d91de4e48198da2e33413efdcd9cd2cc0c46688/library/std/src/sys/backtrace.rs:42:9
[INFO] [stdout]    8:     0x643ecb320840 - std::panicking::default_hook::{{closure}}::hbaad47ed9dc6356d
[INFO] [stdout]                                at /rustc/4d91de4e48198da2e33413efdcd9cd2cc0c46688/library/std/src/panicking.rs:295:22
[INFO] [stdout]    9:     0x643ecb3205dd - std::panicking::default_hook::h24e207139139d40a
[INFO] [stdout]                                at /rustc/4d91de4e48198da2e33413efdcd9cd2cc0c46688/library/std/src/panicking.rs:319:9
[INFO] [stdout]   10:     0x643ecb2e3633 - <alloc::boxed::Box<F,A> as core::ops::function::Fn<Args>>::call::h63353c459bb27956
[INFO] [stdout]                                at /rustc/4d91de4e48198da2e33413efdcd9cd2cc0c46688/library/alloc/src/boxed.rs:2007:9
[INFO] [stdout]   11:     0x643ecb2e3633 - test::test_main::{{closure}}::hd5af4d6c4e32fe08
[INFO] [stdout]                                at /rustc/4d91de4e48198da2e33413efdcd9cd2cc0c46688/library/test/src/lib.rs:134:21
[INFO] [stdout]   12:     0x643ecb321073 - <alloc::boxed::Box<F,A> as core::ops::function::Fn<Args>>::call::h3af32c23caf5c679
[INFO] [stdout]                                at /rustc/4d91de4e48198da2e33413efdcd9cd2cc0c46688/library/alloc/src/boxed.rs:2007:9
[INFO] [stdout]   13:     0x643ecb321073 - std::panicking::rust_panic_with_hook::ha9131beeb2ddc506
[INFO] [stdout]                                at /rustc/4d91de4e48198da2e33413efdcd9cd2cc0c46688/library/std/src/panicking.rs:836:13
[INFO] [stdout]   14:     0x643ecb320d4a - std::panicking::begin_panic_handler::{{closure}}::h1bba0eaeb6da506f
[INFO] [stdout]                                at /rustc/4d91de4e48198da2e33413efdcd9cd2cc0c46688/library/std/src/panicking.rs:701:13
[INFO] [stdout]   15:     0x643ecb31f809 - std::sys::backtrace::__rust_end_short_backtrace::h1d1ca3eade483f4c
[INFO] [stdout]                                at /rustc/4d91de4e48198da2e33413efdcd9cd2cc0c46688/library/std/src/sys/backtrace.rs:168:18
[INFO] [stdout]   16:     0x643ecb3209dd - rust_begin_unwind
[INFO] [stdout]                                at /rustc/4d91de4e48198da2e33413efdcd9cd2cc0c46688/library/std/src/panicking.rs:692:5
[INFO] [stdout]   17:     0x643ecb29cc50 - core::panicking::panic_fmt::h896a0727a1a943f9
[INFO] [stdout]                                at /rustc/4d91de4e48198da2e33413efdcd9cd2cc0c46688/library/core/src/panicking.rs:75:14
[INFO] [stdout]   18:     0x643ecb29cff6 - core::result::unwrap_failed::h1b5ed8541c7bebd6
[INFO] [stdout]                                at /rustc/4d91de4e48198da2e33413efdcd9cd2cc0c46688/library/core/src/result.rs:1704:5
[INFO] [stdout]   19:     0x643ecb2a9dd2 - core::result::Result<T,E>::unwrap::h243a1b5ffeed0bc2
[INFO] [stdout]                                at /rustc/4d91de4e48198da2e33413efdcd9cd2cc0c46688/library/core/src/result.rs:1109:23
[INFO] [stdout]   20:     0x643ecb2a9dd2 - aiid::tests::it_decodes_1::hca3f272daaec7c8e
[INFO] [stdout]                                at /opt/rustwide/workdir/aiid/src/lib.rs:429:19
[INFO] [stdout]   21:     0x643ecb2a9d27 - aiid::tests::it_decodes_1::{{closure}}::he4308781038ad427
[INFO] [stdout]                                at /opt/rustwide/workdir/aiid/src/lib.rs:428:22
[INFO] [stdout]   22:     0x643ecb29e8f6 - core::ops::function::FnOnce::call_once::h69e034a2c9b7f8c6
[INFO] [stdout]                                at /rustc/4d91de4e48198da2e33413efdcd9cd2cc0c46688/library/core/src/ops/function.rs:250:5
[INFO] [stdout]   23:     0x643ecb2e8ddb - core::ops::function::FnOnce::call_once::h8acc80b5a33ff319
[INFO] [stdout]                                at /rustc/4d91de4e48198da2e33413efdcd9cd2cc0c46688/library/core/src/ops/function.rs:250:5
[INFO] [stdout]   24:     0x643ecb2e8ddb - test::__rust_begin_short_backtrace::h52b6da716ad42b7d
[INFO] [stdout]                                at /rustc/4d91de4e48198da2e33413efdcd9cd2cc0c46688/library/test/src/lib.rs:632:18
[INFO] [stdout]   25:     0x643ecb2e7d13 - test::run_test_in_process::{{closure}}::h2580047890abbefe
[INFO] [stdout]                                at /rustc/4d91de4e48198da2e33413efdcd9cd2cc0c46688/library/test/src/lib.rs:655:60
[INFO] [stdout]   26:     0x643ecb2e7d13 - <core::panic::unwind_safe::AssertUnwindSafe<F> as core::ops::function::FnOnce<()>>::call_once::h936f8c89d0a99c40
[INFO] [stdout]                                at /rustc/4d91de4e48198da2e33413efdcd9cd2cc0c46688/library/core/src/panic/unwind_safe.rs:272:9
[INFO] [stdout]   27:     0x643ecb2e7d13 - std::panicking::try::do_call::h868682cc368697f9
[INFO] [stdout]                                at /rustc/4d91de4e48198da2e33413efdcd9cd2cc0c46688/library/std/src/panicking.rs:584:40
[INFO] [stdout]   28:     0x643ecb2e7d13 - std::panicking::try::h0356ffc38cbb5501
[INFO] [stdout]                                at /rustc/4d91de4e48198da2e33413efdcd9cd2cc0c46688/library/std/src/panicking.rs:547:19
[INFO] [stdout]   29:     0x643ecb2e7d13 - std::panic::catch_unwind::h74edf102a3082536
[INFO] [stdout]                                at /rustc/4d91de4e48198da2e33413efdcd9cd2cc0c46688/library/std/src/panic.rs:358:14
[INFO] [stdout]   30:     0x643ecb2e7d13 - test::run_test_in_process::hc27d69576b7224e4
[INFO] [stdout]                                at /rustc/4d91de4e48198da2e33413efdcd9cd2cc0c46688/library/test/src/lib.rs:655:27
[INFO] [stdout]   31:     0x643ecb2e7d13 - test::run_test::{{closure}}::h9f3bfaf910429adb
[INFO] [stdout]                                at /rustc/4d91de4e48198da2e33413efdcd9cd2cc0c46688/library/test/src/lib.rs:576:43
[INFO] [stdout]   32:     0x643ecb2aba45 - test::run_test::{{closure}}::h3d537cdce8ec5816
[INFO] [stdout]                                at /rustc/4d91de4e48198da2e33413efdcd9cd2cc0c46688/library/test/src/lib.rs:606:41
[INFO] [stdout]   33:     0x643ecb2aba45 - std::sys::backtrace::__rust_begin_short_backtrace::hb51d9a6c67ec382d
[INFO] [stdout]                                at /rustc/4d91de4e48198da2e33413efdcd9cd2cc0c46688/library/std/src/sys/backtrace.rs:152:18
[INFO] [stdout]   34:     0x643ecb2af486 - std::thread::Builder::spawn_unchecked_::{{closure}}::{{closure}}::h5738f3abb9603fe6
[INFO] [stdout]                                at /rustc/4d91de4e48198da2e33413efdcd9cd2cc0c46688/library/std/src/thread/mod.rs:564:17
[INFO] [stdout]   35:     0x643ecb2af486 - <core::panic::unwind_safe::AssertUnwindSafe<F> as core::ops::function::FnOnce<()>>::call_once::h5e9f4b56e45e8108
[INFO] [stdout]                                at /rustc/4d91de4e48198da2e33413efdcd9cd2cc0c46688/library/core/src/panic/unwind_safe.rs:272:9
[INFO] [stdout]   36:     0x643ecb2af486 - std::panicking::try::do_call::ha36db853b2f34e23
[INFO] [stdout]                                at /rustc/4d91de4e48198da2e33413efdcd9cd2cc0c46688/library/std/src/panicking.rs:584:40
[INFO] [stdout]   37:     0x643ecb2af486 - std::panicking::try::h57e1aa33a0efb1be
[INFO] [stdout]                                at /rustc/4d91de4e48198da2e33413efdcd9cd2cc0c46688/library/std/src/panicking.rs:547:19
[INFO] [stdout]   38:     0x643ecb2af486 - std::panic::catch_unwind::hdb71a6103024936e
[INFO] [stdout]                                at /rustc/4d91de4e48198da2e33413efdcd9cd2cc0c46688/library/std/src/panic.rs:358:14
[INFO] [stdout]   39:     0x643ecb2af486 - std::thread::Builder::spawn_unchecked_::{{closure}}::h8caa22218f423ab1
[INFO] [stderr] error: test failed, to rerun pass `-p aiid --lib`
[INFO] [stdout]                                at /rustc/4d91de4e48198da2e33413efdcd9cd2cc0c46688/library/std/src/thread/mod.rs:562:30
[INFO] [stdout]   40:     0x643ecb2af486 - core::ops::function::FnOnce::call_once{{vtable.shim}}::hb3b44780e9c053e5
[INFO] [stdout]                                at /rustc/4d91de4e48198da2e33413efdcd9cd2cc0c46688/library/core/src/ops/function.rs:250:5
[INFO] [stdout]   41:     0x643ecb324edb - <alloc::boxed::Box<F,A> as core::ops::function::FnOnce<Args>>::call_once::h2649f14f1b1c150d
[INFO] [stdout]                                at /rustc/4d91de4e48198da2e33413efdcd9cd2cc0c46688/library/alloc/src/boxed.rs:1993:9
[INFO] [stdout]   42:     0x643ecb324edb - <alloc::boxed::Box<F,A> as core::ops::function::FnOnce<Args>>::call_once::hb2ade58cb34e1bc4
[INFO] [stdout]                                at /rustc/4d91de4e48198da2e33413efdcd9cd2cc0c46688/library/alloc/src/boxed.rs:1993:9
[INFO] [stdout]   43:     0x643ecb324edb - std::sys::pal::unix::thread::Thread::new::thread_start::ha07e360225fa3528
[INFO] [stdout]                                at /rustc/4d91de4e48198da2e33413efdcd9cd2cc0c46688/library/std/src/sys/pal/unix/thread.rs:106:17
[INFO] [stdout]   44:     0x7f910c419ac3 - <unknown>
[INFO] [stdout]   45:     0x7f910c4aaa04 - clone
[INFO] [stdout]   46:                0x0 - <unknown>
[INFO] [stdout] 
[INFO] [stdout] ---- tests::it_encodes_1 stdout ----
[INFO] [stdout] 
[INFO] [stdout] thread 'tests::it_encodes_1' panicked at aiid/src/lib.rs:420:51:
[INFO] [stdout] called `Result::unwrap()` on an `Err` value: aiidError("invalid kind: `aik0`")
[INFO] [stdout] stack backtrace:
[INFO] [stdout]    0:     0x643ecb31f30a - std::backtrace_rs::backtrace::libunwind::trace::h88deb10bd0145eb8
[INFO] [stdout]                                at /rustc/4d91de4e48198da2e33413efdcd9cd2cc0c46688/library/std/src/../../backtrace/src/backtrace/libunwind.rs:116:5
[INFO] [stdout]    1:     0x643ecb31f30a - std::backtrace_rs::backtrace::trace_unsynchronized::he1036f5481c14dff
[INFO] [stdout]                                at /rustc/4d91de4e48198da2e33413efdcd9cd2cc0c46688/library/std/src/../../backtrace/src/backtrace/mod.rs:66:5
[INFO] [stdout]    2:     0x643ecb31f30a - std::sys::backtrace::_print_fmt::hecc345b6e70c4b20
[INFO] [stdout]                                at /rustc/4d91de4e48198da2e33413efdcd9cd2cc0c46688/library/std/src/sys/backtrace.rs:66:9
[INFO] [stdout]    3:     0x643ecb31f30a - <std::sys::backtrace::BacktraceLock::print::DisplayBacktrace as core::fmt::Display>::fmt::he089f96442833f67
[INFO] [stdout]                                at /rustc/4d91de4e48198da2e33413efdcd9cd2cc0c46688/library/std/src/sys/backtrace.rs:39:26
[INFO] [stdout]    4:     0x643ecb344cb3 - core::fmt::rt::Argument::fmt::h1f77cded99c71a14
[INFO] [stdout]                                at /rustc/4d91de4e48198da2e33413efdcd9cd2cc0c46688/library/core/src/fmt/rt.rs:177:76
[INFO] [stdout]    5:     0x643ecb344cb3 - core::fmt::write::h2f210ed4c94745cb
[INFO] [stdout]                                at /rustc/4d91de4e48198da2e33413efdcd9cd2cc0c46688/library/core/src/fmt/mod.rs:1440:21
[INFO] [stdout]    6:     0x643ecb31c423 - std::io::Write::write_fmt::he723b56f7e0bd522
[INFO] [stdout]                                at /rustc/4d91de4e48198da2e33413efdcd9cd2cc0c46688/library/std/src/io/mod.rs:1887:15
[INFO] [stdout]    7:     0x643ecb31f152 - std::sys::backtrace::BacktraceLock::print::h810fbd31421329e6
[INFO] [stdout]                                at /rustc/4d91de4e48198da2e33413efdcd9cd2cc0c46688/library/std/src/sys/backtrace.rs:42:9
[INFO] [stdout]    8:     0x643ecb320840 - std::panicking::default_hook::{{closure}}::hbaad47ed9dc6356d
[INFO] [stdout]                                at /rustc/4d91de4e48198da2e33413efdcd9cd2cc0c46688/library/std/src/panicking.rs:295:22
[INFO] [stdout]    9:     0x643ecb3205dd - std::panicking::default_hook::h24e207139139d40a
[INFO] [stdout]                                at /rustc/4d91de4e48198da2e33413efdcd9cd2cc0c46688/library/std/src/panicking.rs:319:9
[INFO] [stdout]   10:     0x643ecb2e3633 - <alloc::boxed::Box<F,A> as core::ops::function::Fn<Args>>::call::h63353c459bb27956
[INFO] [stdout]                                at /rustc/4d91de4e48198da2e33413efdcd9cd2cc0c46688/library/alloc/src/boxed.rs:2007:9
[INFO] [stdout]   11:     0x643ecb2e3633 - test::test_main::{{closure}}::hd5af4d6c4e32fe08
[INFO] [stdout]                                at /rustc/4d91de4e48198da2e33413efdcd9cd2cc0c46688/library/test/src/lib.rs:134:21
[INFO] [stdout]   12:     0x643ecb321073 - <alloc::boxed::Box<F,A> as core::ops::function::Fn<Args>>::call::h3af32c23caf5c679
[INFO] [stdout]                                at /rustc/4d91de4e48198da2e33413efdcd9cd2cc0c46688/library/alloc/src/boxed.rs:2007:9
[INFO] [stdout]   13:     0x643ecb321073 - std::panicking::rust_panic_with_hook::ha9131beeb2ddc506
[INFO] [stdout]                                at /rustc/4d91de4e48198da2e33413efdcd9cd2cc0c46688/library/std/src/panicking.rs:836:13
[INFO] [stdout]   14:     0x643ecb320d4a - std::panicking::begin_panic_handler::{{closure}}::h1bba0eaeb6da506f
[INFO] [stdout]                                at /rustc/4d91de4e48198da2e33413efdcd9cd2cc0c46688/library/std/src/panicking.rs:701:13
[INFO] [stdout]   15:     0x643ecb31f809 - std::sys::backtrace::__rust_end_short_backtrace::h1d1ca3eade483f4c
[INFO] [stdout]                                at /rustc/4d91de4e48198da2e33413efdcd9cd2cc0c46688/library/std/src/sys/backtrace.rs:168:18
[INFO] [stdout]   16:     0x643ecb3209dd - rust_begin_unwind
[INFO] [stdout]                                at /rustc/4d91de4e48198da2e33413efdcd9cd2cc0c46688/library/std/src/panicking.rs:692:5
[INFO] [stdout]   17:     0x643ecb29cc50 - core::panicking::panic_fmt::h896a0727a1a943f9
[INFO] [stdout]                                at /rustc/4d91de4e48198da2e33413efdcd9cd2cc0c46688/library/core/src/panicking.rs:75:14
[INFO] [stdout]   18:     0x643ecb29cff6 - core::result::unwrap_failed::h1b5ed8541c7bebd6
[INFO] [stdout]                                at /rustc/4d91de4e48198da2e33413efdcd9cd2cc0c46688/library/core/src/result.rs:1704:5
[INFO] [stdout]   19:     0x643ecb2a9932 - core::result::Result<T,E>::unwrap::h243a1b5ffeed0bc2
[INFO] [stdout]                                at /rustc/4d91de4e48198da2e33413efdcd9cd2cc0c46688/library/core/src/result.rs:1109:23
[INFO] [stdout]   20:     0x643ecb2a9932 - aiid::tests::it_encodes_1::h1b8b8cc5b8324352
[INFO] [stdout]                                at /opt/rustwide/workdir/aiid/src/lib.rs:420:19
[INFO] [stdout]   21:     0x643ecb2a9887 - aiid::tests::it_encodes_1::{{closure}}::h6083cd54b3a71bd1
[INFO] [stdout]                                at /opt/rustwide/workdir/aiid/src/lib.rs:419:22
[INFO] [stdout]   22:     0x643ecb29e996 - core::ops::function::FnOnce::call_once::hc0cad1fd8ddee0ab
[INFO] [stdout]                                at /rustc/4d91de4e48198da2e33413efdcd9cd2cc0c46688/library/core/src/ops/function.rs:250:5
[INFO] [stdout]   23:     0x643ecb2e8ddb - core::ops::function::FnOnce::call_once::h8acc80b5a33ff319
[INFO] [stdout]                                at /rustc/4d91de4e48198da2e33413efdcd9cd2cc0c46688/library/core/src/ops/function.rs:250:5
[INFO] [stdout]   24:     0x643ecb2e8ddb - test::__rust_begin_short_backtrace::h52b6da716ad42b7d
[INFO] [stdout]                                at /rustc/4d91de4e48198da2e33413efdcd9cd2cc0c46688/library/test/src/lib.rs:632:18
[INFO] [stdout]   25:     0x643ecb2e7d13 - test::run_test_in_process::{{closure}}::h2580047890abbefe
[INFO] [stdout]                                at /rustc/4d91de4e48198da2e33413efdcd9cd2cc0c46688/library/test/src/lib.rs:655:60
[INFO] [stdout]   26:     0x643ecb2e7d13 - <core::panic::unwind_safe::AssertUnwindSafe<F> as core::ops::function::FnOnce<()>>::call_once::h936f8c89d0a99c40
[INFO] [stdout]                                at /rustc/4d91de4e48198da2e33413efdcd9cd2cc0c46688/library/core/src/panic/unwind_safe.rs:272:9
[INFO] [stdout]   27:     0x643ecb2e7d13 - std::panicking::try::do_call::h868682cc368697f9
[INFO] [stdout]                                at /rustc/4d91de4e48198da2e33413efdcd9cd2cc0c46688/library/std/src/panicking.rs:584:40
[INFO] [stdout]   28:     0x643ecb2e7d13 - std::panicking::try::h0356ffc38cbb5501
[INFO] [stdout]                                at /rustc/4d91de4e48198da2e33413efdcd9cd2cc0c46688/library/std/src/panicking.rs:547:19
[INFO] [stdout]   29:     0x643ecb2e7d13 - std::panic::catch_unwind::h74edf102a3082536
[INFO] [stdout]                                at /rustc/4d91de4e48198da2e33413efdcd9cd2cc0c46688/library/std/src/panic.rs:358:14
[INFO] [stdout]   30:     0x643ecb2e7d13 - test::run_test_in_process::hc27d69576b7224e4
[INFO] [stdout]                                at /rustc/4d91de4e48198da2e33413efdcd9cd2cc0c46688/library/test/src/lib.rs:655:27
[INFO] [stdout]   31:     0x643ecb2e7d13 - test::run_test::{{closure}}::h9f3bfaf910429adb
[INFO] [stdout]                                at /rustc/4d91de4e48198da2e33413efdcd9cd2cc0c46688/library/test/src/lib.rs:576:43
[INFO] [stdout]   32:     0x643ecb2aba45 - test::run_test::{{closure}}::h3d537cdce8ec5816
[INFO] [stdout]                                at /rustc/4d91de4e48198da2e33413efdcd9cd2cc0c46688/library/test/src/lib.rs:606:41
[INFO] [stdout]   33:     0x643ecb2aba45 - std::sys::backtrace::__rust_begin_short_backtrace::hb51d9a6c67ec382d
[INFO] [stdout]                                at /rustc/4d91de4e48198da2e33413efdcd9cd2cc0c46688/library/std/src/sys/backtrace.rs:152:18
[INFO] [stdout]   34:     0x643ecb2af486 - std::thread::Builder::spawn_unchecked_::{{closure}}::{{closure}}::h5738f3abb9603fe6
[INFO] [stdout]                                at /rustc/4d91de4e48198da2e33413efdcd9cd2cc0c46688/library/std/src/thread/mod.rs:564:17
[INFO] [stdout]   35:     0x643ecb2af486 - <core::panic::unwind_safe::AssertUnwindSafe<F> as core::ops::function::FnOnce<()>>::call_once::h5e9f4b56e45e8108
[INFO] [stdout]                                at /rustc/4d91de4e48198da2e33413efdcd9cd2cc0c46688/library/core/src/panic/unwind_safe.rs:272:9
[INFO] [stdout]   36:     0x643ecb2af486 - std::panicking::try::do_call::ha36db853b2f34e23
[INFO] [stdout]                                at /rustc/4d91de4e48198da2e33413efdcd9cd2cc0c46688/library/std/src/panicking.rs:584:40
[INFO] [stdout]   37:     0x643ecb2af486 - std::panicking::try::h57e1aa33a0efb1be
[INFO] [stdout]                                at /rustc/4d91de4e48198da2e33413efdcd9cd2cc0c46688/library/std/src/panicking.rs:547:19
[INFO] [stdout]   38:     0x643ecb2af486 - std::panic::catch_unwind::hdb71a6103024936e
[INFO] [stdout]                                at /rustc/4d91de4e48198da2e33413efdcd9cd2cc0c46688/library/std/src/panic.rs:358:14
[INFO] [stdout]   39:     0x643ecb2af486 - std::thread::Builder::spawn_unchecked_::{{closure}}::h8caa22218f423ab1
[INFO] [stdout]                                at /rustc/4d91de4e48198da2e33413efdcd9cd2cc0c46688/library/std/src/thread/mod.rs:562:30
[INFO] [stdout]   40:     0x643ecb2af486 - core::ops::function::FnOnce::call_once{{vtable.shim}}::hb3b44780e9c053e5
[INFO] [stdout]                                at /rustc/4d91de4e48198da2e33413efdcd9cd2cc0c46688/library/core/src/ops/function.rs:250:5
[INFO] [stdout]   41:     0x643ecb324edb - <alloc::boxed::Box<F,A> as core::ops::function::FnOnce<Args>>::call_once::h2649f14f1b1c150d
[INFO] [stdout]                                at /rustc/4d91de4e48198da2e33413efdcd9cd2cc0c46688/library/alloc/src/boxed.rs:1993:9
[INFO] [stdout]   42:     0x643ecb324edb - <alloc::boxed::Box<F,A> as core::ops::function::FnOnce<Args>>::call_once::hb2ade58cb34e1bc4
[INFO] [stdout]                                at /rustc/4d91de4e48198da2e33413efdcd9cd2cc0c46688/library/alloc/src/boxed.rs:1993:9
[INFO] [stdout]   43:     0x643ecb324edb - std::sys::pal::unix::thread::Thread::new::thread_start::ha07e360225fa3528
[INFO] [stdout]                                at /rustc/4d91de4e48198da2e33413efdcd9cd2cc0c46688/library/std/src/sys/pal/unix/thread.rs:106:17
[INFO] [stdout]   44:     0x7f910c419ac3 - <unknown>
[INFO] [stdout]   45:     0x7f910c4aaa04 - clone
[INFO] [stdout]   46:                0x0 - <unknown>
[INFO] [stdout] 
[INFO] [stdout] 
[INFO] [stdout] failures:
[INFO] [stdout]     tests::it_decodes_1
[INFO] [stdout]     tests::it_encodes_1
[INFO] [stdout] 
[INFO] [stdout] test result: FAILED. 5 passed; 2 failed; 0 ignored; 0 measured; 0 filtered out; finished in 0.04s
[INFO] [stdout] 
[INFO] running `Command { std: "docker" "inspect" "ed7f112c373fc0e4d2e169a69c9286faec2512c50dbb21433078d186c8f229ec", kill_on_drop: false }`
[INFO] running `Command { std: "docker" "rm" "-f" "ed7f112c373fc0e4d2e169a69c9286faec2512c50dbb21433078d186c8f229ec", kill_on_drop: false }`
[INFO] [stdout] ed7f112c373fc0e4d2e169a69c9286faec2512c50dbb21433078d186c8f229ec
