[INFO] cloning repository https://github.com/barbarj/aoc-2024
[INFO] running `Command { std: "git" "-c" "credential.helper=" "-c" "credential.helper=/workspace/cargo-home/bin/git-credential-null" "clone" "--bare" "https://github.com/barbarj/aoc-2024" "/workspace/cache/git-repos/https%3A%2F%2Fgithub.com%2Fbarbarj%2Faoc-2024", kill_on_drop: false }`
[INFO] [stderr] Cloning into bare repository '/workspace/cache/git-repos/https%3A%2F%2Fgithub.com%2Fbarbarj%2Faoc-2024'...
[INFO] running `Command { std: "git" "rev-parse" "HEAD", kill_on_drop: false }`
[INFO] [stdout] 40ee40f89b1d2fad83f970ee5cc156d5d80e3cd6
[INFO] testing barbarj/aoc-2024 against 1.85.0 for beta-1.86-3
[INFO] running `Command { std: "git" "clone" "/workspace/cache/git-repos/https%3A%2F%2Fgithub.com%2Fbarbarj%2Faoc-2024" "/workspace/builds/worker-4-tc1/source", kill_on_drop: false }`
[INFO] [stderr] Cloning into '/workspace/builds/worker-4-tc1/source'...
[INFO] [stderr] done.
[INFO] validating manifest of git repo https://github.com/barbarj/aoc-2024 on toolchain 1.85.0
[INFO] running `Command { std: CARGO_HOME="/workspace/cargo-home" RUSTUP_HOME="/workspace/rustup-home" "/workspace/cargo-home/bin/cargo" "+1.85.0" "metadata" "--manifest-path" "Cargo.toml" "--no-deps", kill_on_drop: false }`
[INFO] started tweaking git repo https://github.com/barbarj/aoc-2024
[INFO] finished tweaking git repo https://github.com/barbarj/aoc-2024
[INFO] tweaked toml for git repo https://github.com/barbarj/aoc-2024 written to /workspace/builds/worker-4-tc1/source/Cargo.toml
[INFO] crate git repo https://github.com/barbarj/aoc-2024 already has a lockfile, it will not be regenerated
[INFO] running `Command { std: CARGO_HOME="/workspace/cargo-home" RUSTUP_HOME="/workspace/rustup-home" "/workspace/cargo-home/bin/cargo" "+1.85.0" "fetch" "--manifest-path" "Cargo.toml", kill_on_drop: false }`
[INFO] [stderr]     Updating crates.io index
[INFO] [stderr]  Downloading crates ...
[INFO] [stderr]   Downloaded md5 v0.7.0
[INFO] [stderr]   Downloaded either v1.13.0
[INFO] [stderr]   Downloaded itertools v0.13.0
[INFO] [stderr]   Downloaded aho-corasick v1.1.3
[INFO] [stderr]   Downloaded regex-syntax v0.8.5
[INFO] [stderr]   Downloaded regex v1.11.1
[INFO] [stderr]   Downloaded regex-automata v0.4.9
[INFO] running `Command { std: "docker" "create" "-v" "/var/lib/crater-agent-workspace/builds/worker-4-tc1/target:/opt/rustwide/target:rw,Z" "-v" "/var/lib/crater-agent-workspace/builds/worker-4-tc1/source:/opt/rustwide/workdir:ro,Z" "-v" "/var/lib/crater-agent-workspace/cargo-home:/opt/rustwide/cargo-home:ro,Z" "-v" "/var/lib/crater-agent-workspace/rustup-home:/opt/rustwide/rustup-home:ro,Z" "-e" "SOURCE_DIR=/opt/rustwide/workdir" "-e" "CARGO_TARGET_DIR=/opt/rustwide/target" "-e" "CARGO_HOME=/opt/rustwide/cargo-home" "-e" "RUSTUP_HOME=/opt/rustwide/rustup-home" "-w" "/opt/rustwide/workdir" "-m" "1610612736" "--user" "0:0" "--network" "none" "ghcr.io/rust-lang/crates-build-env/linux@sha256:3959728d45483eb673ba100a951a6b9f5012970368db2a9e08e0ac9b67c8a5ad" "/opt/rustwide/cargo-home/bin/cargo" "+1.85.0" "metadata" "--no-deps" "--format-version=1", kill_on_drop: false }`
[INFO] [stdout] 4fbe5f21f0a6725ba6fd5fb6721bdbed5c850d05c516a17ddba87211c867d5cd
[INFO] running `Command { std: "docker" "start" "-a" "4fbe5f21f0a6725ba6fd5fb6721bdbed5c850d05c516a17ddba87211c867d5cd", kill_on_drop: false }`
[INFO] running `Command { std: "docker" "inspect" "4fbe5f21f0a6725ba6fd5fb6721bdbed5c850d05c516a17ddba87211c867d5cd", kill_on_drop: false }`
[INFO] running `Command { std: "docker" "rm" "-f" "4fbe5f21f0a6725ba6fd5fb6721bdbed5c850d05c516a17ddba87211c867d5cd", kill_on_drop: false }`
[INFO] [stdout] 4fbe5f21f0a6725ba6fd5fb6721bdbed5c850d05c516a17ddba87211c867d5cd
[INFO] running `Command { std: "docker" "create" "-v" "/var/lib/crater-agent-workspace/builds/worker-4-tc1/target:/opt/rustwide/target:rw,Z" "-v" "/var/lib/crater-agent-workspace/builds/worker-4-tc1/source:/opt/rustwide/workdir:ro,Z" "-v" "/var/lib/crater-agent-workspace/cargo-home:/opt/rustwide/cargo-home:ro,Z" "-v" "/var/lib/crater-agent-workspace/rustup-home:/opt/rustwide/rustup-home:ro,Z" "-e" "SOURCE_DIR=/opt/rustwide/workdir" "-e" "CARGO_TARGET_DIR=/opt/rustwide/target" "-e" "CARGO_INCREMENTAL=0" "-e" "RUST_BACKTRACE=full" "-e" "RUSTFLAGS=--cap-lints=warn" "-e" "RUSTDOCFLAGS=--cap-lints=warn" "-e" "CARGO_HOME=/opt/rustwide/cargo-home" "-e" "RUSTUP_HOME=/opt/rustwide/rustup-home" "-w" "/opt/rustwide/workdir" "-m" "1610612736" "--user" "0:0" "--network" "none" "ghcr.io/rust-lang/crates-build-env/linux@sha256:3959728d45483eb673ba100a951a6b9f5012970368db2a9e08e0ac9b67c8a5ad" "/opt/rustwide/cargo-home/bin/cargo" "+1.85.0" "build" "--frozen" "--message-format=json", kill_on_drop: false }`
[INFO] [stdout] d40ec6d2554cffdc80532ba865bbde2c52e42e188758ecc73635be961c9e3844
[INFO] running `Command { std: "docker" "start" "-a" "d40ec6d2554cffdc80532ba865bbde2c52e42e188758ecc73635be961c9e3844", kill_on_drop: false }`
[INFO] [stderr]    Compiling memchr v2.7.4
[INFO] [stderr]    Compiling regex-syntax v0.8.5
[INFO] [stderr]    Compiling either v1.13.0
[INFO] [stderr]    Compiling md5 v0.7.0
[INFO] [stderr]    Compiling itertools v0.13.0
[INFO] [stderr]    Compiling aho-corasick v1.1.3
[INFO] [stderr]    Compiling regex-automata v0.4.9
[INFO] [stderr]    Compiling regex v1.11.1
[INFO] [stderr]    Compiling aoc-2024 v0.1.0 (/opt/rustwide/workdir)
[INFO] [stderr]     Finished `dev` profile [unoptimized + debuginfo] target(s) in 17.26s
[INFO] running `Command { std: "docker" "inspect" "d40ec6d2554cffdc80532ba865bbde2c52e42e188758ecc73635be961c9e3844", kill_on_drop: false }`
[INFO] running `Command { std: "docker" "rm" "-f" "d40ec6d2554cffdc80532ba865bbde2c52e42e188758ecc73635be961c9e3844", kill_on_drop: false }`
[INFO] [stdout] d40ec6d2554cffdc80532ba865bbde2c52e42e188758ecc73635be961c9e3844
[INFO] running `Command { std: "docker" "create" "-v" "/var/lib/crater-agent-workspace/builds/worker-4-tc1/target:/opt/rustwide/target:rw,Z" "-v" "/var/lib/crater-agent-workspace/builds/worker-4-tc1/source:/opt/rustwide/workdir:ro,Z" "-v" "/var/lib/crater-agent-workspace/cargo-home:/opt/rustwide/cargo-home:ro,Z" "-v" "/var/lib/crater-agent-workspace/rustup-home:/opt/rustwide/rustup-home:ro,Z" "-e" "SOURCE_DIR=/opt/rustwide/workdir" "-e" "CARGO_TARGET_DIR=/opt/rustwide/target" "-e" "CARGO_INCREMENTAL=0" "-e" "RUST_BACKTRACE=full" "-e" "RUSTFLAGS=--cap-lints=warn" "-e" "RUSTDOCFLAGS=--cap-lints=warn" "-e" "CARGO_HOME=/opt/rustwide/cargo-home" "-e" "RUSTUP_HOME=/opt/rustwide/rustup-home" "-w" "/opt/rustwide/workdir" "-m" "1610612736" "--user" "0:0" "--network" "none" "ghcr.io/rust-lang/crates-build-env/linux@sha256:3959728d45483eb673ba100a951a6b9f5012970368db2a9e08e0ac9b67c8a5ad" "/opt/rustwide/cargo-home/bin/cargo" "+1.85.0" "test" "--frozen" "--no-run" "--message-format=json", kill_on_drop: false }`
[INFO] [stdout] 3ea65ded3e78fa63ccc80f99e95a918d7dd17f264c7d100548c6aa6d4c373c6a
[INFO] running `Command { std: "docker" "start" "-a" "3ea65ded3e78fa63ccc80f99e95a918d7dd17f264c7d100548c6aa6d4c373c6a", kill_on_drop: false }`
[INFO] [stderr]    Compiling aoc-2024 v0.1.0 (/opt/rustwide/workdir)
[INFO] [stderr]     Finished `test` profile [unoptimized + debuginfo] target(s) in 5.30s
[INFO] running `Command { std: "docker" "inspect" "3ea65ded3e78fa63ccc80f99e95a918d7dd17f264c7d100548c6aa6d4c373c6a", kill_on_drop: false }`
[INFO] running `Command { std: "docker" "rm" "-f" "3ea65ded3e78fa63ccc80f99e95a918d7dd17f264c7d100548c6aa6d4c373c6a", kill_on_drop: false }`
[INFO] [stdout] 3ea65ded3e78fa63ccc80f99e95a918d7dd17f264c7d100548c6aa6d4c373c6a
[INFO] running `Command { std: "docker" "create" "-v" "/var/lib/crater-agent-workspace/builds/worker-4-tc1/target:/opt/rustwide/target:rw,Z" "-v" "/var/lib/crater-agent-workspace/builds/worker-4-tc1/source:/opt/rustwide/workdir:ro,Z" "-v" "/var/lib/crater-agent-workspace/cargo-home:/opt/rustwide/cargo-home:ro,Z" "-v" "/var/lib/crater-agent-workspace/rustup-home:/opt/rustwide/rustup-home:ro,Z" "-e" "SOURCE_DIR=/opt/rustwide/workdir" "-e" "CARGO_TARGET_DIR=/opt/rustwide/target" "-e" "CARGO_INCREMENTAL=0" "-e" "RUST_BACKTRACE=full" "-e" "RUSTFLAGS=--cap-lints=warn" "-e" "RUSTDOCFLAGS=--cap-lints=warn" "-e" "CARGO_HOME=/opt/rustwide/cargo-home" "-e" "RUSTUP_HOME=/opt/rustwide/rustup-home" "-w" "/opt/rustwide/workdir" "-m" "1610612736" "--user" "0:0" "--network" "none" "ghcr.io/rust-lang/crates-build-env/linux@sha256:3959728d45483eb673ba100a951a6b9f5012970368db2a9e08e0ac9b67c8a5ad" "/opt/rustwide/cargo-home/bin/cargo" "+1.85.0" "test" "--frozen", kill_on_drop: false }`
[INFO] [stdout] 79ea71e5c5f9c42e5464bd4a8f73629b1fe96c91675ef5f3405db8e4f1f5cc50
[INFO] running `Command { std: "docker" "start" "-a" "79ea71e5c5f9c42e5464bd4a8f73629b1fe96c91675ef5f3405db8e4f1f5cc50", kill_on_drop: false }`
[INFO] [stderr]     Finished `test` profile [unoptimized + debuginfo] target(s) in 0.06s
[INFO] [stderr]      Running unittests src/main.rs (/opt/rustwide/target/debug/deps/aoc_2024-ec46d78644b7d4e1)
[INFO] [stdout] 
[INFO] [stdout] running 127 tests
[INFO] [stdout] test y2015::d1::tests::part1_example ... ok
[INFO] [stdout] test y2015::d1::tests::part1 ... ok
[INFO] [stdout] test y2015::d1::tests::part2 ... ok
[INFO] [stdout] test y2015::d3::tests::part2 ... ok
[INFO] [stdout] test y2015::d3::tests::part1 ... ok
[INFO] [stdout] test y2015::d5::tests::part1_example ... ok
[INFO] [stdout] test y2015::d5::tests::part1 ... ok
[INFO] [stdout] test y2024::d10::tests::part1 ... ok
[INFO] [stdout] test y2024::d10::tests::part2 ... ok
[INFO] [stdout] test y2024::d10::tests::part1_example ... ok
[INFO] [stdout] test y2015::d2::tests::part1 ... ok
[INFO] [stdout] test y2024::d11::tests::cycle_testing ... ok
[INFO] [stdout] test y2024::d10::tests::part2_example ... ok
[INFO] [stdout] test y2015::d2::tests::part2 ... ok
[INFO] [stdout] test y2024::d11::tests::part1_example ... ok
[INFO] [stdout] test y2024::d12::tests::part1_example ... ok
[INFO] [stdout] test y2024::d12::tests::part1 ... ok
[INFO] [stdout] test y2024::d11::tests::part1 ... ok
[INFO] [stdout] test y2024::d12::tests::part2_example ... ok
[INFO] [stdout] test y2024::d12::tests::part2 ... ok
[INFO] [stdout] test y2015::d5::tests::part2 ... ok
[INFO] [stdout] test y2024::d13::tests::part1_example ... ok
[INFO] [stdout] test y2024::d13::tests::part2_example ... ok
[INFO] [stdout] test y2024::d13::tests::part1 ... ok
[INFO] [stdout] test y2024::d14::tests::part1 ... ok
[INFO] [stdout] test y2024::d14::tests::part1_example ... ok
[INFO] [stdout] test y2024::d15::tests::part1_large_example ... ok
[INFO] [stdout] test y2024::d15::tests::part1_small_example ... ok
[INFO] [stdout] test y2024::d15::tests::part1 ... ok
[INFO] [stdout] test y2024::d13::tests::part2_problem ... ok
[INFO] [stdout] test y2024::d15::tests::part2_large_example ... ok
[INFO] [stdout] test y2024::d16::tests::part1_example ... ok
[INFO] [stdout] test y2024::d16::tests::part1_small_example ... ok
[INFO] [stdout] test y2024::d16::tests::part1 ... ok
[INFO] [stdout] test y2024::d16::tests::part2_example ... ok
[INFO] [stdout] test y2024::d16::tests::part2_small_example ... ok
[INFO] [stdout] test y2024::d17::tests::part1 ... ok
[INFO] [stdout] test y2024::d17::tests::part1_example ... ok
[INFO] [stdout] test y2024::d17::tests::part2 ... ok
[INFO] [stdout] test y2024::d17::tests::part2_example ... ok
[INFO] [stdout] test y2024::d18::tests::part1 ... ok
[INFO] [stdout] test y2024::d18::tests::part1_example ... ok
[INFO] [stdout] test y2024::d18::tests::part2 ... ok
[INFO] [stdout] test y2024::d18::tests::part2_example ... ok
[INFO] [stdout] test y2024::d19::tests::part1 ... ok
[INFO] [stdout] test y2024::d19::tests::part1_example ... ok
[INFO] [stdout] test y2024::d19::tests::part2 ... ok
[INFO] [stdout] test y2024::d19::tests::part2_example ... ok
[INFO] [stdout] test y2024::d1::tests::part1 ... ok
[INFO] [stdout] test y2024::d1::tests::part1_example ... ok
[INFO] [stdout] test y2024::d1::tests::part2 ... ok
[INFO] [stdout] test y2024::d1::tests::part2_example ... ok
[INFO] [stdout] test y2024::d20::tests::part1 ... ok
[INFO] [stdout] test y2024::d20::tests::part1_example ... ok
[INFO] [stdout] test y2024::d15::tests::part2 ... ok
[INFO] [stdout] test y2024::d20::tests::part2_example_70 ... ok
[INFO] [stdout] test y2024::d20::tests::part2_example_76 ... ok
[INFO] [stdout] test y2024::d21::tests::first_example ... ok
[INFO] [stdout] test y2024::d21::tests::last_example ... ok
[INFO] [stdout] test y2024::d21::tests::num_parts ... ok
[INFO] [stdout] test y2024::d21::tests::part1 ... ok
[INFO] [stdout] test y2024::d21::tests::part1_example ... ok
[INFO] [stdout] test y2024::d14::tests::part2 ... ok
[INFO] [stdout] test y2024::d11::tests::part2 ... ok
[INFO] [stdout] test y2024::d21::tests::seq_lens ... ok
[INFO] [stdout] test y2024::d22::tests::part1_example ... ok
[INFO] [stdout] test y2024::d16::tests::part2 ... ok
[INFO] [stdout] test y2024::d22::tests::part2_example ... ok
[INFO] [stdout] test y2024::d22::tests::price_change_sequence ... ok
[INFO] [stdout] test y2024::d22::tests::part1 ... ok
[INFO] [stdout] test y2024::d23::tests::part1_example ... ok
[INFO] [stdout] test y2024::d23::tests::part2 ... ok
[INFO] [stdout] test y2024::d23::tests::part2_example ... FAILED
[INFO] [stdout] test y2024::d23::tests::vertice_count ... ok
[INFO] [stdout] test y2024::d24::tests::expected_result ... ok
[INFO] [stdout] test y2024::d24::tests::input_gate_count ... ok
[INFO] [stdout] test y2024::d24::tests::part1 ... ok
[INFO] [stdout] test y2024::d24::tests::part1_large_example ... ok
[INFO] [stdout] test y2024::d24::tests::part1_small_example ... ok
[INFO] [stdout] test y2024::d24::tests::x_num ... ok
[INFO] [stdout] test y2024::d24::tests::y_num ... ok
[INFO] [stdout] test y2024::d25::tests::part1 ... ok
[INFO] [stdout] test y2024::d25::tests::part1_example ... ok
[INFO] [stdout] test y2024::d2::tests::part1 ... ok
[INFO] [stdout] test y2024::d2::tests::part1_example ... ok
[INFO] [stdout] test y2024::d2::tests::part2 ... ok
[INFO] [stdout] test y2024::d2::tests::part2_example ... ok
[INFO] [stdout] test y2024::d2::tests::part2_more_valid ... ok
[INFO] [stdout] test y2024::d2::tests::print_safe ... ok
[INFO] [stdout] test y2024::d2::tests::print_unsafe ... ok
[INFO] [stdout] test y2024::d2::tests::unsafe_edge_cases ... ok
[INFO] [stdout] test y2024::d23::tests::part1 ... ok
[INFO] [stdout] test y2024::d3::tests::part1_example ... ok
[INFO] [stdout] test y2024::d3::tests::part1 ... ok
[INFO] [stdout] test y2024::d3::tests::part2_example ... ok
[INFO] [stdout] test y2024::d4::tests::part1 ... ok
[INFO] [stdout] test y2024::d4::tests::part1_example ... ok
[INFO] [stdout] test y2024::d4::tests::part2 ... ok
[INFO] [stdout] test y2024::d4::tests::part2_example ... ok
[INFO] [stdout] test y2024::d3::tests::part2 ... ok
[INFO] [stdout] test y2024::d5::tests::part1_example ... ok
[INFO] [stdout] test y2024::d5::tests::part2 ... ok
[INFO] [stdout] test y2024::d5::tests::part2_example ... ok
[INFO] [stdout] test y2024::d5::tests::show_no_unordered_numbers_present ... ok
[INFO] [stdout] test y2024::d6::tests::part1 ... ok
[INFO] [stdout] test y2024::d6::tests::part1_example ... ok
[INFO] [stdout] test y2024::d5::tests::part1 ... ok
[INFO] [stdout] test y2024::d6::tests::part2_example ... ok
[INFO] [stdout] test y2024::d7::tests::part1 ... ok
[INFO] [stdout] test y2024::d7::tests::part1_example ... ok
[INFO] [stdout] test y2015::d4::tests::part1 ... ok
[INFO] [stdout] test y2024::d7::tests::part2_example ... ok
[INFO] [stdout] test y2024::d8::tests::part1 ... ok
[INFO] [stdout] test y2024::d8::tests::part1_example ... ok
[INFO] [stdout] test y2024::d8::tests::part2 ... ok
[INFO] [stdout] test y2024::d8::tests::part2_example ... ok
[INFO] [stdout] test y2024::d9::tests::part1 ... ok
[INFO] [stdout] test y2024::d9::tests::part1_example ... ok
[INFO] [stdout] test y2024::d9::tests::part2 ... ok
[INFO] [stdout] test y2024::d9::tests::part2_example ... ok
[INFO] [stdout] test y2024::d6::tests::part2 ... ok
[INFO] [stdout] test y2024::d21::tests::part2 ... ok
[INFO] [stdout] test y2024::d20::tests::part2 ... ok
[INFO] [stdout] test y2015::d4::tests::part1_example ... ok
[INFO] [stdout] test y2024::d7::tests::part2 ... ok
[INFO] [stdout] test y2024::d22::tests::part2 ... ok
[INFO] [stdout] test y2015::d4::tests::part2 ... ok
[INFO] [stdout] 
[INFO] [stdout] failures:
[INFO] [stdout] 
[INFO] [stdout] ---- y2024::d23::tests::part2_example stdout ----
[INFO] [stdout] 
[INFO] [stdout] thread 'y2024::d23::tests::part2_example' panicked at src/y2024/d23.rs:152:9:
[INFO] [stdout] assertion `left == right` failed
[INFO] [stdout]   left: "kh,qp,ub"
[INFO] [stdout]  right: "co,de,ka,ta"
[INFO] [stdout] stack backtrace:
[INFO] [stdout]    0:     0x590978b8ed2a - std::backtrace_rs::backtrace::libunwind::trace::h88deb10bd0145eb8
[INFO] [stdout]                                at /rustc/4d91de4e48198da2e33413efdcd9cd2cc0c46688/library/std/src/../../backtrace/src/backtrace/libunwind.rs:116:5
[INFO] [stdout]    1:     0x590978b8ed2a - std::backtrace_rs::backtrace::trace_unsynchronized::he1036f5481c14dff
[INFO] [stdout]                                at /rustc/4d91de4e48198da2e33413efdcd9cd2cc0c46688/library/std/src/../../backtrace/src/backtrace/mod.rs:66:5
[INFO] [stdout]    2:     0x590978b8ed2a - std::sys::backtrace::_print_fmt::hecc345b6e70c4b20
[INFO] [stdout]                                at /rustc/4d91de4e48198da2e33413efdcd9cd2cc0c46688/library/std/src/sys/backtrace.rs:66:9
[INFO] [stdout]    3:     0x590978b8ed2a - <std::sys::backtrace::BacktraceLock::print::DisplayBacktrace as core::fmt::Display>::fmt::he089f96442833f67
[INFO] [stdout]                                at /rustc/4d91de4e48198da2e33413efdcd9cd2cc0c46688/library/std/src/sys/backtrace.rs:39:26
[INFO] [stdout]    4:     0x590978bb4cf3 - core::fmt::rt::Argument::fmt::h1f77cded99c71a14
[INFO] [stdout]                                at /rustc/4d91de4e48198da2e33413efdcd9cd2cc0c46688/library/core/src/fmt/rt.rs:177:76
[INFO] [stdout]    5:     0x590978bb4cf3 - core::fmt::write::h2f210ed4c94745cb
[INFO] [stdout]                                at /rustc/4d91de4e48198da2e33413efdcd9cd2cc0c46688/library/core/src/fmt/mod.rs:1440:21
[INFO] [stdout]    6:     0x590978b8be43 - std::io::Write::write_fmt::he723b56f7e0bd522
[INFO] [stdout]                                at /rustc/4d91de4e48198da2e33413efdcd9cd2cc0c46688/library/std/src/io/mod.rs:1887:15
[INFO] [stdout]    7:     0x590978b8eb72 - std::sys::backtrace::BacktraceLock::print::h810fbd31421329e6
[INFO] [stdout]                                at /rustc/4d91de4e48198da2e33413efdcd9cd2cc0c46688/library/std/src/sys/backtrace.rs:42:9
[INFO] [stdout]    8:     0x590978b90260 - std::panicking::default_hook::{{closure}}::hbaad47ed9dc6356d
[INFO] [stdout]                                at /rustc/4d91de4e48198da2e33413efdcd9cd2cc0c46688/library/std/src/panicking.rs:295:22
[INFO] [stdout]    9:     0x590978b8fffd - std::panicking::default_hook::h24e207139139d40a
[INFO] [stdout]                                at /rustc/4d91de4e48198da2e33413efdcd9cd2cc0c46688/library/std/src/panicking.rs:319:9
[INFO] [stdout]   10:     0x5909788d9783 - <alloc::boxed::Box<F,A> as core::ops::function::Fn<Args>>::call::h63353c459bb27956
[INFO] [stdout]                                at /rustc/4d91de4e48198da2e33413efdcd9cd2cc0c46688/library/alloc/src/boxed.rs:2007:9
[INFO] [stdout]   11:     0x5909788d9783 - test::test_main::{{closure}}::hd5af4d6c4e32fe08
[INFO] [stdout]                                at /rustc/4d91de4e48198da2e33413efdcd9cd2cc0c46688/library/test/src/lib.rs:134:21
[INFO] [stdout]   12:     0x590978b90a93 - <alloc::boxed::Box<F,A> as core::ops::function::Fn<Args>>::call::h3af32c23caf5c679
[INFO] [stdout]                                at /rustc/4d91de4e48198da2e33413efdcd9cd2cc0c46688/library/alloc/src/boxed.rs:2007:9
[INFO] [stdout]   13:     0x590978b90a93 - std::panicking::rust_panic_with_hook::ha9131beeb2ddc506
[INFO] [stdout]                                at /rustc/4d91de4e48198da2e33413efdcd9cd2cc0c46688/library/std/src/panicking.rs:836:13
[INFO] [stdout]   14:     0x590978b9076a - std::panicking::begin_panic_handler::{{closure}}::h1bba0eaeb6da506f
[INFO] [stdout]                                at /rustc/4d91de4e48198da2e33413efdcd9cd2cc0c46688/library/std/src/panicking.rs:701:13
[INFO] [stdout]   15:     0x590978b8f229 - std::sys::backtrace::__rust_end_short_backtrace::h1d1ca3eade483f4c
[INFO] [stdout]                                at /rustc/4d91de4e48198da2e33413efdcd9cd2cc0c46688/library/std/src/sys/backtrace.rs:168:18
[INFO] [stdout]   16:     0x590978b903fd - rust_begin_unwind
[INFO] [stdout]                                at /rustc/4d91de4e48198da2e33413efdcd9cd2cc0c46688/library/std/src/panicking.rs:692:5
[INFO] [stdout]   17:     0x5909787bc350 - core::panicking::panic_fmt::h896a0727a1a943f9
[INFO] [stdout]                                at /rustc/4d91de4e48198da2e33413efdcd9cd2cc0c46688/library/core/src/panicking.rs:75:14
[INFO] [stdout]   18:     0x5909787bc742 - core::panicking::assert_failed_inner::ha51bf8fa7906dee4
[INFO] [stdout]   19:     0x590978872cf8 - core::panicking::assert_failed::h87cab9837a0d7c09
[INFO] [stdout]                                at /rustc/4d91de4e48198da2e33413efdcd9cd2cc0c46688/library/core/src/panicking.rs:364:5
[INFO] [stdout]   20:     0x5909788158f0 - aoc_2024::y2024::d23::tests::part2_example::h3eda66111a947be1
[INFO] [stdout]                                at /opt/rustwide/workdir/src/y2024/d23.rs:152:9
[INFO] [stdout]   21:     0x590978815837 - aoc_2024::y2024::d23::tests::part2_example::{{closure}}::h6686fc43f6df5388
[INFO] [stdout]                                at /opt/rustwide/workdir/src/y2024/d23.rs:150:23
[INFO] [stdout]   22:     0x59097881a206 - core::ops::function::FnOnce::call_once::h50ec34bd2bf2ce0f
[INFO] [stdout]                                at /rustc/4d91de4e48198da2e33413efdcd9cd2cc0c46688/library/core/src/ops/function.rs:250:5
[INFO] [stdout]   23:     0x5909788def2b - core::ops::function::FnOnce::call_once::h8acc80b5a33ff319
[INFO] [stdout]                                at /rustc/4d91de4e48198da2e33413efdcd9cd2cc0c46688/library/core/src/ops/function.rs:250:5
[INFO] [stdout]   24:     0x5909788def2b - test::__rust_begin_short_backtrace::h52b6da716ad42b7d
[INFO] [stdout]                                at /rustc/4d91de4e48198da2e33413efdcd9cd2cc0c46688/library/test/src/lib.rs:632:18
[INFO] [stdout]   25:     0x5909788dde63 - test::run_test_in_process::{{closure}}::h2580047890abbefe
[INFO] [stdout]                                at /rustc/4d91de4e48198da2e33413efdcd9cd2cc0c46688/library/test/src/lib.rs:655:60
[INFO] [stdout]   26:     0x5909788dde63 - <core::panic::unwind_safe::AssertUnwindSafe<F> as core::ops::function::FnOnce<()>>::call_once::h936f8c89d0a99c40
[INFO] [stdout]                                at /rustc/4d91de4e48198da2e33413efdcd9cd2cc0c46688/library/core/src/panic/unwind_safe.rs:272:9
[INFO] [stdout]   27:     0x5909788dde63 - std::panicking::try::do_call::h868682cc368697f9
[INFO] [stdout]                                at /rustc/4d91de4e48198da2e33413efdcd9cd2cc0c46688/library/std/src/panicking.rs:584:40
[INFO] [stdout]   28:     0x5909788dde63 - std::panicking::try::h0356ffc38cbb5501
[INFO] [stdout]                                at /rustc/4d91de4e48198da2e33413efdcd9cd2cc0c46688/library/std/src/panicking.rs:547:19
[INFO] [stdout]   29:     0x5909788dde63 - std::panic::catch_unwind::h74edf102a3082536
[INFO] [stdout]                                at /rustc/4d91de4e48198da2e33413efdcd9cd2cc0c46688/library/std/src/panic.rs:358:14
[INFO] [stdout]   30:     0x5909788dde63 - test::run_test_in_process::hc27d69576b7224e4
[INFO] [stdout]                                at /rustc/4d91de4e48198da2e33413efdcd9cd2cc0c46688/library/test/src/lib.rs:655:27
[INFO] [stdout]   31:     0x5909788dde63 - test::run_test::{{closure}}::h9f3bfaf910429adb
[INFO] [stdout]                                at /rustc/4d91de4e48198da2e33413efdcd9cd2cc0c46688/library/test/src/lib.rs:576:43
[INFO] [stdout]   32:     0x5909788a1b95 - test::run_test::{{closure}}::h3d537cdce8ec5816
[INFO] [stdout]                                at /rustc/4d91de4e48198da2e33413efdcd9cd2cc0c46688/library/test/src/lib.rs:606:41
[INFO] [stdout]   33:     0x5909788a1b95 - std::sys::backtrace::__rust_begin_short_backtrace::hb51d9a6c67ec382d
[INFO] [stdout]                                at /rustc/4d91de4e48198da2e33413efdcd9cd2cc0c46688/library/std/src/sys/backtrace.rs:152:18
[INFO] [stdout]   34:     0x5909788a55d6 - std::thread::Builder::spawn_unchecked_::{{closure}}::{{closure}}::h5738f3abb9603fe6
[INFO] [stdout]                                at /rustc/4d91de4e48198da2e33413efdcd9cd2cc0c46688/library/std/src/thread/mod.rs:564:17
[INFO] [stdout]   35:     0x5909788a55d6 - <core::panic::unwind_safe::AssertUnwindSafe<F> as core::ops::function::FnOnce<()>>::call_once::h5e9f4b56e45e8108
[INFO] [stdout]                                at /rustc/4d91de4e48198da2e33413efdcd9cd2cc0c46688/library/core/src/panic/unwind_safe.rs:272:9
[INFO] [stdout]   36:     0x5909788a55d6 - std::panicking::try::do_call::ha36db853b2f34e23
[INFO] [stdout]                                at /rustc/4d91de4e48198da2e33413efdcd9cd2cc0c46688/library/std/src/panicking.rs:584:40
[INFO] [stdout]   37:     0x5909788a55d6 - std::panicking::try::h57e1aa33a0efb1be
[INFO] [stdout]                                at /rustc/4d91de4e48198da2e33413efdcd9cd2cc0c46688/library/std/src/panicking.rs:547:19
[INFO] [stdout]   38:     0x5909788a55d6 - std::panic::catch_unwind::hdb71a6103024936e
[INFO] [stdout]                                at /rustc/4d91de4e48198da2e33413efdcd9cd2cc0c46688/library/std/src/panic.rs:358:14
[INFO] [stdout]   39:     0x5909788a55d6 - std::thread::Builder::spawn_unchecked_::{{closure}}::h8caa22218f423ab1
[INFO] [stdout]                                at /rustc/4d91de4e48198da2e33413efdcd9cd2cc0c46688/library/std/src/thread/mod.rs:562:30
[INFO] [stdout]   40:     0x5909788a55d6 - core::ops::function::FnOnce::call_once{{vtable.shim}}::hb3b44780e9c053e5
[INFO] [stdout]                                at /rustc/4d91de4e48198da2e33413efdcd9cd2cc0c46688/library/core/src/ops/function.rs:250:5
[INFO] [stdout]   41:     0x590978b9490b - <alloc::boxed::Box<F,A> as core::ops::function::FnOnce<Args>>::call_once::h2649f14f1b1c150d
[INFO] [stdout]                                at /rustc/4d91de4e48198da2e33413efdcd9cd2cc0c46688/library/alloc/src/boxed.rs:1993:9
[INFO] [stdout]   42:     0x590978b9490b - <alloc::boxed::Box<F,A> as core::ops::function::FnOnce<Args>>::call_once::hb2ade58cb34e1bc4
[INFO] [stdout]                                at /rustc/4d91de4e48198da2e33413efdcd9cd2cc0c46688/library/alloc/src/boxed.rs:1993:9
[INFO] [stdout]   43:     0x590978b9490b - std::sys::pal::unix::thread::Thread::new::thread_start::ha07e360225fa3528
[INFO] [stdout]                                at /rustc/4d91de4e48198da2e33413efdcd9cd2cc0c46688/library/std/src/sys/pal/unix/thread.rs:106:17
[INFO] [stdout]   44:     0x7481d67cdac3 - <unknown>
[INFO] [stdout]   45:     0x7481d685ea04 - clone
[INFO] [stdout]   46:                0x0 - <unknown>
[INFO] [stdout] 
[INFO] [stdout] 
[INFO] [stdout] failures:
[INFO] [stdout]     y2024::d23::tests::part2_example
[INFO] [stdout] 
[INFO] [stdout] test result: FAILED. 126 passed; 1 failed; 0 ignored; 0 measured; 0 filtered out; finished in 53.84s
[INFO] [stdout] 
[INFO] [stderr] error: test failed, to rerun pass `--bin aoc-2024`
[INFO] running `Command { std: "docker" "inspect" "79ea71e5c5f9c42e5464bd4a8f73629b1fe96c91675ef5f3405db8e4f1f5cc50", kill_on_drop: false }`
[INFO] running `Command { std: "docker" "rm" "-f" "79ea71e5c5f9c42e5464bd4a8f73629b1fe96c91675ef5f3405db8e4f1f5cc50", kill_on_drop: false }`
[INFO] [stdout] 79ea71e5c5f9c42e5464bd4a8f73629b1fe96c91675ef5f3405db8e4f1f5cc50
