[INFO] cloning repository https://github.com/lignyxg/01-rcli
[INFO] running `Command { std: "git" "-c" "credential.helper=" "-c" "credential.helper=/workspace/cargo-home/bin/git-credential-null" "clone" "--bare" "https://github.com/lignyxg/01-rcli" "/workspace/cache/git-repos/https%3A%2F%2Fgithub.com%2Flignyxg%2F01-rcli", kill_on_drop: false }`
[INFO] [stderr] Cloning into bare repository '/workspace/cache/git-repos/https%3A%2F%2Fgithub.com%2Flignyxg%2F01-rcli'...
[INFO] running `Command { std: "git" "rev-parse" "HEAD", kill_on_drop: false }`
[INFO] [stdout] 30cfc681f67ecc164ae82e94ca4ae91b610d4b1a
[INFO] testing lignyxg/01-rcli against 1.85.0 for beta-1.86-3
[INFO] running `Command { std: "git" "clone" "/workspace/cache/git-repos/https%3A%2F%2Fgithub.com%2Flignyxg%2F01-rcli" "/workspace/builds/worker-6-tc1/source", kill_on_drop: false }`
[INFO] [stderr] Cloning into '/workspace/builds/worker-6-tc1/source'...
[INFO] [stderr] done.
[INFO] validating manifest of git repo https://github.com/lignyxg/01-rcli on toolchain 1.85.0
[INFO] running `Command { std: CARGO_HOME="/workspace/cargo-home" RUSTUP_HOME="/workspace/rustup-home" "/workspace/cargo-home/bin/cargo" "+1.85.0" "metadata" "--manifest-path" "Cargo.toml" "--no-deps", kill_on_drop: false }`
[INFO] started tweaking git repo https://github.com/lignyxg/01-rcli
[INFO] finished tweaking git repo https://github.com/lignyxg/01-rcli
[INFO] tweaked toml for git repo https://github.com/lignyxg/01-rcli written to /workspace/builds/worker-6-tc1/source/Cargo.toml
[INFO] crate git repo https://github.com/lignyxg/01-rcli already has a lockfile, it will not be regenerated
[INFO] running `Command { std: CARGO_HOME="/workspace/cargo-home" RUSTUP_HOME="/workspace/rustup-home" "/workspace/cargo-home/bin/cargo" "+1.85.0" "fetch" "--manifest-path" "Cargo.toml", kill_on_drop: false }`
[INFO] [stderr]     Updating crates.io index
[INFO] [stderr]  Downloading crates ...
[INFO] [stderr]   Downloaded num-conv v0.1.0
[INFO] [stderr]   Downloaded time-core v0.1.2
[INFO] [stderr]   Downloaded time-macros v0.2.18
[INFO] [stderr]   Downloaded alloc-stdlib v0.2.2
[INFO] [stderr]   Downloaded http-body v1.0.0
[INFO] [stderr]   Downloaded windows-targets v0.52.5
[INFO] [stderr]   Downloaded alloc-no-stdlib v2.0.4
[INFO] [stderr]   Downloaded autocfg v1.3.0
[INFO] [stderr]   Downloaded addr2line v0.21.0
[INFO] [stderr]   Downloaded equivalent v1.0.1
[INFO] [stderr]   Downloaded sync_wrapper v1.0.1
[INFO] [stderr]   Downloaded sync_wrapper v0.1.2
[INFO] [stderr]   Downloaded tokio-util v0.7.11
[INFO] [stderr]   Downloaded pkg-config v0.3.30
[INFO] [stderr]   Downloaded serde_path_to_error v0.1.16
[INFO] [stderr]   Downloaded futures-util v0.3.30
[INFO] [stderr]   Downloaded zstd v0.13.1
[INFO] [stderr]   Downloaded bitflags v2.5.0
[INFO] [stderr]   Downloaded chacha20poly1305 v0.10.1
[INFO] [stderr]   Downloaded hyper-util v0.1.4
[INFO] [stderr]   Downloaded async-compression v0.4.10
[INFO] [stderr]   Downloaded object v0.32.2
[INFO] [stderr]   Downloaded axum v0.7.5
[INFO] [stderr]   Downloaded h2 v0.4.5
[INFO] [stderr]   Downloaded blake3 v1.5.1
[INFO] [stderr]   Downloaded brotli-decompressor v4.0.0
[INFO] [stderr]   Downloaded regex-syntax v0.8.3
[INFO] [stderr]   Downloaded clap_builder v4.5.2
[INFO] [stderr]   Downloaded windows_aarch64_gnullvm v0.52.5
[INFO] [stderr]   Downloaded curve25519-dalek v4.1.2
[INFO] [stderr]   Downloaded windows_i686_gnullvm v0.52.5
[INFO] [stderr]   Downloaded windows_aarch64_gnullvm v0.48.5
[INFO] [stderr]   Downloaded windows_x86_64_gnullvm v0.52.5
[INFO] [stderr]   Downloaded windows_x86_64_gnullvm v0.48.5
[INFO] [stderr]   Downloaded zxcvbn v2.2.2
[INFO] [stderr]   Downloaded serde_json v1.0.117
[INFO] [stderr]   Downloaded hyper v1.3.1
[INFO] [stderr]   Downloaded hashbrown v0.14.5
[INFO] [stderr]   Downloaded regex-syntax v0.6.29
[INFO] [stderr]   Downloaded regex-automata v0.4.6
[INFO] [stderr]   Downloaded tower v0.4.13
[INFO] [stderr]   Downloaded num-bigint v0.4.5
[INFO] [stderr]   Downloaded rand v0.8.5
[INFO] [stderr]   Downloaded fiat-crypto v0.2.9
[INFO] [stderr]   Downloaded gimli v0.28.1
[INFO] [stderr]   Downloaded regex v1.10.4
[INFO] [stderr]   Downloaded libc v0.2.155
[INFO] [stderr]   Downloaded tokio v1.37.0
[INFO] [stderr]   Downloaded windows_x86_64_msvc v0.48.5
[INFO] [stderr]   Downloaded windows_aarch64_msvc v0.48.5
[INFO] [stderr]   Downloaded windows_aarch64_msvc v0.52.5
[INFO] [stderr]   Downloaded windows_x86_64_gnu v0.52.5
[INFO] [stderr]   Downloaded windows_i686_gnu v0.52.5
[INFO] [stderr]   Downloaded windows_x86_64_msvc v0.52.5
[INFO] [stderr]   Downloaded windows_i686_msvc v0.52.5
[INFO] [stderr]   Downloaded zstd-sys v2.0.10+zstd.1.5.6
[INFO] [stderr]   Downloaded windows_i686_gnu v0.48.5
[INFO] [stderr]   Downloaded windows_i686_msvc v0.48.5
[INFO] [stderr]   Downloaded windows_x86_64_gnu v0.48.5
[INFO] [stderr]   Downloaded der v0.7.9
[INFO] [stderr]   Downloaded ed25519-dalek v2.1.1
[INFO] [stderr]   Downloaded base64 v0.21.7
[INFO] [stderr]   Downloaded base64 v0.22.1
[INFO] [stderr]   Downloaded csv v1.3.0
[INFO] [stderr]   Downloaded indexmap v2.2.6
[INFO] [stderr]   Downloaded ryu v1.0.18
[INFO] [stderr]   Downloaded unsafe-libyaml v0.2.11
[INFO] [stderr]   Downloaded serde_yaml v0.9.34+deprecated
[INFO] [stderr]   Downloaded flate2 v1.0.30
[INFO] [stderr]   Downloaded anyhow v1.0.86
[INFO] [stderr]   Downloaded async-trait v0.1.80
[INFO] [stderr]   Downloaded pin-project v1.1.5
[INFO] [stderr]   Downloaded poly1305 v0.8.0
[INFO] [stderr]   Downloaded clap v4.5.4
[INFO] [stderr]   Downloaded semver v1.0.23
[INFO] [stderr]   Downloaded const-oid v0.9.6
[INFO] [stderr]   Downloaded typenum v1.17.0
[INFO] [stderr]   Downloaded sha2 v0.10.8
[INFO] [stderr]   Downloaded spin v0.9.8
[INFO] [stderr]   Downloaded num-traits v0.2.19
[INFO] [stderr]   Downloaded simple_asn1 v0.6.2
[INFO] [stderr]   Downloaded jsonwebtoken v9.3.0
[INFO] [stderr]   Downloaded getrandom v0.2.15
[INFO] [stderr]   Downloaded brotli v6.0.0
[INFO] [stderr]   Downloaded tracing-subscriber v0.3.18
[INFO] [stderr]   Downloaded aho-corasick v1.1.3
[INFO] [stderr]   Downloaded futures-channel v0.3.30
[INFO] [stderr]   Downloaded atomic-waker v1.1.2
[INFO] [stderr]   Downloaded httparse v1.8.0
[INFO] [stderr]   Downloaded matchit v0.7.3
[INFO] [stderr]   Downloaded pin-project-internal v1.1.5
[INFO] [stderr]   Downloaded anstyle-wincon v3.0.3
[INFO] [stderr]   Downloaded anstream v0.6.14
[INFO] [stderr]   Downloaded clap_derive v4.5.4
[INFO] [stderr]   Downloaded csv-core v0.1.11
[INFO] [stderr]   Downloaded platforms v3.4.0
[INFO] [stderr]   Downloaded base64ct v1.6.0
[INFO] [stderr]   Downloaded spki v0.7.3
[INFO] [stderr]   Downloaded pkcs8 v0.10.2
[INFO] [stderr]   Downloaded signature v2.2.0
[INFO] [stderr]   Downloaded enum_dispatch v0.3.13
[INFO] [stderr]   Downloaded wasm-bindgen v0.2.92
[INFO] [stderr]   Downloaded clap_lex v0.7.0
[INFO] [stderr]   Downloaded strsim v0.11.1
[INFO] [stderr]   Downloaded heck v0.5.0
[INFO] [stderr]   Downloaded cpufeatures v0.2.12
[INFO] [stderr]   Downloaded pem v3.0.4
[INFO] [stderr]   Downloaded num-integer v0.1.46
[INFO] [stderr]   Downloaded thiserror-impl v1.0.61
[INFO] [stderr]   Downloaded thiserror v1.0.61
[INFO] [stderr]   Downloaded syn v2.0.66
[INFO] [stderr]   Downloaded zstd-safe v7.1.0
[INFO] [stderr]   Downloaded futures-macro v0.3.30
[INFO] [stderr]   Downloaded futures-task v0.3.30
[INFO] [stderr]   Downloaded axum-core v0.4.3
[INFO] [stderr]   Downloaded rustversion v1.0.17
[INFO] [stderr]   Downloaded constant_time_eq v0.3.0
[INFO] [stderr]   Downloaded aead v0.5.2
[INFO] [stderr]   Downloaded chacha20 v0.9.1
[INFO] [stderr]   Downloaded universal-hash v0.5.1
[INFO] [stderr]   Downloaded anstyle-parse v0.2.4
[INFO] [stderr]   Downloaded anstyle-query v1.0.3
[INFO] [stderr]   Downloaded colorchoice v1.0.1
[INFO] [stderr]   Downloaded utf8parse v0.2.1
[INFO] [stderr]   Downloaded anstyle v1.0.7
[INFO] [stderr]   Downloaded curve25519-dalek-derive v0.1.1
[INFO] [stderr]   Downloaded ed25519 v2.2.3
[INFO] [stderr]   Downloaded subtle v2.5.0
[INFO] [stderr]   Downloaded zeroize v1.8.1
[INFO] [stderr]   Downloaded untrusted v0.9.0
[INFO] [stderr]   Downloaded rand_chacha v0.3.1
[INFO] [stderr]   Downloaded time v0.3.36
[INFO] [stderr]   Downloaded tower-http v0.5.2
[INFO] [stderr]   Downloaded regex-automata v0.1.10
[INFO] [stderr]   Downloaded memchr v2.7.2
[INFO] [stderr]   Downloaded opaque-debug v0.3.1
[INFO] [stderr]   Downloaded is_terminal_polyfill v1.70.0
[INFO] [stderr]   Downloaded cc v1.0.98
[INFO] [stderr]   Downloaded tracing v0.1.40
[INFO] [stderr]   Downloaded bumpalo v3.16.0
[INFO] [stderr]   Downloaded backtrace v0.3.71
[INFO] [stderr]   Downloaded mio v0.8.11
[INFO] [stderr]   Downloaded darling_core v0.14.4
[INFO] [stderr]   Downloaded fancy-regex v0.11.0
[INFO] [stderr]   Downloaded js-sys v0.3.69
[INFO] [stderr]   Downloaded serde v1.0.203
[INFO] [stderr]   Downloaded bytes v1.6.0
[INFO] [stderr]   Downloaded sharded-slab v0.1.7
[INFO] [stderr]   Downloaded valuable v0.1.0
[INFO] [stderr]   Downloaded tracing-core v0.1.32
[INFO] [stderr]   Downloaded windows-sys v0.52.0
[INFO] [stderr]   Downloaded log v0.4.21
[INFO] [stderr]   Downloaded proc-macro2 v1.0.84
[INFO] [stderr]   Downloaded unicode-ident v1.0.12
[INFO] [stderr]   Downloaded serde_derive v1.0.203
[INFO] [stderr]   Downloaded miniz_oxide v0.7.3
[INFO] [stderr]   Downloaded rustc-demangle v0.1.24
[INFO] [stderr]   Downloaded socket2 v0.5.7
[INFO] [stderr]   Downloaded overload v0.1.1
[INFO] [stderr]   Downloaded nu-ansi-term v0.46.0
[INFO] [stderr]   Downloaded smallvec v1.13.2
[INFO] [stderr]   Downloaded pin-project-lite v0.2.14
[INFO] [stderr]   Downloaded tracing-attributes v0.1.27
[INFO] [stderr]   Downloaded darling v0.14.4
[INFO] [stderr]   Downloaded derive_builder v0.12.0
[INFO] [stderr]   Downloaded once_cell v1.19.0
[INFO] [stderr]   Downloaded wasm-bindgen-backend v0.2.92
[INFO] [stderr]   Downloaded wasm-bindgen-macro-support v0.2.92
[INFO] [stderr]   Downloaded deranged v0.3.11
[INFO] [stderr]   Downloaded powerfmt v0.2.0
[INFO] [stderr]   Downloaded quote v1.0.36
[INFO] [stderr]   Downloaded http v1.1.0
[INFO] [stderr]   Downloaded http-body-util v0.1.1
[INFO] [stderr]   Downloaded httpdate v1.0.3
[INFO] [stderr]   Downloaded unicase v2.7.0
[INFO] [stderr]   Downloaded mime_guess v2.0.4
[INFO] [stderr]   Downloaded futures-core v0.3.30
[INFO] [stderr]   Downloaded futures-sink v0.3.30
[INFO] [stderr]   Downloaded jobserver v0.1.31
[INFO] [stderr]   Downloaded adler v1.0.2
[INFO] [stderr]   Downloaded thread_local v1.1.8
[INFO] [stderr]   Downloaded tracing-log v0.2.0
[INFO] [stderr]   Downloaded derive_builder_core v0.12.0
[INFO] [stderr]   Downloaded bit-vec v0.6.3
[INFO] [stderr]   Downloaded bit-set v0.5.3
[INFO] [stderr]   Downloaded wasm-bindgen-macro v0.2.92
[INFO] [stderr]   Downloaded quick-error v2.0.1
[INFO] [stderr]   Downloaded itoa v1.0.11
[INFO] [stderr]   Downloaded http-range-header v0.4.1
[INFO] [stderr]   Downloaded hermit-abi v0.3.9
[INFO] [stderr]   Downloaded tokio-macros v2.2.0
[INFO] [stderr]   Downloaded windows-targets v0.48.5
[INFO] [stderr]   Downloaded either v1.12.0
[INFO] [stderr]   Downloaded tower-layer v0.3.2
[INFO] [stderr]   Downloaded matchers v0.1.0
[INFO] [stderr]   Downloaded wasm-bindgen-shared v0.2.92
[INFO] [stderr]   Downloaded darling_macro v0.14.4
[INFO] [stderr]   Downloaded derive_builder_macro v0.12.0
[INFO] [stderr]   Downloaded num_threads v0.1.7
[INFO] [stderr]   Downloaded ring v0.17.8
[INFO] running `Command { std: "docker" "create" "-v" "/var/lib/crater-agent-workspace/builds/worker-6-tc1/target:/opt/rustwide/target:rw,Z" "-v" "/var/lib/crater-agent-workspace/builds/worker-6-tc1/source:/opt/rustwide/workdir:ro,Z" "-v" "/var/lib/crater-agent-workspace/cargo-home:/opt/rustwide/cargo-home:ro,Z" "-v" "/var/lib/crater-agent-workspace/rustup-home:/opt/rustwide/rustup-home:ro,Z" "-e" "SOURCE_DIR=/opt/rustwide/workdir" "-e" "CARGO_TARGET_DIR=/opt/rustwide/target" "-e" "CARGO_HOME=/opt/rustwide/cargo-home" "-e" "RUSTUP_HOME=/opt/rustwide/rustup-home" "-w" "/opt/rustwide/workdir" "-m" "1610612736" "--user" "0:0" "--network" "none" "ghcr.io/rust-lang/crates-build-env/linux@sha256:3959728d45483eb673ba100a951a6b9f5012970368db2a9e08e0ac9b67c8a5ad" "/opt/rustwide/cargo-home/bin/cargo" "+1.85.0" "metadata" "--no-deps" "--format-version=1", kill_on_drop: false }`
[INFO] [stdout] d234b2f118c9d407a53bd68fd3d3eb83662e9c22583a571e93d11b283638b579
[INFO] running `Command { std: "docker" "start" "-a" "d234b2f118c9d407a53bd68fd3d3eb83662e9c22583a571e93d11b283638b579", kill_on_drop: false }`
[INFO] running `Command { std: "docker" "inspect" "d234b2f118c9d407a53bd68fd3d3eb83662e9c22583a571e93d11b283638b579", kill_on_drop: false }`
[INFO] running `Command { std: "docker" "rm" "-f" "d234b2f118c9d407a53bd68fd3d3eb83662e9c22583a571e93d11b283638b579", kill_on_drop: false }`
[INFO] [stdout] d234b2f118c9d407a53bd68fd3d3eb83662e9c22583a571e93d11b283638b579
[INFO] running `Command { std: "docker" "create" "-v" "/var/lib/crater-agent-workspace/builds/worker-6-tc1/target:/opt/rustwide/target:rw,Z" "-v" "/var/lib/crater-agent-workspace/builds/worker-6-tc1/source:/opt/rustwide/workdir:ro,Z" "-v" "/var/lib/crater-agent-workspace/cargo-home:/opt/rustwide/cargo-home:ro,Z" "-v" "/var/lib/crater-agent-workspace/rustup-home:/opt/rustwide/rustup-home:ro,Z" "-e" "SOURCE_DIR=/opt/rustwide/workdir" "-e" "CARGO_TARGET_DIR=/opt/rustwide/target" "-e" "CARGO_INCREMENTAL=0" "-e" "RUST_BACKTRACE=full" "-e" "RUSTFLAGS=--cap-lints=warn" "-e" "RUSTDOCFLAGS=--cap-lints=warn" "-e" "CARGO_HOME=/opt/rustwide/cargo-home" "-e" "RUSTUP_HOME=/opt/rustwide/rustup-home" "-w" "/opt/rustwide/workdir" "-m" "1610612736" "--user" "0:0" "--network" "none" "ghcr.io/rust-lang/crates-build-env/linux@sha256:3959728d45483eb673ba100a951a6b9f5012970368db2a9e08e0ac9b67c8a5ad" "/opt/rustwide/cargo-home/bin/cargo" "+1.85.0" "build" "--frozen" "--message-format=json", kill_on_drop: false }`
[INFO] [stdout] 5582f7c240a26181a7fcec4ea88d20b4d000a44f247f7edaa7de663c3e922a3b
[INFO] running `Command { std: "docker" "start" "-a" "5582f7c240a26181a7fcec4ea88d20b4d000a44f247f7edaa7de663c3e922a3b", kill_on_drop: false }`
[INFO] [stderr]    Compiling proc-macro2 v1.0.84
[INFO] [stderr]    Compiling unicode-ident v1.0.12
[INFO] [stderr]    Compiling libc v0.2.155
[INFO] [stderr]    Compiling once_cell v1.19.0
[INFO] [stderr]    Compiling autocfg v1.3.0
[INFO] [stderr]    Compiling itoa v1.0.11
[INFO] [stderr]    Compiling typenum v1.17.0
[INFO] [stderr]    Compiling fnv v1.0.7
[INFO] [stderr]    Compiling generic-array v0.14.7
[INFO] [stderr]    Compiling pin-project-lite v0.2.14
[INFO] [stderr]    Compiling bytes v1.6.0
[INFO] [stderr]    Compiling serde v1.0.203
[INFO] [stderr]    Compiling futures-core v0.3.30
[INFO] [stderr]    Compiling memchr v2.7.2
[INFO] [stderr]    Compiling slab v0.4.9
[INFO] [stderr]    Compiling tracing-core v0.1.32
[INFO] [stderr]    Compiling log v0.4.21
[INFO] [stderr]    Compiling syn v1.0.109
[INFO] [stderr]    Compiling quote v1.0.36
[INFO] [stderr]    Compiling http v1.1.0
[INFO] [stderr]    Compiling rustversion v1.0.17
[INFO] [stderr]    Compiling pkg-config v0.3.30
[INFO] [stderr]    Compiling syn v2.0.66
[INFO] [stderr]    Compiling pin-utils v0.1.0
[INFO] [stderr]    Compiling futures-task v0.3.30
[INFO] [stderr]    Compiling jobserver v0.1.31
[INFO] [stderr]    Compiling getrandom v0.2.15
[INFO] [stderr]    Compiling num_cpus v1.16.0
[INFO] [stderr]    Compiling cc v1.0.98
[INFO] [stderr]    Compiling rand_core v0.6.4
[INFO] [stderr]    Compiling socket2 v0.5.7
[INFO] [stderr]    Compiling mio v0.8.11
[INFO] [stderr]    Compiling strsim v0.10.0
[INFO] [stderr]    Compiling semver v1.0.23
[INFO] [stderr]    Compiling crypto-common v0.1.6
[INFO] [stderr]    Compiling ident_case v1.0.1
[INFO] [stderr]    Compiling http-body v1.0.0
[INFO] [stderr]    Compiling num-traits v0.2.19
[INFO] [stderr]    Compiling unicase v2.7.0
[INFO] [stderr]    Compiling ryu v1.0.18
[INFO] [stderr]    Compiling hashbrown v0.14.5
[INFO] [stderr]    Compiling cpufeatures v0.2.12
[INFO] [stderr]    Compiling equivalent v1.0.1
[INFO] [stderr]    Compiling futures-sink v0.3.30
[INFO] [stderr]    Compiling aho-corasick v1.1.3
[INFO] [stderr]    Compiling regex-syntax v0.8.3
[INFO] [stderr]    Compiling alloc-no-stdlib v2.0.4
[INFO] [stderr]    Compiling httparse v1.8.0
[INFO] [stderr]    Compiling zstd-safe v7.1.0
[INFO] [stderr]    Compiling zstd-sys v2.0.10+zstd.1.5.6
[INFO] [stderr]    Compiling powerfmt v0.2.0
[INFO] [stderr]    Compiling zeroize v1.8.1
[INFO] [stderr]    Compiling indexmap v2.2.6
[INFO] [stderr]    Compiling time-core v0.1.2
[INFO] [stderr]    Compiling num-conv v0.1.0
[INFO] [stderr]    Compiling subtle v2.5.0
[INFO] [stderr]    Compiling alloc-stdlib v0.2.2
[INFO] [stderr]    Compiling time-macros v0.2.18
[INFO] [stderr]    Compiling rustc_version v0.4.0
[INFO] [stderr]    Compiling block-buffer v0.10.4
[INFO] [stderr]    Compiling mime v0.3.17
[INFO] [stderr]    Compiling percent-encoding v2.3.1
[INFO] [stderr]    Compiling darling_core v0.14.4
[INFO] [stderr]    Compiling adler v1.0.2
[INFO] [stderr]    Compiling regex-automata v0.4.6
[INFO] [stderr]    Compiling tower-layer v0.3.2
[INFO] [stderr]    Compiling httpdate v1.0.3
[INFO] [stderr]    Compiling utf8parse v0.2.1
[INFO] [stderr]    Compiling serde_json v1.0.117
[INFO] [stderr]    Compiling platforms v3.4.0
[INFO] [stderr]    Compiling thiserror v1.0.61
[INFO] [stderr]    Compiling smallvec v1.13.2
[INFO] [stderr]    Compiling num_threads v0.1.7
[INFO] [stderr]    Compiling tower-service v0.3.2
[INFO] [stderr]    Compiling atomic-waker v1.1.2
[INFO] [stderr]    Compiling curve25519-dalek v4.1.2
[INFO] [stderr]    Compiling anstyle-parse v0.2.4
[INFO] [stderr]    Compiling miniz_oxide v0.7.3
[INFO] [stderr]    Compiling darling_macro v0.14.4
[INFO] [stderr]    Compiling num-integer v0.1.46
[INFO] [stderr]    Compiling digest v0.10.7
[INFO] [stderr]    Compiling mime_guess v2.0.4
[INFO] [stderr]    Compiling brotli-decompressor v4.0.0
[INFO] [stderr]    Compiling serde_derive v1.0.203
[INFO] [stderr]    Compiling tokio-macros v2.2.0
[INFO] [stderr]    Compiling tracing-attributes v0.1.27
[INFO] [stderr]    Compiling futures-macro v0.3.30
[INFO] [stderr]    Compiling darling v0.14.4
[INFO] [stderr]    Compiling derive_builder_core v0.12.0
[INFO] [stderr]    Compiling tokio v1.37.0
[INFO] [stderr]    Compiling regex v1.10.4
[INFO] [stderr]    Compiling thiserror-impl v1.0.61
[INFO] [stderr]    Compiling futures-util v0.3.30
[INFO] [stderr]    Compiling tracing v0.1.40
[INFO] [stderr]    Compiling pin-project-internal v1.1.5
[INFO] [stderr]    Compiling ring v0.17.8
[INFO] [stderr]    Compiling axum-core v0.4.3
[INFO] [stderr]    Compiling http-body-util v0.1.1
[INFO] [stderr]    Compiling inout v0.1.3
[INFO] [stderr]    Compiling futures-channel v0.3.30
[INFO] [stderr]    Compiling crc32fast v1.4.2
[INFO] [stderr]    Compiling colorchoice v1.0.1
[INFO] [stderr]    Compiling anstyle-query v1.0.3
[INFO] [stderr]    Compiling regex-syntax v0.6.29
[INFO] [stderr]    Compiling bit-vec v0.6.3
[INFO] [stderr]    Compiling anstyle v1.0.7
[INFO] [stderr]    Compiling is_terminal_polyfill v1.70.0
[INFO] [stderr]    Compiling flate2 v1.0.30
[INFO] [stderr]    Compiling anstream v0.6.14
[INFO] [stderr]    Compiling bit-set v0.5.3
[INFO] [stderr]    Compiling cipher v0.4.4
[INFO] [stderr]    Compiling pin-project v1.1.5
[INFO] [stderr]    Compiling derive_builder_macro v0.12.0
[INFO] [stderr]    Compiling brotli v6.0.0
[INFO] [stderr]    Compiling num-bigint v0.4.5
[INFO] [stderr]    Compiling curve25519-dalek-derive v0.1.1
[INFO] [stderr]    Compiling tokio-util v0.7.11
[INFO] [stderr]    Compiling regex-automata v0.1.10
[INFO] [stderr]    Compiling h2 v0.4.5
[INFO] [stderr]    Compiling zstd v0.13.1
[INFO] [stderr]    Compiling async-trait v0.1.80
[INFO] [stderr]    Compiling form_urlencoded v1.2.1
[INFO] [stderr]    Compiling universal-hash v0.5.1
[INFO] [stderr]    Compiling blake3 v1.5.1
[INFO] [stderr]    Compiling axum v0.7.5
[INFO] [stderr]    Compiling spin v0.9.8
[INFO] [stderr]    Compiling base64 v0.22.1
[INFO] [stderr]    Compiling heck v0.5.0
[INFO] [stderr]    Compiling deranged v0.3.11
[INFO] [stderr]    Compiling anyhow v1.0.86
[INFO] [stderr]    Compiling strsim v0.11.1
[INFO] [stderr]    Compiling opaque-debug v0.3.1
[INFO] [stderr]    Compiling clap_lex v0.7.0
[INFO] [stderr]    Compiling either v1.12.0
[INFO] [stderr]    Compiling sync_wrapper v0.1.2
[INFO] [stderr]    Compiling untrusted v0.9.0
[INFO] [stderr]    Compiling overload v0.1.1
[INFO] [stderr]    Compiling signature v2.2.0
[INFO] [stderr]    Compiling ed25519 v2.2.3
[INFO] [stderr]    Compiling nu-ansi-term v0.46.0
[INFO] [stderr]    Compiling itertools v0.10.5
[INFO] [stderr]    Compiling time v0.3.36
[INFO] [stderr]    Compiling async-compression v0.4.10
[INFO] [stderr]    Compiling clap_builder v4.5.2
[INFO] [stderr]    Compiling poly1305 v0.8.0
[INFO] [stderr]    Compiling pem v3.0.4
[INFO] [stderr]    Compiling clap_derive v4.5.4
[INFO] [stderr]    Compiling serde_urlencoded v0.7.1
[INFO] [stderr]    Compiling serde_path_to_error v0.1.16
[INFO] [stderr]    Compiling rand_chacha v0.3.1
[INFO] [stderr]    Compiling matchers v0.1.0
[INFO] [stderr]    Compiling simple_asn1 v0.6.2
[INFO] [stderr]    Compiling tower v0.4.13
[INFO] [stderr]    Compiling hyper v1.3.1
[INFO] [stderr]    Compiling derive_builder v0.12.0
[INFO] [stderr]    Compiling chacha20 v0.9.1
[INFO] [stderr]    Compiling fancy-regex v0.11.0
[INFO] [stderr]    Compiling sharded-slab v0.1.7
[INFO] [stderr]    Compiling hyper-util v0.1.4
[INFO] [stderr]    Compiling sha2 v0.10.8
[INFO] [stderr]    Compiling aead v0.5.2
[INFO] [stderr]    Compiling tracing-log v0.2.0
[INFO] [stderr]    Compiling csv-core v0.1.11
[INFO] [stderr]    Compiling thread_local v1.1.8
[INFO] [stderr]    Compiling bitflags v2.5.0
[INFO] [stderr]    Compiling base64 v0.21.7
[INFO] [stderr]    Compiling arrayref v0.3.7
[INFO] [stderr]    Compiling arrayvec v0.7.4
[INFO] [stderr]    Compiling quick-error v2.0.1
[INFO] [stderr]    Compiling unsafe-libyaml v0.2.11
[INFO] [stderr]    Compiling constant_time_eq v0.3.0
[INFO] [stderr]    Compiling matchit v0.7.3
[INFO] [stderr]    Compiling sync_wrapper v1.0.1
[INFO] [stderr]    Compiling http-range-header v0.4.1
[INFO] [stderr]    Compiling zxcvbn v2.2.2
[INFO] [stderr]    Compiling tracing-subscriber v0.3.18
[INFO] [stderr]    Compiling jsonwebtoken v9.3.0
[INFO] [stderr]    Compiling tower-http v0.5.2
[INFO] [stderr]    Compiling serde_yaml v0.9.34+deprecated
[INFO] [stderr]    Compiling csv v1.3.0
[INFO] [stderr]    Compiling clap v4.5.4
[INFO] [stderr]    Compiling ed25519-dalek v2.1.1
[INFO] [stderr]    Compiling chacha20poly1305 v0.10.1
[INFO] [stderr]    Compiling rand v0.8.5
[INFO] [stderr]    Compiling enum_dispatch v0.3.13
[INFO] [stderr]    Compiling rcli v0.1.0 (/opt/rustwide/workdir)
[INFO] [stderr]     Finished `dev` profile [unoptimized + debuginfo] target(s) in 2m 56s
[INFO] running `Command { std: "docker" "inspect" "5582f7c240a26181a7fcec4ea88d20b4d000a44f247f7edaa7de663c3e922a3b", kill_on_drop: false }`
[INFO] running `Command { std: "docker" "rm" "-f" "5582f7c240a26181a7fcec4ea88d20b4d000a44f247f7edaa7de663c3e922a3b", kill_on_drop: false }`
[INFO] [stdout] 5582f7c240a26181a7fcec4ea88d20b4d000a44f247f7edaa7de663c3e922a3b
[INFO] running `Command { std: "docker" "create" "-v" "/var/lib/crater-agent-workspace/builds/worker-6-tc1/target:/opt/rustwide/target:rw,Z" "-v" "/var/lib/crater-agent-workspace/builds/worker-6-tc1/source:/opt/rustwide/workdir:ro,Z" "-v" "/var/lib/crater-agent-workspace/cargo-home:/opt/rustwide/cargo-home:ro,Z" "-v" "/var/lib/crater-agent-workspace/rustup-home:/opt/rustwide/rustup-home:ro,Z" "-e" "SOURCE_DIR=/opt/rustwide/workdir" "-e" "CARGO_TARGET_DIR=/opt/rustwide/target" "-e" "CARGO_INCREMENTAL=0" "-e" "RUST_BACKTRACE=full" "-e" "RUSTFLAGS=--cap-lints=warn" "-e" "RUSTDOCFLAGS=--cap-lints=warn" "-e" "CARGO_HOME=/opt/rustwide/cargo-home" "-e" "RUSTUP_HOME=/opt/rustwide/rustup-home" "-w" "/opt/rustwide/workdir" "-m" "1610612736" "--user" "0:0" "--network" "none" "ghcr.io/rust-lang/crates-build-env/linux@sha256:3959728d45483eb673ba100a951a6b9f5012970368db2a9e08e0ac9b67c8a5ad" "/opt/rustwide/cargo-home/bin/cargo" "+1.85.0" "test" "--frozen" "--no-run" "--message-format=json", kill_on_drop: false }`
[INFO] [stdout] 764da649fea6105f764051e5fee0e287cc5c1f5a629c2764af6598d1fb3889fc
[INFO] running `Command { std: "docker" "start" "-a" "764da649fea6105f764051e5fee0e287cc5c1f5a629c2764af6598d1fb3889fc", kill_on_drop: false }`
[INFO] [stderr]    Compiling rcli v0.1.0 (/opt/rustwide/workdir)
[INFO] [stderr]     Finished `test` profile [unoptimized + debuginfo] target(s) in 9.42s
[INFO] running `Command { std: "docker" "inspect" "764da649fea6105f764051e5fee0e287cc5c1f5a629c2764af6598d1fb3889fc", kill_on_drop: false }`
[INFO] running `Command { std: "docker" "rm" "-f" "764da649fea6105f764051e5fee0e287cc5c1f5a629c2764af6598d1fb3889fc", kill_on_drop: false }`
[INFO] [stdout] 764da649fea6105f764051e5fee0e287cc5c1f5a629c2764af6598d1fb3889fc
[INFO] running `Command { std: "docker" "create" "-v" "/var/lib/crater-agent-workspace/builds/worker-6-tc1/target:/opt/rustwide/target:rw,Z" "-v" "/var/lib/crater-agent-workspace/builds/worker-6-tc1/source:/opt/rustwide/workdir:ro,Z" "-v" "/var/lib/crater-agent-workspace/cargo-home:/opt/rustwide/cargo-home:ro,Z" "-v" "/var/lib/crater-agent-workspace/rustup-home:/opt/rustwide/rustup-home:ro,Z" "-e" "SOURCE_DIR=/opt/rustwide/workdir" "-e" "CARGO_TARGET_DIR=/opt/rustwide/target" "-e" "CARGO_INCREMENTAL=0" "-e" "RUST_BACKTRACE=full" "-e" "RUSTFLAGS=--cap-lints=warn" "-e" "RUSTDOCFLAGS=--cap-lints=warn" "-e" "CARGO_HOME=/opt/rustwide/cargo-home" "-e" "RUSTUP_HOME=/opt/rustwide/rustup-home" "-w" "/opt/rustwide/workdir" "-m" "1610612736" "--user" "0:0" "--network" "none" "ghcr.io/rust-lang/crates-build-env/linux@sha256:3959728d45483eb673ba100a951a6b9f5012970368db2a9e08e0ac9b67c8a5ad" "/opt/rustwide/cargo-home/bin/cargo" "+1.85.0" "test" "--frozen", kill_on_drop: false }`
[INFO] [stdout] b350ed900ede2c842be851103669ed569999af9d4bcc46b876b244a2bbc2feeb
[INFO] running `Command { std: "docker" "start" "-a" "b350ed900ede2c842be851103669ed569999af9d4bcc46b876b244a2bbc2feeb", kill_on_drop: false }`
[INFO] [stderr]     Finished `test` profile [unoptimized + debuginfo] target(s) in 0.46s
[INFO] [stderr]      Running unittests src/lib.rs (/opt/rustwide/target/debug/deps/rcli-590de20bf39c1f5f)
[INFO] [stdout] 
[INFO] [stdout] running 11 tests
[INFO] [stdout] test process::b64::tests::test_process_decode ... ok
[INFO] [stdout] test process::b64::tests::test_process_encode ... ok
[INFO] [stdout] test cli::tests::test_verify_input_file ... ok
[INFO] [stdout] test process::text::tests::test_blake3_sign_verify ... ok
[INFO] [stdout] test process::text::tests::test_load_xchacha20poly1305_key ... ok
[INFO] [stdout] test cli::tests::test_regex ... ok
[INFO] [stdout] test cli::tests::test_verify_datetime ... ok
[INFO] [stdout] test process::text::tests::test_ed25519_sign_verify ... ok
[INFO] [stdout] test process::jwt::tests::test_jwt_round_trip ... FAILED
[INFO] [stdout] test process::http_serve::tests::test_file_handler ... FAILED
[INFO] [stdout] test process::text::tests::test_xchacha20_encrypt_decrypt ... FAILED
[INFO] [stdout] 
[INFO] [stdout] failures:
[INFO] [stdout] 
[INFO] [stdout] ---- process::jwt::tests::test_jwt_round_trip stdout ----
[INFO] [stdout] 
[INFO] [stdout] thread 'process::jwt::tests::test_jwt_round_trip' panicked at src/process/jwt.rs:51:9:
[INFO] [stdout] assertion failed: process_jwt_verify(token, aud).is_ok()
[INFO] [stdout] stack backtrace:
[INFO] [stdout]    0:     0x63c45d66abaa - std::backtrace_rs::backtrace::libunwind::trace::h88deb10bd0145eb8
[INFO] [stdout]                                at /rustc/4d91de4e48198da2e33413efdcd9cd2cc0c46688/library/std/src/../../backtrace/src/backtrace/libunwind.rs:116:5
[INFO] [stdout]    1:     0x63c45d66abaa - std::backtrace_rs::backtrace::trace_unsynchronized::he1036f5481c14dff
[INFO] [stdout]                                at /rustc/4d91de4e48198da2e33413efdcd9cd2cc0c46688/library/std/src/../../backtrace/src/backtrace/mod.rs:66:5
[INFO] [stdout]    2:     0x63c45d66abaa - std::sys::backtrace::_print_fmt::hecc345b6e70c4b20
[INFO] [stdout]                                at /rustc/4d91de4e48198da2e33413efdcd9cd2cc0c46688/library/std/src/sys/backtrace.rs:66:9
[INFO] [stdout]    3:     0x63c45d66abaa - <std::sys::backtrace::BacktraceLock::print::DisplayBacktrace as core::fmt::Display>::fmt::he089f96442833f67
[INFO] [stdout]                                at /rustc/4d91de4e48198da2e33413efdcd9cd2cc0c46688/library/std/src/sys/backtrace.rs:39:26
[INFO] [stdout]    4:     0x63c45d691c93 - core::fmt::rt::Argument::fmt::h1f77cded99c71a14
[INFO] [stdout]                                at /rustc/4d91de4e48198da2e33413efdcd9cd2cc0c46688/library/core/src/fmt/rt.rs:177:76
[INFO] [stdout]    5:     0x63c45d691c93 - core::fmt::write::h2f210ed4c94745cb
[INFO] [stdout]                                at /rustc/4d91de4e48198da2e33413efdcd9cd2cc0c46688/library/core/src/fmt/mod.rs:1440:21
[INFO] [stdout]    6:     0x63c45d6677e3 - std::io::Write::write_fmt::he723b56f7e0bd522
[INFO] [stdout]                                at /rustc/4d91de4e48198da2e33413efdcd9cd2cc0c46688/library/std/src/io/mod.rs:1887:15
[INFO] [stdout]    7:     0x63c45d66a9f2 - std::sys::backtrace::BacktraceLock::print::h810fbd31421329e6
[INFO] [stdout]                                at /rustc/4d91de4e48198da2e33413efdcd9cd2cc0c46688/library/std/src/sys/backtrace.rs:42:9
[INFO] [stdout]    8:     0x63c45d66c0e0 - std::panicking::default_hook::{{closure}}::hbaad47ed9dc6356d
[INFO] [stdout]                                at /rustc/4d91de4e48198da2e33413efdcd9cd2cc0c46688/library/std/src/panicking.rs:295:22
[INFO] [stdout]    9:     0x63c45d66be7d - std::panicking::default_hook::h24e207139139d40a
[INFO] [stdout]                                at /rustc/4d91de4e48198da2e33413efdcd9cd2cc0c46688/library/std/src/panicking.rs:319:9
[INFO] [stdout]   10:     0x63c45d1cd8f3 - <alloc::boxed::Box<F,A> as core::ops::function::Fn<Args>>::call::h63353c459bb27956
[INFO] [stdout]                                at /rustc/4d91de4e48198da2e33413efdcd9cd2cc0c46688/library/alloc/src/boxed.rs:2007:9
[INFO] [stdout]   11:     0x63c45d1cd8f3 - test::test_main::{{closure}}::hd5af4d6c4e32fe08
[INFO] [stdout]                                at /rustc/4d91de4e48198da2e33413efdcd9cd2cc0c46688/library/test/src/lib.rs:134:21
[INFO] [stdout]   12:     0x63c45d66c913 - <alloc::boxed::Box<F,A> as core::ops::function::Fn<Args>>::call::h3af32c23caf5c679
[INFO] [stdout]                                at /rustc/4d91de4e48198da2e33413efdcd9cd2cc0c46688/library/alloc/src/boxed.rs:2007:9
[INFO] [stdout]   13:     0x63c45d66c913 - std::panicking::rust_panic_with_hook::ha9131beeb2ddc506
[INFO] [stdout]                                at /rustc/4d91de4e48198da2e33413efdcd9cd2cc0c46688/library/std/src/panicking.rs:836:13
[INFO] [stdout]   14:     0x63c45d66c5b6 - std::panicking::begin_panic_handler::{{closure}}::h1bba0eaeb6da506f
[INFO] [stdout]                                at /rustc/4d91de4e48198da2e33413efdcd9cd2cc0c46688/library/std/src/panicking.rs:694:13
[INFO] [stdout]   15:     0x63c45d66b0a9 - std::sys::backtrace::__rust_end_short_backtrace::h1d1ca3eade483f4c
[INFO] [stdout]                                at /rustc/4d91de4e48198da2e33413efdcd9cd2cc0c46688/library/std/src/sys/backtrace.rs:168:18
[INFO] [stdout]   16:     0x63c45d66c27d - rust_begin_unwind
[INFO] [stdout]                                at /rustc/4d91de4e48198da2e33413efdcd9cd2cc0c46688/library/std/src/panicking.rs:692:5
[INFO] [stdout]   17:     0x63c45d1194a0 - core::panicking::panic_fmt::h896a0727a1a943f9
[INFO] [stdout]                                at /rustc/4d91de4e48198da2e33413efdcd9cd2cc0c46688/library/core/src/panicking.rs:75:14
[INFO] [stdout]   18:     0x63c45d11952c - core::panicking::panic::h06336e0c962d4a4a
[INFO] [stdout]                                at /rustc/4d91de4e48198da2e33413efdcd9cd2cc0c46688/library/core/src/panicking.rs:145:5
[INFO] [stdout]   19:     0x63c45d142760 - rcli::process::jwt::tests::test_jwt_round_trip::ha65e85258aa04d17
[INFO] [stdout]                                at /opt/rustwide/workdir/src/process/jwt.rs:51:9
[INFO] [stdout]   20:     0x63c45d142397 - rcli::process::jwt::tests::test_jwt_round_trip::{{closure}}::hbd8467011d17f017
[INFO] [stdout]                                at /opt/rustwide/workdir/src/process/jwt.rs:47:33
[INFO] [stdout]   21:     0x63c45d15d846 - core::ops::function::FnOnce::call_once::h449426332ec6aa68
[INFO] [stdout]                                at /rustc/4d91de4e48198da2e33413efdcd9cd2cc0c46688/library/core/src/ops/function.rs:250:5
[INFO] [stdout]   22:     0x63c45d1d309b - core::ops::function::FnOnce::call_once::h8acc80b5a33ff319
[INFO] [stdout]                                at /rustc/4d91de4e48198da2e33413efdcd9cd2cc0c46688/library/core/src/ops/function.rs:250:5
[INFO] [stdout]   23:     0x63c45d1d309b - test::__rust_begin_short_backtrace::h52b6da716ad42b7d
[INFO] [stdout]                                at /rustc/4d91de4e48198da2e33413efdcd9cd2cc0c46688/library/test/src/lib.rs:632:18
[INFO] [stdout]   24:     0x63c45d1d1fd3 - test::run_test_in_process::{{closure}}::h2580047890abbefe
[INFO] [stdout]                                at /rustc/4d91de4e48198da2e33413efdcd9cd2cc0c46688/library/test/src/lib.rs:655:60
[INFO] [stdout]   25:     0x63c45d1d1fd3 - <core::panic::unwind_safe::AssertUnwindSafe<F> as core::ops::function::FnOnce<()>>::call_once::h936f8c89d0a99c40
[INFO] [stdout]                                at /rustc/4d91de4e48198da2e33413efdcd9cd2cc0c46688/library/core/src/panic/unwind_safe.rs:272:9
[INFO] [stdout]   26:     0x63c45d1d1fd3 - std::panicking::try::do_call::h868682cc368697f9
[INFO] [stdout]                                at /rustc/4d91de4e48198da2e33413efdcd9cd2cc0c46688/library/std/src/panicking.rs:584:40
[INFO] [stdout]   27:     0x63c45d1d1fd3 - std::panicking::try::h0356ffc38cbb5501
[INFO] [stdout]                                at /rustc/4d91de4e48198da2e33413efdcd9cd2cc0c46688/library/std/src/panicking.rs:547:19
[INFO] [stdout]   28:     0x63c45d1d1fd3 - std::panic::catch_unwind::h74edf102a3082536
[INFO] [stdout]                                at /rustc/4d91de4e48198da2e33413efdcd9cd2cc0c46688/library/std/src/panic.rs:358:14
[INFO] [stdout]   29:     0x63c45d1d1fd3 - test::run_test_in_process::hc27d69576b7224e4
[INFO] [stdout]                                at /rustc/4d91de4e48198da2e33413efdcd9cd2cc0c46688/library/test/src/lib.rs:655:27
[INFO] [stdout]   30:     0x63c45d1d1fd3 - test::run_test::{{closure}}::h9f3bfaf910429adb
[INFO] [stdout]                                at /rustc/4d91de4e48198da2e33413efdcd9cd2cc0c46688/library/test/src/lib.rs:576:43
[INFO] [stdout]   31:     0x63c45d195d05 - test::run_test::{{closure}}::h3d537cdce8ec5816
[INFO] [stdout]                                at /rustc/4d91de4e48198da2e33413efdcd9cd2cc0c46688/library/test/src/lib.rs:606:41
[INFO] [stdout]   32:     0x63c45d195d05 - std::sys::backtrace::__rust_begin_short_backtrace::hb51d9a6c67ec382d
[INFO] [stdout]                                at /rustc/4d91de4e48198da2e33413efdcd9cd2cc0c46688/library/std/src/sys/backtrace.rs:152:18
[INFO] [stdout]   33:     0x63c45d199746 - std::thread::Builder::spawn_unchecked_::{{closure}}::{{closure}}::h5738f3abb9603fe6
[INFO] [stdout]                                at /rustc/4d91de4e48198da2e33413efdcd9cd2cc0c46688/library/std/src/thread/mod.rs:564:17
[INFO] [stdout]   34:     0x63c45d199746 - <core::panic::unwind_safe::AssertUnwindSafe<F> as core::ops::function::FnOnce<()>>::call_once::h5e9f4b56e45e8108
[INFO] [stdout]                                at /rustc/4d91de4e48198da2e33413efdcd9cd2cc0c46688/library/core/src/panic/unwind_safe.rs:272:9
[INFO] [stdout]   35:     0x63c45d199746 - std::panicking::try::do_call::ha36db853b2f34e23
[INFO] [stdout]                                at /rustc/4d91de4e48198da2e33413efdcd9cd2cc0c46688/library/std/src/panicking.rs:584:40
[INFO] [stdout]   36:     0x63c45d199746 - std::panicking::try::h57e1aa33a0efb1be
[INFO] [stdout]                                at /rustc/4d91de4e48198da2e33413efdcd9cd2cc0c46688/library/std/src/panicking.rs:547:19
[INFO] [stdout]   37:     0x63c45d199746 - std::panic::catch_unwind::hdb71a6103024936e
[INFO] [stdout]                                at /rustc/4d91de4e48198da2e33413efdcd9cd2cc0c46688/library/std/src/panic.rs:358:14
[INFO] [stdout]   38:     0x63c45d199746 - std::thread::Builder::spawn_unchecked_::{{closure}}::h8caa22218f423ab1
[INFO] [stdout]                                at /rustc/4d91de4e48198da2e33413efdcd9cd2cc0c46688/library/std/src/thread/mod.rs:562:30
[INFO] [stdout]   39:     0x63c45d199746 - core::ops::function::FnOnce::call_once{{vtable.shim}}::hb3b44780e9c053e5
[INFO] [stdout]                                at /rustc/4d91de4e48198da2e33413efdcd9cd2cc0c46688/library/core/src/ops/function.rs:250:5
[INFO] [stdout]   40:     0x63c45d670dcb - <alloc::boxed::Box<F,A> as core::ops::function::FnOnce<Args>>::call_once::h2649f14f1b1c150d
[INFO] [stdout]                                at /rustc/4d91de4e48198da2e33413efdcd9cd2cc0c46688/library/alloc/src/boxed.rs:1993:9
[INFO] [stdout]   41:     0x63c45d670dcb - <alloc::boxed::Box<F,A> as core::ops::function::FnOnce<Args>>::call_once::hb2ade58cb34e1bc4
[INFO] [stdout]                                at /rustc/4d91de4e48198da2e33413efdcd9cd2cc0c46688/library/alloc/src/boxed.rs:1993:9
[INFO] [stdout]   42:     0x63c45d670dcb - std::sys::pal::unix::thread::Thread::new::thread_start::ha07e360225fa3528
[INFO] [stdout]                                at /rustc/4d91de4e48198da2e33413efdcd9cd2cc0c46688/library/std/src/sys/pal/unix/thread.rs:106:17
[INFO] [stdout]   43:     0x72c1495caac3 - <unknown>
[INFO] [stdout]   44:     0x72c14965ba04 - clone
[INFO] [stdout]   45:                0x0 - <unknown>
[INFO] [stdout] 
[INFO] [stdout] ---- process::http_serve::tests::test_file_handler stdout ----
[INFO] [stdout] 
[INFO] [stdout] thread 'process::http_serve::tests::test_file_handler' panicked at src/process/http_serve.rs:95:9:
[INFO] [stdout] assertion failed: content.trim().starts_with("[package]")
[INFO] [stdout] stack backtrace:
[INFO] [stdout]    0:     0x63c45d66abaa - std::backtrace_rs::backtrace::libunwind::trace::h88deb10bd0145eb8
[INFO] [stdout]                                at /rustc/4d91de4e48198da2e33413efdcd9cd2cc0c46688/library/std/src/../../backtrace/src/backtrace/libunwind.rs:116:5
[INFO] [stdout]    1:     0x63c45d66abaa - std::backtrace_rs::backtrace::trace_unsynchronized::he1036f5481c14dff
[INFO] [stdout]                                at /rustc/4d91de4e48198da2e33413efdcd9cd2cc0c46688/library/std/src/../../backtrace/src/backtrace/mod.rs:66:5
[INFO] [stdout]    2:     0x63c45d66abaa - std::sys::backtrace::_print_fmt::hecc345b6e70c4b20
[INFO] [stdout]                                at /rustc/4d91de4e48198da2e33413efdcd9cd2cc0c46688/library/std/src/sys/backtrace.rs:66:9
[INFO] [stdout]    3:     0x63c45d66abaa - <std::sys::backtrace::BacktraceLock::print::DisplayBacktrace as core::fmt::Display>::fmt::he089f96442833f67
[INFO] [stdout]                                at /rustc/4d91de4e48198da2e33413efdcd9cd2cc0c46688/library/std/src/sys/backtrace.rs:39:26
[INFO] [stdout]    4:     0x63c45d691c93 - core::fmt::rt::Argument::fmt::h1f77cded99c71a14
[INFO] [stdout]                                at /rustc/4d91de4e48198da2e33413efdcd9cd2cc0c46688/library/core/src/fmt/rt.rs:177:76
[INFO] [stdout]    5:     0x63c45d691c93 - core::fmt::write::h2f210ed4c94745cb
[INFO] [stdout]                                at /rustc/4d91de4e48198da2e33413efdcd9cd2cc0c46688/library/core/src/fmt/mod.rs:1440:21
[INFO] [stdout]    6:     0x63c45d6677e3 - std::io::Write::write_fmt::he723b56f7e0bd522
[INFO] [stdout]                                at /rustc/4d91de4e48198da2e33413efdcd9cd2cc0c46688/library/std/src/io/mod.rs:1887:15
[INFO] [stdout]    7:     0x63c45d66a9f2 - std::sys::backtrace::BacktraceLock::print::h810fbd31421329e6
[INFO] [stdout]                                at /rustc/4d91de4e48198da2e33413efdcd9cd2cc0c46688/library/std/src/sys/backtrace.rs:42:9
[INFO] [stdout]    8:     0x63c45d66c0e0 - std::panicking::default_hook::{{closure}}::hbaad47ed9dc6356d
[INFO] [stdout]                                at /rustc/4d91de4e48198da2e33413efdcd9cd2cc0c46688/library/std/src/panicking.rs:295:22
[INFO] [stdout]    9:     0x63c45d66be7d - std::panicking::default_hook::h24e207139139d40a
[INFO] [stdout]                                at /rustc/4d91de4e48198da2e33413efdcd9cd2cc0c46688/library/std/src/panicking.rs:319:9
[INFO] [stdout]   10:     0x63c45d1cd8f3 - <alloc::boxed::Box<F,A> as core::ops::function::Fn<Args>>::call::h63353c459bb27956
[INFO] [stdout]                                at /rustc/4d91de4e48198da2e33413efdcd9cd2cc0c46688/library/alloc/src/boxed.rs:2007:9
[INFO] [stdout]   11:     0x63c45d1cd8f3 - test::test_main::{{closure}}::hd5af4d6c4e32fe08
[INFO] [stdout]                                at /rustc/4d91de4e48198da2e33413efdcd9cd2cc0c46688/library/test/src/lib.rs:134:21
[INFO] [stdout]   12:     0x63c45d66c913 - <alloc::boxed::Box<F,A> as core::ops::function::Fn<Args>>::call::h3af32c23caf5c679
[INFO] [stdout]                                at /rustc/4d91de4e48198da2e33413efdcd9cd2cc0c46688/library/alloc/src/boxed.rs:2007:9
[INFO] [stdout]   13:     0x63c45d66c913 - std::panicking::rust_panic_with_hook::ha9131beeb2ddc506
[INFO] [stdout]                                at /rustc/4d91de4e48198da2e33413efdcd9cd2cc0c46688/library/std/src/panicking.rs:836:13
[INFO] [stdout]   14:     0x63c45d66c5b6 - std::panicking::begin_panic_handler::{{closure}}::h1bba0eaeb6da506f
[INFO] [stdout]                                at /rustc/4d91de4e48198da2e33413efdcd9cd2cc0c46688/library/std/src/panicking.rs:694:13
[INFO] [stdout]   15:     0x63c45d66b0a9 - std::sys::backtrace::__rust_end_short_backtrace::h1d1ca3eade483f4c
[INFO] [stdout]                                at /rustc/4d91de4e48198da2e33413efdcd9cd2cc0c46688/library/std/src/sys/backtrace.rs:168:18
[INFO] [stdout]   16:     0x63c45d66c27d - rust_begin_unwind
[INFO] [stdout]                                at /rustc/4d91de4e48198da2e33413efdcd9cd2cc0c46688/library/std/src/panicking.rs:692:5
[INFO] [stdout]   17:     0x63c45d1194a0 - core::panicking::panic_fmt::h896a0727a1a943f9
[INFO] [stdout]                                at /rustc/4d91de4e48198da2e33413efdcd9cd2cc0c46688/library/core/src/panicking.rs:75:14
[INFO] [stdout]   18:     0x63c45d11952c - core::panicking::panic::h06336e0c962d4a4a
[INFO] [stdout]                                at /rustc/4d91de4e48198da2e33413efdcd9cd2cc0c46688/library/core/src/panicking.rs:145:5
[INFO] [stdout]   19:     0x63c45d137f33 - rcli::process::http_serve::tests::test_file_handler::{{closure}}::h7f75fad0695ffc46
[INFO] [stdout]                                at /opt/rustwide/workdir/src/process/http_serve.rs:95:9
[INFO] [stdout]   20:     0x63c45d13cf02 - <core::pin::Pin<P> as core::future::future::Future>::poll::hf9f1adcbf72ced4c
[INFO] [stdout]                                at /rustc/4d91de4e48198da2e33413efdcd9cd2cc0c46688/library/core/src/future/future.rs:124:9
[INFO] [stdout]   21:     0x63c45d13cebd - <core::pin::Pin<P> as core::future::future::Future>::poll::h7c3ec0ec9d816b88
[INFO] [stdout]                                at /rustc/4d91de4e48198da2e33413efdcd9cd2cc0c46688/library/core/src/future/future.rs:124:9
[INFO] [stdout]   22:     0x63c45d15c70f - tokio::runtime::scheduler::current_thread::CoreGuard::block_on::{{closure}}::{{closure}}::{{closure}}::hd4198f9f7def599b
[INFO] [stdout]                                at /opt/rustwide/cargo-home/registry/src/index.crates.io-1949cf8c6b5b557f/tokio-1.37.0/src/runtime/scheduler/current_thread/mod.rs:659:57
[INFO] [stdout]   23:     0x63c45d15c655 - tokio::runtime::coop::with_budget::h182bae01931d6ba9
[INFO] [stdout]                                at /opt/rustwide/cargo-home/registry/src/index.crates.io-1949cf8c6b5b557f/tokio-1.37.0/src/runtime/coop.rs:107:5
[INFO] [stdout]   24:     0x63c45d15c655 - tokio::runtime::coop::budget::h7b9c17175469e01d
[INFO] [stdout]                                at /opt/rustwide/cargo-home/registry/src/index.crates.io-1949cf8c6b5b557f/tokio-1.37.0/src/runtime/coop.rs:73:5
[INFO] [stdout]   25:     0x63c45d15c655 - tokio::runtime::scheduler::current_thread::CoreGuard::block_on::{{closure}}::{{closure}}::ha05dc7b2e759a13d
[INFO] [stdout]                                at /opt/rustwide/cargo-home/registry/src/index.crates.io-1949cf8c6b5b557f/tokio-1.37.0/src/runtime/scheduler/current_thread/mod.rs:659:25
[INFO] [stdout]   26:     0x63c45d15b420 - tokio::runtime::scheduler::current_thread::Context::enter::hc38d771802ccd1d2
[INFO] [stdout]                                at /opt/rustwide/cargo-home/registry/src/index.crates.io-1949cf8c6b5b557f/tokio-1.37.0/src/runtime/scheduler/current_thread/mod.rs:404:19
[INFO] [stdout]   27:     0x63c45d15becb - tokio::runtime::scheduler::current_thread::CoreGuard::block_on::{{closure}}::h07b7a7795a72d370
[INFO] [stdout]                                at /opt/rustwide/cargo-home/registry/src/index.crates.io-1949cf8c6b5b557f/tokio-1.37.0/src/runtime/scheduler/current_thread/mod.rs:658:36
[INFO] [stdout]   28:     0x63c45d15bc44 - tokio::runtime::scheduler::current_thread::CoreGuard::enter::{{closure}}::h27c8ec96ff948421
[INFO] [stdout]                                at /opt/rustwide/cargo-home/registry/src/index.crates.io-1949cf8c6b5b557f/tokio-1.37.0/src/runtime/scheduler/current_thread/mod.rs:737:68
[INFO] [stdout]   29:     0x63c45d16e76b - tokio::runtime::context::scoped::Scoped<T>::set::h432217938126bf9c
[INFO] [stdout]                                at /opt/rustwide/cargo-home/registry/src/index.crates.io-1949cf8c6b5b557f/tokio-1.37.0/src/runtime/context/scoped.rs:40:9
[INFO] [stdout]   30:     0x63c45d14dd49 - tokio::runtime::context::set_scheduler::{{closure}}::h8b0b407ce3872862
[INFO] [stdout]                                at /opt/rustwide/cargo-home/registry/src/index.crates.io-1949cf8c6b5b557f/tokio-1.37.0/src/runtime/context.rs:176:26
[INFO] [stdout]   31:     0x63c45d150892 - std::thread::local::LocalKey<T>::try_with::ha2918e370e09126b
[INFO] [stdout]                                at /rustc/4d91de4e48198da2e33413efdcd9cd2cc0c46688/library/std/src/thread/local.rs:308:12
[INFO] [stdout]   32:     0x63c45d1503aa - std::thread::local::LocalKey<T>::with::ha1f777968ce8b5fa
[INFO] [stdout]                                at /rustc/4d91de4e48198da2e33413efdcd9cd2cc0c46688/library/std/src/thread/local.rs:272:9
[INFO] [stdout]   33:     0x63c45d14dcfd - tokio::runtime::context::set_scheduler::hd16031fa0b93f38c
[INFO] [stdout]                                at /opt/rustwide/cargo-home/registry/src/index.crates.io-1949cf8c6b5b557f/tokio-1.37.0/src/runtime/context.rs:176:9
[INFO] [stdout]   34:     0x63c45d15b9f0 - tokio::runtime::scheduler::current_thread::CoreGuard::enter::h755e6fd922531b9f
[INFO] [stdout]                                at /opt/rustwide/cargo-home/registry/src/index.crates.io-1949cf8c6b5b557f/tokio-1.37.0/src/runtime/scheduler/current_thread/mod.rs:737:27
[INFO] [stdout]   35:     0x63c45d15bc63 - tokio::runtime::scheduler::current_thread::CoreGuard::block_on::h689e70f2a7028444
[INFO] [stdout]                                at /opt/rustwide/cargo-home/registry/src/index.crates.io-1949cf8c6b5b557f/tokio-1.37.0/src/runtime/scheduler/current_thread/mod.rs:646:19
[INFO] [stdout]   36:     0x63c45d15ac6d - tokio::runtime::scheduler::current_thread::CurrentThread::block_on::{{closure}}::h01eacdd419aa63a4
[INFO] [stdout]                                at /opt/rustwide/cargo-home/registry/src/index.crates.io-1949cf8c6b5b557f/tokio-1.37.0/src/runtime/scheduler/current_thread/mod.rs:175:28
[INFO] [stdout]   37:     0x63c45d1466c6 - tokio::runtime::context::runtime::enter_runtime::h885c7d7c398aead7
[INFO] [stdout]                                at /opt/rustwide/cargo-home/registry/src/index.crates.io-1949cf8c6b5b557f/tokio-1.37.0/src/runtime/context/runtime.rs:65:16
[INFO] [stdout]   38:     0x63c45d15ab81 - tokio::runtime::scheduler::current_thread::CurrentThread::block_on::h003783e9a728f3c8
[INFO] [stdout]                                at /opt/rustwide/cargo-home/registry/src/index.crates.io-1949cf8c6b5b557f/tokio-1.37.0/src/runtime/scheduler/current_thread/mod.rs:167:9
[INFO] [stdout]   39:     0x63c45d14deed - tokio::runtime::runtime::Runtime::block_on::hd10d2ee31ac8790f
[INFO] [stdout]                                at /opt/rustwide/cargo-home/registry/src/index.crates.io-1949cf8c6b5b557f/tokio-1.37.0/src/runtime/runtime.rs:349:47
[INFO] [stdout]   40:     0x63c45d1374de - rcli::process::http_serve::tests::test_file_handler::h359a4e817678c7a3
[INFO] [stdout]                                at /opt/rustwide/workdir/src/process/http_serve.rs:92:9
[INFO] [stdout]   41:     0x63c45d137387 - rcli::process::http_serve::tests::test_file_handler::{{closure}}::hadfc83590a247587
[INFO] [stdout]                                at /opt/rustwide/workdir/src/process/http_serve.rs:82:33
[INFO] [stdout]   42:     0x63c45d15da96 - core::ops::function::FnOnce::call_once::h6ff7d7f0b3e2be52
[INFO] [stdout]                                at /rustc/4d91de4e48198da2e33413efdcd9cd2cc0c46688/library/core/src/ops/function.rs:250:5
[INFO] [stdout]   43:     0x63c45d1d309b - core::ops::function::FnOnce::call_once::h8acc80b5a33ff319
[INFO] [stdout]                                at /rustc/4d91de4e48198da2e33413efdcd9cd2cc0c46688/library/core/src/ops/function.rs:250:5
[INFO] [stdout]   44:     0x63c45d1d309b - test::__rust_begin_short_backtrace::h52b6da716ad42b7d
[INFO] [stdout]                                at /rustc/4d91de4e48198da2e33413efdcd9cd2cc0c46688/library/test/src/lib.rs:632:18
[INFO] [stdout]   45:     0x63c45d1d1fd3 - test::run_test_in_process::{{closure}}::h2580047890abbefe
[INFO] [stdout]                                at /rustc/4d91de4e48198da2e33413efdcd9cd2cc0c46688/library/test/src/lib.rs:655:60
[INFO] [stdout]   46:     0x63c45d1d1fd3 - <core::panic::unwind_safe::AssertUnwindSafe<F> as core::ops::function::FnOnce<()>>::call_once::h936f8c89d0a99c40
[INFO] [stdout]                                at /rustc/4d91de4e48198da2e33413efdcd9cd2cc0c46688/library/core/src/panic/unwind_safe.rs:272:9
[INFO] [stdout]   47:     0x63c45d1d1fd3 - std::panicking::try::do_call::h868682cc368697f9
[INFO] [stdout]                                at /rustc/4d91de4e48198da2e33413efdcd9cd2cc0c46688/library/std/src/panicking.rs:584:40
[INFO] [stdout]   48:     0x63c45d1d1fd3 - std::panicking::try::h0356ffc38cbb5501
[INFO] [stdout]                                at /rustc/4d91de4e48198da2e33413efdcd9cd2cc0c46688/library/std/src/panicking.rs:547:19
[INFO] [stdout]   49:     0x63c45d1d1fd3 - std::panic::catch_unwind::h74edf102a3082536
[INFO] [stdout]                                at /rustc/4d91de4e48198da2e33413efdcd9cd2cc0c46688/library/std/src/panic.rs:358:14
[INFO] [stdout]   50:     0x63c45d1d1fd3 - test::run_test_in_process::hc27d69576b7224e4
[INFO] [stdout]                                at /rustc/4d91de4e48198da2e33413efdcd9cd2cc0c46688/library/test/src/lib.rs:655:27
[INFO] [stdout]   51:     0x63c45d1d1fd3 - test::run_test::{{closure}}::h9f3bfaf910429adb
[INFO] [stdout]                                at /rustc/4d91de4e48198da2e33413efdcd9cd2cc0c46688/library/test/src/lib.rs:576:43
[INFO] [stdout]   52:     0x63c45d195d05 - test::run_test::{{closure}}::h3d537cdce8ec5816
[INFO] [stdout]                                at /rustc/4d91de4e48198da2e33413efdcd9cd2cc0c46688/library/test/src/lib.rs:606:41
[INFO] [stdout]   53:     0x63c45d195d05 - std::sys::backtrace::__rust_begin_short_backtrace::hb51d9a6c67ec382d
[INFO] [stdout]                                at /rustc/4d91de4e48198da2e33413efdcd9cd2cc0c46688/library/std/src/sys/backtrace.rs:152:18
[INFO] [stdout]   54:     0x63c45d199746 - std::thread::Builder::spawn_unchecked_::{{closure}}::{{closure}}::h5738f3abb9603fe6
[INFO] [stdout]                                at /rustc/4d91de4e48198da2e33413efdcd9cd2cc0c46688/library/std/src/thread/mod.rs:564:17
[INFO] [stdout]   55:     0x63c45d199746 - <core::panic::unwind_safe::AssertUnwindSafe<F> as core::ops::function::FnOnce<()>>::call_once::h5e9f4b56e45e8108
[INFO] [stdout]                                at /rustc/4d91de4e48198da2e33413efdcd9cd2cc0c46688/library/core/src/panic/unwind_safe.rs:272:9
[INFO] [stdout]   56:     0x63c45d199746 - std::panicking::try::do_call::ha36db853b2f34e23
[INFO] [stdout]                                at /rustc/4d91de4e48198da2e33413efdcd9cd2cc0c46688/library/std/src/panicking.rs:584:40
[INFO] [stdout]   57:     0x63c45d199746 - std::panicking::try::h57e1aa33a0efb1be
[INFO] [stdout]                                at /rustc/4d91de4e48198da2e33413efdcd9cd2cc0c46688/library/std/src/panicking.rs:547:19
[INFO] [stdout]   58:     0x63c45d199746 - std::panic::catch_unwind::hdb71a6103024936e
[INFO] [stdout]                                at /rustc/4d91de4e48198da2e33413efdcd9cd2cc0c46688/library/std/src/panic.rs:358:14
[INFO] [stdout]   59:     0x63c45d199746 - std::thread::Builder::spawn_unchecked_::{{closure}}::h8caa22218f423ab1
[INFO] [stdout]                                at /rustc/4d91de4e48198da2e33413efdcd9cd2cc0c46688/library/std/src/thread/mod.rs:562:30
[INFO] [stdout]   60:     0x63c45d199746 - core::ops::function::FnOnce::call_once{{vtable.shim}}::hb3b44780e9c053e5
[INFO] [stdout]                                at /rustc/4d91de4e48198da2e33413efdcd9cd2cc0c46688/library/core/src/ops/function.rs:250:5
[INFO] [stdout]   61:     0x63c45d670dcb - <alloc::boxed::Box<F,A> as core::ops::function::FnOnce<Args>>::call_once::h2649f14f1b1c150d
[INFO] [stdout]                                at /rustc/4d91de4e48198da2e33413efdcd9cd2cc0c46688/library/alloc/src/boxed.rs:1993:9
[INFO] [stdout]   62:     0x63c45d670dcb - <alloc::boxed::Box<F,A> as core::ops::function::FnOnce<Args>>::call_once::hb2ade58cb34e1bc4
[INFO] [stdout]                                at /rustc/4d91de4e48198da2e33413efdcd9cd2cc0c46688/library/alloc/src/boxed.rs:1993:9
[INFO] [stdout]   63:     0x63c45d670dcb - std::sys::pal::unix::thread::Thread::new::thread_start::ha07e360225fa3528
[INFO] [stdout]                                at /rustc/4d91de4e48198da2e33413efdcd9cd2cc0c46688/library/std/src/sys/pal/unix/thread.rs:106:17
[INFO] [stdout]   64:     0x72c1495caac3 - <unknown>
[INFO] [stdout]   65:     0x72c14965ba04 - clone
[INFO] [stdout]   66:                0x0 - <unknown>
[INFO] [stdout] 
[INFO] [stdout] ---- process::text::tests::test_xchacha20_encrypt_decrypt stdout ----
[INFO] [stdout] Generate a new key for encrypting
[INFO] [stdout] Error: Read-only file system (os error 30)
[INFO] [stdout] 
[INFO] [stdout] Stack backtrace:
[INFO] [stdout]    0: anyhow::error::<impl core::convert::From<E> for anyhow::Error>::from
[INFO] [stdout]              at /opt/rustwide/cargo-home/registry/src/index.crates.io-1949cf8c6b5b557f/anyhow-1.0.86/src/backtrace.rs:27:14
[INFO] [stdout]    1: <core::result::Result<T,F> as core::ops::try_trait::FromResidual<core::result::Result<core::convert::Infallible,E>>>::from_residual
[INFO] [stdout]              at /rustc/4d91de4e48198da2e33413efdcd9cd2cc0c46688/library/core/src/result.rs:2014:27
[INFO] [stdout]    2: rcli::process::text::tests::test_xchacha20_encrypt_decrypt
[INFO] [stdout]              at ./src/process/text.rs:370:9
[INFO] [stdout]    3: rcli::process::text::tests::test_xchacha20_encrypt_decrypt::{{closure}}
[INFO] [stdout]              at ./src/process/text.rs:360:44
[INFO] [stdout]    4: core::ops::function::FnOnce::call_once
[INFO] [stdout]              at /rustc/4d91de4e48198da2e33413efdcd9cd2cc0c46688/library/core/src/ops/function.rs:250:5
[INFO] [stdout]    5: core::ops::function::FnOnce::call_once
[INFO] [stdout]              at /rustc/4d91de4e48198da2e33413efdcd9cd2cc0c46688/library/core/src/ops/function.rs:250:5
[INFO] [stdout]    6: test::__rust_begin_short_backtrace
[INFO] [stdout]              at /rustc/4d91de4e48198da2e33413efdcd9cd2cc0c46688/library/test/src/lib.rs:632:18
[INFO] [stdout]    7: test::run_test_in_process::{{closure}}
[INFO] [stdout]              at /rustc/4d91de4e48198da2e33413efdcd9cd2cc0c46688/library/test/src/lib.rs:655:60
[INFO] [stdout]    8: <core::panic::unwind_safe::AssertUnwindSafe<F> as core::ops::function::FnOnce<()>>::call_once
[INFO] [stdout]              at /rustc/4d91de4e48198da2e33413efdcd9cd2cc0c46688/library/core/src/panic/unwind_safe.rs:272:9
[INFO] [stdout]    9: std::panicking::try::do_call
[INFO] [stdout]              at /rustc/4d91de4e48198da2e33413efdcd9cd2cc0c46688/library/std/src/panicking.rs:584:40
[INFO] [stdout]   10: std::panicking::try
[INFO] [stdout]              at /rustc/4d91de4e48198da2e33413efdcd9cd2cc0c46688/library/std/src/panicking.rs:547:19
[INFO] [stdout]   11: std::panic::catch_unwind
[INFO] [stdout]              at /rustc/4d91de4e48198da2e33413efdcd9cd2cc0c46688/library/std/src/panic.rs:358:14
[INFO] [stdout]   12: test::run_test_in_process
[INFO] [stdout]              at /rustc/4d91de4e48198da2e33413efdcd9cd2cc0c46688/library/test/src/lib.rs:655:27
[INFO] [stdout]   13: test::run_test::{{closure}}
[INFO] [stdout]              at /rustc/4d91de4e48198da2e33413efdcd9cd2cc0c46688/library/test/src/lib.rs:576:43
[INFO] [stdout]   14: test::run_test::{{closure}}
[INFO] [stdout]              at /rustc/4d91de4e48198da2e33413efdcd9cd2cc0c46688/library/test/src/lib.rs:606:41
[INFO] [stdout]   15: std::sys::backtrace::__rust_begin_short_backtrace
[INFO] [stdout]              at /rustc/4d91de4e48198da2e33413efdcd9cd2cc0c46688/library/std/src/sys/backtrace.rs:152:18
[INFO] [stdout]   16: std::thread::Builder::spawn_unchecked_::{{closure}}::{{closure}}
[INFO] [stdout]              at /rustc/4d91de4e48198da2e33413efdcd9cd2cc0c46688/library/std/src/thread/mod.rs:564:17
[INFO] [stdout]   17: <core::panic::unwind_safe::AssertUnwindSafe<F> as core::ops::function::FnOnce<()>>::call_once
[INFO] [stdout]              at /rustc/4d91de4e48198da2e33413efdcd9cd2cc0c46688/library/core/src/panic/unwind_safe.rs:272:9
[INFO] [stdout]   18: std::panicking::try::do_call
[INFO] [stdout]              at /rustc/4d91de4e48198da2e33413efdcd9cd2cc0c46688/library/std/src/panicking.rs:584:40
[INFO] [stdout]   19: std::panicking::try
[INFO] [stdout]              at /rustc/4d91de4e48198da2e33413efdcd9cd2cc0c46688/library/std/src/panicking.rs:547:19
[INFO] [stdout]   20: std::panic::catch_unwind
[INFO] [stdout]              at /rustc/4d91de4e48198da2e33413efdcd9cd2cc0c46688/library/std/src/panic.rs:358:14
[INFO] [stdout]   21: std::thread::Builder::spawn_unchecked_::{{closure}}
[INFO] [stdout]              at /rustc/4d91de4e48198da2e33413efdcd9cd2cc0c46688/library/std/src/thread/mod.rs:562:30
[INFO] [stdout]   22: core::ops::function::FnOnce::call_once{{vtable.shim}}
[INFO] [stdout]              at /rustc/4d91de4e48198da2e33413efdcd9cd2cc0c46688/library/core/src/ops/function.rs:250:5
[INFO] [stdout]   23: <alloc::boxed::Box<F,A> as core::ops::function::FnOnce<Args>>::call_once
[INFO] [stdout]              at /rustc/4d91de4e48198da2e33413efdcd9cd2cc0c46688/library/alloc/src/boxed.rs:1993:9
[INFO] [stdout]   24: <alloc::boxed::Box<F,A> as core::ops::function::FnOnce<Args>>::call_once
[INFO] [stdout]              at /rustc/4d91de4e48198da2e33413efdcd9cd2cc0c46688/library/alloc/src/boxed.rs:1993:9
[INFO] [stdout]   25: std::sys::pal::unix::thread::Thread::new::thread_start
[INFO] [stdout]              at /rustc/4d91de4e48198da2e33413efdcd9cd2cc0c46688/library/std/src/sys/pal/unix/thread.rs:106:17
[INFO] [stdout]   26: <unknown>
[INFO] [stdout]   27: clone
[INFO] [stdout] 
[INFO] [stdout] 
[INFO] [stdout] failures:
[INFO] [stdout]     process::http_serve::tests::test_file_handler
[INFO] [stdout]     process::jwt::tests::test_jwt_round_trip
[INFO] [stdout]     process::text::tests::test_xchacha20_encrypt_decrypt
[INFO] [stdout] 
[INFO] [stdout] test result: FAILED. 8 passed; 3 failed; 0 ignored; 0 measured; 0 filtered out; finished in 0.16s
[INFO] [stdout] 
[INFO] [stderr] error: test failed, to rerun pass `--lib`
[INFO] running `Command { std: "docker" "inspect" "b350ed900ede2c842be851103669ed569999af9d4bcc46b876b244a2bbc2feeb", kill_on_drop: false }`
[INFO] running `Command { std: "docker" "rm" "-f" "b350ed900ede2c842be851103669ed569999af9d4bcc46b876b244a2bbc2feeb", kill_on_drop: false }`
[INFO] [stdout] b350ed900ede2c842be851103669ed569999af9d4bcc46b876b244a2bbc2feeb
