[INFO] cloning repository https://github.com/ifiokjr/eql
[INFO] running `Command { std: "git" "-c" "credential.helper=" "-c" "credential.helper=/workspace/cargo-home/bin/git-credential-null" "clone" "--bare" "https://github.com/ifiokjr/eql" "/workspace/cache/git-repos/https%3A%2F%2Fgithub.com%2Fifiokjr%2Feql", kill_on_drop: false }`
[INFO] [stderr] Cloning into bare repository '/workspace/cache/git-repos/https%3A%2F%2Fgithub.com%2Fifiokjr%2Feql'...
[INFO] running `Command { std: "git" "rev-parse" "HEAD", kill_on_drop: false }`
[INFO] [stdout] 5ee7be7550e4866ce721310f04df8136432f337f
[INFO] testing ifiokjr/eql against 1.85.0 for beta-1.86-3
[INFO] running `Command { std: "git" "clone" "/workspace/cache/git-repos/https%3A%2F%2Fgithub.com%2Fifiokjr%2Feql" "/workspace/builds/worker-6-tc1/source", kill_on_drop: false }`
[INFO] [stderr] Cloning into '/workspace/builds/worker-6-tc1/source'...
[INFO] [stderr] done.
[INFO] validating manifest of git repo https://github.com/ifiokjr/eql on toolchain 1.85.0
[INFO] running `Command { std: CARGO_HOME="/workspace/cargo-home" RUSTUP_HOME="/workspace/rustup-home" "/workspace/cargo-home/bin/cargo" "+1.85.0" "metadata" "--manifest-path" "Cargo.toml" "--no-deps", kill_on_drop: false }`
[INFO] removed /workspace/builds/worker-6-tc1/source/.cargo/config.toml
[INFO] removed /workspace/builds/worker-6-tc1/source/rust-toolchain.toml
[INFO] started tweaking git repo https://github.com/ifiokjr/eql
[INFO] finished tweaking git repo https://github.com/ifiokjr/eql
[INFO] tweaked toml for git repo https://github.com/ifiokjr/eql written to /workspace/builds/worker-6-tc1/source/Cargo.toml
[INFO] crate git repo https://github.com/ifiokjr/eql already has a lockfile, it will not be regenerated
[INFO] running `Command { std: CARGO_HOME="/workspace/cargo-home" RUSTUP_HOME="/workspace/rustup-home" "/workspace/cargo-home/bin/cargo" "+1.85.0" "fetch" "--manifest-path" "Cargo.toml", kill_on_drop: false }`
[INFO] [stderr] warning: virtual workspace defaulting to `resolver = "1"` despite one or more workspace members being on edition 2021 which implies `resolver = "2"`
[INFO] [stderr] note: to keep the current resolver, specify `workspace.resolver = "1"` in the workspace root's manifest
[INFO] [stderr] note: to use the edition 2021 resolver, specify `workspace.resolver = "2"` in the workspace root's manifest
[INFO] [stderr] note: for more details see https://doc.rust-lang.org/cargo/reference/resolver.html#resolver-versions
[INFO] [stderr]     Updating crates.io index
[INFO] [stderr]     Updating git repository `https://github.com/edgedb/edgedb`
[INFO] [stderr]     Updating git submodule `https://github.com/pganalyze/libpg_query.git`
[INFO] [stderr]     Updating git submodule `https://github.com/MagicStack/py-pgproto.git`
[INFO] [stderr]     Updating git submodule `https://github.com/postgres/postgres.git`
[INFO] [stderr]     Updating git repository `https://github.com/rome/tools`
[INFO] [stderr]     Updating git submodule `https://github.com/microsoft/Typescript`
[INFO] [stderr]     Updating git submodule `https://github.com/babel/babel`
[INFO] [stderr]     Updating git submodule `https://github.com/tc39/test262.git`
[INFO] [stderr]     Blocking waiting for file lock on package cache
[INFO] [stderr]     Blocking waiting for file lock on package cache
[INFO] [stderr]  Downloading crates ...
[INFO] [stderr]   Downloaded owo-colors v3.5.0
[INFO] [stderr]   Downloaded xshell v0.2.2
[INFO] [stderr]   Downloaded xshell-macros v0.2.2
[INFO] [stderr]   Downloaded openssl-macros v0.1.0
[INFO] [stderr]   Downloaded time-core v0.1.0
[INFO] [stderr]   Downloaded signal-hook-mio v0.2.3
[INFO] [stderr]   Downloaded more-asserts v0.2.2
[INFO] [stderr]   Downloaded fstrings-proc-macro v0.2.3
[INFO] [stderr]   Downloaded wasmer-artifact v2.3.0
[INFO] [stderr]   Downloaded fstrings v0.2.3
[INFO] [stderr]   Downloaded schannel v0.1.20
[INFO] [stderr]   Downloaded edgedb-derive v0.4.0
[INFO] [stderr]   Downloaded cranelift-codegen-shared v0.82.3
[INFO] [stderr]   Downloaded wasmer-derive v2.3.0
[INFO] [stderr]   Downloaded loupe v0.1.3
[INFO] [stderr]   Downloaded jobserver v0.1.25
[INFO] [stderr]   Downloaded sha1 v0.10.5
[INFO] [stderr]   Downloaded globset v0.4.9
[INFO] [stderr]   Downloaded wasmer-engine-dylib v2.3.0
[INFO] [stderr]   Downloaded doc-comment v0.3.3
[INFO] [stderr]   Downloaded base32 v0.4.0
[INFO] [stderr]   Downloaded tls-api-test v0.7.0
[INFO] [stderr]   Downloaded security-framework-sys v2.6.1
[INFO] [stderr]   Downloaded typemap v0.3.3
[INFO] [stderr]   Downloaded socket2 v0.4.7
[INFO] [stderr]   Downloaded dunce v1.0.3
[INFO] [stderr]   Downloaded edgedb-errors v0.3.0
[INFO] [stderr]   Downloaded unsafe-any v0.4.2
[INFO] [stderr]   Downloaded base16ct v0.1.1
[INFO] [stderr]   Downloaded crossterm_winapi v0.9.0
[INFO] [stderr]   Downloaded rustls-native-certs v0.6.2
[INFO] [stderr]   Downloaded socks v0.3.4
[INFO] [stderr]   Downloaded rustls-pemfile v1.0.1
[INFO] [stderr]   Downloaded openssl-sys v0.9.77
[INFO] [stderr]   Downloaded object v0.28.4
[INFO] [stderr]   Downloaded snafu-derive v0.7.3
[INFO] [stderr]   Downloaded security-framework v2.7.0
[INFO] [stderr]   Downloaded edgedb-tokio v0.3.0
[INFO] [stderr]   Downloaded snafu v0.7.3
[INFO] [stderr]   Downloaded ureq v2.5.0
[INFO] [stderr]   Downloaded tower v0.4.13
[INFO] [stderr]   Downloaded combine v4.6.6
[INFO] [stderr]   Downloaded toml_edit v0.14.4
[INFO] [stderr]   Downloaded lsp-types v0.93.2
[INFO] [stderr]   Downloaded git2 v0.14.4
[INFO] [stderr]   Downloaded clap v4.0.22
[INFO] [stderr]   Downloaded clap v3.2.23
[INFO] [stderr]   Downloaded openssl v0.10.42
[INFO] [stderr]   Downloaded rustls v0.20.7
[INFO] [stderr]   Downloaded insta v1.21.0
[INFO] [stderr]   Downloaded rustix v0.35.13
[INFO] [stderr]   Downloaded tower-lsp v0.17.0
[INFO] [stderr]   Downloaded tokio v1.21.2
[INFO] [stderr]   Downloaded cargo-edit v0.11.5
[INFO] [stderr]   Downloaded bzip2-sys v0.1.11+1.0.8
[INFO] [stderr]   Downloaded uuid v1.2.1
[INFO] [stderr]   Downloaded io-lifetimes v0.7.5
[INFO] [stderr]   Downloaded windows_x86_64_msvc v0.33.0
[INFO] [stderr]   Downloaded zstd-sys v2.0.1+zstd.1.5.2
[INFO] [stderr]   Downloaded windows_aarch64_msvc v0.33.0
[INFO] [stderr]   Downloaded libssh2-sys v0.2.23
[INFO] [stderr]   Downloaded cranelift-codegen v0.82.3
[INFO] [stderr]   Downloaded windows_i686_gnu v0.33.0
[INFO] [stderr]   Downloaded windows_x86_64_gnu v0.33.0
[INFO] [stderr]   Downloaded windows_i686_msvc v0.33.0
[INFO] [stderr]   Downloaded textwrap v0.16.0
[INFO] [stderr]   Downloaded signal-hook v0.3.14
[INFO] [stderr]   Downloaded dprint-core v0.59.0
[INFO] [stderr]   Downloaded trybuild v1.0.71
[INFO] [stderr]   Downloaded edgedb-protocol v0.4.0
[INFO] [stderr]   Downloaded auto_impl v0.5.0
[INFO] [stderr]   Downloaded dissimilar v1.0.4
[INFO] [stderr]   Downloaded schemars v0.8.11
[INFO] [stderr]   Downloaded subprocess v0.2.9
[INFO] [stderr]   Downloaded bstr v0.2.17
[INFO] [stderr]   Downloaded async-trait v0.1.58
[INFO] [stderr]   Downloaded linux-raw-sys v0.0.46
[INFO] [stderr]   Downloaded env_logger v0.8.4
[INFO] [stderr]   Downloaded quickcheck v1.0.3
[INFO] [stderr]   Downloaded camino v1.1.1
[INFO] [stderr]   Downloaded webpki-roots v0.22.5
[INFO] [stderr]   Downloaded env_logger v0.5.13
[INFO] [stderr]   Downloaded serde_repr v0.1.9
[INFO] [stderr]   Downloaded serde_derive_internals v0.26.0
[INFO] [stderr]   Downloaded smartstring v1.0.1
[INFO] [stderr]   Downloaded cargo_metadata v0.15.1
[INFO] [stderr]   Downloaded cargo_toml v0.13.0
[INFO] [stderr]   Downloaded clap_derive v4.0.21
[INFO] [stderr]   Downloaded clap_lex v0.3.0
[INFO] [stderr]   Downloaded errno v0.2.8
[INFO] [stderr]   Downloaded terminal_size v0.2.2
[INFO] [stderr]   Downloaded clap_lex v0.2.4
[INFO] [stderr]   Downloaded dirs-sys v0.3.7
[INFO] [stderr]   Downloaded dprint-cli-core v0.12.3
[INFO] [stderr]   Downloaded rustls-pemfile v0.3.0
[INFO] [stderr]   Downloaded scram v0.6.0
[INFO] [stderr]   Downloaded pem v0.8.3
[INFO] [stderr]   Downloaded tempdir v0.3.7
[INFO] [stderr]   Downloaded tls-api v0.7.0
[INFO] [stderr]   Downloaded dashmap v5.4.0
[INFO] [stderr]   Downloaded expect-test v1.4.0
[INFO] [stderr]   Downloaded countme v3.0.1
[INFO] [stderr]   Downloaded dyn-clone v1.0.9
[INFO] [stderr]   Downloaded schemars_derive v0.8.11
[INFO] [stderr]   Downloaded crates-index v0.18.11
[INFO] [stderr]   Downloaded dirs-sys-next v0.1.2
[INFO] [stderr]   Downloaded dirs-next v2.0.0
[INFO] [stderr]   Downloaded env_proxy v0.4.1
[INFO] [stderr]   Downloaded kstring v2.0.0
[INFO] [stderr]   Downloaded cargo-insta v1.21.0
[INFO] [stderr]   Downloaded redox_users v0.4.3
[INFO] [stderr]   Downloaded regalloc v0.0.34
[INFO] [stderr]   Downloaded tls-api-rustls v0.7.0
[INFO] [stderr]   Downloaded os_str_bytes v6.3.1
[INFO] [stderr]   Downloaded tower-layer v0.3.2
[INFO] [stderr]   Downloaded cargo-platform v0.1.2
[INFO] [stderr]   Downloaded dirs v4.0.0
[INFO] [stderr]   Downloaded crossterm v0.24.0
[INFO] [stderr]   Downloaded libgit2-sys v0.13.4+1.4.2
[INFO] [stderr]   Downloaded chunked_transfer v1.4.0
[INFO] [stderr]   Downloaded futures-executor v0.3.25
[INFO] [stderr]   Downloaded mio v0.8.5
[INFO] [stderr]   Downloaded wast v49.0.0
[INFO] [stderr]   Downloaded time v0.3.17
[INFO] [stderr]   Downloaded dprint v0.32.2
[INFO] [stderr]   Downloaded pest v2.4.1
[INFO] [stderr]   Downloaded regex-automata v0.1.10
[INFO] [stderr]   Downloaded test-cert-gen v0.7.0
[INFO] [stderr]   Downloaded traitobject v0.1.0
[INFO] [stderr]   Downloaded concolor-query v0.0.4
[INFO] [stderr]   Downloaded tokio-util v0.7.4
[INFO] [stderr]   Downloaded rkyv v0.7.39
[INFO] [stderr]   Downloaded wasmer v2.3.0
[INFO] [stderr]   Downloaded edgedb-derive v0.3.0
[INFO] [stderr]   Downloaded tls-api-not-tls v0.7.0
[INFO] [stderr]   Downloaded untrusted v0.6.2
[INFO] [stderr]   Downloaded tower-lsp-macros v0.6.0
[INFO] [stderr]   Downloaded drop_bomb v0.1.5
[INFO] [stderr]   Downloaded cranelift-codegen-meta v0.82.3
[INFO] [stderr]   Downloaded corosensei v0.1.3
[INFO] [stderr]   Downloaded wasmparser v0.83.0
[INFO] [stderr]   Downloaded darling_core v0.14.2
[INFO] [stderr]   Downloaded wasmer-vm v2.3.0
[INFO] [stderr]   Downloaded flate2 v1.0.24
[INFO] [stderr]   Downloaded zip v0.6.3
[INFO] [stderr]   Downloaded quickcheck_macros v1.0.0
[INFO] [stderr]   Downloaded ignore v0.4.18
[INFO] [stderr]   Downloaded jsonc-parser v0.19.0
[INFO] [stderr]   Downloaded bytes v1.2.1
[INFO] [stderr]   Downloaded wasmer-compiler-cranelift v2.3.0
[INFO] [stderr]   Downloaded wasm-encoder v0.19.1
[INFO] [stderr]   Downloaded encode_unicode v0.3.6
[INFO] [stderr]   Downloaded pest_meta v2.4.1
[INFO] [stderr]   Downloaded similar v2.2.0
[INFO] [stderr]   Downloaded yaml-rust v0.4.5
[INFO] [stderr]   Downloaded parking_lot_core v0.9.4
[INFO] [stderr]   Downloaded cranelift-bforest v0.82.3
[INFO] [stderr]   Downloaded cranelift-entity v0.82.3
[INFO] [stderr]   Downloaded cranelift-frontend v0.82.3
[INFO] [stderr]   Downloaded target-lexicon v0.12.5
[INFO] [stderr]   Downloaded seahash v4.1.0
[INFO] [stderr]   Downloaded concolor-control v0.0.7
[INFO] [stderr]   Downloaded pathdiff v0.2.1
[INFO] [stderr]   Downloaded winreg v0.10.1
[INFO] [stderr]   Downloaded leb128 v0.2.5
[INFO] [stderr]   Downloaded bzip2 v0.4.3
[INFO] [stderr]   Downloaded base64ct v1.5.3
[INFO] [stderr]   Downloaded password-hash v0.4.2
[INFO] [stderr]   Downloaded libz-sys v1.1.8
[INFO] [stderr]   Downloaded zstd v0.11.2+zstd.1.5.2
[INFO] [stderr]   Downloaded console v0.15.2
[INFO] [stderr]   Downloaded wasmer-engine v2.3.0
[INFO] [stderr]   Downloaded wasmer-engine-universal-artifact v2.3.0
[INFO] [stderr]   Downloaded darling v0.14.2
[INFO] [stderr]   Downloaded enumset v1.0.12
[INFO] [stderr]   Downloaded wasmer-compiler v2.3.0
[INFO] [stderr]   Downloaded rkyv_derive v0.7.39
[INFO] [stderr]   Downloaded wasmer-types v2.3.0
[INFO] [stderr]   Downloaded wat v1.0.51
[INFO] [stderr]   Downloaded terminal_size v0.1.17
[INFO] [stderr]   Downloaded pest_derive v2.4.1
[INFO] [stderr]   Downloaded ungrammar v1.16.1
[INFO] [stderr]   Downloaded tokio-macros v1.8.0
[INFO] [stderr]   Downloaded num_cpus v1.14.0
[INFO] [stderr]   Downloaded fastrand v1.8.0
[INFO] [stderr]   Downloaded which v4.3.0
[INFO] [stderr]   Downloaded wasmer-engine-universal v2.3.0
[INFO] [stderr]   Downloaded mach v0.3.2
[INFO] [stderr]   Downloaded region v3.0.0
[INFO] [stderr]   Downloaded darling_macro v0.14.2
[INFO] [stderr]   Downloaded enumset_derive v0.6.1
[INFO] [stderr]   Downloaded bytecheck_derive v0.6.9
[INFO] [stderr]   Downloaded rend v0.3.6
[INFO] [stderr]   Downloaded zstd-safe v5.0.2+zstd.1.5.2
[INFO] [stderr]   Downloaded expectest v0.12.0
[INFO] [stderr]   Downloaded pest_generator v2.4.1
[INFO] [stderr]   Downloaded time-macros v0.2.6
[INFO] [stderr]   Downloaded ptr_meta_derive v0.1.4
[INFO] [stderr]   Downloaded wasmer-object v2.3.0
[INFO] [stderr]   Downloaded loupe-derive v0.1.3
[INFO] [stderr]   Downloaded ptr_meta v0.1.4
[INFO] [stderr]   Downloaded bytecheck v0.6.9
[INFO] [stderr]   Downloaded home v0.5.4
[INFO] [stderr]   Downloaded windows-sys v0.33.0
[INFO] running `Command { std: "docker" "create" "-v" "/var/lib/crater-agent-workspace/builds/worker-6-tc1/target:/opt/rustwide/target:rw,Z" "-v" "/var/lib/crater-agent-workspace/builds/worker-6-tc1/source:/opt/rustwide/workdir:ro,Z" "-v" "/var/lib/crater-agent-workspace/cargo-home:/opt/rustwide/cargo-home:ro,Z" "-v" "/var/lib/crater-agent-workspace/rustup-home:/opt/rustwide/rustup-home:ro,Z" "-e" "SOURCE_DIR=/opt/rustwide/workdir" "-e" "CARGO_TARGET_DIR=/opt/rustwide/target" "-e" "CARGO_HOME=/opt/rustwide/cargo-home" "-e" "RUSTUP_HOME=/opt/rustwide/rustup-home" "-w" "/opt/rustwide/workdir" "-m" "1610612736" "--user" "0:0" "--network" "none" "ghcr.io/rust-lang/crates-build-env/linux@sha256:3959728d45483eb673ba100a951a6b9f5012970368db2a9e08e0ac9b67c8a5ad" "/opt/rustwide/cargo-home/bin/cargo" "+1.85.0" "metadata" "--no-deps" "--format-version=1", kill_on_drop: false }`
[INFO] [stdout] 28b654798bbbc959ba3830b4a598b33f7e1795ad127e464501535d16c4b8119c
[INFO] running `Command { std: "docker" "start" "-a" "28b654798bbbc959ba3830b4a598b33f7e1795ad127e464501535d16c4b8119c", kill_on_drop: false }`
[INFO] running `Command { std: "docker" "inspect" "28b654798bbbc959ba3830b4a598b33f7e1795ad127e464501535d16c4b8119c", kill_on_drop: false }`
[INFO] running `Command { std: "docker" "rm" "-f" "28b654798bbbc959ba3830b4a598b33f7e1795ad127e464501535d16c4b8119c", kill_on_drop: false }`
[INFO] [stdout] 28b654798bbbc959ba3830b4a598b33f7e1795ad127e464501535d16c4b8119c
[INFO] running `Command { std: "docker" "create" "-v" "/var/lib/crater-agent-workspace/builds/worker-6-tc1/target:/opt/rustwide/target:rw,Z" "-v" "/var/lib/crater-agent-workspace/builds/worker-6-tc1/source:/opt/rustwide/workdir:ro,Z" "-v" "/var/lib/crater-agent-workspace/cargo-home:/opt/rustwide/cargo-home:ro,Z" "-v" "/var/lib/crater-agent-workspace/rustup-home:/opt/rustwide/rustup-home:ro,Z" "-e" "SOURCE_DIR=/opt/rustwide/workdir" "-e" "CARGO_TARGET_DIR=/opt/rustwide/target" "-e" "CARGO_INCREMENTAL=0" "-e" "RUST_BACKTRACE=full" "-e" "RUSTFLAGS=--cap-lints=warn" "-e" "RUSTDOCFLAGS=--cap-lints=warn" "-e" "CARGO_HOME=/opt/rustwide/cargo-home" "-e" "RUSTUP_HOME=/opt/rustwide/rustup-home" "-w" "/opt/rustwide/workdir" "-m" "1610612736" "--user" "0:0" "--network" "none" "ghcr.io/rust-lang/crates-build-env/linux@sha256:3959728d45483eb673ba100a951a6b9f5012970368db2a9e08e0ac9b67c8a5ad" "/opt/rustwide/cargo-home/bin/cargo" "+1.85.0" "build" "--frozen" "--message-format=json", kill_on_drop: false }`
[INFO] [stdout] ea04b51555a71c0624ed8a045e85f2aba18c21dd00bb9bd4853bb3b474ced2d2
[INFO] running `Command { std: "docker" "start" "-a" "ea04b51555a71c0624ed8a045e85f2aba18c21dd00bb9bd4853bb3b474ced2d2", kill_on_drop: false }`
[INFO] [stderr] warning: virtual workspace defaulting to `resolver = "1"` despite one or more workspace members being on edition 2021 which implies `resolver = "2"`
[INFO] [stderr] note: to keep the current resolver, specify `workspace.resolver = "1"` in the workspace root's manifest
[INFO] [stderr] note: to use the edition 2021 resolver, specify `workspace.resolver = "2"` in the workspace root's manifest
[INFO] [stderr] note: for more details see https://doc.rust-lang.org/cargo/reference/resolver.html#resolver-versions
[INFO] [stderr] warning: xtask v0.0.0 (/opt/rustwide/workdir/xtask) ignoring invalid dependency `dprint` which is missing a lib target
[INFO] [stderr]    Compiling proc-macro2 v1.0.47
[INFO] [stderr]    Compiling unicode-ident v1.0.5
[INFO] [stderr]    Compiling syn v1.0.103
[INFO] [stderr]    Compiling libc v0.2.137
[INFO] [stderr]    Compiling version_check v0.9.4
[INFO] [stderr]    Compiling once_cell v1.16.0
[INFO] [stderr]    Compiling memchr v2.5.0
[INFO] [stderr]    Compiling serde_derive v1.0.147
[INFO] [stderr]    Compiling serde v1.0.147
[INFO] [stderr]    Compiling log v0.4.17
[INFO] [stderr]    Compiling termcolor v1.1.3
[INFO] [stderr]    Compiling serde_json v1.0.87
[INFO] [stderr]    Compiling quote v1.0.21
[INFO] [stderr]    Compiling indexmap v1.9.1
[INFO] [stderr]    Compiling bytes v1.2.1
[INFO] [stderr]    Compiling itoa v1.0.4
[INFO] [stderr]    Compiling ryu v1.0.11
[INFO] [stderr]    Compiling regex-syntax v0.6.28
[INFO] [stderr]    Compiling anyhow v1.0.66
[INFO] [stderr]    Compiling spin v0.5.2
[INFO] [stderr]    Compiling heck v0.4.0
[INFO] [stderr]    Compiling untrusted v0.7.1
[INFO] [stderr]    Compiling tokio v1.21.2
[INFO] [stderr]    Compiling futures-core v0.3.25
[INFO] [stderr]    Compiling remove_dir_all v0.5.3
[INFO] [stderr]    Compiling quick-error v1.2.3
[INFO] [stderr]    Compiling tinyvec_macros v0.1.0
[INFO] [stderr]    Compiling slab v0.4.7
[INFO] [stderr]    Compiling tinyvec v1.6.0
[INFO] [stderr]    Compiling humantime v1.3.0
[INFO] [stderr]    Compiling futures-task v0.3.25
[INFO] [stderr]    Compiling ahash v0.7.6
[INFO] [stderr]    Compiling proc-macro-error-attr v1.0.4
[INFO] [stderr]    Compiling proc-macro-error v1.0.4
[INFO] [stderr]    Compiling generic-array v0.14.6
[INFO] [stderr]    Compiling futures-channel v0.3.25
[INFO] [stderr]    Compiling futures-sink v0.3.25
[INFO] [stderr]    Compiling regex-automata v0.1.10
[INFO] [stderr]    Compiling void v1.0.2
[INFO] [stderr]    Compiling tls-api-test v0.7.0
[INFO] [stderr]    Compiling unicode-bidi v0.3.8
[INFO] [stderr]    Compiling futures-util v0.3.25
[INFO] [stderr]    Compiling io-lifetimes v0.7.5
[INFO] [stderr]    Compiling untrusted v0.6.2
[INFO] [stderr]    Compiling doc-comment v0.3.3
[INFO] [stderr]    Compiling unicode-segmentation v1.10.0
[INFO] [stderr]    Compiling futures-io v0.3.25
[INFO] [stderr]    Compiling aho-corasick v0.7.19
[INFO] [stderr]    Compiling bstr v0.2.17
[INFO] [stderr]    Compiling subtle v2.4.1
[INFO] [stderr]    Compiling proc-macro-hack v0.5.19
[INFO] [stderr]    Compiling trybuild v1.0.71
[INFO] [stderr]    Compiling rustix v0.35.13
[INFO] [stderr]    Compiling async-trait v0.1.58
[INFO] [stderr]    Compiling tracing-core v0.1.30
[INFO] [stderr]    Compiling linux-raw-sys v0.0.46
[INFO] [stderr]    Compiling glob v0.3.0
[INFO] [stderr]    Compiling camino v1.1.1
[INFO] [stderr]    Compiling schemars v0.8.11
[INFO] [stderr]    Compiling parking_lot_core v0.9.4
[INFO] [stderr]    Compiling fallible-iterator v0.2.0
[INFO] [stderr]    Compiling similar v2.2.0
[INFO] [stderr]    Compiling unicode-normalization v0.1.22
[INFO] [stderr]    Compiling crypto-common v0.1.6
[INFO] [stderr]    Compiling block-buffer v0.10.3
[INFO] [stderr]    Compiling countme v3.0.1
[INFO] [stderr]    Compiling stable_deref_trait v1.2.0
[INFO] [stderr]    Compiling digest v0.10.5
[INFO] [stderr]    Compiling semver v1.0.14
[INFO] [stderr]    Compiling rustls v0.20.7
[INFO] [stderr]    Compiling smallvec v1.10.0
[INFO] [stderr]    Compiling rome_diagnostics_categories v0.0.0 (https://github.com/rome/tools?rev=99db51ff19#99db51ff)
[INFO] [stderr]    Compiling getrandom v0.2.8
[INFO] [stderr]    Compiling jobserver v0.1.25
[INFO] [stderr]    Compiling atty v0.2.14
[INFO] [stderr]    Compiling socket2 v0.4.7
[INFO] [stderr]    Compiling mio v0.8.5
[INFO] [stderr]    Compiling num_cpus v1.14.0
[INFO] [stderr]    Compiling rand v0.4.6
[INFO] [stderr]    Compiling cc v1.0.76
[INFO] [stderr]    Compiling rand_core v0.6.4
[INFO] [stderr]    Compiling idna v0.3.0
[INFO] [stderr]    Compiling hashbrown v0.12.3
[INFO] [stderr]    Compiling httparse v1.8.0
[INFO] [stderr]    Compiling regex v1.7.0
[INFO] [stderr]    Compiling rand_chacha v0.3.1
[INFO] [stderr]    Compiling os_str_bytes v6.3.1
[INFO] [stderr]    Compiling ungrammar v1.16.1
[INFO] [stderr]    Compiling scopeguard v1.1.0
[INFO] [stderr]    Compiling traitobject v0.1.0
[INFO] [stderr]    Compiling dyn-clone v1.0.9
[INFO] [stderr]    Compiling miniz_oxide v0.5.4
[INFO] [stderr]    Compiling clap_lex v0.3.0
[INFO] [stderr]    Compiling unsafe-any v0.4.2
[INFO] [stderr]    Compiling lock_api v0.4.9
[INFO] [stderr]    Compiling tempdir v0.3.7
[INFO] [stderr]    Compiling rand v0.8.5
[INFO] [stderr]    Compiling uuid v1.2.1
[INFO] [stderr]    Compiling dirs-sys v0.3.7
[INFO] [stderr]    Compiling object v0.29.0
[INFO] [stderr]    Compiling xtask v0.0.0 (/opt/rustwide/workdir/xtask)
[INFO] [stderr]    Compiling edgedb-errors v0.3.0
[INFO] [stderr]    Compiling rustls-pemfile v1.0.1
[INFO] [stderr]    Compiling tower-service v0.3.2
[INFO] [stderr]    Compiling xshell-macros v0.2.2
[INFO] [stderr]    Compiling unchecked-index v0.2.2
[INFO] [stderr]    Compiling openssl-probe v0.1.5
[INFO] [stderr]    Compiling tower-layer v0.3.2
[INFO] [stderr]    Compiling rustc-demangle v0.1.21
[INFO] [stderr]    Compiling strsim v0.10.0
[INFO] [stderr]    Compiling twoway v0.2.2
[INFO] [stderr]    Compiling rustls-native-certs v0.6.2
[INFO] [stderr]    Compiling dashmap v5.4.0
[INFO] [stderr]    Compiling ring v0.16.20
[INFO] [stderr]    Compiling backtrace v0.3.66
[INFO] [stderr]    Compiling dirs v4.0.0
[INFO] [stderr]    Compiling xshell v0.2.2
[INFO] [stderr]    Compiling typemap v0.3.3
[INFO] [stderr] warning: xtask@0.0.0: No changes required to nodes.rs
[INFO] [stderr]    Compiling sha2 v0.10.6
[INFO] [stderr]    Compiling sha1 v0.10.5
[INFO] [stderr]    Compiling terminal_size v0.2.2
[INFO] [stderr]    Compiling combine v4.6.6
[INFO] [stderr]    Compiling rustls-pemfile v0.3.0
[INFO] [stderr]    Compiling pem v0.8.3
[INFO] [stderr]    Compiling env_logger v0.5.13
[INFO] [stderr]    Compiling env_logger v0.9.3
[INFO] [stderr]    Compiling base16ct v0.1.1
[INFO] [stderr]    Compiling test-cert-gen v0.7.0
[INFO] [stderr]    Compiling base32 v0.4.0
[INFO] [stderr]    Compiling home v0.5.4
[INFO] [stderr]    Compiling owo-colors v3.5.0
[INFO] [stderr]    Compiling drop_bomb v0.1.5
[INFO] [stderr]    Compiling eql_derive v0.0.0 (/opt/rustwide/workdir/crates/eql_derive)
[INFO] [stderr]    Compiling serde_derive_internals v0.26.0
[INFO] [stderr]    Compiling thiserror-impl v1.0.37
[INFO] [stderr]    Compiling tokio-macros v1.8.0
[INFO] [stderr]    Compiling futures-macro v0.3.25
[INFO] [stderr]    Compiling tracing-attributes v0.1.23
[INFO] [stderr]    Compiling snafu-derive v0.7.3
[INFO] [stderr]    Compiling pin-project-internal v1.0.12
[INFO] [stderr]    Compiling serde_repr v0.1.9
[INFO] [stderr]    Compiling rome_markup v0.0.0 (https://github.com/rome/tools?rev=99db51ff19#99db51ff)
[INFO] [stderr]    Compiling clap_derive v4.0.21
[INFO] [stderr]    Compiling fstrings-proc-macro v0.2.3
[INFO] [stderr]    Compiling auto_impl v0.5.0
[INFO] [stderr]    Compiling schemars_derive v0.8.11
[INFO] [stderr]    Compiling tower-lsp-macros v0.6.0
[INFO] [stderr]    Compiling fstrings v0.2.3
[INFO] [stderr]    Compiling rome_diagnostics_macros v0.0.0 (https://github.com/rome/tools?rev=99db51ff19#99db51ff)
[INFO] [stderr]    Compiling strum_macros v0.24.3
[INFO] [stderr]    Compiling thiserror v1.0.37
[INFO] [stderr]    Compiling webpki v0.22.0
[INFO] [stderr]    Compiling sct v0.7.0
[INFO] [stderr]    Compiling scram v0.6.0
[INFO] [stderr]    Compiling pin-project v1.0.12
[INFO] [stderr]    Compiling tracing v0.1.37
[INFO] [stderr]    Compiling webpki-roots v0.22.5
[INFO] [stderr]    Compiling snafu v0.7.3
[INFO] [stderr]    Compiling clap v4.0.22
[INFO] [stderr]    Compiling edgedb-protocol v0.4.0
[INFO] [stderr]    Compiling edgeql-parser v0.1.0 (https://github.com/edgedb/edgedb?rev=555a77a0f#555a77a0)
[INFO] [stderr]    Compiling strum v0.24.1
[INFO] [stderr]    Compiling futures-executor v0.3.25
[INFO] [stderr]    Compiling tower v0.4.13
[INFO] [stderr]    Compiling futures v0.3.25
[INFO] [stderr]    Compiling tls-api v0.7.0
[INFO] [stderr]    Compiling tokio-util v0.7.4
[INFO] [stderr]    Compiling tls-api-not-tls v0.7.0
[INFO] [stderr]    Compiling tls-api-rustls v0.7.0
[INFO] [stderr]    Compiling toml v0.5.9
[INFO] [stderr]    Compiling rome_text_size v0.0.0 (https://github.com/rome/tools?rev=99db51ff19#99db51ff)
[INFO] [stderr]    Compiling url v2.3.1
[INFO] [stderr]    Compiling cargo-platform v0.1.2
[INFO] [stderr]    Compiling rome_text_edit v0.0.0 (https://github.com/rome/tools?rev=99db51ff19#99db51ff)
[INFO] [stderr]    Compiling rome_rowan v0.0.0 (https://github.com/rome/tools?rev=99db51ff19#99db51ff)
[INFO] [stderr]    Compiling gimli v0.26.2
[INFO] [stderr]    Compiling cargo_toml v0.13.0
[INFO] [stderr]    Compiling lsp-types v0.93.2
[INFO] [stderr]    Compiling cargo_metadata v0.15.1
[INFO] [stderr]    Compiling eql_syntax v0.0.0 (/opt/rustwide/workdir/crates/eql_syntax)
[INFO] [stderr]    Compiling rome_console v0.0.0 (https://github.com/rome/tools?rev=99db51ff19#99db51ff)
[INFO] [stderr]    Compiling eql_factory v0.1.0 (/opt/rustwide/workdir/crates/eql_factory)
[INFO] [stdout] warning: function `ident` is never used
[INFO] [stdout]    --> crates/eql_factory/src/generated/node_factory.rs:166:8
[INFO] [stdout]     |
[INFO] [stdout] 166 | pub fn ident(plain_ident_token: SyntaxToken, quoted_ident_token: SyntaxToken) -> Ident {
[INFO] [stdout]     |        ^^^^^
[INFO] [stdout]     |
[INFO] [stdout]     = note: `#[warn(dead_code)]` on by default
[INFO] [stdout] 
[INFO] [stdout] 
[INFO] [stderr]    Compiling edgedb-derive v0.3.0
[INFO] [stderr]    Compiling edgedb-derive v0.4.0
[INFO] [stderr]    Compiling addr2line v0.17.0
[INFO] [stdout] warning: field `documentation` is never read
[INFO] [stdout]    --> xtask/src/codegen/kinds.rs:349:7
[INFO] [stdout]     |
[INFO] [stdout] 348 | pub struct AstNodeSrc {
[INFO] [stdout]     |            ---------- field in this struct
[INFO] [stdout] 349 |   pub documentation: Vec<String>,
[INFO] [stdout]     |       ^^^^^^^^^^^^^
[INFO] [stdout]     |
[INFO] [stdout]     = note: `AstNodeSrc` has a derived impl for the trait `Debug`, but this is intentionally ignored during dead code analysis
[INFO] [stdout]     = note: `#[warn(dead_code)]` on by default
[INFO] [stdout] 
[INFO] [stdout] 
[INFO] [stdout] warning: field `documentation` is never read
[INFO] [stdout]    --> xtask/src/codegen/kinds.rs:462:7
[INFO] [stdout]     |
[INFO] [stdout] 461 | pub struct AstEnumSrc {
[INFO] [stdout]     |            ---------- field in this struct
[INFO] [stdout] 462 |   pub documentation: Vec<String>,
[INFO] [stdout]     |       ^^^^^^^^^^^^^
[INFO] [stdout]     |
[INFO] [stdout]     = note: `AstEnumSrc` has derived impls for the traits `Clone` and `Debug`, but these are intentionally ignored during dead code analysis
[INFO] [stdout] 
[INFO] [stdout] 
[INFO] [stderr]    Compiling edgedb-tokio v0.3.0
[INFO] [stderr]    Compiling rome_diagnostics v0.0.0 (https://github.com/rome/tools?rev=99db51ff19#99db51ff)
[INFO] [stderr]    Compiling eql v0.0.0 (/opt/rustwide/workdir/crates/eql)
[INFO] [stderr]    Compiling eql_parser v0.0.0 (/opt/rustwide/workdir/crates/eql_parser)
[INFO] [stderr]    Compiling tower-lsp v0.17.0
[INFO] [stderr]    Compiling eql_lsp v0.1.0 (/opt/rustwide/workdir/crates/eql_lsp)
[INFO] [stderr]     Finished `dev` profile [unoptimized + debuginfo] target(s) in 45.25s
[INFO] [stderr] warning: the following packages contain code that will be rejected by a future version of Rust: traitobject v0.1.0, typemap v0.3.3
[INFO] [stderr] note: to see what the problems were, use the option `--future-incompat-report`, or run `cargo report future-incompatibilities --id 6`
[INFO] running `Command { std: "docker" "inspect" "ea04b51555a71c0624ed8a045e85f2aba18c21dd00bb9bd4853bb3b474ced2d2", kill_on_drop: false }`
[INFO] running `Command { std: "docker" "rm" "-f" "ea04b51555a71c0624ed8a045e85f2aba18c21dd00bb9bd4853bb3b474ced2d2", kill_on_drop: false }`
[INFO] [stdout] ea04b51555a71c0624ed8a045e85f2aba18c21dd00bb9bd4853bb3b474ced2d2
[INFO] running `Command { std: "docker" "create" "-v" "/var/lib/crater-agent-workspace/builds/worker-6-tc1/target:/opt/rustwide/target:rw,Z" "-v" "/var/lib/crater-agent-workspace/builds/worker-6-tc1/source:/opt/rustwide/workdir:ro,Z" "-v" "/var/lib/crater-agent-workspace/cargo-home:/opt/rustwide/cargo-home:ro,Z" "-v" "/var/lib/crater-agent-workspace/rustup-home:/opt/rustwide/rustup-home:ro,Z" "-e" "SOURCE_DIR=/opt/rustwide/workdir" "-e" "CARGO_TARGET_DIR=/opt/rustwide/target" "-e" "CARGO_INCREMENTAL=0" "-e" "RUST_BACKTRACE=full" "-e" "RUSTFLAGS=--cap-lints=warn" "-e" "RUSTDOCFLAGS=--cap-lints=warn" "-e" "CARGO_HOME=/opt/rustwide/cargo-home" "-e" "RUSTUP_HOME=/opt/rustwide/rustup-home" "-w" "/opt/rustwide/workdir" "-m" "1610612736" "--user" "0:0" "--network" "none" "ghcr.io/rust-lang/crates-build-env/linux@sha256:3959728d45483eb673ba100a951a6b9f5012970368db2a9e08e0ac9b67c8a5ad" "/opt/rustwide/cargo-home/bin/cargo" "+1.85.0" "test" "--frozen" "--no-run" "--message-format=json", kill_on_drop: false }`
[INFO] [stdout] fbc04a857ae201edd440fca5e8e02eb3160586ad3f5ce8055c1f024615081b4b
[INFO] running `Command { std: "docker" "start" "-a" "fbc04a857ae201edd440fca5e8e02eb3160586ad3f5ce8055c1f024615081b4b", kill_on_drop: false }`
[INFO] [stderr] warning: virtual workspace defaulting to `resolver = "1"` despite one or more workspace members being on edition 2021 which implies `resolver = "2"`
[INFO] [stderr] note: to keep the current resolver, specify `workspace.resolver = "1"` in the workspace root's manifest
[INFO] [stderr] note: to use the edition 2021 resolver, specify `workspace.resolver = "2"` in the workspace root's manifest
[INFO] [stderr] note: for more details see https://doc.rust-lang.org/cargo/reference/resolver.html#resolver-versions
[INFO] [stderr] warning: xtask v0.0.0 (/opt/rustwide/workdir/xtask) ignoring invalid dependency `cargo-insta` which is missing a lib target
[INFO] [stderr] warning: xtask v0.0.0 (/opt/rustwide/workdir/xtask) ignoring invalid dependency `dprint` which is missing a lib target
[INFO] [stderr]    Compiling ucd-trie v0.1.5
[INFO] [stderr]    Compiling openssl-sys v0.9.77
[INFO] [stderr]    Compiling terminal_size v0.1.17
[INFO] [stderr]    Compiling yaml-rust v0.4.5
[INFO] [stderr]    Compiling libz-sys v1.1.8
[INFO] [stderr]    Compiling libssh2-sys v0.2.23
[INFO] [stderr]    Compiling crossbeam-epoch v0.9.11
[INFO] [stderr]    Compiling libgit2-sys v0.13.4+1.4.2
[INFO] [stderr]    Compiling either v1.8.0
[INFO] [stderr]    Compiling foreign-types-shared v0.1.1
[INFO] [stderr]    Compiling openssl v0.10.42
[INFO] [stderr]    Compiling openssl-macros v0.1.0
[INFO] [stderr]    Compiling smartstring v1.0.1
[INFO] [stderr]    Compiling native-tls v0.2.11
[INFO] [stdout] warning: function `ident` is never used
[INFO] [stdout]    --> crates/eql_factory/src/generated/node_factory.rs:166:8
[INFO] [stdout]     |
[INFO] [stdout] 166 | pub fn ident(plain_ident_token: SyntaxToken, quoted_ident_token: SyntaxToken) -> Ident {
[INFO] [stdout]     |        ^^^^^
[INFO] [stdout]     |
[INFO] [stdout]     = note: `#[warn(dead_code)]` on by default
[INFO] [stdout] 
[INFO] [stdout] 
[INFO] [stderr]    Compiling socks v0.3.4
[INFO] [stderr]    Compiling flate2 v1.0.24
[INFO] [stderr]    Compiling console v0.15.2
[INFO] [stderr]    Compiling foreign-types v0.3.2
[INFO] [stderr]    Compiling pest v2.4.1
[INFO] [stderr]    Compiling itertools v0.10.5
[INFO] [stderr]    Compiling kstring v2.0.0
[INFO] [stderr]    Compiling crossbeam-deque v0.8.2
[INFO] [stderr]    Compiling hex v0.4.3
[INFO] [stderr]    Compiling dirs-sys-next v0.1.2
[INFO] [stderr]    Compiling concolor-query v0.0.4
[INFO] [stderr]    Compiling rayon-core v1.9.3
[INFO] [stderr]    Compiling chunked_transfer v1.4.0
[INFO] [stderr] warning: xtask@0.0.0: No changes required to nodes.rs
[INFO] [stderr]    Compiling concolor-control v0.0.7
[INFO] [stderr]    Compiling env_proxy v0.4.1
[INFO] [stderr]    Compiling subprocess v0.2.9
[INFO] [stderr]    Compiling pathdiff v0.2.1
[INFO] [stderr]    Compiling dirs-next v2.0.0
[INFO] [stderr]    Compiling dunce v1.0.3
[INFO] [stderr]    Compiling expectest v0.12.0
[INFO] [stderr]    Compiling env_logger v0.8.4
[INFO] [stderr]    Compiling dissimilar v1.0.4
[INFO] [stderr]    Compiling quickcheck_macros v1.0.0
[INFO] [stdout] warning: field `documentation` is never read
[INFO] [stdout]    --> xtask/src/codegen/kinds.rs:349:7
[INFO] [stdout]     |
[INFO] [stdout] 348 | pub struct AstNodeSrc {
[INFO] [stdout]     |            ---------- field in this struct
[INFO] [stdout] 349 |   pub documentation: Vec<String>,
[INFO] [stdout]     |       ^^^^^^^^^^^^^
[INFO] [stdout]     |
[INFO] [stdout]     = note: `AstNodeSrc` has a derived impl for the trait `Debug`, but this is intentionally ignored during dead code analysis
[INFO] [stdout]     = note: `#[warn(dead_code)]` on by default
[INFO] [stdout] 
[INFO] [stdout] 
[INFO] [stdout] warning: field `documentation` is never read
[INFO] [stdout]    --> xtask/src/codegen/kinds.rs:462:7
[INFO] [stdout]     |
[INFO] [stdout] 461 | pub struct AstEnumSrc {
[INFO] [stdout]     |            ---------- field in this struct
[INFO] [stdout] 462 |   pub documentation: Vec<String>,
[INFO] [stdout]     |       ^^^^^^^^^^^^^
[INFO] [stdout]     |
[INFO] [stdout]     = note: `AstEnumSrc` has derived impls for the traits `Clone` and `Debug`, but these are intentionally ignored during dead code analysis
[INFO] [stdout] 
[INFO] [stdout] 
[INFO] [stderr]    Compiling eql_factory v0.1.0 (/opt/rustwide/workdir/crates/eql_factory)
[INFO] [stderr]    Compiling expect-test v1.4.0
[INFO] [stderr]    Compiling pest_meta v2.4.1
[INFO] [stdout] warning: function `ident` is never used
[INFO] [stdout]    --> crates/eql_factory/src/generated/node_factory.rs:166:8
[INFO] [stdout]     |
[INFO] [stdout] 166 | pub fn ident(plain_ident_token: SyntaxToken, quoted_ident_token: SyntaxToken) -> Ident {
[INFO] [stdout]     |        ^^^^^
[INFO] [stdout]     |
[INFO] [stdout]     = note: `#[warn(dead_code)]` on by default
[INFO] [stdout] 
[INFO] [stdout] 
[INFO] [stderr]    Compiling rayon v1.5.3
[INFO] [stderr]    Compiling quickcheck v1.0.3
[INFO] [stderr]    Compiling pest_generator v2.4.1
[INFO] [stderr]    Compiling toml_edit v0.14.4
[INFO] [stderr]    Compiling pest_derive v2.4.1
[INFO] [stderr]    Compiling insta v1.21.0
[INFO] [stderr]    Compiling eql_derive v0.0.0 (/opt/rustwide/workdir/crates/eql_derive)
[INFO] [stderr]    Compiling eql v0.0.0 (/opt/rustwide/workdir/crates/eql)
[INFO] [stderr]    Compiling eql_lsp v0.1.0 (/opt/rustwide/workdir/crates/eql_lsp)
[INFO] [stderr]    Compiling eql_parser v0.0.0 (/opt/rustwide/workdir/crates/eql_parser)
[INFO] [stderr]    Compiling eql_syntax v0.0.0 (/opt/rustwide/workdir/crates/eql_syntax)
[INFO] [stderr]    Compiling ureq v2.5.0
[INFO] [stderr]    Compiling git2 v0.14.4
[INFO] [stderr]    Compiling crates-index v0.18.11
[INFO] [stderr]    Compiling cargo-edit v0.11.5
[INFO] [stderr]    Compiling xtask v0.0.0 (/opt/rustwide/workdir/xtask)
[INFO] [stdout] warning: field `documentation` is never read
[INFO] [stdout]    --> xtask/src/codegen/kinds.rs:349:7
[INFO] [stdout]     |
[INFO] [stdout] 348 | pub struct AstNodeSrc {
[INFO] [stdout]     |            ---------- field in this struct
[INFO] [stdout] 349 |   pub documentation: Vec<String>,
[INFO] [stdout]     |       ^^^^^^^^^^^^^
[INFO] [stdout]     |
[INFO] [stdout]     = note: `AstNodeSrc` has a derived impl for the trait `Debug`, but this is intentionally ignored during dead code analysis
[INFO] [stdout]     = note: `#[warn(dead_code)]` on by default
[INFO] [stdout] 
[INFO] [stdout] 
[INFO] [stdout] warning: field `documentation` is never read
[INFO] [stdout]    --> xtask/src/codegen/kinds.rs:462:7
[INFO] [stdout]     |
[INFO] [stdout] 461 | pub struct AstEnumSrc {
[INFO] [stdout]     |            ---------- field in this struct
[INFO] [stdout] 462 |   pub documentation: Vec<String>,
[INFO] [stdout]     |       ^^^^^^^^^^^^^
[INFO] [stdout]     |
[INFO] [stdout]     = note: `AstEnumSrc` has derived impls for the traits `Clone` and `Debug`, but these are intentionally ignored during dead code analysis
[INFO] [stdout] 
[INFO] [stdout] 
[INFO] [stderr]     Finished `test` profile [unoptimized + debuginfo] target(s) in 16.83s
[INFO] [stderr] warning: the following packages contain code that will be rejected by a future version of Rust: traitobject v0.1.0, typemap v0.3.3
[INFO] [stderr] note: to see what the problems were, use the option `--future-incompat-report`, or run `cargo report future-incompatibilities --id 6`
[INFO] running `Command { std: "docker" "inspect" "fbc04a857ae201edd440fca5e8e02eb3160586ad3f5ce8055c1f024615081b4b", kill_on_drop: false }`
[INFO] running `Command { std: "docker" "rm" "-f" "fbc04a857ae201edd440fca5e8e02eb3160586ad3f5ce8055c1f024615081b4b", kill_on_drop: false }`
[INFO] [stdout] fbc04a857ae201edd440fca5e8e02eb3160586ad3f5ce8055c1f024615081b4b
[INFO] running `Command { std: "docker" "create" "-v" "/var/lib/crater-agent-workspace/builds/worker-6-tc1/target:/opt/rustwide/target:rw,Z" "-v" "/var/lib/crater-agent-workspace/builds/worker-6-tc1/source:/opt/rustwide/workdir:ro,Z" "-v" "/var/lib/crater-agent-workspace/cargo-home:/opt/rustwide/cargo-home:ro,Z" "-v" "/var/lib/crater-agent-workspace/rustup-home:/opt/rustwide/rustup-home:ro,Z" "-e" "SOURCE_DIR=/opt/rustwide/workdir" "-e" "CARGO_TARGET_DIR=/opt/rustwide/target" "-e" "CARGO_INCREMENTAL=0" "-e" "RUST_BACKTRACE=full" "-e" "RUSTFLAGS=--cap-lints=warn" "-e" "RUSTDOCFLAGS=--cap-lints=warn" "-e" "CARGO_HOME=/opt/rustwide/cargo-home" "-e" "RUSTUP_HOME=/opt/rustwide/rustup-home" "-w" "/opt/rustwide/workdir" "-m" "1610612736" "--user" "0:0" "--network" "none" "ghcr.io/rust-lang/crates-build-env/linux@sha256:3959728d45483eb673ba100a951a6b9f5012970368db2a9e08e0ac9b67c8a5ad" "/opt/rustwide/cargo-home/bin/cargo" "+1.85.0" "test" "--frozen", kill_on_drop: false }`
[INFO] [stdout] d100e100a145ac55851f6f438203101c477d6675dcb9a6cd22d816707862fbc0
[INFO] running `Command { std: "docker" "start" "-a" "d100e100a145ac55851f6f438203101c477d6675dcb9a6cd22d816707862fbc0", kill_on_drop: false }`
[INFO] [stderr] warning: virtual workspace defaulting to `resolver = "1"` despite one or more workspace members being on edition 2021 which implies `resolver = "2"`
[INFO] [stderr] note: to keep the current resolver, specify `workspace.resolver = "1"` in the workspace root's manifest
[INFO] [stderr] note: to use the edition 2021 resolver, specify `workspace.resolver = "2"` in the workspace root's manifest
[INFO] [stderr] note: for more details see https://doc.rust-lang.org/cargo/reference/resolver.html#resolver-versions
[INFO] [stderr] warning: xtask v0.0.0 (/opt/rustwide/workdir/xtask) ignoring invalid dependency `cargo-insta` which is missing a lib target
[INFO] [stderr] warning: xtask v0.0.0 (/opt/rustwide/workdir/xtask) ignoring invalid dependency `dprint` which is missing a lib target
[INFO] [stderr] warning: function `ident` is never used
[INFO] [stderr]    --> crates/eql_factory/src/generated/node_factory.rs:166:8
[INFO] [stderr]     |
[INFO] [stderr] 166 | pub fn ident(plain_ident_token: SyntaxToken, quoted_ident_token: SyntaxToken) -> Ident {
[INFO] [stderr]     |        ^^^^^
[INFO] [stderr]     |
[INFO] [stderr]     = note: `#[warn(dead_code)]` on by default
[INFO] [stderr] 
[INFO] [stderr] warning: `eql_factory` (lib) generated 1 warning
[INFO] [stderr] warning: xtask@0.0.0: No changes required to nodes.rs
[INFO] [stderr] warning: field `documentation` is never read
[INFO] [stderr]    --> xtask/src/codegen/kinds.rs:349:7
[INFO] [stderr]     |
[INFO] [stderr] 348 | pub struct AstNodeSrc {
[INFO] [stderr]     |            ---------- field in this struct
[INFO] [stderr] 349 |   pub documentation: Vec<String>,
[INFO] [stderr]     |       ^^^^^^^^^^^^^
[INFO] [stderr]     |
[INFO] [stderr]     = note: `AstNodeSrc` has a derived impl for the trait `Debug`, but this is intentionally ignored during dead code analysis
[INFO] [stderr]     = note: `#[warn(dead_code)]` on by default
[INFO] [stderr] 
[INFO] [stderr] warning: field `documentation` is never read
[INFO] [stderr]    --> xtask/src/codegen/kinds.rs:462:7
[INFO] [stderr]     |
[INFO] [stderr] 461 | pub struct AstEnumSrc {
[INFO] [stderr]     |            ---------- field in this struct
[INFO] [stderr] 462 |   pub documentation: Vec<String>,
[INFO] [stderr]     |       ^^^^^^^^^^^^^
[INFO] [stderr]     |
[INFO] [stderr]     = note: `AstEnumSrc` has derived impls for the traits `Clone` and `Debug`, but these are intentionally ignored during dead code analysis
[INFO] [stderr] 
[INFO] [stderr] warning: `xtask` (lib) generated 2 warnings
[INFO] [stderr] warning: `eql_factory` (lib test) generated 1 warning (1 duplicate)
[INFO] [stderr] warning: `xtask` (lib test) generated 2 warnings (2 duplicates)
[INFO] [stderr]     Finished `test` profile [unoptimized + debuginfo] target(s) in 0.27s
[INFO] [stderr] warning: the following packages contain code that will be rejected by a future version of Rust: traitobject v0.1.0, typemap v0.3.3
[INFO] [stderr] note: to see what the problems were, use the option `--future-incompat-report`, or run `cargo report future-incompatibilities --id 6`
[INFO] [stderr]      Running unittests src/lib.rs (/opt/rustwide/target/debug/deps/eql-cc4cfbbd97141e3e)
[INFO] [stdout] 
[INFO] [stdout] running 1 test
[INFO] [stdout] test parser::tests::simple_module_tokens ... FAILED
[INFO] [stdout] 
[INFO] [stdout] failures:
[INFO] [stdout] 
[INFO] [stdout] ---- parser::tests::simple_module_tokens stdout ----
[INFO] [stdout] ━━━━━━━━━━━━━━━━━━━━━━━━━━━━━ Snapshot Differences ━━━━━━━━━━━━━━━━━━━━━━━━━━━━━
[INFO] [stdout] Snapshot file: crates/eql/src/snapshots/eql__parser__tests__simple_module_tokens.snap
[INFO] [stdout] Snapshot: simple_module_tokens
[INFO] [stdout] Source: crates/eql/src/parser.rs:29
[INFO] [stdout] ────────────────────────────────────────────────────────────────────────────────
[INFO] [stdout] Expression: tokens
[INFO] [stdout] ────────────────────────────────────────────────────────────────────────────────
[INFO] [stdout] +new results
[INFO] [stdout] ────────────┬───────────────────────────────────────────────────────────────────
[INFO] [stdout]           0 │+[
[INFO] [stdout]           1 │+    SpannedToken {
[INFO] [stdout]           2 │+        token: Token {
[INFO] [stdout]           3 │+            kind: Keyword,
[INFO] [stdout]           4 │+            value: "module",
[INFO] [stdout]           5 │+        },
[INFO] [stdout]           6 │+        start: Pos(1:1),
[INFO] [stdout]           7 │+        end: Pos(1:7),
[INFO] [stdout]           8 │+    },
[INFO] [stdout]           9 │+    SpannedToken {
[INFO] [stdout]          10 │+        token: Token {
[INFO] [stdout]          11 │+            kind: Ident,
[INFO] [stdout]          12 │+            value: "default",
[INFO] [stdout]          13 │+        },
[INFO] [stdout]          14 │+        start: Pos(1:8),
[INFO] [stdout]          15 │+        end: Pos(1:15),
[INFO] [stdout]          16 │+    },
[INFO] [stdout]          17 │+    SpannedToken {
[INFO] [stdout]          18 │+        token: Token {
[INFO] [stdout]          19 │+            kind: OpenBrace,
[INFO] [stdout]          20 │+            value: "{",
[INFO] [stdout]          21 │+        },
[INFO] [stdout]          22 │+        start: Pos(1:16),
[INFO] [stdout]          23 │+        end: Pos(1:17),
[INFO] [stdout]          24 │+    },
[INFO] [stdout]          25 │+    SpannedToken {
[INFO] [stdout]          26 │+        token: Token {
[INFO] [stdout]          27 │+            kind: CloseBrace,
[INFO] [stdout]          28 │+            value: "}",
[INFO] [stdout]          29 │+        },
[INFO] [stdout]          30 │+        start: Pos(1:17),
[INFO] [stdout]          31 │+        end: Pos(1:18),
[INFO] [stdout]          32 │+    },
[INFO] [stdout]          33 │+]
[INFO] [stdout] ────────────┴───────────────────────────────────────────────────────────────────
[INFO] [stdout] 
[INFO] [stdout] thread 'parser::tests::simple_module_tokens' panicked at crates/eql/src/parser.rs:29:5:
[INFO] [stdout] called `Result::unwrap()` on an `Err` value: Os { code: 30, kind: ReadOnlyFilesystem, message: "Read-only file system" }
[INFO] [stdout] stack backtrace:
[INFO] [stdout]    0:     0x5d07e43577fa - std::backtrace_rs::backtrace::libunwind::trace::h88deb10bd0145eb8
[INFO] [stdout]                                at /rustc/4d91de4e48198da2e33413efdcd9cd2cc0c46688/library/std/src/../../backtrace/src/backtrace/libunwind.rs:116:5
[INFO] [stdout]    1:     0x5d07e43577fa - std::backtrace_rs::backtrace::trace_unsynchronized::he1036f5481c14dff
[INFO] [stdout]                                at /rustc/4d91de4e48198da2e33413efdcd9cd2cc0c46688/library/std/src/../../backtrace/src/backtrace/mod.rs:66:5
[INFO] [stdout]    2:     0x5d07e43577fa - std::sys::backtrace::_print_fmt::hecc345b6e70c4b20
[INFO] [stdout]                                at /rustc/4d91de4e48198da2e33413efdcd9cd2cc0c46688/library/std/src/sys/backtrace.rs:66:9
[INFO] [stdout]    3:     0x5d07e43577fa - <std::sys::backtrace::BacktraceLock::print::DisplayBacktrace as core::fmt::Display>::fmt::he089f96442833f67
[INFO] [stdout]                                at /rustc/4d91de4e48198da2e33413efdcd9cd2cc0c46688/library/std/src/sys/backtrace.rs:39:26
[INFO] [stdout]    4:     0x5d07e437fee3 - core::fmt::rt::Argument::fmt::h1f77cded99c71a14
[INFO] [stdout]                                at /rustc/4d91de4e48198da2e33413efdcd9cd2cc0c46688/library/core/src/fmt/rt.rs:177:76
[INFO] [stdout]    5:     0x5d07e437fee3 - core::fmt::write::h2f210ed4c94745cb
[INFO] [stdout]                                at /rustc/4d91de4e48198da2e33413efdcd9cd2cc0c46688/library/core/src/fmt/mod.rs:1440:21
[INFO] [stdout]    6:     0x5d07e43541f3 - std::io::Write::write_fmt::he723b56f7e0bd522
[INFO] [stdout]                                at /rustc/4d91de4e48198da2e33413efdcd9cd2cc0c46688/library/std/src/io/mod.rs:1887:15
[INFO] [stdout]    7:     0x5d07e4357642 - std::sys::backtrace::BacktraceLock::print::h810fbd31421329e6
[INFO] [stdout]                                at /rustc/4d91de4e48198da2e33413efdcd9cd2cc0c46688/library/std/src/sys/backtrace.rs:42:9
[INFO] [stdout]    8:     0x5d07e4358d30 - std::panicking::default_hook::{{closure}}::hbaad47ed9dc6356d
[INFO] [stdout]                                at /rustc/4d91de4e48198da2e33413efdcd9cd2cc0c46688/library/std/src/panicking.rs:295:22
[INFO] [stdout]    9:     0x5d07e4358acd - std::panicking::default_hook::h24e207139139d40a
[INFO] [stdout]                                at /rustc/4d91de4e48198da2e33413efdcd9cd2cc0c46688/library/std/src/panicking.rs:319:9
[INFO] [stdout]   10:     0x5d07e4307bb3 - <alloc::boxed::Box<F,A> as core::ops::function::Fn<Args>>::call::h63353c459bb27956
[INFO] [stdout]                                at /rustc/4d91de4e48198da2e33413efdcd9cd2cc0c46688/library/alloc/src/boxed.rs:2007:9
[INFO] [stdout]   11:     0x5d07e4307bb3 - test::test_main::{{closure}}::hd5af4d6c4e32fe08
[INFO] [stdout]                                at /rustc/4d91de4e48198da2e33413efdcd9cd2cc0c46688/library/test/src/lib.rs:134:21
[INFO] [stdout]   12:     0x5d07e4359563 - <alloc::boxed::Box<F,A> as core::ops::function::Fn<Args>>::call::h3af32c23caf5c679
[INFO] [stdout]                                at /rustc/4d91de4e48198da2e33413efdcd9cd2cc0c46688/library/alloc/src/boxed.rs:2007:9
[INFO] [stdout]   13:     0x5d07e4359563 - std::panicking::rust_panic_with_hook::ha9131beeb2ddc506
[INFO] [stdout]                                at /rustc/4d91de4e48198da2e33413efdcd9cd2cc0c46688/library/std/src/panicking.rs:836:13
[INFO] [stdout]   14:     0x5d07e435923a - std::panicking::begin_panic_handler::{{closure}}::h1bba0eaeb6da506f
[INFO] [stdout]                                at /rustc/4d91de4e48198da2e33413efdcd9cd2cc0c46688/library/std/src/panicking.rs:701:13
[INFO] [stdout]   15:     0x5d07e4357cf9 - std::sys::backtrace::__rust_end_short_backtrace::h1d1ca3eade483f4c
[INFO] [stdout]                                at /rustc/4d91de4e48198da2e33413efdcd9cd2cc0c46688/library/std/src/sys/backtrace.rs:168:18
[INFO] [stdout]   16:     0x5d07e4358ecd - rust_begin_unwind
[INFO] [stdout]                                at /rustc/4d91de4e48198da2e33413efdcd9cd2cc0c46688/library/std/src/panicking.rs:692:5
[INFO] [stdout]   17:     0x5d07e41bc3a0 - core::panicking::panic_fmt::h896a0727a1a943f9
[INFO] [stdout]                                at /rustc/4d91de4e48198da2e33413efdcd9cd2cc0c46688/library/core/src/panicking.rs:75:14
[INFO] [stdout]   18:     0x5d07e41bc816 - core::result::unwrap_failed::h1b5ed8541c7bebd6
[INFO] [stdout]                                at /rustc/4d91de4e48198da2e33413efdcd9cd2cc0c46688/library/core/src/result.rs:1704:5
[INFO] [stdout]   19:     0x5d07e41bed8a - core::result::Result<T,E>::unwrap::h94a8c41779db447f
[INFO] [stdout]                                at /rustc/4d91de4e48198da2e33413efdcd9cd2cc0c46688/library/core/src/result.rs:1109:23
[INFO] [stdout]   20:     0x5d07e41bed8a - eql::parser::tests::simple_module_tokens::h61b87d794366ae8d
[INFO] [stdout]                                at /opt/rustwide/workdir/crates/eql/src/parser.rs:29:5
[INFO] [stdout]   21:     0x5d07e41be837 - eql::parser::tests::simple_module_tokens::{{closure}}::h2bc5b38bb348f284
[INFO] [stdout]                                at /opt/rustwide/workdir/crates/eql/src/parser.rs:26:28
[INFO] [stdout]   22:     0x5d07e41bd166 - core::ops::function::FnOnce::call_once::h2c1d84e8e603e796
[INFO] [stdout]                                at /rustc/4d91de4e48198da2e33413efdcd9cd2cc0c46688/library/core/src/ops/function.rs:250:5
[INFO] [stdout]   23:     0x5d07e430d35b - core::ops::function::FnOnce::call_once::h8acc80b5a33ff319
[INFO] [stdout]                                at /rustc/4d91de4e48198da2e33413efdcd9cd2cc0c46688/library/core/src/ops/function.rs:250:5
[INFO] [stdout]   24:     0x5d07e430d35b - test::__rust_begin_short_backtrace::h52b6da716ad42b7d
[INFO] [stdout]                                at /rustc/4d91de4e48198da2e33413efdcd9cd2cc0c46688/library/test/src/lib.rs:632:18
[INFO] [stdout]   25:     0x5d07e430c293 - test::run_test_in_process::{{closure}}::h2580047890abbefe
[INFO] [stdout]                                at /rustc/4d91de4e48198da2e33413efdcd9cd2cc0c46688/library/test/src/lib.rs:655:60
[INFO] [stdout]   26:     0x5d07e430c293 - <core::panic::unwind_safe::AssertUnwindSafe<F> as core::ops::function::FnOnce<()>>::call_once::h936f8c89d0a99c40
[INFO] [stdout]                                at /rustc/4d91de4e48198da2e33413efdcd9cd2cc0c46688/library/core/src/panic/unwind_safe.rs:272:9
[INFO] [stdout]   27:     0x5d07e430c293 - std::panicking::try::do_call::h868682cc368697f9
[INFO] [stdout]                                at /rustc/4d91de4e48198da2e33413efdcd9cd2cc0c46688/library/std/src/panicking.rs:584:40
[INFO] [stdout]   28:     0x5d07e430c293 - std::panicking::try::h0356ffc38cbb5501
[INFO] [stdout]                                at /rustc/4d91de4e48198da2e33413efdcd9cd2cc0c46688/library/std/src/panicking.rs:547:19
[INFO] [stdout]   29:     0x5d07e430c293 - std::panic::catch_unwind::h74edf102a3082536
[INFO] [stdout]                                at /rustc/4d91de4e48198da2e33413efdcd9cd2cc0c46688/library/std/src/panic.rs:358:14
[INFO] [stdout]   30:     0x5d07e430c293 - test::run_test_in_process::hc27d69576b7224e4
[INFO] [stdout]                                at /rustc/4d91de4e48198da2e33413efdcd9cd2cc0c46688/library/test/src/lib.rs:655:27
[INFO] [stdout]   31:     0x5d07e430c293 - test::run_test::{{closure}}::h9f3bfaf910429adb
[INFO] [stdout]                                at /rustc/4d91de4e48198da2e33413efdcd9cd2cc0c46688/library/test/src/lib.rs:576:43
[INFO] [stdout]   32:     0x5d07e42cffc5 - test::run_test::{{closure}}::h3d537cdce8ec5816
[INFO] [stdout]                                at /rustc/4d91de4e48198da2e33413efdcd9cd2cc0c46688/library/test/src/lib.rs:606:41
[INFO] [stdout]   33:     0x5d07e42cffc5 - std::sys::backtrace::__rust_begin_short_backtrace::hb51d9a6c67ec382d
[INFO] [stdout]                                at /rustc/4d91de4e48198da2e33413efdcd9cd2cc0c46688/library/std/src/sys/backtrace.rs:152:18
[INFO] [stdout]   34:     0x5d07e42d3a06 - std::thread::Builder::spawn_unchecked_::{{closure}}::{{closure}}::h5738f3abb9603fe6
[INFO] [stdout]                                at /rustc/4d91de4e48198da2e33413efdcd9cd2cc0c46688/library/std/src/thread/mod.rs:564:17
[INFO] [stdout]   35:     0x5d07e42d3a06 - <core::panic::unwind_safe::AssertUnwindSafe<F> as core::ops::function::FnOnce<()>>::call_once::h5e9f4b56e45e8108
[INFO] [stdout]                                at /rustc/4d91de4e48198da2e33413efdcd9cd2cc0c46688/library/core/src/panic/unwind_safe.rs:272:9
[INFO] [stdout]   36:     0x5d07e42d3a06 - std::panicking::try::do_call::ha36db853b2f34e23
[INFO] [stdout]                                at /rustc/4d91de4e48198da2e33413efdcd9cd2cc0c46688/library/std/src/panicking.rs:584:40
[INFO] [stdout]   37:     0x5d07e42d3a06 - std::panicking::try::h57e1aa33a0efb1be
[INFO] [stdout]                                at /rustc/4d91de4e48198da2e33413efdcd9cd2cc0c46688/library/std/src/panicking.rs:547:19
[INFO] [stdout]   38:     0x5d07e42d3a06 - std::panic::catch_unwind::hdb71a6103024936e
[INFO] [stdout]                                at /rustc/4d91de4e48198da2e33413efdcd9cd2cc0c46688/library/std/src/panic.rs:358:14
[INFO] [stdout]   39:     0x5d07e42d3a06 - std::thread::Builder::spawn_unchecked_::{{closure}}::h8caa22218f423ab1
[INFO] [stdout]                                at /rustc/4d91de4e48198da2e33413efdcd9cd2cc0c46688/library/std/src/thread/mod.rs:562:30
[INFO] [stdout]   40:     0x5d07e42d3a06 - core::ops::function::FnOnce::call_once{{vtable.shim}}::hb3b44780e9c053e5
[INFO] [stdout]                                at /rustc/4d91de4e48198da2e33413efdcd9cd2cc0c46688/library/core/src/ops/function.rs:250:5
[INFO] [stdout]   41:     0x5d07e435d7db - <alloc::boxed::Box<F,A> as core::ops::function::FnOnce<Args>>::call_once::h2649f14f1b1c150d
[INFO] [stdout]                                at /rustc/4d91de4e48198da2e33413efdcd9cd2cc0c46688/library/alloc/src/boxed.rs:1993:9
[INFO] [stdout]   42:     0x5d07e435d7db - <alloc::boxed::Box<F,A> as core::ops::function::FnOnce<Args>>::call_once::hb2ade58cb34e1bc4
[INFO] [stdout]                                at /rustc/4d91de4e48198da2e33413efdcd9cd2cc0c46688/library/alloc/src/boxed.rs:1993:9
[INFO] [stdout]   43:     0x5d07e435d7db - std::sys::pal::unix::thread::Thread::new::thread_start::ha07e360225fa3528
[INFO] [stdout]                                at /rustc/4d91de4e48198da2e33413efdcd9cd2cc0c46688/library/std/src/sys/pal/unix/thread.rs:106:17
[INFO] [stdout]   44:     0x7c972ec24ac3 - <unknown>
[INFO] [stdout]   45:     0x7c972ecb5a04 - clone
[INFO] [stdout]   46:                0x0 - <unknown>
[INFO] [stdout] 
[INFO] [stdout] 
[INFO] [stdout] failures:
[INFO] [stdout]     parser::tests::simple_module_tokens
[INFO] [stdout] 
[INFO] [stdout] test result: FAILED. 0 passed; 1 failed; 0 ignored; 0 measured; 0 filtered out; finished in 0.82s
[INFO] [stdout] 
[INFO] [stderr] error: test failed, to rerun pass `-p eql --lib`
[INFO] running `Command { std: "docker" "inspect" "d100e100a145ac55851f6f438203101c477d6675dcb9a6cd22d816707862fbc0", kill_on_drop: false }`
[INFO] running `Command { std: "docker" "rm" "-f" "d100e100a145ac55851f6f438203101c477d6675dcb9a6cd22d816707862fbc0", kill_on_drop: false }`
[INFO] [stdout] d100e100a145ac55851f6f438203101c477d6675dcb9a6cd22d816707862fbc0
