[INFO] fetching crate zyc_getset 0.0.1...
[INFO] testing zyc_getset-0.0.1 against beta-2024-12-08 for beta-1.84.0-4-retry
[INFO] extracting crate zyc_getset 0.0.1 into /workspace/builds/worker-6-tc2/source
[INFO] validating manifest of crates.io crate zyc_getset 0.0.1 on toolchain beta-2024-12-08
[INFO] running `Command { std: CARGO_HOME="/workspace/cargo-home" RUSTUP_HOME="/workspace/rustup-home" "/workspace/cargo-home/bin/cargo" "+beta-2024-12-08" "metadata" "--manifest-path" "Cargo.toml" "--no-deps", kill_on_drop: false }`
[INFO] started tweaking crates.io crate zyc_getset 0.0.1
[INFO] removed 0 missing examples
[INFO] removed 0 missing tests
[INFO] finished tweaking crates.io crate zyc_getset 0.0.1
[INFO] tweaked toml for crates.io crate zyc_getset 0.0.1 written to /workspace/builds/worker-6-tc2/source/Cargo.toml
[INFO] crate crates.io crate zyc_getset 0.0.1 already has a lockfile, it will not be regenerated
[INFO] running `Command { std: CARGO_HOME="/workspace/cargo-home" RUSTUP_HOME="/workspace/rustup-home" "/workspace/cargo-home/bin/cargo" "+beta-2024-12-08" "fetch" "--manifest-path" "Cargo.toml", kill_on_drop: false }`
[INFO] running `Command { std: "docker" "create" "-v" "/var/lib/crater-agent-workspace/builds/worker-6-tc2/target:/opt/rustwide/target:rw,Z" "-v" "/var/lib/crater-agent-workspace/builds/worker-6-tc2/source:/opt/rustwide/workdir:ro,Z" "-v" "/var/lib/crater-agent-workspace/cargo-home:/opt/rustwide/cargo-home:ro,Z" "-v" "/var/lib/crater-agent-workspace/rustup-home:/opt/rustwide/rustup-home:ro,Z" "-e" "SOURCE_DIR=/opt/rustwide/workdir" "-e" "CARGO_TARGET_DIR=/opt/rustwide/target" "-e" "CARGO_HOME=/opt/rustwide/cargo-home" "-e" "RUSTUP_HOME=/opt/rustwide/rustup-home" "-w" "/opt/rustwide/workdir" "-m" "1610612736" "--user" "0:0" "--network" "none" "ghcr.io/rust-lang/crates-build-env/linux@sha256:f3a9d4ad9d972b27faf3965f35b62e55ba32bbce8f20bc8fe909558a86702fde" "/opt/rustwide/cargo-home/bin/cargo" "+beta-2024-12-08" "metadata" "--no-deps" "--format-version=1", kill_on_drop: false }`
[INFO] [stdout] b718e3cd5fae6a1fb8e5666d0b808c3a2ad495fb4950228e4719aa4810bc10e7
[INFO] running `Command { std: "docker" "start" "-a" "b718e3cd5fae6a1fb8e5666d0b808c3a2ad495fb4950228e4719aa4810bc10e7", kill_on_drop: false }`
[INFO] running `Command { std: "docker" "inspect" "b718e3cd5fae6a1fb8e5666d0b808c3a2ad495fb4950228e4719aa4810bc10e7", kill_on_drop: false }`
[INFO] running `Command { std: "docker" "rm" "-f" "b718e3cd5fae6a1fb8e5666d0b808c3a2ad495fb4950228e4719aa4810bc10e7", kill_on_drop: false }`
[INFO] [stdout] b718e3cd5fae6a1fb8e5666d0b808c3a2ad495fb4950228e4719aa4810bc10e7
[INFO] running `Command { std: "docker" "create" "-v" "/var/lib/crater-agent-workspace/builds/worker-6-tc2/target:/opt/rustwide/target:rw,Z" "-v" "/var/lib/crater-agent-workspace/builds/worker-6-tc2/source:/opt/rustwide/workdir:ro,Z" "-v" "/var/lib/crater-agent-workspace/cargo-home:/opt/rustwide/cargo-home:ro,Z" "-v" "/var/lib/crater-agent-workspace/rustup-home:/opt/rustwide/rustup-home:ro,Z" "-e" "SOURCE_DIR=/opt/rustwide/workdir" "-e" "CARGO_TARGET_DIR=/opt/rustwide/target" "-e" "CARGO_INCREMENTAL=0" "-e" "RUST_BACKTRACE=full" "-e" "RUSTFLAGS=--cap-lints=warn" "-e" "RUSTDOCFLAGS=--cap-lints=warn" "-e" "CARGO_HOME=/opt/rustwide/cargo-home" "-e" "RUSTUP_HOME=/opt/rustwide/rustup-home" "-w" "/opt/rustwide/workdir" "-m" "1610612736" "--user" "0:0" "--network" "none" "ghcr.io/rust-lang/crates-build-env/linux@sha256:f3a9d4ad9d972b27faf3965f35b62e55ba32bbce8f20bc8fe909558a86702fde" "/opt/rustwide/cargo-home/bin/cargo" "+beta-2024-12-08" "build" "--frozen" "--message-format=json", kill_on_drop: false }`
[INFO] [stdout] c8a11f543bd8c88b57d9122e1187f13cf172c503f693a02d9416fd0bfd6d5709
[INFO] running `Command { std: "docker" "start" "-a" "c8a11f543bd8c88b57d9122e1187f13cf172c503f693a02d9416fd0bfd6d5709", kill_on_drop: false }`
[INFO] [stderr]    Compiling proc-macro2 v1.0.92
[INFO] [stderr]    Compiling unicode-ident v1.0.14
[INFO] [stderr]    Compiling quote v1.0.37
[INFO] [stderr]    Compiling syn v2.0.90
[INFO] [stderr]    Compiling proc-macro-error-attr2 v2.0.0
[INFO] [stderr]    Compiling proc-macro-error2 v2.0.1
[INFO] [stderr]    Compiling zyc_getset v0.0.1 (/opt/rustwide/workdir)
[INFO] [stderr]     Finished `dev` profile [unoptimized + debuginfo] target(s) in 6.54s
[INFO] running `Command { std: "docker" "inspect" "c8a11f543bd8c88b57d9122e1187f13cf172c503f693a02d9416fd0bfd6d5709", kill_on_drop: false }`
[INFO] running `Command { std: "docker" "rm" "-f" "c8a11f543bd8c88b57d9122e1187f13cf172c503f693a02d9416fd0bfd6d5709", kill_on_drop: false }`
[INFO] [stdout] c8a11f543bd8c88b57d9122e1187f13cf172c503f693a02d9416fd0bfd6d5709
[INFO] running `Command { std: "docker" "create" "-v" "/var/lib/crater-agent-workspace/builds/worker-6-tc2/target:/opt/rustwide/target:rw,Z" "-v" "/var/lib/crater-agent-workspace/builds/worker-6-tc2/source:/opt/rustwide/workdir:ro,Z" "-v" "/var/lib/crater-agent-workspace/cargo-home:/opt/rustwide/cargo-home:ro,Z" "-v" "/var/lib/crater-agent-workspace/rustup-home:/opt/rustwide/rustup-home:ro,Z" "-e" "SOURCE_DIR=/opt/rustwide/workdir" "-e" "CARGO_TARGET_DIR=/opt/rustwide/target" "-e" "CARGO_INCREMENTAL=0" "-e" "RUST_BACKTRACE=full" "-e" "RUSTFLAGS=--cap-lints=warn" "-e" "RUSTDOCFLAGS=--cap-lints=warn" "-e" "CARGO_HOME=/opt/rustwide/cargo-home" "-e" "RUSTUP_HOME=/opt/rustwide/rustup-home" "-w" "/opt/rustwide/workdir" "-m" "1610612736" "--user" "0:0" "--network" "none" "ghcr.io/rust-lang/crates-build-env/linux@sha256:f3a9d4ad9d972b27faf3965f35b62e55ba32bbce8f20bc8fe909558a86702fde" "/opt/rustwide/cargo-home/bin/cargo" "+beta-2024-12-08" "test" "--frozen" "--no-run" "--message-format=json", kill_on_drop: false }`
[INFO] [stdout] 3771ad6a0bb04ab6992123e7b3936357a5995a56af1224e63eb61462eeeaff30
[INFO] running `Command { std: "docker" "start" "-a" "3771ad6a0bb04ab6992123e7b3936357a5995a56af1224e63eb61462eeeaff30", kill_on_drop: false }`
[INFO] [stderr]    Compiling proc-macro2 v1.0.92
[INFO] [stderr]    Compiling unicode-ident v1.0.14
[INFO] [stderr]    Compiling quote v1.0.37
[INFO] [stderr]    Compiling syn v2.0.90
[INFO] [stderr]    Compiling proc-macro-error-attr2 v2.0.0
[INFO] [stderr]    Compiling proc-macro-error2 v2.0.1
[INFO] [stderr]    Compiling zyc_getset v0.0.1 (/opt/rustwide/workdir)
[INFO] [stdout] warning: fields `private_prefixed` and `public_prefixed` are never read
[INFO] [stdout]   --> tests/clone_getters.rs:34:13
[INFO] [stdout]    |
[INFO] [stdout] 12 |         pub struct Plain {
[INFO] [stdout]    |                    ----- fields in this struct
[INFO] [stdout] ...
[INFO] [stdout] 34 |             private_prefixed: usize,
[INFO] [stdout]    |             ^^^^^^^^^^^^^^^^
[INFO] [stdout] ...
[INFO] [stdout] 38 |             public_prefixed: usize,
[INFO] [stdout]    |             ^^^^^^^^^^^^^^^
[INFO] [stdout]    |
[INFO] [stdout]    = note: `#[warn(dead_code)]` on by default
[INFO] [stdout] 
[INFO] [stdout] 
[INFO] [stderr]     Finished `test` profile [unoptimized + debuginfo] target(s) in 9.92s
[INFO] running `Command { std: "docker" "inspect" "3771ad6a0bb04ab6992123e7b3936357a5995a56af1224e63eb61462eeeaff30", kill_on_drop: false }`
[INFO] running `Command { std: "docker" "rm" "-f" "3771ad6a0bb04ab6992123e7b3936357a5995a56af1224e63eb61462eeeaff30", kill_on_drop: false }`
[INFO] [stdout] 3771ad6a0bb04ab6992123e7b3936357a5995a56af1224e63eb61462eeeaff30
[INFO] running `Command { std: "docker" "create" "-v" "/var/lib/crater-agent-workspace/builds/worker-6-tc2/target:/opt/rustwide/target:rw,Z" "-v" "/var/lib/crater-agent-workspace/builds/worker-6-tc2/source:/opt/rustwide/workdir:ro,Z" "-v" "/var/lib/crater-agent-workspace/cargo-home:/opt/rustwide/cargo-home:ro,Z" "-v" "/var/lib/crater-agent-workspace/rustup-home:/opt/rustwide/rustup-home:ro,Z" "-e" "SOURCE_DIR=/opt/rustwide/workdir" "-e" "CARGO_TARGET_DIR=/opt/rustwide/target" "-e" "CARGO_INCREMENTAL=0" "-e" "RUST_BACKTRACE=full" "-e" "RUSTFLAGS=--cap-lints=warn" "-e" "RUSTDOCFLAGS=--cap-lints=warn" "-e" "CARGO_HOME=/opt/rustwide/cargo-home" "-e" "RUSTUP_HOME=/opt/rustwide/rustup-home" "-w" "/opt/rustwide/workdir" "-m" "1610612736" "--user" "0:0" "--network" "none" "ghcr.io/rust-lang/crates-build-env/linux@sha256:f3a9d4ad9d972b27faf3965f35b62e55ba32bbce8f20bc8fe909558a86702fde" "/opt/rustwide/cargo-home/bin/cargo" "+beta-2024-12-08" "test" "--frozen", kill_on_drop: false }`
[INFO] [stdout] 8ef8b10fa2be64af58b7d19ec160148b32fdcb1d8fb1426910bc0365d47f27bb
[INFO] running `Command { std: "docker" "start" "-a" "8ef8b10fa2be64af58b7d19ec160148b32fdcb1d8fb1426910bc0365d47f27bb", kill_on_drop: false }`
[INFO] [stderr] warning: fields `private_prefixed` and `public_prefixed` are never read
[INFO] [stderr]   --> tests/clone_getters.rs:34:13
[INFO] [stderr]    |
[INFO] [stderr] 12 |         pub struct Plain {
[INFO] [stderr]    |                    ----- fields in this struct
[INFO] [stderr] ...
[INFO] [stderr] 34 |             private_prefixed: usize,
[INFO] [stderr]    |             ^^^^^^^^^^^^^^^^
[INFO] [stderr] ...
[INFO] [stderr] 38 |             public_prefixed: usize,
[INFO] [stderr]    |             ^^^^^^^^^^^^^^^
[INFO] [stderr]    |
[INFO] [stderr]    = note: `#[warn(dead_code)]` on by default
[INFO] [stderr] 
[INFO] [stderr] warning: `zyc_getset` (test "clone_getters") generated 1 warning
[INFO] [stderr]     Finished `test` profile [unoptimized + debuginfo] target(s) in 0.03s
[INFO] [stderr]      Running unittests src/lib.rs (/opt/rustwide/target/debug/deps/zyc_getset-44d457b1d8627a81)
[INFO] [stdout] 
[INFO] [stdout] running 0 tests
[INFO] [stdout] 
[INFO] [stdout] test result: ok. 0 passed; 0 failed; 0 ignored; 0 measured; 0 filtered out; finished in 0.00s
[INFO] [stdout] 
[INFO] [stderr]      Running tests/clone_getters.rs (/opt/rustwide/target/debug/deps/clone_getters-f7d16eba848d6fa2)
[INFO] [stdout] 
[INFO] [stdout] running 6 tests
[INFO] [stdout] test submodule::other::test_generic ... ok
[INFO] [stdout] test submodule::other::test_plain ... ok
[INFO] [stdout] test submodule::other::test_where ... ok
[INFO] [stdout] test test_generic ... ok
[INFO] [stdout] test test_where ... ok
[INFO] [stdout] test test_plain ... ok
[INFO] [stdout] 
[INFO] [stdout] test result: ok. 6 passed; 0 failed; 0 ignored; 0 measured; 0 filtered out; finished in 0.01s
[INFO] [stderr]      Running tests/copy_getters.rs (/opt/rustwide/target/debug/deps/copy_getters-200695a48b9daab8)
[INFO] [stdout] 
[INFO] [stdout] 
[INFO] [stdout] running 8 tests
[INFO] [stdout] test submodule::other::test_plain ... ok
[INFO] [stdout] test submodule::other::test_prefixed_plain ... ok
[INFO] [stdout] test test_generic ... ok
[INFO] [stdout] test submodule::other::test_generic ... ok
[INFO] [stdout] test test_prefixed_plain ... ok
[INFO] [stdout] test test_plain ... ok
[INFO] [stderr]      Running tests/getset.rs (/opt/rustwide/target/debug/deps/getset-7960400684160168)
[INFO] [stdout] test submodule::other::test_where ... ok
[INFO] [stdout] test test_where ... ok
[INFO] [stdout] 
[INFO] [stdout] test result: ok. 8 passed; 0 failed; 0 ignored; 0 measured; 0 filtered out; finished in 0.02s
[INFO] [stdout] 
[INFO] [stdout] 
[INFO] [stdout] running 6 tests
[INFO] [stdout] test submodule::other::test_generic ... ok
[INFO] [stdout] test test_generic ... ok
[INFO] [stdout] test test_plain ... ok
[INFO] [stdout] test test_where ... ok
[INFO] [stdout] test submodule::other::test_plain ... ok
[INFO] [stdout] test submodule::other::test_where ... ok
[INFO] [stdout] 
[INFO] [stdout] test result: ok. 6 passed; 0 failed; 0 ignored; 0 measured; 0 filtered out; finished in 0.01s
[INFO] [stdout] 
[INFO] [stderr]      Running tests/getters.rs (/opt/rustwide/target/debug/deps/getters-b7073fa5202ce33d)
[INFO] [stdout] 
[INFO] [stdout] running 8 tests
[INFO] [stdout] test submodule::other::test_generic ... ok
[INFO] [stdout] test submodule::other::test_plain ... ok
[INFO] [stdout] test submodule::other::test_prefixed_plain ... ok
[INFO] [stdout] test submodule::other::test_where ... ok
[INFO] [stdout] test test_generic ... ok
[INFO] [stdout] test test_plain ... ok
[INFO] [stdout] test test_prefixed_plain ... ok
[INFO] [stdout] test test_where ... ok
[INFO] [stderr]      Running tests/mut_getters.rs (/opt/rustwide/target/debug/deps/mut_getters-923a8460a7d434f4)
[INFO] [stdout] 
[INFO] [stdout] test result: ok. 8 passed; 0 failed; 0 ignored; 0 measured; 0 filtered out; finished in 0.01s
[INFO] [stdout] 
[INFO] [stdout] 
[INFO] [stdout] running 6 tests
[INFO] [stdout] test submodule::other::test_plain ... ok
[INFO] [stdout] test test_plain ... ok
[INFO] [stdout] test test_where ... ok
[INFO] [stdout] test submodule::other::test_generic ... ok
[INFO] [stdout] test test_generic ... ok
[INFO] [stdout] test submodule::other::test_where ... ok
[INFO] [stdout] 
[INFO] [stdout] test result: ok. 6 passed; 0 failed; 0 ignored; 0 measured; 0 filtered out; finished in 0.00s
[INFO] [stdout] 
[INFO] [stderr]      Running tests/raw_identifiers.rs (/opt/rustwide/target/debug/deps/raw_identifiers-a5785dc55c99aa12)
[INFO] [stdout] 
[INFO] [stdout] running 6 tests
[INFO] [stdout] test test_get_copy ... ok
[INFO] [stdout] test test_get_mut ... ok
[INFO] [stdout] test test_get_with_prefix ... ok
[INFO] [stdout] test test_set ... ok
[INFO] [stdout] test test_get ... ok
[INFO] [stdout] test test_get_copy_with_prefix ... ok
[INFO] [stdout] 
[INFO] [stdout] test result: ok. 6 passed; 0 failed; 0 ignored; 0 measured; 0 filtered out; finished in 0.00s
[INFO] [stdout] 
[INFO] [stderr]      Running tests/setters.rs (/opt/rustwide/target/debug/deps/setters-c61ad6263d1c5cb0)
[INFO] [stdout] 
[INFO] [stdout] running 7 tests
[INFO] [stdout] test submodule::other::test_generic ... ok
[INFO] [stdout] test submodule::other::test_plain ... ok
[INFO] [stdout] test test_chaining ... ok
[INFO] [stdout] test test_plain ... ok
[INFO] [stdout] test test_where ... ok
[INFO] [stdout] test submodule::other::test_where ... ok
[INFO] [stdout] test test_generic ... ok
[INFO] [stdout] 
[INFO] [stdout] test result: ok. 7 passed; 0 failed; 0 ignored; 0 measured; 0 filtered out; finished in 0.01s
[INFO] [stdout] 
[INFO] [stderr]      Running tests/skip.rs (/opt/rustwide/target/debug/deps/skip-8dbd24440739c409)
[INFO] [stdout] 
[INFO] [stdout] running 1 test
[INFO] [stdout] test test_plain ... ok
[INFO] [stdout] 
[INFO] [stdout] test result: ok. 1 passed; 0 failed; 0 ignored; 0 measured; 0 filtered out; finished in 0.01s
[INFO] [stdout] 
[INFO] [stderr]    Doc-tests zyc_getset
[INFO] [stdout] 
[INFO] [stdout] running 5 tests
[INFO] [stdout] test src/lib.rs - (line 36) ... ignored
[INFO] [stdout] test src/lib.rs - (line 147) ... FAILED
[INFO] [stdout] test src/lib.rs - (line 107) ... FAILED
[INFO] [stdout] test src/lib.rs - (line 9) ... FAILED
[INFO] [stdout] test src/lib.rs - (line 130) ... FAILED
[INFO] [stdout] 
[INFO] [stdout] failures:
[INFO] [stdout] 
[INFO] [stdout] ---- src/lib.rs - (line 147) stdout ----
[INFO] [stdout] error[E0432]: unresolved import `getset`
[INFO] [stdout]  --> src/lib.rs:148:5
[INFO] [stdout]   |
[INFO] [stdout] 3 | use getset::{CopyGetters, Setters};
[INFO] [stdout]   |     ^^^^^^ use of undeclared crate or module `getset`
[INFO] [stdout] 
[INFO] [stdout] error: cannot find attribute `getset` in this scope
[INFO] [stdout]  --> src/lib.rs:151:3
[INFO] [stdout]   |
[INFO] [stdout] 6 | #[getset(get_copy, set)]
[INFO] [stdout]   |   ^^^^^^
[INFO] [stdout] 
[INFO] [stdout] error: cannot find attribute `getset` in this scope
[INFO] [stdout]   --> src/lib.rs:155:7
[INFO] [stdout]    |
[INFO] [stdout] 10 |     #[getset(skip)]
[INFO] [stdout]    |       ^^^^^^
[INFO] [stdout] 
[INFO] [stdout] error: aborting due to 3 previous errors
[INFO] [stdout] 
[INFO] [stdout] For more information about this error, try `rustc --explain E0432`.
[INFO] [stdout] Couldn't compile the test.
[INFO] [stdout] ---- src/lib.rs - (line 107) stdout ----
[INFO] [stdout] error[E0432]: unresolved import `getset`
[INFO] [stdout]  --> src/lib.rs:109:9
[INFO] [stdout]   |
[INFO] [stdout] 4 |     use getset::{Getters, MutGetters, CopyGetters, Setters};
[INFO] [stdout]   |         ^^^^^^ use of undeclared crate or module `getset`
[INFO] [stdout] 
[INFO] [stdout] error: cannot find attribute `getset` in this scope
[INFO] [stdout]  --> src/lib.rs:111:7
[INFO] [stdout]   |
[INFO] [stdout] 6 |     #[getset(get_copy = "pub")] // By default add a pub getting for all fields.
[INFO] [stdout]   |       ^^^^^^
[INFO] [stdout] 
[INFO] [stdout] error: cannot find attribute `getset` in this scope
[INFO] [stdout]  --> src/lib.rs:114:11
[INFO] [stdout]   |
[INFO] [stdout] 9 |         #[getset(get_copy)] // Override as private
[INFO] [stdout]   |           ^^^^^^
[INFO] [stdout] 
[INFO] [stdout] error[E0599]: no method named `public` found for struct `Foo` in the current scope
[INFO] [stdout]   --> src/lib.rs:124:5
[INFO] [stdout]    |
[INFO] [stdout] 7  |     pub struct Foo {
[INFO] [stdout]    |     -------------- method `public` not found for this struct
[INFO] [stdout] ...
[INFO] [stdout] 19 | foo.public();
[INFO] [stdout]    |     ^^^^^^ private field, not a method
[INFO] [stdout] 
[INFO] [stdout] error[E0599]: no method named `private` found for struct `Foo` in the current scope
[INFO] [stdout]   --> src/lib.rs:119:13
[INFO] [stdout]    |
[INFO] [stdout] 7  |     pub struct Foo {
[INFO] [stdout]    |     -------------- method `private` not found for this struct
[INFO] [stdout] ...
[INFO] [stdout] 14 |         foo.private();
[INFO] [stdout]    |             ^^^^^^^-- help: remove the arguments
[INFO] [stdout]    |             |
[INFO] [stdout]    |             field, not a method
[INFO] [stdout] 
[INFO] [stdout] error: aborting due to 5 previous errors
[INFO] [stdout] 
[INFO] [stdout] Some errors have detailed explanations: E0432, E0599.
[INFO] [stdout] For more information about an error, try `rustc --explain E0432`.
[INFO] [stdout] Couldn't compile the test.
[INFO] [stdout] ---- src/lib.rs - (line 9) stdout ----
[INFO] [stdout] error[E0432]: unresolved import `getset`
[INFO] [stdout]  --> src/lib.rs:10:5
[INFO] [stdout]   |
[INFO] [stdout] 3 | use getset::{CopyGetters, Getters, MutGetters, Setters};
[INFO] [stdout]   |     ^^^^^^ use of undeclared crate or module `getset`
[INFO] [stdout] 
[INFO] [stdout] error: cannot find attribute `getset` in this scope
[INFO] [stdout]   --> src/lib.rs:19:7
[INFO] [stdout]    |
[INFO] [stdout] 12 |     #[getset(get, set, get_mut)]
[INFO] [stdout]    |       ^^^^^^
[INFO] [stdout] 
[INFO] [stdout] error: cannot find attribute `getset` in this scope
[INFO] [stdout]   --> src/lib.rs:24:7
[INFO] [stdout]    |
[INFO] [stdout] 17 |     #[getset(get_copy = "pub", set = "pub", get_mut = "pub")]
[INFO] [stdout]    |       ^^^^^^
[INFO] [stdout] 
[INFO] [stdout] error[E0599]: no method named `set_private` found for struct `Foo` in the current scope
[INFO] [stdout]   --> src/lib.rs:29:5
[INFO] [stdout]    |
[INFO] [stdout] 6  | pub struct Foo<T>
[INFO] [stdout]    | ----------------- method `set_private` not found for this struct
[INFO] [stdout] ...
[INFO] [stdout] 22 | foo.set_private(1);
[INFO] [stdout]    |     ^^^^^^^^^^^ method not found in `Foo<_>`
[INFO] [stdout] 
[INFO] [stdout] error[E0599]: no method named `private_mut` found for struct `Foo` in the current scope
[INFO] [stdout]   --> src/lib.rs:30:7
[INFO] [stdout]    |
[INFO] [stdout] 6  | pub struct Foo<T>
[INFO] [stdout]    | ----------------- method `private_mut` not found for this struct
[INFO] [stdout] ...
[INFO] [stdout] 23 | (*foo.private_mut()) += 1;
[INFO] [stdout]    |       ^^^^^^^^^^^ method not found in `Foo<_>`
[INFO] [stdout] 
[INFO] [stdout] error[E0599]: no method named `private` found for struct `Foo` in the current scope
[INFO] [stdout]   --> src/lib.rs:31:17
[INFO] [stdout]    |
[INFO] [stdout] 6  | pub struct Foo<T>
[INFO] [stdout]    | ----------------- method `private` not found for this struct
[INFO] [stdout] ...
[INFO] [stdout] 24 | assert_eq!(*foo.private(), 2);
[INFO] [stdout]    |                 ^^^^^^^-- help: remove the arguments
[INFO] [stdout]    |                 |
[INFO] [stdout]    |                 field, not a method
[INFO] [stdout] 
[INFO] [stdout] error: aborting due to 6 previous errors
[INFO] [stdout] 
[INFO] [stdout] Some errors have detailed explanations: E0432, E0599.
[INFO] [stdout] For more information about an error, try `rustc --explain E0432`.
[INFO] [stdout] Couldn't compile the test.
[INFO] [stdout] ---- src/lib.rs - (line 130) stdout ----
[INFO] [stdout] error[E0432]: unresolved import `getset`
[INFO] [stdout]  --> src/lib.rs:131:5
[INFO] [stdout]   |
[INFO] [stdout] 3 | use getset::{Getters, MutGetters, CopyGetters, Setters};
[INFO] [stdout]   |     ^^^^^^ use of undeclared crate or module `getset`
[INFO] [stdout] 
[INFO] [stdout] error: cannot find attribute `getset` in this scope
[INFO] [stdout]  --> src/lib.rs:135:7
[INFO] [stdout]   |
[INFO] [stdout] 7 |     #[getset(get = "pub with_prefix")]
[INFO] [stdout]   |       ^^^^^^
[INFO] [stdout] 
[INFO] [stdout] error[E0599]: no method named `get_field` found for struct `Foo` in the current scope
[INFO] [stdout]   --> src/lib.rs:141:15
[INFO] [stdout]    |
[INFO] [stdout] 6  | pub struct Foo {
[INFO] [stdout]    | -------------- method `get_field` not found for this struct
[INFO] [stdout] ...
[INFO] [stdout] 13 | let val = foo.get_field();
[INFO] [stdout]    |               ^^^^^^^^^ method not found in `Foo`
[INFO] [stdout] 
[INFO] [stdout] error: aborting due to 3 previous errors
[INFO] [stdout] 
[INFO] [stdout] Some errors have detailed explanations: E0432, E0599.
[INFO] [stdout] For more information about an error, try `rustc --explain E0432`.
[INFO] [stdout] Couldn't compile the test.
[INFO] [stdout] 
[INFO] [stdout] failures:
[INFO] [stdout]     src/lib.rs - (line 107)
[INFO] [stdout]     src/lib.rs - (line 130)
[INFO] [stdout]     src/lib.rs - (line 147)
[INFO] [stdout]     src/lib.rs - (line 9)
[INFO] [stdout] 
[INFO] [stdout] test result: FAILED. 0 passed; 4 failed; 1 ignored; 0 measured; 0 filtered out; finished in 0.36s
[INFO] [stdout] 
[INFO] [stderr] error: doctest failed, to rerun pass `--doc`
[INFO] running `Command { std: "docker" "inspect" "8ef8b10fa2be64af58b7d19ec160148b32fdcb1d8fb1426910bc0365d47f27bb", kill_on_drop: false }`
[INFO] running `Command { std: "docker" "rm" "-f" "8ef8b10fa2be64af58b7d19ec160148b32fdcb1d8fb1426910bc0365d47f27bb", kill_on_drop: false }`
[INFO] [stdout] 8ef8b10fa2be64af58b7d19ec160148b32fdcb1d8fb1426910bc0365d47f27bb
