[INFO] fetching crate zod 0.1.0...
[INFO] testing zod-0.1.0 against beta-2024-12-08 for beta-1.84.0-4-retry
[INFO] extracting crate zod 0.1.0 into /workspace/builds/worker-4-tc2/source
[INFO] validating manifest of crates.io crate zod 0.1.0 on toolchain beta-2024-12-08
[INFO] running `Command { std: CARGO_HOME="/workspace/cargo-home" RUSTUP_HOME="/workspace/rustup-home" "/workspace/cargo-home/bin/cargo" "+beta-2024-12-08" "metadata" "--manifest-path" "Cargo.toml" "--no-deps", kill_on_drop: false }`
[INFO] started tweaking crates.io crate zod 0.1.0
[INFO] finished tweaking crates.io crate zod 0.1.0
[INFO] tweaked toml for crates.io crate zod 0.1.0 written to /workspace/builds/worker-4-tc2/source/Cargo.toml
[INFO] crate crates.io crate zod 0.1.0 already has a lockfile, it will not be regenerated
[INFO] running `Command { std: CARGO_HOME="/workspace/cargo-home" RUSTUP_HOME="/workspace/rustup-home" "/workspace/cargo-home/bin/cargo" "+beta-2024-12-08" "fetch" "--manifest-path" "Cargo.toml", kill_on_drop: false }`
[INFO] running `Command { std: "docker" "create" "-v" "/var/lib/crater-agent-workspace/builds/worker-4-tc2/target:/opt/rustwide/target:rw,Z" "-v" "/var/lib/crater-agent-workspace/builds/worker-4-tc2/source:/opt/rustwide/workdir:ro,Z" "-v" "/var/lib/crater-agent-workspace/cargo-home:/opt/rustwide/cargo-home:ro,Z" "-v" "/var/lib/crater-agent-workspace/rustup-home:/opt/rustwide/rustup-home:ro,Z" "-e" "SOURCE_DIR=/opt/rustwide/workdir" "-e" "CARGO_TARGET_DIR=/opt/rustwide/target" "-e" "CARGO_HOME=/opt/rustwide/cargo-home" "-e" "RUSTUP_HOME=/opt/rustwide/rustup-home" "-w" "/opt/rustwide/workdir" "-m" "1610612736" "--user" "0:0" "--network" "none" "ghcr.io/rust-lang/crates-build-env/linux@sha256:f3a9d4ad9d972b27faf3965f35b62e55ba32bbce8f20bc8fe909558a86702fde" "/opt/rustwide/cargo-home/bin/cargo" "+beta-2024-12-08" "metadata" "--no-deps" "--format-version=1", kill_on_drop: false }`
[INFO] [stdout] 14e40f853f26951e5b317c324ff04fb2999a1e13dce4a31ecbfde7dc34f024f0
[INFO] running `Command { std: "docker" "start" "-a" "14e40f853f26951e5b317c324ff04fb2999a1e13dce4a31ecbfde7dc34f024f0", kill_on_drop: false }`
[INFO] running `Command { std: "docker" "inspect" "14e40f853f26951e5b317c324ff04fb2999a1e13dce4a31ecbfde7dc34f024f0", kill_on_drop: false }`
[INFO] running `Command { std: "docker" "rm" "-f" "14e40f853f26951e5b317c324ff04fb2999a1e13dce4a31ecbfde7dc34f024f0", kill_on_drop: false }`
[INFO] [stdout] 14e40f853f26951e5b317c324ff04fb2999a1e13dce4a31ecbfde7dc34f024f0
[INFO] running `Command { std: "docker" "create" "-v" "/var/lib/crater-agent-workspace/builds/worker-4-tc2/target:/opt/rustwide/target:rw,Z" "-v" "/var/lib/crater-agent-workspace/builds/worker-4-tc2/source:/opt/rustwide/workdir:ro,Z" "-v" "/var/lib/crater-agent-workspace/cargo-home:/opt/rustwide/cargo-home:ro,Z" "-v" "/var/lib/crater-agent-workspace/rustup-home:/opt/rustwide/rustup-home:ro,Z" "-e" "SOURCE_DIR=/opt/rustwide/workdir" "-e" "CARGO_TARGET_DIR=/opt/rustwide/target" "-e" "CARGO_INCREMENTAL=0" "-e" "RUST_BACKTRACE=full" "-e" "RUSTFLAGS=--cap-lints=warn" "-e" "RUSTDOCFLAGS=--cap-lints=warn" "-e" "CARGO_HOME=/opt/rustwide/cargo-home" "-e" "RUSTUP_HOME=/opt/rustwide/rustup-home" "-w" "/opt/rustwide/workdir" "-m" "1610612736" "--user" "0:0" "--network" "none" "ghcr.io/rust-lang/crates-build-env/linux@sha256:f3a9d4ad9d972b27faf3965f35b62e55ba32bbce8f20bc8fe909558a86702fde" "/opt/rustwide/cargo-home/bin/cargo" "+beta-2024-12-08" "build" "--frozen" "--message-format=json", kill_on_drop: false }`
[INFO] [stdout] 061abe84e845825aa98ed5406aa740a118fff8dbe267f6958b4dc2bbd77d1a80
[INFO] running `Command { std: "docker" "start" "-a" "061abe84e845825aa98ed5406aa740a118fff8dbe267f6958b4dc2bbd77d1a80", kill_on_drop: false }`
[INFO] [stderr]    Compiling proc-macro2 v1.0.51
[INFO] [stderr]    Compiling quote v1.0.23
[INFO] [stderr]    Compiling unicode-ident v1.0.6
[INFO] [stderr]    Compiling syn v1.0.109
[INFO] [stderr]    Compiling autocfg v1.1.0
[INFO] [stderr]    Compiling libc v0.2.139
[INFO] [stderr]    Compiling pin-project-lite v0.2.9
[INFO] [stderr]    Compiling version_check v0.9.4
[INFO] [stderr]    Compiling memchr v2.5.0
[INFO] [stderr]    Compiling futures-task v0.3.26
[INFO] [stderr]    Compiling futures-sink v0.3.26
[INFO] [stderr]    Compiling itoa v1.0.5
[INFO] [stderr]    Compiling futures-util v0.3.26
[INFO] [stderr]    Compiling futures-io v0.3.26
[INFO] [stderr]    Compiling slab v0.4.8
[INFO] [stderr]    Compiling log v0.4.17
[INFO] [stderr]    Compiling futures-core v0.3.26
[INFO] [stderr]    Compiling bytes v1.4.0
[INFO] [stderr]    Compiling futures-channel v0.3.26
[INFO] [stderr]    Compiling serde_derive v1.0.152
[INFO] [stderr]    Compiling typenum v1.16.0
[INFO] [stderr]    Compiling serde v1.0.152
[INFO] [stderr]    Compiling num_cpus v1.15.0
[INFO] [stderr]    Compiling generic-array v0.14.6
[INFO] [stderr]    Compiling once_cell v1.17.1
[INFO] [stderr]    Compiling http v0.2.9
[INFO] [stderr]    Compiling thiserror v1.0.38
[INFO] [stderr]    Compiling tokio v1.25.0
[INFO] [stderr]    Compiling rustversion v1.0.11
[INFO] [stderr]    Compiling ryu v1.0.12
[INFO] [stderr]    Compiling async-trait v0.1.64
[INFO] [stderr]    Compiling socket2 v0.4.7
[INFO] [stderr]    Compiling mio v0.8.6
[INFO] [stderr]    Compiling indexmap v1.9.2
[INFO] [stderr]    Compiling tinyvec_macros v0.1.1
[INFO] [stderr]    Compiling tinyvec v1.6.0
[INFO] [stderr]    Compiling getrandom v0.2.8
[INFO] [stderr]    Compiling proc-macro-error-attr v1.0.4
[INFO] [stderr]    Compiling httparse v1.8.0
[INFO] [stderr]    Compiling percent-encoding v2.2.0
[INFO] [stderr]    Compiling strsim v0.10.0
[INFO] [stderr]    Compiling hashbrown v0.12.3
[INFO] [stderr]    Compiling crypto-common v0.1.6
[INFO] [stderr]    Compiling block-buffer v0.10.3
[INFO] [stderr]    Compiling ident_case v1.0.1
[INFO] [stderr]    Compiling unicode-normalization v0.1.22
[INFO] [stderr]    Compiling form_urlencoded v1.1.0
[INFO] [stderr]    Compiling digest v0.10.6
[INFO] [stderr]    Compiling rand_core v0.6.4
[INFO] [stderr]    Compiling tracing-core v0.1.30
[INFO] [stderr]    Compiling proc-macro-error v1.0.4
[INFO] [stderr]    Compiling unicode-bidi v0.3.10
[INFO] [stderr]    Compiling ppv-lite86 v0.2.17
[INFO] [stderr]    Compiling serde_json v1.0.93
[INFO] [stderr]    Compiling winnow v0.3.3
[INFO] [stderr]    Compiling toml_datetime v0.6.1
[INFO] [stderr]    Compiling cpufeatures v0.2.5
[INFO] [stderr]    Compiling tower-service v0.3.2
[INFO] [stderr]    Compiling sha1 v0.10.5
[INFO] [stderr]    Compiling rand_chacha v0.3.1
[INFO] [stderr]    Compiling idna v0.3.0
[INFO] [stderr]    Compiling http-body v0.4.5
[INFO] [stderr]    Compiling tower-layer v0.3.2
[INFO] [stderr]    Compiling rand v0.8.5
[INFO] [stderr]    Compiling url v2.3.1
[INFO] [stderr]    Compiling axum-core v0.3.2
[INFO] [stderr]    Compiling try-lock v0.2.4
[INFO] [stderr]    Compiling mime v0.3.16
[INFO] [stderr]    Compiling byteorder v1.4.3
[INFO] [stderr]    Compiling httpdate v1.0.2
[INFO] [stderr]    Compiling want v0.3.0
[INFO] [stderr]    Compiling axum v0.6.8
[INFO] [stderr]    Compiling headers-core v0.2.0
[INFO] [stderr]    Compiling http-range-header v0.3.0
[INFO] [stderr]    Compiling headers v0.3.8
[INFO] [stderr]    Compiling sync_wrapper v0.1.2
[INFO] [stderr]    Compiling base64 v0.21.0
[INFO] [stderr]    Compiling matchit v0.7.0
[INFO] [stderr]    Compiling darling_core v0.14.3
[INFO] [stderr]    Compiling serde_derive_internals v0.26.0
[INFO] [stderr]    Compiling toml_edit v0.19.4
[INFO] [stderr]    Compiling futures-macro v0.3.26
[INFO] [stderr]    Compiling tokio-macros v1.8.2
[INFO] [stderr]    Compiling thiserror-impl v1.0.38
[INFO] [stderr]    Compiling tracing-attributes v0.1.23
[INFO] [stderr]    Compiling ctor v0.1.26
[INFO] [stderr]    Compiling ghost v0.1.7
[INFO] [stderr]    Compiling tracing v0.1.37
[INFO] [stderr]    Compiling darling_macro v0.14.3
[INFO] [stderr]    Compiling pin-project-internal v1.0.12
[INFO] [stderr]    Compiling inventory v0.3.3
[INFO] [stderr]    Compiling proc-macro-crate v1.3.1
[INFO] [stderr]    Compiling darling v0.14.3
[INFO] [stderr]    Compiling tungstenite v0.18.0
[INFO] [stderr]    Compiling zod-derive v0.1.0
[INFO] [stderr]    Compiling pin-project v1.0.12
[INFO] [stderr]    Compiling futures-executor v0.3.26
[INFO] [stderr]    Compiling futures v0.3.26
[INFO] [stderr]    Compiling tower v0.4.13
[INFO] [stderr]    Compiling hyper v0.14.24
[INFO] [stderr]    Compiling tokio-tungstenite v0.18.0
[INFO] [stderr]    Compiling tower-http v0.3.5
[INFO] [stderr]    Compiling serde_path_to_error v0.1.9
[INFO] [stderr]    Compiling serde_urlencoded v0.7.1
[INFO] [stderr]    Compiling zod-core v0.1.0
[INFO] [stderr]    Compiling zod v0.1.0 (/opt/rustwide/workdir)
[INFO] [stderr]     Finished `dev` profile [unoptimized + debuginfo] target(s) in 15.95s
[INFO] running `Command { std: "docker" "inspect" "061abe84e845825aa98ed5406aa740a118fff8dbe267f6958b4dc2bbd77d1a80", kill_on_drop: false }`
[INFO] running `Command { std: "docker" "rm" "-f" "061abe84e845825aa98ed5406aa740a118fff8dbe267f6958b4dc2bbd77d1a80", kill_on_drop: false }`
[INFO] [stdout] 061abe84e845825aa98ed5406aa740a118fff8dbe267f6958b4dc2bbd77d1a80
[INFO] running `Command { std: "docker" "create" "-v" "/var/lib/crater-agent-workspace/builds/worker-4-tc2/target:/opt/rustwide/target:rw,Z" "-v" "/var/lib/crater-agent-workspace/builds/worker-4-tc2/source:/opt/rustwide/workdir:ro,Z" "-v" "/var/lib/crater-agent-workspace/cargo-home:/opt/rustwide/cargo-home:ro,Z" "-v" "/var/lib/crater-agent-workspace/rustup-home:/opt/rustwide/rustup-home:ro,Z" "-e" "SOURCE_DIR=/opt/rustwide/workdir" "-e" "CARGO_TARGET_DIR=/opt/rustwide/target" "-e" "CARGO_INCREMENTAL=0" "-e" "RUST_BACKTRACE=full" "-e" "RUSTFLAGS=--cap-lints=warn" "-e" "RUSTDOCFLAGS=--cap-lints=warn" "-e" "CARGO_HOME=/opt/rustwide/cargo-home" "-e" "RUSTUP_HOME=/opt/rustwide/rustup-home" "-w" "/opt/rustwide/workdir" "-m" "1610612736" "--user" "0:0" "--network" "none" "ghcr.io/rust-lang/crates-build-env/linux@sha256:f3a9d4ad9d972b27faf3965f35b62e55ba32bbce8f20bc8fe909558a86702fde" "/opt/rustwide/cargo-home/bin/cargo" "+beta-2024-12-08" "test" "--frozen" "--no-run" "--message-format=json", kill_on_drop: false }`
[INFO] [stdout] 1d20ff830a478e7cdeef2f731355917a88cb0989b3fa5c402a1711b0d1a4d6e1
[INFO] running `Command { std: "docker" "start" "-a" "1d20ff830a478e7cdeef2f731355917a88cb0989b3fa5c402a1711b0d1a4d6e1", kill_on_drop: false }`
[INFO] [stderr]    Compiling log v0.4.17
[INFO] [stderr]    Compiling tracing-core v0.1.30
[INFO] [stderr]    Compiling regex-syntax v0.6.28
[INFO] [stderr]    Compiling lazy_static v1.4.0
[INFO] [stderr]    Compiling overload v0.1.1
[INFO] [stderr]    Compiling paste v1.0.11
[INFO] [stderr]    Compiling trybuild v1.0.77
[INFO] [stderr]    Compiling basic-toml v0.1.1
[INFO] [stderr]    Compiling sharded-slab v0.1.4
[INFO] [stderr]    Compiling nu-ansi-term v0.46.0
[INFO] [stderr]    Compiling thread_local v1.1.7
[INFO] [stderr]    Compiling smallvec v1.10.0
[INFO] [stderr]    Compiling mio v0.8.6
[INFO] [stderr]    Compiling tracing v0.1.37
[INFO] [stderr]    Compiling tungstenite v0.18.0
[INFO] [stderr]    Compiling want v0.3.0
[INFO] [stderr]    Compiling tracing-log v0.1.3
[INFO] [stderr]    Compiling dissimilar v1.0.6
[INFO] [stderr]    Compiling glob v0.3.1
[INFO] [stderr]    Compiling termcolor v1.2.0
[INFO] [stderr]    Compiling tokio v1.25.0
[INFO] [stderr]    Compiling diff v0.1.13
[INFO] [stderr]    Compiling yansi v0.5.1
[INFO] [stderr]    Compiling pretty_assertions v1.3.0
[INFO] [stderr]    Compiling regex-automata v0.1.10
[INFO] [stderr]    Compiling regex v1.7.1
[INFO] [stderr]    Compiling matchers v0.1.0
[INFO] [stderr]    Compiling tracing-subscriber v0.3.16
[INFO] [stderr]    Compiling tower v0.4.13
[INFO] [stderr]    Compiling hyper v0.14.24
[INFO] [stderr]    Compiling tokio-tungstenite v0.18.0
[INFO] [stderr]    Compiling zod-core v0.1.0
[INFO] [stderr]    Compiling tower-http v0.3.5
[INFO] [stderr]    Compiling axum v0.6.8
[INFO] [stderr]    Compiling zod v0.1.0 (/opt/rustwide/workdir)
[INFO] [stdout] warning: field `shared_data` is never read
[INFO] [stdout]   --> examples/axum/api.rs:38:9
[INFO] [stdout]    |
[INFO] [stdout] 37 | pub struct Pixera {
[INFO] [stdout]    |            ------ field in this struct
[INFO] [stdout] 38 |     pub shared_data: usize,
[INFO] [stdout]    |         ^^^^^^^^^^^
[INFO] [stdout]    |
[INFO] [stdout]    = note: `#[warn(dead_code)]` on by default
[INFO] [stdout] 
[INFO] [stdout] 
[INFO] [stderr]     Finished `test` profile [unoptimized + debuginfo] target(s) in 12.28s
[INFO] running `Command { std: "docker" "inspect" "1d20ff830a478e7cdeef2f731355917a88cb0989b3fa5c402a1711b0d1a4d6e1", kill_on_drop: false }`
[INFO] running `Command { std: "docker" "rm" "-f" "1d20ff830a478e7cdeef2f731355917a88cb0989b3fa5c402a1711b0d1a4d6e1", kill_on_drop: false }`
[INFO] [stdout] 1d20ff830a478e7cdeef2f731355917a88cb0989b3fa5c402a1711b0d1a4d6e1
[INFO] running `Command { std: "docker" "create" "-v" "/var/lib/crater-agent-workspace/builds/worker-4-tc2/target:/opt/rustwide/target:rw,Z" "-v" "/var/lib/crater-agent-workspace/builds/worker-4-tc2/source:/opt/rustwide/workdir:ro,Z" "-v" "/var/lib/crater-agent-workspace/cargo-home:/opt/rustwide/cargo-home:ro,Z" "-v" "/var/lib/crater-agent-workspace/rustup-home:/opt/rustwide/rustup-home:ro,Z" "-e" "SOURCE_DIR=/opt/rustwide/workdir" "-e" "CARGO_TARGET_DIR=/opt/rustwide/target" "-e" "CARGO_INCREMENTAL=0" "-e" "RUST_BACKTRACE=full" "-e" "RUSTFLAGS=--cap-lints=warn" "-e" "RUSTDOCFLAGS=--cap-lints=warn" "-e" "CARGO_HOME=/opt/rustwide/cargo-home" "-e" "RUSTUP_HOME=/opt/rustwide/rustup-home" "-w" "/opt/rustwide/workdir" "-m" "1610612736" "--user" "0:0" "--network" "none" "ghcr.io/rust-lang/crates-build-env/linux@sha256:f3a9d4ad9d972b27faf3965f35b62e55ba32bbce8f20bc8fe909558a86702fde" "/opt/rustwide/cargo-home/bin/cargo" "+beta-2024-12-08" "test" "--frozen", kill_on_drop: false }`
[INFO] [stdout] 234db8f279c186d84747ffe06b33e4ee583d08d6077528f34cd566171d8e421a
[INFO] running `Command { std: "docker" "start" "-a" "234db8f279c186d84747ffe06b33e4ee583d08d6077528f34cd566171d8e421a", kill_on_drop: false }`
[INFO] [stderr] warning: field `shared_data` is never read
[INFO] [stderr]   --> examples/axum/api.rs:38:9
[INFO] [stderr]    |
[INFO] [stderr] 37 | pub struct Pixera {
[INFO] [stderr]    |            ------ field in this struct
[INFO] [stderr] 38 |     pub shared_data: usize,
[INFO] [stderr]    |         ^^^^^^^^^^^
[INFO] [stderr]    |
[INFO] [stderr]    = note: `#[warn(dead_code)]` on by default
[INFO] [stderr] 
[INFO] [stderr] warning: `zod` (example "axum") generated 1 warning
[INFO] [stderr]     Finished `test` profile [unoptimized + debuginfo] target(s) in 0.08s
[INFO] [stderr]      Running unittests src/lib.rs (/opt/rustwide/target/debug/deps/zod-5792844aaf4a2613)
[INFO] [stdout] 
[INFO] [stdout] running 1 test
[INFO] [stderr] warning: `/opt/rustwide/target/tests/trybuild/zod/.cargo/config` is deprecated in favor of `config.toml`
[INFO] [stderr] note: if you need to support cargo 1.38 or earlier, you can symlink `config` to `config.toml`
[INFO] [stderr]    Compiling proc-macro2 v1.0.51
[INFO] [stderr]    Compiling quote v1.0.23
[INFO] [stderr]    Compiling unicode-ident v1.0.6
[INFO] [stderr]    Compiling syn v1.0.109
[INFO] [stderr]    Compiling autocfg v1.1.0
[INFO] [stderr]    Compiling libc v0.2.139
[INFO] [stderr]    Compiling memchr v2.5.0
[INFO] [stderr]     Checking cfg-if v1.0.0
[INFO] [stderr]    Compiling version_check v0.9.4
[INFO] [stderr]    Compiling futures-task v0.3.26
[INFO] [stderr]    Compiling futures-util v0.3.26
[INFO] [stderr]    Compiling log v0.4.17
[INFO] [stderr]     Checking pin-project-lite v0.2.9
[INFO] [stderr]    Compiling futures-core v0.3.26
[INFO] [stderr]    Compiling serde v1.0.152
[INFO] [stderr]     Checking itoa v1.0.5
[INFO] [stderr]    Compiling slab v0.4.8
[INFO] [stderr]     Checking bytes v1.4.0
[INFO] [stderr]    Compiling serde_derive v1.0.152
[INFO] [stderr]    Compiling futures-channel v0.3.26
[INFO] [stderr]    Compiling thiserror v1.0.38
[INFO] [stderr]    Compiling typenum v1.16.0
[INFO] [stderr]     Checking futures-sink v0.3.26
[INFO] [stderr]    Compiling generic-array v0.14.6
[INFO] [stderr]     Checking futures-io v0.3.26
[INFO] [stderr]     Checking pin-utils v0.1.0
[INFO] [stderr]     Checking fnv v1.0.7
[INFO] [stderr]     Checking once_cell v1.17.1
[INFO] [stderr]     Checking http v0.2.9
[INFO] [stderr]    Compiling tokio v1.25.0
[INFO] [stderr]    Compiling rustversion v1.0.11
[INFO] [stderr]    Compiling async-trait v0.1.64
[INFO] [stderr]     Checking tracing-core v0.1.30
[INFO] [stderr]     Checking socket2 v0.4.7
[INFO] [stderr]     Checking num_cpus v1.15.0
[INFO] [stderr]     Checking mio v0.8.6
[INFO] [stderr]    Compiling indexmap v1.9.2
[INFO] [stderr]     Checking tinyvec_macros v0.1.1
[INFO] [stderr]     Checking tinyvec v1.6.0
[INFO] [stderr]     Checking getrandom v0.2.8
[INFO] [stderr]    Compiling proc-macro-error-attr v1.0.4
[INFO] [stderr]    Compiling hashbrown v0.12.3
[INFO] [stderr]    Compiling httparse v1.8.0
[INFO] [stderr]     Checking percent-encoding v2.2.0
[INFO] [stderr]    Compiling strsim v0.10.0
[INFO] [stderr]    Compiling ident_case v1.0.1
[INFO] [stderr]     Checking unicode-normalization v0.1.22
[INFO] [stderr]     Checking form_urlencoded v1.1.0
[INFO] [stderr]     Checking rand_core v0.6.4
[INFO] [stderr]     Checking crypto-common v0.1.6
[INFO] [stderr]     Checking block-buffer v0.10.3
[INFO] [stderr]    Compiling proc-macro-error v1.0.4
[INFO] [stderr]    Compiling serde_json v1.0.93
[INFO] [stderr]     Checking digest v0.10.6
[INFO] [stderr]     Checking tower-service v0.3.2
[INFO] [stderr]     Checking ppv-lite86 v0.2.17
[INFO] [stderr]     Checking cpufeatures v0.2.5
[INFO] [stderr]     Checking unicode-bidi v0.3.10
[INFO] [stderr]    Compiling toml_datetime v0.6.1
[INFO] [stderr]    Compiling winnow v0.3.3
[INFO] [stderr]     Checking sha1 v0.10.5
[INFO] [stderr]     Checking idna v0.3.0
[INFO] [stderr]     Checking http-body v0.4.5
[INFO] [stderr]     Checking rand_chacha v0.3.1
[INFO] [stderr]     Checking ryu v1.0.12
[INFO] [stderr]     Checking base64 v0.13.1
[INFO] [stderr]     Checking tower-layer v0.3.2
[INFO] [stderr]     Checking url v2.3.1
[INFO] [stderr]     Checking rand v0.8.5
[INFO] [stderr]    Compiling axum-core v0.3.2
[INFO] [stderr]     Checking regex-syntax v0.6.28
[INFO] [stderr]     Checking httpdate v1.0.2
[INFO] [stderr]     Checking utf-8 v0.7.6
[INFO] [stderr]     Checking mime v0.3.16
[INFO] [stderr]     Checking bitflags v1.3.2
[INFO] [stderr]     Checking try-lock v0.2.4
[INFO] [stderr]     Checking byteorder v1.4.3
[INFO] [stderr]     Checking want v0.3.0
[INFO] [stderr]    Compiling axum v0.6.8
[INFO] [stderr]     Checking headers-core v0.2.0
[INFO] [stderr]     Checking http-range-header v0.3.0
[INFO] [stderr]     Checking lazy_static v1.4.0
[INFO] [stderr]     Checking headers v0.3.8
[INFO] [stderr]     Checking sync_wrapper v0.1.2
[INFO] [stderr]    Compiling paste v1.0.11
[INFO] [stderr]     Checking matchit v0.7.0
[INFO] [stderr]     Checking base64 v0.21.0
[INFO] [stderr]     Checking overload v0.1.1
[INFO] [stderr]     Checking nu-ansi-term v0.46.0
[INFO] [stderr]     Checking sharded-slab v0.1.4
[INFO] [stderr]     Checking tracing-log v0.1.3
[INFO] [stderr]     Checking thread_local v1.1.7
[INFO] [stderr]     Checking smallvec v1.10.0
[INFO] [stderr]     Checking yansi v0.5.1
[INFO] [stderr]     Checking diff v0.1.13
[INFO] [stderr]     Checking pretty_assertions v1.3.0
[INFO] [stderr]    Compiling darling_core v0.14.3
[INFO] [stderr]    Compiling serde_derive_internals v0.26.0
[INFO] [stderr]    Compiling toml_edit v0.19.4
[INFO] [stderr]     Checking regex-automata v0.1.10
[INFO] [stderr]     Checking regex v1.7.1
[INFO] [stderr]     Checking matchers v0.1.0
[INFO] [stderr]    Compiling futures-macro v0.3.26
[INFO] [stderr]    Compiling tokio-macros v1.8.2
[INFO] [stderr]    Compiling thiserror-impl v1.0.38
[INFO] [stderr]    Compiling ghost v0.1.7
[INFO] [stderr]    Compiling ctor v0.1.26
[INFO] [stderr]    Compiling tracing-attributes v0.1.23
[INFO] [stderr]    Compiling darling_macro v0.14.3
[INFO] [stderr]    Compiling pin-project-internal v1.0.12
[INFO] [stderr]    Compiling darling v0.14.3
[INFO] [stderr]    Compiling inventory v0.3.3
[INFO] [stderr]    Compiling proc-macro-crate v1.3.1
[INFO] [stderr]    Compiling zod-derive v0.1.0
[INFO] [stderr]     Checking tracing v0.1.37
[INFO] [stderr]     Checking futures-executor v0.3.26
[INFO] [stderr]     Checking tungstenite v0.18.0
[INFO] [stderr]     Checking futures v0.3.26
[INFO] [stderr]     Checking hyper v0.14.24
[INFO] [stderr]     Checking pin-project v1.0.12
[INFO] [stderr]     Checking tower v0.4.13
[INFO] [stderr]     Checking tokio-tungstenite v0.18.0
[INFO] [stderr]     Checking tracing-subscriber v0.3.16
[INFO] [stderr]     Checking tower-http v0.3.5
[INFO] [stderr]     Checking serde_urlencoded v0.7.1
[INFO] [stderr]     Checking serde_path_to_error v0.1.9
[INFO] [stderr]     Checking zod-core v0.1.0
[INFO] [stderr]    Compiling zod v0.1.0 (/opt/rustwide/workdir)
[INFO] [stderr]     Checking zod-tests v0.0.0 (/opt/rustwide/target/tests/trybuild/zod)
[INFO] [stderr]     Finished `dev` profile [unoptimized + debuginfo] target(s) in 15.56s
[INFO] [stderr] 
[INFO] [stderr] 
[INFO] [stderr] test tests/ui/zod/fail/enum_empty.rs ... ok
[INFO] [stderr] test tests/ui/zod/fail/missing_namespace.rs ... ok
[INFO] [stderr] test tests/ui/zod/fail/tuple_structs_default_before_non_default_field.rs ... ok
[INFO] [stderr] test tests/ui/zod/fail/unit_struct.rs ... ok
[INFO] [stderr] test tests/ui/rpc/fail/async_function_returning_impl_stream.rs ... ok
[INFO] [stderr] test tests/ui/rpc/fail/function_bare_self.rs ... ok
[INFO] [stderr] test tests/ui/rpc/fail/function_no_self.rs ... ok
[INFO] [stderr] test tests/ui/rpc/fail/function_ref_self.rs ... ok
[INFO] [stderr] test tests/ui/rpc/fail/function_returning_impl_iterator.rs ... mismatch
[INFO] [stderr] 
[INFO] [stderr] EXPECTED:
[INFO] [stderr] ┈┈┈┈┈┈┈┈┈┈┈┈┈┈┈┈┈┈┈┈┈┈┈┈┈┈┈┈┈┈┈┈┈┈┈┈┈┈┈┈┈┈┈┈┈┈┈┈┈┈┈┈┈┈┈┈┈┈┈┈
[INFO] [stderr] error[E0277]: the trait bound `impl Iterator<Item = usize>: futures_core::stream::Stream` is not satisfied
[INFO] [stderr]  --> tests/ui/rpc/fail/function_returning_impl_iterator.rs:8:8
[INFO] [stderr]   |
[INFO] [stderr] 8 |     fn test(&mut self) -> impl std::iter::Iterator<Item = usize> {
[INFO] [stderr]   |        ^^^^ the trait `futures_core::stream::Stream` is not implemented for `impl Iterator<Item = usize>`
[INFO] [stderr]   |
[INFO] [stderr]   = help: the following other types implement trait `futures_core::stream::Stream`:
[INFO] [stderr]             &mut S
[INFO] [stderr]             Abortable<St>
[INFO] [stderr]             AssertUnwindSafe<S>
[INFO] [stderr]             Box<S>
[INFO] [stderr]             Buffer<S, Item>
[INFO] [stderr]             BufferUnordered<St>
[INFO] [stderr]             Buffered<St>
[INFO] [stderr]             Either<A, B>
[INFO] [stderr]           and $N others
[INFO] [stderr] note: required by a bound in `process_stream`
[INFO] [stderr]  --> tests/ui/rpc/fail/function_returning_impl_iterator.rs:8:8
[INFO] [stderr]   |
[INFO] [stderr] 8 |     fn test(&mut self) -> impl std::iter::Iterator<Item = usize> {
[INFO] [stderr]   |        ^^^^ required by this bound in `process_stream`
[INFO] [stderr] 
[INFO] [stderr] error[E0277]: the trait bound `impl Iterator<Item = usize>: futures_core::stream::Stream` is not satisfied
[INFO] [stderr]  --> tests/ui/rpc/fail/function_returning_impl_iterator.rs:8:8
[INFO] [stderr]   |
[INFO] [stderr] 8 |     fn test(&mut self) -> impl std::iter::Iterator<Item = usize> {
[INFO] [stderr]   |        ^^^^ the trait `futures_core::stream::Stream` is not implemented for `impl Iterator<Item = usize>`
[INFO] [stderr]   |
[INFO] [stderr]   = help: the following other types implement trait `futures_core::stream::Stream`:
[INFO] [stderr]             &mut S
[INFO] [stderr]             Abortable<St>
[INFO] [stderr]             AssertUnwindSafe<S>
[INFO] [stderr]             Box<S>
[INFO] [stderr]             Buffer<S, Item>
[INFO] [stderr]             BufferUnordered<St>
[INFO] [stderr]             Buffered<St>
[INFO] [stderr]             Either<A, B>
[INFO] [stderr]           and $N others
[INFO] [stderr] note: required by a bound in `extract_stream_item`
[INFO] [stderr]  --> tests/ui/rpc/fail/function_returning_impl_iterator.rs:6:1
[INFO] [stderr]   |
[INFO] [stderr] 6 | #[rpc::namespace]
[INFO] [stderr]   | ^^^^^^^^^^^^^^^^^ required by this bound in `extract_stream_item`
[INFO] [stderr] 7 | impl A {
[INFO] [stderr] 8 |     fn test(&mut self) -> impl std::iter::Iterator<Item = usize> {
[INFO] [stderr]   |        ---- required by a bound in this
[INFO] [stderr]   = note: this error originates in the attribute macro `rpc::namespace` (in Nightly builds, run with -Z macro-backtrace for more info)
[INFO] [stderr] ┈┈┈┈┈┈┈┈┈┈┈┈┈┈┈┈┈┈┈┈┈┈┈┈┈┈┈┈┈┈┈┈┈┈┈┈┈┈┈┈┈┈┈┈┈┈┈┈┈┈┈┈┈┈┈┈┈┈┈┈
[INFO] [stderr] 
[INFO] [stderr] ACTUAL OUTPUT:
[INFO] [stderr] ┈┈┈┈┈┈┈┈┈┈┈┈┈┈┈┈┈┈┈┈┈┈┈┈┈┈┈┈┈┈┈┈┈┈┈┈┈┈┈┈┈┈┈┈┈┈┈┈┈┈┈┈┈┈┈┈┈┈┈┈
[INFO] [stderr] error[E0277]: the trait bound `impl Iterator<Item = usize>: futures_core::stream::Stream` is not satisfied
[INFO] [stderr]  --> tests/ui/rpc/fail/function_returning_impl_iterator.rs:8:8
[INFO] [stderr]   |
[INFO] [stderr] 8 |     fn test(&mut self) -> impl std::iter::Iterator<Item = usize> {
[INFO] [stderr]   |        ^^^^ the trait `futures_core::stream::Stream` is not implemented for `impl Iterator<Item = usize>`
[INFO] [stderr]   |
[INFO] [stderr]   = help: the following other types implement trait `futures_core::stream::Stream`:
[INFO] [stderr]             &mut S
[INFO] [stderr]             Abortable<St>
[INFO] [stderr]             AssertUnwindSafe<S>
[INFO] [stderr]             Box<S>
[INFO] [stderr]             Buffer<S, Item>
[INFO] [stderr]             BufferUnordered<St>
[INFO] [stderr]             Buffered<St>
[INFO] [stderr]             Either<A, B>
[INFO] [stderr]           and $N others
[INFO] [stderr] note: required by a bound in `extract_stream_item`
[INFO] [stderr]  --> tests/ui/rpc/fail/function_returning_impl_iterator.rs:6:1
[INFO] [stderr]   |
[INFO] [stderr] 6 | #[rpc::namespace]
[INFO] [stderr]   | ^^^^^^^^^^^^^^^^^ required by this bound in `extract_stream_item`
[INFO] [stderr] 7 | impl A {
[INFO] [stderr] 8 |     fn test(&mut self) -> impl std::iter::Iterator<Item = usize> {
[INFO] [stderr]   |        ---- required by a bound in this function
[INFO] [stderr]   = note: this error originates in the attribute macro `rpc::namespace` (in Nightly builds, run with -Z macro-backtrace for more info)
[INFO] [stderr] 
[INFO] [stderr] error[E0277]: the trait bound `impl Iterator<Item = usize>: futures_core::stream::Stream` is not satisfied
[INFO] [stderr]  --> tests/ui/rpc/fail/function_returning_impl_iterator.rs:8:8
[INFO] [stderr]   |
[INFO] [stderr] 8 |     fn test(&mut self) -> impl std::iter::Iterator<Item = usize> {
[INFO] [stderr]   |        ^^^^ the trait `futures_core::stream::Stream` is not implemented for `impl Iterator<Item = usize>`
[INFO] [stderr]   |
[INFO] [stderr]   = help: the following other types implement trait `futures_core::stream::Stream`:
[INFO] [stderr]             &mut S
[INFO] [stderr]             Abortable<St>
[INFO] [stderr]             AssertUnwindSafe<S>
[INFO] [stderr]             Box<S>
[INFO] [stderr]             Buffer<S, Item>
[INFO] [stderr]             BufferUnordered<St>
[INFO] [stderr]             Buffered<St>
[INFO] [stderr]             Either<A, B>
[INFO] [stderr]           and $N others
[INFO] [stderr] note: required by a bound in `process_stream`
[INFO] [stderr]  --> tests/ui/rpc/fail/function_returning_impl_iterator.rs:8:8
[INFO] [stderr]   |
[INFO] [stderr] 8 |     fn test(&mut self) -> impl std::iter::Iterator<Item = usize> {
[INFO] [stderr]   |        ^^^^ required by this bound in `process_stream`
[INFO] [stderr] ┈┈┈┈┈┈┈┈┈┈┈┈┈┈┈┈┈┈┈┈┈┈┈┈┈┈┈┈┈┈┈┈┈┈┈┈┈┈┈┈┈┈┈┈┈┈┈┈┈┈┈┈┈┈┈┈┈┈┈┈
[INFO] [stderr] note: If the actual output is the correct output you can bless it by rerunning
[INFO] [stderr]       your test with the environment variable TRYBUILD=overwrite
[INFO] [stderr] 
[INFO] [stderr] test tests/ui/rpc/fail/multiple_impls.rs ... ok
[INFO] [stderr] test tests/ui/rpc/fail/sync_function_not_returning_stream.rs ... mismatch
[INFO] [stderr] 
[INFO] [stderr] EXPECTED:
[INFO] [stderr] ┈┈┈┈┈┈┈┈┈┈┈┈┈┈┈┈┈┈┈┈┈┈┈┈┈┈┈┈┈┈┈┈┈┈┈┈┈┈┈┈┈┈┈┈┈┈┈┈┈┈┈┈┈┈┈┈┈┈┈┈
[INFO] [stderr] error[E0277]: the trait bound `std::string::String: futures_core::stream::Stream` is not satisfied
[INFO] [stderr]  --> tests/ui/rpc/fail/sync_function_not_returning_stream.rs:8:8
[INFO] [stderr]   |
[INFO] [stderr] 8 |     fn test(&mut self) -> String {
[INFO] [stderr]   |        ^^^^ the trait `futures_core::stream::Stream` is not implemented for `std::string::String`
[INFO] [stderr]   |
[INFO] [stderr]   = help: the following other types implement trait `futures_core::stream::Stream`:
[INFO] [stderr]             &mut S
[INFO] [stderr]             Abortable<St>
[INFO] [stderr]             AssertUnwindSafe<S>
[INFO] [stderr]             Box<S>
[INFO] [stderr]             Buffer<S, Item>
[INFO] [stderr]             BufferUnordered<St>
[INFO] [stderr]             Buffered<St>
[INFO] [stderr]             Either<A, B>
[INFO] [stderr]           and $N others
[INFO] [stderr] note: required by a bound in `process_stream`
[INFO] [stderr]  --> tests/ui/rpc/fail/sync_function_not_returning_stream.rs:8:8
[INFO] [stderr]   |
[INFO] [stderr] 8 |     fn test(&mut self) -> String {
[INFO] [stderr]   |        ^^^^ required by this bound in `process_stream`
[INFO] [stderr] 
[INFO] [stderr] error[E0277]: the trait bound `std::string::String: futures_core::stream::Stream` is not satisfied
[INFO] [stderr]  --> tests/ui/rpc/fail/sync_function_not_returning_stream.rs:8:8
[INFO] [stderr]   |
[INFO] [stderr] 8 |     fn test(&mut self) -> String {
[INFO] [stderr]   |        ^^^^ the trait `futures_core::stream::Stream` is not implemented for `std::string::String`
[INFO] [stderr]   |
[INFO] [stderr]   = help: the following other types implement trait `futures_core::stream::Stream`:
[INFO] [stderr]             &mut S
[INFO] [stderr]             Abortable<St>
[INFO] [stderr]             AssertUnwindSafe<S>
[INFO] [stderr]             Box<S>
[INFO] [stderr]             Buffer<S, Item>
[INFO] [stderr]             BufferUnordered<St>
[INFO] [stderr]             Buffered<St>
[INFO] [stderr]             Either<A, B>
[INFO] [stderr]           and $N others
[INFO] [stderr] ┈┈┈┈┈┈┈┈┈┈┈┈┈┈┈┈┈┈┈┈┈┈┈┈┈┈┈┈┈┈┈┈┈┈┈┈┈┈┈┈┈┈┈┈┈┈┈┈┈┈┈┈┈┈┈┈┈┈┈┈
[INFO] [stderr] 
[INFO] [stderr] ACTUAL OUTPUT:
[INFO] [stderr] ┈┈┈┈┈┈┈┈┈┈┈┈┈┈┈┈┈┈┈┈┈┈┈┈┈┈┈┈┈┈┈┈┈┈┈┈┈┈┈┈┈┈┈┈┈┈┈┈┈┈┈┈┈┈┈┈┈┈┈┈
[INFO] [stderr] error[E0277]: the trait bound `std::string::String: futures_core::stream::Stream` is not satisfied
[INFO] [stderr]  --> tests/ui/rpc/fail/sync_function_not_returning_stream.rs:8:27
[INFO] [stderr]   |
[INFO] [stderr] 8 |     fn test(&mut self) -> String {
[INFO] [stderr]   |                           ^^^^^^ the trait `futures_core::stream::Stream` is not implemented for `std::string::String`
[INFO] [stderr]   |
[INFO] [stderr]   = help: the following other types implement trait `futures_core::stream::Stream`:
[INFO] [stderr]             &mut S
[INFO] [stderr]             Abortable<St>
[INFO] [stderr]             AssertUnwindSafe<S>
[INFO] [stderr]             Box<S>
[INFO] [stderr]             Buffer<S, Item>
[INFO] [stderr]             BufferUnordered<St>
[INFO] [stderr]             Buffered<St>
[INFO] [stderr]             Either<A, B>
[INFO] [stderr]           and $N others
[INFO] [stderr] 
[INFO] [stderr] error[E0277]: the trait bound `std::string::String: futures_core::stream::Stream` is not satisfied
[INFO] [stderr]  --> tests/ui/rpc/fail/sync_function_not_returning_stream.rs:8:8
[INFO] [stderr]   |
[INFO] [stderr] 8 |     fn test(&mut self) -> String {
[INFO] [stderr]   |        ^^^^ the trait `futures_core::stream::Stream` is not implemented for `std::string::String`
[INFO] [stderr]   |
[INFO] [stderr]   = help: the following other types implement trait `futures_core::stream::Stream`:
[INFO] [stderr]             &mut S
[INFO] [stderr]             Abortable<St>
[INFO] [stderr]             AssertUnwindSafe<S>
[INFO] [stderr]             Box<S>
[INFO] [stderr]             Buffer<S, Item>
[INFO] [stderr]             BufferUnordered<St>
[INFO] [stderr]             Buffered<St>
[INFO] [stderr]             Either<A, B>
[INFO] [stderr]           and $N others
[INFO] [stderr] note: required by a bound in `process_stream`
[INFO] [stderr]  --> tests/ui/rpc/fail/sync_function_not_returning_stream.rs:8:8
[INFO] [stderr]   |
[INFO] [stderr] 8 |     fn test(&mut self) -> String {
[INFO] [stderr]   |        ^^^^ required by this bound in `process_stream`
[INFO] [stderr] ┈┈┈┈┈┈┈┈┈┈┈┈┈┈┈┈┈┈┈┈┈┈┈┈┈┈┈┈┈┈┈┈┈┈┈┈┈┈┈┈┈┈┈┈┈┈┈┈┈┈┈┈┈┈┈┈┈┈┈┈
[INFO] [stderr] note: If the actual output is the correct output you can bless it by rerunning
[INFO] [stderr]       your test with the environment variable TRYBUILD=overwrite
[INFO] [stderr] 
[INFO] [stderr] 
[INFO] [stderr] 
[INFO] [stdout] test ui ... FAILED
[INFO] [stdout] 
[INFO] [stdout] failures:
[INFO] [stdout] 
[INFO] [stdout] ---- ui stdout ----
[INFO] [stdout] thread 'ui' panicked at /opt/rustwide/cargo-home/registry/src/index.crates.io-6f17d22bba15001f/trybuild-1.0.77/src/run.rs:101:13:
[INFO] [stdout] 2 of 11 tests failed
[INFO] [stdout] stack backtrace:
[INFO] [stdout]    0:     0x5835170dbb5a - std::backtrace_rs::backtrace::libunwind::trace::h8810477743020387
[INFO] [stdout]                                at /rustc/202008a1b8de96d2e5b6bc02d379db03a877d34d/library/std/src/../../backtrace/src/backtrace/libunwind.rs:116:5
[INFO] [stdout]    1:     0x5835170dbb5a - std::backtrace_rs::backtrace::trace_unsynchronized::h3aa55355dd6c54a6
[INFO] [stdout]                                at /rustc/202008a1b8de96d2e5b6bc02d379db03a877d34d/library/std/src/../../backtrace/src/backtrace/mod.rs:66:5
[INFO] [stdout]    2:     0x5835170dbb5a - std::sys::backtrace::_print_fmt::h8588b0f62410823f
[INFO] [stdout]                                at /rustc/202008a1b8de96d2e5b6bc02d379db03a877d34d/library/std/src/sys/backtrace.rs:66:9
[INFO] [stdout]    3:     0x5835170dbb5a - <std::sys::backtrace::BacktraceLock::print::DisplayBacktrace as core::fmt::Display>::fmt::h98c26ac25ffe89bb
[INFO] [stdout]                                at /rustc/202008a1b8de96d2e5b6bc02d379db03a877d34d/library/std/src/sys/backtrace.rs:39:26
[INFO] [stdout]    4:     0x5835171040f3 - core::fmt::rt::Argument::fmt::hf95377f4aebd453b
[INFO] [stdout]                                at /rustc/202008a1b8de96d2e5b6bc02d379db03a877d34d/library/core/src/fmt/rt.rs:177:76
[INFO] [stdout]    5:     0x5835171040f3 - core::fmt::write::h0dd5f6e2238c7982
[INFO] [stdout]                                at /rustc/202008a1b8de96d2e5b6bc02d379db03a877d34d/library/core/src/fmt/mod.rs:1189:21
[INFO] [stdout]    6:     0x5835170d8203 - std::io::Write::write_fmt::h03bb0ca26e6faf8c
[INFO] [stdout]                                at /rustc/202008a1b8de96d2e5b6bc02d379db03a877d34d/library/std/src/io/mod.rs:1884:15
[INFO] [stdout]    7:     0x5835170db9a2 - std::sys::backtrace::BacktraceLock::print::h5c19c1c038ee186d
[INFO] [stdout]                                at /rustc/202008a1b8de96d2e5b6bc02d379db03a877d34d/library/std/src/sys/backtrace.rs:42:9
[INFO] [stdout]    8:     0x5835170dcfdd - std::panicking::default_hook::{{closure}}::h77172f079a1fcb13
[INFO] [stdout]                                at /rustc/202008a1b8de96d2e5b6bc02d379db03a877d34d/library/std/src/panicking.rs:268:22
[INFO] [stdout]    9:     0x5835170dcde7 - std::panicking::default_hook::he5f8e3b203ccddba
[INFO] [stdout]                                at /rustc/202008a1b8de96d2e5b6bc02d379db03a877d34d/library/std/src/panicking.rs:292:9
[INFO] [stdout]   10:     0x58351707d227 - <alloc::boxed::Box<F,A> as core::ops::function::Fn<Args>>::call::h7a3c7b4a1ae77f2f
[INFO] [stdout]                                at /rustc/202008a1b8de96d2e5b6bc02d379db03a877d34d/library/alloc/src/boxed.rs:1986:9
[INFO] [stdout]   11:     0x58351707d227 - test::test_main::{{closure}}::hf0d3b69ae9b353d1
[INFO] [stdout]                                at /rustc/202008a1b8de96d2e5b6bc02d379db03a877d34d/library/test/src/lib.rs:134:21
[INFO] [stdout]   12:     0x5835170dd688 - <alloc::boxed::Box<F,A> as core::ops::function::Fn<Args>>::call::h6332e82e7b189abd
[INFO] [stdout]                                at /rustc/202008a1b8de96d2e5b6bc02d379db03a877d34d/library/alloc/src/boxed.rs:1986:9
[INFO] [stdout]   13:     0x5835170dd688 - std::panicking::rust_panic_with_hook::h53863d4e9018df39
[INFO] [stdout]                                at /rustc/202008a1b8de96d2e5b6bc02d379db03a877d34d/library/std/src/panicking.rs:809:13
[INFO] [stdout]   14:     0x5835170dd44a - std::panicking::begin_panic_handler::{{closure}}::h67280e6fa0757873
[INFO] [stdout]                                at /rustc/202008a1b8de96d2e5b6bc02d379db03a877d34d/library/std/src/panicking.rs:674:13
[INFO] [stdout]   15:     0x5835170dc039 - std::sys::backtrace::__rust_end_short_backtrace::h1dac3f54d6fbbeb2
[INFO] [stdout]                                at /rustc/202008a1b8de96d2e5b6bc02d379db03a877d34d/library/std/src/sys/backtrace.rs:170:18
[INFO] [stdout]   16:     0x5835170dd0dc - rust_begin_unwind
[INFO] [stdout]                                at /rustc/202008a1b8de96d2e5b6bc02d379db03a877d34d/library/std/src/panicking.rs:665:5
[INFO] [stdout]   17:     0x583516e73cf0 - core::panicking::panic_fmt::h6792bd1b2bf01041
[INFO] [stdout]                                at /rustc/202008a1b8de96d2e5b6bc02d379db03a877d34d/library/core/src/panicking.rs:76:14
[INFO] [stdout]   18:     0x583516ebe814 - trybuild::run::<impl trybuild::Runner>::run::hdf5e2bba9bb5ee49
[INFO] [stdout]                                at /opt/rustwide/cargo-home/registry/src/index.crates.io-6f17d22bba15001f/trybuild-1.0.77/src/run.rs:101:13
[INFO] [stdout]   19:     0x583516ec3e68 - <trybuild::TestCases as core::ops::drop::Drop>::drop::hce3adf3fcb49d06b
[INFO] [stdout]                                at /opt/rustwide/cargo-home/registry/src/index.crates.io-6f17d22bba15001f/trybuild-1.0.77/src/lib.rs:313:13
[INFO] [stdout]   20:     0x583516e747d7 - core::ptr::drop_in_place<trybuild::TestCases>::h5991732352aab18a
[INFO] [stdout]                                at /rustc/202008a1b8de96d2e5b6bc02d379db03a877d34d/library/core/src/ptr/mod.rs:521:1
[INFO] [stdout]   21:     0x583516e74f3b - zod::ui::hcd750f7459e82e0e
[INFO] [stdout]                                at /opt/rustwide/workdir/src/lib.rs:140:1
[INFO] [stdout]   22:     0x583516e74eb7 - zod::ui::{{closure}}::h906bc538c227b013
[INFO] [stdout]                                at /opt/rustwide/workdir/src/lib.rs:136:8
[INFO] [stdout]   23:     0x583516e74786 - core::ops::function::FnOnce::call_once::h91ebe1ad01a1c50d
[INFO] [stdout]                                at /rustc/202008a1b8de96d2e5b6bc02d379db03a877d34d/library/core/src/ops/function.rs:250:5
[INFO] [stdout]   24:     0x583517081d4b - core::ops::function::FnOnce::call_once::h871bf86719ec9aa4
[INFO] [stdout]                                at /rustc/202008a1b8de96d2e5b6bc02d379db03a877d34d/library/core/src/ops/function.rs:250:5
[INFO] [stdout]   25:     0x583517081d4b - test::__rust_begin_short_backtrace::h2167df1e2b7d76fd
[INFO] [stdout]                                at /rustc/202008a1b8de96d2e5b6bc02d379db03a877d34d/library/test/src/lib.rs:632:18
[INFO] [stdout]   26:     0x583517081738 - test::run_test_in_process::{{closure}}::h15d92f75a3adfb79
[INFO] [stdout]                                at /rustc/202008a1b8de96d2e5b6bc02d379db03a877d34d/library/test/src/lib.rs:655:60
[INFO] [stdout]   27:     0x583517081738 - <core::panic::unwind_safe::AssertUnwindSafe<F> as core::ops::function::FnOnce<()>>::call_once::hb6c8955835a8dbbb
[INFO] [stdout]                                at /rustc/202008a1b8de96d2e5b6bc02d379db03a877d34d/library/core/src/panic/unwind_safe.rs:272:9
[INFO] [stdout]   28:     0x583517081738 - std::panicking::try::do_call::hc79d0fc888a0bd30
[INFO] [stdout]                                at /rustc/202008a1b8de96d2e5b6bc02d379db03a877d34d/library/std/src/panicking.rs:557:40
[INFO] [stdout]   29:     0x583517081738 - std::panicking::try::hb8a7878e3a8589d6
[INFO] [stdout]                                at /rustc/202008a1b8de96d2e5b6bc02d379db03a877d34d/library/std/src/panicking.rs:520:19
[INFO] [stdout]   30:     0x583517081738 - std::panic::catch_unwind::hb8e4600ff0ff5cfa
[INFO] [stdout]                                at /rustc/202008a1b8de96d2e5b6bc02d379db03a877d34d/library/std/src/panic.rs:358:14
[INFO] [stdout]   31:     0x583517081738 - test::run_test_in_process::hc2900b0b18688dd6
[INFO] [stdout]                                at /rustc/202008a1b8de96d2e5b6bc02d379db03a877d34d/library/test/src/lib.rs:655:27
[INFO] [stdout]   32:     0x583517081738 - test::run_test::{{closure}}::hac2a9cb07be3d48d
[INFO] [stdout]                                at /rustc/202008a1b8de96d2e5b6bc02d379db03a877d34d/library/test/src/lib.rs:576:43
[INFO] [stdout]   33:     0x5835170451da - test::run_test::{{closure}}::h4a5b729e66a38cd8
[INFO] [stdout]                                at /rustc/202008a1b8de96d2e5b6bc02d379db03a877d34d/library/test/src/lib.rs:606:41
[INFO] [stdout]   34:     0x5835170451da - std::sys::backtrace::__rust_begin_short_backtrace::h0496fb742492f573
[INFO] [stdout]                                at /rustc/202008a1b8de96d2e5b6bc02d379db03a877d34d/library/std/src/sys/backtrace.rs:154:18
[INFO] [stdout]   35:     0x583517048b54 - std::thread::Builder::spawn_unchecked_::{{closure}}::{{closure}}::hbb6d257c550a54bd
[INFO] [stdout]                                at /rustc/202008a1b8de96d2e5b6bc02d379db03a877d34d/library/std/src/thread/mod.rs:561:17
[INFO] [stdout]   36:     0x583517048b54 - <core::panic::unwind_safe::AssertUnwindSafe<F> as core::ops::function::FnOnce<()>>::call_once::h46696fe4a6832328
[INFO] [stdout]                                at /rustc/202008a1b8de96d2e5b6bc02d379db03a877d34d/library/core/src/panic/unwind_safe.rs:272:9
[INFO] [stdout]   37:     0x583517048b54 - std::panicking::try::do_call::h2625a51b667bfb64
[INFO] [stdout]                                at /rustc/202008a1b8de96d2e5b6bc02d379db03a877d34d/library/std/src/panicking.rs:557:40
[INFO] [stdout]   38:     0x583517048b54 - std::panicking::try::hb956a59a1973aa4c
[INFO] [stdout]                                at /rustc/202008a1b8de96d2e5b6bc02d379db03a877d34d/library/std/src/panicking.rs:520:19
[INFO] [stdout]   39:     0x583517048b54 - std::panic::catch_unwind::h64f3b9d1067ef6a0
[INFO] [stdout]                                at /rustc/202008a1b8de96d2e5b6bc02d379db03a877d34d/library/std/src/panic.rs:358:14
[INFO] [stdout]   40:     0x583517048b54 - std::thread::Builder::spawn_unchecked_::{{closure}}::h42b2841295b6c0b2
[INFO] [stdout]                                at /rustc/202008a1b8de96d2e5b6bc02d379db03a877d34d/library/std/src/thread/mod.rs:559:30
[INFO] [stdout]   41:     0x583517048b54 - core::ops::function::FnOnce::call_once{{vtable.shim}}::h6127de71b8124639
[INFO] [stdout]                                at /rustc/202008a1b8de96d2e5b6bc02d379db03a877d34d/library/core/src/ops/function.rs:250:5
[INFO] [stdout]   42:     0x5835170e259b - <alloc::boxed::Box<F,A> as core::ops::function::FnOnce<Args>>::call_once::h42f0ba71002a1b2c
[INFO] [stdout]                                at /rustc/202008a1b8de96d2e5b6bc02d379db03a877d34d/library/alloc/src/boxed.rs:1972:9
[INFO] [stdout]   43:     0x5835170e259b - <alloc::boxed::Box<F,A> as core::ops::function::FnOnce<Args>>::call_once::had9e47d7a3dcecb8
[INFO] [stdout]                                at /rustc/202008a1b8de96d2e5b6bc02d379db03a877d34d/library/alloc/src/boxed.rs:1972:9
[INFO] [stdout]   44:     0x5835170e259b - std::sys::pal::unix::thread::Thread::new::thread_start::h48cf765408f6f5f2
[INFO] [stdout]                                at /rustc/202008a1b8de96d2e5b6bc02d379db03a877d34d/library/std/src/sys/pal/unix/thread.rs:105:17
[INFO] [stdout]   45:     0x7fccb2c62ac3 - <unknown>
[INFO] [stdout]   46:     0x7fccb2cf3a04 - clone
[INFO] [stdout]   47:                0x0 - <unknown>
[INFO] [stdout] 
[INFO] [stdout] 
[INFO] [stdout] failures:
[INFO] [stdout]     ui
[INFO] [stdout] 
[INFO] [stdout] test result: FAILED. 0 passed; 1 failed; 0 ignored; 0 measured; 0 filtered out; finished in 17.80s
[INFO] [stdout] 
[INFO] [stderr] error: test failed, to rerun pass `--lib`
[INFO] running `Command { std: "docker" "inspect" "234db8f279c186d84747ffe06b33e4ee583d08d6077528f34cd566171d8e421a", kill_on_drop: false }`
[INFO] running `Command { std: "docker" "rm" "-f" "234db8f279c186d84747ffe06b33e4ee583d08d6077528f34cd566171d8e421a", kill_on_drop: false }`
[INFO] [stdout] 234db8f279c186d84747ffe06b33e4ee583d08d6077528f34cd566171d8e421a
