[INFO] fetching crate zng-task 0.4.12...
[INFO] testing zng-task-0.4.12 against 1.83.0 for beta-1.84.0-4-retry
[INFO] extracting crate zng-task 0.4.12 into /workspace/builds/worker-7-tc1/source
[INFO] validating manifest of crates.io crate zng-task 0.4.12 on toolchain 1.83.0
[INFO] running `Command { std: CARGO_HOME="/workspace/cargo-home" RUSTUP_HOME="/workspace/rustup-home" "/workspace/cargo-home/bin/cargo" "+1.83.0" "metadata" "--manifest-path" "Cargo.toml" "--no-deps", kill_on_drop: false }`
[INFO] started tweaking crates.io crate zng-task 0.4.12
[INFO] finished tweaking crates.io crate zng-task 0.4.12
[INFO] tweaked toml for crates.io crate zng-task 0.4.12 written to /workspace/builds/worker-7-tc1/source/Cargo.toml
[INFO] running `Command { std: CARGO_HOME="/workspace/cargo-home" RUSTUP_HOME="/workspace/rustup-home" "/workspace/cargo-home/bin/cargo" "+1.83.0" "generate-lockfile" "--manifest-path" "Cargo.toml", kill_on_drop: false }`
[INFO] [stderr]     Blocking waiting for file lock on package cache
[INFO] [stderr]     Updating crates.io index
[INFO] [stderr]     Blocking waiting for file lock on package cache
[INFO] [stderr]      Locking 258 packages to latest compatible versions
[INFO] [stderr]       Adding fs4 v0.9.1 (available: v0.12.0)
[INFO] [stderr]       Adding http-cache-semantics v1.0.2 (available: v2.1.0)
[INFO] [stderr]       Adding http-serde v1.1.3 (available: v2.1.1)
[INFO] running `Command { std: CARGO_HOME="/workspace/cargo-home" RUSTUP_HOME="/workspace/rustup-home" "/workspace/cargo-home/bin/cargo" "+1.83.0" "fetch" "--manifest-path" "Cargo.toml", kill_on_drop: false }`
[INFO] [stderr]     Blocking waiting for file lock on package cache
[INFO] [stderr]  Downloading crates ...
[INFO] [stderr]   Downloaded zng-time v0.2.25
[INFO] [stderr]   Downloaded zng-txt v0.2.8
[INFO] [stderr]   Downloaded zng-var-proc-macros v0.2.8
[INFO] [stderr]   Downloaded zng-unique-id v0.4.8
[INFO] [stderr]   Downloaded take_mut v0.2.2
[INFO] [stderr]   Downloaded async-fs v2.1.2
[INFO] [stderr]   Downloaded async-recursion v1.1.1
[INFO] [stderr]   Downloaded shared_child v1.0.1
[INFO] [stderr]   Downloaded duct v0.13.7
[INFO] [stderr]   Downloaded ipc-channel v0.19.0
[INFO] [stderr]   Downloaded http-cache-semantics v1.0.2
[INFO] [stderr]   Downloaded aligned v0.4.2
[INFO] [stderr]   Downloaded fs_at v0.2.1
[INFO] [stderr]   Downloaded tar v0.4.43
[INFO] [stderr]   Downloaded normpath v1.3.0
[INFO] [stderr]   Downloaded remove_dir_all v1.0.0
[INFO] [stderr]   Downloaded zng-task-proc-macros v0.2.6
[INFO] [stderr]   Downloaded zng-env-proc-macros v0.2.2
[INFO] [stderr]   Downloaded zng-env v0.3.8
[INFO] [stderr]   Downloaded thread-id v4.2.2
[INFO] [stderr]   Downloaded zng-app-context v0.5.13
[INFO] [stderr]   Downloaded euclid v0.22.11
[INFO] [stderr]   Downloaded zng-unit v0.2.10
[INFO] [stderr]   Downloaded zng-var v0.5.10
[INFO] [stderr]   Downloaded os_pipe v1.2.1
[INFO] [stderr]   Downloaded fs4 v0.9.1
[INFO] [stderr]   Downloaded http-serde v1.1.3
[INFO] [stderr]   Downloaded as-slice v0.2.1
[INFO] [stderr]   Downloaded cvt v0.1.2
[INFO] [stderr]   Downloaded zng-state-map v0.3.8
[INFO] [stderr]   Downloaded pretty-type-name v1.0.1
[INFO] [stderr]   Downloaded zng-handle v0.2.5
[INFO] [stderr]   Downloaded zng-clone-move v0.2.5
[INFO] running `Command { std: "docker" "create" "-v" "/var/lib/crater-agent-workspace/builds/worker-7-tc1/target:/opt/rustwide/target:rw,Z" "-v" "/var/lib/crater-agent-workspace/builds/worker-7-tc1/source:/opt/rustwide/workdir:ro,Z" "-v" "/var/lib/crater-agent-workspace/cargo-home:/opt/rustwide/cargo-home:ro,Z" "-v" "/var/lib/crater-agent-workspace/rustup-home:/opt/rustwide/rustup-home:ro,Z" "-e" "SOURCE_DIR=/opt/rustwide/workdir" "-e" "CARGO_TARGET_DIR=/opt/rustwide/target" "-e" "CARGO_HOME=/opt/rustwide/cargo-home" "-e" "RUSTUP_HOME=/opt/rustwide/rustup-home" "-w" "/opt/rustwide/workdir" "-m" "1610612736" "--user" "0:0" "--network" "none" "ghcr.io/rust-lang/crates-build-env/linux@sha256:f3a9d4ad9d972b27faf3965f35b62e55ba32bbce8f20bc8fe909558a86702fde" "/opt/rustwide/cargo-home/bin/cargo" "+1.83.0" "metadata" "--no-deps" "--format-version=1", kill_on_drop: false }`
[INFO] [stdout] c0d94c9552bbeb3c63d0df7daaa7a19250af224974c7001ebf70d08f602038eb
[INFO] running `Command { std: "docker" "start" "-a" "c0d94c9552bbeb3c63d0df7daaa7a19250af224974c7001ebf70d08f602038eb", kill_on_drop: false }`
[INFO] running `Command { std: "docker" "inspect" "c0d94c9552bbeb3c63d0df7daaa7a19250af224974c7001ebf70d08f602038eb", kill_on_drop: false }`
[INFO] running `Command { std: "docker" "rm" "-f" "c0d94c9552bbeb3c63d0df7daaa7a19250af224974c7001ebf70d08f602038eb", kill_on_drop: false }`
[INFO] [stdout] c0d94c9552bbeb3c63d0df7daaa7a19250af224974c7001ebf70d08f602038eb
[INFO] running `Command { std: "docker" "create" "-v" "/var/lib/crater-agent-workspace/builds/worker-7-tc1/target:/opt/rustwide/target:rw,Z" "-v" "/var/lib/crater-agent-workspace/builds/worker-7-tc1/source:/opt/rustwide/workdir:ro,Z" "-v" "/var/lib/crater-agent-workspace/cargo-home:/opt/rustwide/cargo-home:ro,Z" "-v" "/var/lib/crater-agent-workspace/rustup-home:/opt/rustwide/rustup-home:ro,Z" "-e" "SOURCE_DIR=/opt/rustwide/workdir" "-e" "CARGO_TARGET_DIR=/opt/rustwide/target" "-e" "CARGO_INCREMENTAL=0" "-e" "RUST_BACKTRACE=full" "-e" "RUSTFLAGS=--cap-lints=warn" "-e" "RUSTDOCFLAGS=--cap-lints=warn" "-e" "CARGO_HOME=/opt/rustwide/cargo-home" "-e" "RUSTUP_HOME=/opt/rustwide/rustup-home" "-w" "/opt/rustwide/workdir" "-m" "1610612736" "--user" "0:0" "--network" "none" "ghcr.io/rust-lang/crates-build-env/linux@sha256:f3a9d4ad9d972b27faf3965f35b62e55ba32bbce8f20bc8fe909558a86702fde" "/opt/rustwide/cargo-home/bin/cargo" "+1.83.0" "build" "--frozen" "--message-format=json", kill_on_drop: false }`
[INFO] [stdout] f497a2cdc474b344aa63172b1229b7a16d429b348400050fdf23d2e37d3f9290
[INFO] running `Command { std: "docker" "start" "-a" "f497a2cdc474b344aa63172b1229b7a16d429b348400050fdf23d2e37d3f9290", kill_on_drop: false }`
[INFO] [stderr]    Compiling crossbeam-utils v0.8.20
[INFO] [stderr]    Compiling serde v1.0.216
[INFO] [stderr]    Compiling rayon-core v1.12.1
[INFO] [stderr]    Compiling either v1.13.0
[INFO] [stderr]    Compiling allocator-api2 v0.2.21
[INFO] [stderr]    Compiling generic-array v0.14.7
[INFO] [stderr]    Compiling typenum v1.17.0
[INFO] [stderr]    Compiling winnow v0.6.20
[INFO] [stderr]    Compiling smallvec v1.13.2
[INFO] [stderr]    Compiling indexmap v2.7.0
[INFO] [stderr]    Compiling syn v2.0.90
[INFO] [stderr]    Compiling parking v2.2.1
[INFO] [stderr]    Compiling semver v1.0.24
[INFO] [stderr]    Compiling linkme-impl v0.3.31
[INFO] [stderr]    Compiling cpufeatures v0.2.16
[INFO] [stderr]    Compiling option-ext v0.2.0
[INFO] [stderr]    Compiling dirs-sys v0.4.1
[INFO] [stderr]    Compiling num-traits v0.2.19
[INFO] [stderr]    Compiling fastrand v2.3.0
[INFO] [stderr]    Compiling directories v5.0.1
[INFO] [stderr]    Compiling zng-app-context v0.5.13
[INFO] [stderr]    Compiling parking_lot_core v0.9.10
[INFO] [stderr]    Compiling atomic-waker v1.1.2
[INFO] [stderr]    Compiling zng-var v0.5.10
[INFO] [stderr]    Compiling pretty-type-name v1.0.1
[INFO] [stderr]    Compiling cfg_aliases v0.2.1
[INFO] [stderr]    Compiling async-task v4.7.1
[INFO] [stderr]    Compiling futures-lite v2.5.0
[INFO] [stderr]    Compiling piper v0.2.4
[INFO] [stderr]    Compiling zng-task v0.4.12 (/opt/rustwide/workdir)
[INFO] [stderr]    Compiling parking_lot v0.12.3
[INFO] [stderr]    Compiling spin v0.9.8
[INFO] [stderr]    Compiling zng-clone-move v0.2.5
[INFO] [stderr]    Compiling zng-handle v0.2.5
[INFO] [stderr]    Compiling take_mut v0.2.2
[INFO] [stderr]    Compiling futures-timer v3.0.3
[INFO] [stderr]    Compiling dunce v1.0.5
[INFO] [stderr]    Compiling flume v0.11.1
[INFO] [stderr]    Compiling crossbeam-epoch v0.9.18
[INFO] [stderr]    Compiling concurrent-queue v2.5.0
[INFO] [stderr]    Compiling event-listener v5.3.1
[INFO] [stderr]    Compiling crossbeam-deque v0.8.5
[INFO] [stderr]    Compiling event-listener-strategy v0.5.3
[INFO] [stderr]    Compiling async-channel v2.3.1
[INFO] [stderr]    Compiling async-lock v3.4.0
[INFO] [stderr]    Compiling blocking v1.6.1
[INFO] [stderr]    Compiling block-buffer v0.10.4
[INFO] [stderr]    Compiling crypto-common v0.1.6
[INFO] [stderr]    Compiling digest v0.10.7
[INFO] [stderr]    Compiling rayon v1.10.0
[INFO] [stderr]    Compiling async-fs v2.1.2
[INFO] [stderr]    Compiling sha2 v0.10.8
[INFO] [stderr]    Compiling hashbrown v0.15.2
[INFO] [stderr]    Compiling serde_derive v1.0.216
[INFO] [stderr]    Compiling bytemuck_derive v1.8.0
[INFO] [stderr]    Compiling tracing-attributes v0.1.28
[INFO] [stderr]    Compiling zng-var-proc-macros v0.2.8
[INFO] [stderr]    Compiling zng-task-proc-macros v0.2.6
[INFO] [stderr]    Compiling linkme v0.3.31
[INFO] [stderr]    Compiling bytemuck v1.20.0
[INFO] [stderr]    Compiling tracing v0.1.41
[INFO] [stderr]    Compiling serde_spanned v0.6.8
[INFO] [stderr]    Compiling toml_datetime v0.6.8
[INFO] [stderr]    Compiling zng-txt v0.2.8
[INFO] [stderr]    Compiling euclid v0.22.11
[INFO] [stderr]    Compiling bitflags v2.6.0
[INFO] [stderr]    Compiling zng-unique-id v0.4.8
[INFO] [stderr]    Compiling toml_edit v0.22.22
[INFO] [stderr]    Compiling zng-state-map v0.3.8
[INFO] [stderr]    Compiling zng-unit v0.2.10
[INFO] [stderr]    Compiling toml v0.8.19
[INFO] [stderr]    Compiling zng-env-proc-macros v0.2.2
[INFO] [stderr]    Compiling zng-env v0.3.8
[INFO] [stderr]    Compiling zng-time v0.2.25
[INFO] [stderr]     Finished `dev` profile [unoptimized + debuginfo] target(s) in 43.62s
[INFO] running `Command { std: "docker" "inspect" "f497a2cdc474b344aa63172b1229b7a16d429b348400050fdf23d2e37d3f9290", kill_on_drop: false }`
[INFO] running `Command { std: "docker" "rm" "-f" "f497a2cdc474b344aa63172b1229b7a16d429b348400050fdf23d2e37d3f9290", kill_on_drop: false }`
[INFO] [stdout] f497a2cdc474b344aa63172b1229b7a16d429b348400050fdf23d2e37d3f9290
[INFO] running `Command { std: "docker" "create" "-v" "/var/lib/crater-agent-workspace/builds/worker-7-tc1/target:/opt/rustwide/target:rw,Z" "-v" "/var/lib/crater-agent-workspace/builds/worker-7-tc1/source:/opt/rustwide/workdir:ro,Z" "-v" "/var/lib/crater-agent-workspace/cargo-home:/opt/rustwide/cargo-home:ro,Z" "-v" "/var/lib/crater-agent-workspace/rustup-home:/opt/rustwide/rustup-home:ro,Z" "-e" "SOURCE_DIR=/opt/rustwide/workdir" "-e" "CARGO_TARGET_DIR=/opt/rustwide/target" "-e" "CARGO_INCREMENTAL=0" "-e" "RUST_BACKTRACE=full" "-e" "RUSTFLAGS=--cap-lints=warn" "-e" "RUSTDOCFLAGS=--cap-lints=warn" "-e" "CARGO_HOME=/opt/rustwide/cargo-home" "-e" "RUSTUP_HOME=/opt/rustwide/rustup-home" "-w" "/opt/rustwide/workdir" "-m" "1610612736" "--user" "0:0" "--network" "none" "ghcr.io/rust-lang/crates-build-env/linux@sha256:f3a9d4ad9d972b27faf3965f35b62e55ba32bbce8f20bc8fe909558a86702fde" "/opt/rustwide/cargo-home/bin/cargo" "+1.83.0" "test" "--frozen" "--no-run" "--message-format=json", kill_on_drop: false }`
[INFO] [stdout] b3fb840677344562314e4bb235351bde61241119a86f6eed4343cf8fb6e48681
[INFO] running `Command { std: "docker" "start" "-a" "b3fb840677344562314e4bb235351bde61241119a86f6eed4343cf8fb6e48681", kill_on_drop: false }`
[INFO] [stderr]    Compiling zng-task v0.4.12 (/opt/rustwide/workdir)
[INFO] [stderr]     Finished `test` profile [unoptimized + debuginfo] target(s) in 3.99s
[INFO] running `Command { std: "docker" "inspect" "b3fb840677344562314e4bb235351bde61241119a86f6eed4343cf8fb6e48681", kill_on_drop: false }`
[INFO] running `Command { std: "docker" "rm" "-f" "b3fb840677344562314e4bb235351bde61241119a86f6eed4343cf8fb6e48681", kill_on_drop: false }`
[INFO] [stdout] b3fb840677344562314e4bb235351bde61241119a86f6eed4343cf8fb6e48681
[INFO] running `Command { std: "docker" "create" "-v" "/var/lib/crater-agent-workspace/builds/worker-7-tc1/target:/opt/rustwide/target:rw,Z" "-v" "/var/lib/crater-agent-workspace/builds/worker-7-tc1/source:/opt/rustwide/workdir:ro,Z" "-v" "/var/lib/crater-agent-workspace/cargo-home:/opt/rustwide/cargo-home:ro,Z" "-v" "/var/lib/crater-agent-workspace/rustup-home:/opt/rustwide/rustup-home:ro,Z" "-e" "SOURCE_DIR=/opt/rustwide/workdir" "-e" "CARGO_TARGET_DIR=/opt/rustwide/target" "-e" "CARGO_INCREMENTAL=0" "-e" "RUST_BACKTRACE=full" "-e" "RUSTFLAGS=--cap-lints=warn" "-e" "RUSTDOCFLAGS=--cap-lints=warn" "-e" "CARGO_HOME=/opt/rustwide/cargo-home" "-e" "RUSTUP_HOME=/opt/rustwide/rustup-home" "-w" "/opt/rustwide/workdir" "-m" "1610612736" "--user" "0:0" "--network" "none" "ghcr.io/rust-lang/crates-build-env/linux@sha256:f3a9d4ad9d972b27faf3965f35b62e55ba32bbce8f20bc8fe909558a86702fde" "/opt/rustwide/cargo-home/bin/cargo" "+1.83.0" "test" "--frozen", kill_on_drop: false }`
[INFO] [stdout] b85d0c763bf2a41a368c1a02df96617e2993da210ec73d8e23bddbd217aef468
[INFO] running `Command { std: "docker" "start" "-a" "b85d0c763bf2a41a368c1a02df96617e2993da210ec73d8e23bddbd217aef468", kill_on_drop: false }`
[INFO] [stderr]     Finished `test` profile [unoptimized + debuginfo] target(s) in 0.18s
[INFO] [stderr]      Running unittests src/lib.rs (/opt/rustwide/target/debug/deps/zng_task-d54e6e3da66b2857)
[INFO] [stdout] 
[INFO] [stdout] running 26 tests
[INFO] [stdout] test progress::tests::fct_0 ... ok
[INFO] [stdout] test io::tests::mc_buf_reader_error_completed ... ok
[INFO] [stdout] test io::tests::mc_buf_reader_completed ... ok
[INFO] [stdout] test progress::tests::fct_05 ... ok
[INFO] [stdout] test progress::tests::fct_n1 ... ok
[INFO] [stdout] test progress::tests::fct_1 ... ok
[INFO] [stdout] test progress::tests::five_of_ten ... ok
[INFO] [stdout] test progress::tests::ten_of_ten ... ok
[INFO] [stdout] test io::tests::mc_buf_reader_sequential ... ok
[INFO] [stdout] test progress::tests::ten_of_one ... ok
[INFO] [stdout] test tests::any_nine ... ok
[INFO] [stdout] test tests::any_one ... ok
[INFO] [stdout] test tests::run_wake_immediately ... ok
[INFO] [stdout] test progress::tests::fct_2 ... ok
[INFO] [stdout] test io::tests::mc_buf_reader_error ... ok
[INFO] [stdout] test io::tests::mc_buf_reader_single ... ok
[INFO] [stdout] test progress::tests::zero_of_zero ... ok
[INFO] [stdout] test rayon_ctx::tests::for_each_with_context ... ok
[INFO] [stdout] test rayon_ctx::tests::chain_for_each_with_context_inverted ... ok
[INFO] [stdout] test io::tests::mc_buf_reader_parallel ... ok
[INFO] [stdout] test io::tests::mc_buf_reader_parallel_with_delay2 ... ok
[INFO] [stdout] test io::tests::mc_buf_reader_parallel_with_delay1 ... ok
[INFO] [stdout] test tests::run_panic_handling ... ok
[INFO] [stdout] test tests::run_panic_handling_parallel ... ok
[INFO] [stdout] test rayon_ctx::tests::map_and_sum_with_context ... ok
[INFO] [stdout] test rayon_ctx::tests::chain_for_each_with_context ... ok
[INFO] [stdout] 
[INFO] [stdout] test result: ok. 26 passed; 0 failed; 0 ignored; 0 measured; 0 filtered out; finished in 0.18s
[INFO] [stdout] 
[INFO] [stderr]    Doc-tests zng_task
[INFO] [stdout] 
[INFO] [stdout] running 20 tests
[INFO] [stdout] test src/channel.rs - channel::unbounded (line 260) - compile ... ok
[INFO] [stdout] test src/channel.rs - channel::rendezvous (line 357) - compile ... ok
[INFO] [stdout] test src/lib.rs - all_some (line 1707) ... FAILED
[INFO] [stdout] test src/channel.rs - channel (line 10) - compile ... ok
[INFO] [stdout] test src/lib.rs - any_some (line 1393) ... FAILED
[INFO] [stdout] test src/lib.rs - all_ok (line 1548) ... FAILED
[INFO] [stdout] test src/lib.rs - all_ok (line 1531) ... FAILED
[INFO] [stdout] test src/channel.rs - channel::bounded (line 310) - compile ... ok
[INFO] [stdout] test src/lib.rs - any (line 1119) ... FAILED
[INFO] [stdout] test src/lib.rs - all (line 986) ... FAILED
[INFO] [stdout] test src/lib.rs - any_ok (line 1248) ... FAILED
[INFO] [stdout] test src/lib.rs - all_some (line 1692) ... FAILED
[INFO] [stdout] test src/lib.rs - spawn (line 89) ... ok
[INFO] [stdout] test src/lib.rs - wait (line 633) ... ok
[INFO] [stdout] test src/lib.rs - respond (line 490) ... ok
[INFO] [stdout] test src/lib.rs - future_fn (line 919) ... ok
[INFO] [stdout] test src/lib.rs - deadline (line 849) ... ok
[INFO] [stdout] test src/lib.rs - run (line 361) ... ok
[INFO] [stdout] test src/lib.rs - block_on (line 751) ... ok
[INFO] [stdout] test src/lib.rs - SignalOnce (line 1836) ... ok
[INFO] [stdout] 
[INFO] [stdout] failures:
[INFO] [stdout] 
[INFO] [stdout] ---- src/lib.rs - all_some (line 1707) stdout ----
[INFO] [stdout] error[E0425]: cannot find function `doc_test` in crate `task`
[INFO] [stdout]    --> src/lib.rs:1710:7
[INFO] [stdout]     |
[INFO] [stdout] 6   | task::doc_test(false, async {
[INFO] [stdout]     |       ^^^^^^^^ not found in `task`
[INFO] [stdout]     |
[INFO] [stdout] note: found an item that was configured out
[INFO] [stdout]    --> /opt/rustwide/workdir/src/lib.rs:804:8
[INFO] [stdout]     |
[INFO] [stdout] 804 | pub fn doc_test<F>(spin: bool, task: impl IntoFuture<IntoFuture = F>) -> F::Output
[INFO] [stdout]     |        ^^^^^^^^
[INFO] [stdout] note: the item is gated here
[INFO] [stdout]    --> /opt/rustwide/workdir/src/lib.rs:803:1
[INFO] [stdout]     |
[INFO] [stdout] 803 | #[cfg(any(test, doc, feature = "test_util"))]
[INFO] [stdout]     | ^^^^^^^^^^^^^^^^^^^^^^^^^^^^^^^^^^^^^^^^^^^^^
[INFO] [stdout] 
[INFO] [stdout] error: aborting due to 1 previous error
[INFO] [stdout] 
[INFO] [stdout] For more information about this error, try `rustc --explain E0425`.
[INFO] [stdout] Couldn't compile the test.
[INFO] [stdout] ---- src/lib.rs - any_some (line 1393) stdout ----
[INFO] [stdout] error[E0425]: cannot find function `doc_test` in crate `task`
[INFO] [stdout]    --> src/lib.rs:1396:7
[INFO] [stdout]     |
[INFO] [stdout] 6   | task::doc_test(false, async {
[INFO] [stdout]     |       ^^^^^^^^ not found in `task`
[INFO] [stdout]     |
[INFO] [stdout] note: found an item that was configured out
[INFO] [stdout]    --> /opt/rustwide/workdir/src/lib.rs:804:8
[INFO] [stdout]     |
[INFO] [stdout] 804 | pub fn doc_test<F>(spin: bool, task: impl IntoFuture<IntoFuture = F>) -> F::Output
[INFO] [stdout]     |        ^^^^^^^^
[INFO] [stdout] note: the item is gated here
[INFO] [stdout]    --> /opt/rustwide/workdir/src/lib.rs:803:1
[INFO] [stdout]     |
[INFO] [stdout] 803 | #[cfg(any(test, doc, feature = "test_util"))]
[INFO] [stdout]     | ^^^^^^^^^^^^^^^^^^^^^^^^^^^^^^^^^^^^^^^^^^^^^
[INFO] [stdout] 
[INFO] [stdout] error: aborting due to 1 previous error
[INFO] [stdout] 
[INFO] [stdout] For more information about this error, try `rustc --explain E0425`.
[INFO] [stdout] Couldn't compile the test.
[INFO] [stdout] ---- src/lib.rs - all_ok (line 1548) stdout ----
[INFO] [stdout] error[E0425]: cannot find function `doc_test` in crate `task`
[INFO] [stdout]    --> src/lib.rs:1553:7
[INFO] [stdout]     |
[INFO] [stdout] 8   | task::doc_test(false, async {
[INFO] [stdout]     |       ^^^^^^^^ not found in `task`
[INFO] [stdout]     |
[INFO] [stdout] note: found an item that was configured out
[INFO] [stdout]    --> /opt/rustwide/workdir/src/lib.rs:804:8
[INFO] [stdout]     |
[INFO] [stdout] 804 | pub fn doc_test<F>(spin: bool, task: impl IntoFuture<IntoFuture = F>) -> F::Output
[INFO] [stdout]     |        ^^^^^^^^
[INFO] [stdout] note: the item is gated here
[INFO] [stdout]    --> /opt/rustwide/workdir/src/lib.rs:803:1
[INFO] [stdout]     |
[INFO] [stdout] 803 | #[cfg(any(test, doc, feature = "test_util"))]
[INFO] [stdout]     | ^^^^^^^^^^^^^^^^^^^^^^^^^^^^^^^^^^^^^^^^^^^^^
[INFO] [stdout] 
[INFO] [stdout] error: aborting due to 1 previous error
[INFO] [stdout] 
[INFO] [stdout] For more information about this error, try `rustc --explain E0425`.
[INFO] [stdout] Couldn't compile the test.
[INFO] [stdout] ---- src/lib.rs - all_ok (line 1531) stdout ----
[INFO] [stdout] error[E0425]: cannot find function `doc_test` in crate `task`
[INFO] [stdout]    --> src/lib.rs:1536:7
[INFO] [stdout]     |
[INFO] [stdout] 8   | task::doc_test(false, async {
[INFO] [stdout]     |       ^^^^^^^^ not found in `task`
[INFO] [stdout]     |
[INFO] [stdout] note: found an item that was configured out
[INFO] [stdout]    --> /opt/rustwide/workdir/src/lib.rs:804:8
[INFO] [stdout]     |
[INFO] [stdout] 804 | pub fn doc_test<F>(spin: bool, task: impl IntoFuture<IntoFuture = F>) -> F::Output
[INFO] [stdout]     |        ^^^^^^^^
[INFO] [stdout] note: the item is gated here
[INFO] [stdout]    --> /opt/rustwide/workdir/src/lib.rs:803:1
[INFO] [stdout]     |
[INFO] [stdout] 803 | #[cfg(any(test, doc, feature = "test_util"))]
[INFO] [stdout]     | ^^^^^^^^^^^^^^^^^^^^^^^^^^^^^^^^^^^^^^^^^^^^^
[INFO] [stdout] 
[INFO] [stdout] error: aborting due to 1 previous error
[INFO] [stdout] 
[INFO] [stdout] For more information about this error, try `rustc --explain E0425`.
[INFO] [stdout] Couldn't compile the test.
[INFO] [stdout] ---- src/lib.rs - any (line 1119) stdout ----
[INFO] [stdout] error[E0425]: cannot find function `doc_test` in crate `task`
[INFO] [stdout]    --> src/lib.rs:1124:7
[INFO] [stdout]     |
[INFO] [stdout] 8   | task::doc_test(false, async {
[INFO] [stdout]     |       ^^^^^^^^ not found in `task`
[INFO] [stdout]     |
[INFO] [stdout] note: found an item that was configured out
[INFO] [stdout]    --> /opt/rustwide/workdir/src/lib.rs:804:8
[INFO] [stdout]     |
[INFO] [stdout] 804 | pub fn doc_test<F>(spin: bool, task: impl IntoFuture<IntoFuture = F>) -> F::Output
[INFO] [stdout]     |        ^^^^^^^^
[INFO] [stdout] note: the item is gated here
[INFO] [stdout]    --> /opt/rustwide/workdir/src/lib.rs:803:1
[INFO] [stdout]     |
[INFO] [stdout] 803 | #[cfg(any(test, doc, feature = "test_util"))]
[INFO] [stdout]     | ^^^^^^^^^^^^^^^^^^^^^^^^^^^^^^^^^^^^^^^^^^^^^
[INFO] [stdout] 
[INFO] [stdout] error: aborting due to 1 previous error
[INFO] [stdout] 
[INFO] [stdout] For more information about this error, try `rustc --explain E0425`.
[INFO] [stdout] Couldn't compile the test.
[INFO] [stdout] ---- src/lib.rs - all (line 986) stdout ----
[INFO] [stdout] error[E0425]: cannot find function `doc_test` in crate `task`
[INFO] [stdout]    --> src/lib.rs:990:7
[INFO] [stdout]     |
[INFO] [stdout] 7   | task::doc_test(false, async {
[INFO] [stdout]     |       ^^^^^^^^ not found in `task`
[INFO] [stdout]     |
[INFO] [stdout] note: found an item that was configured out
[INFO] [stdout]    --> /opt/rustwide/workdir/src/lib.rs:804:8
[INFO] [stdout]     |
[INFO] [stdout] 804 | pub fn doc_test<F>(spin: bool, task: impl IntoFuture<IntoFuture = F>) -> F::Output
[INFO] [stdout]     |        ^^^^^^^^
[INFO] [stdout] note: the item is gated here
[INFO] [stdout]    --> /opt/rustwide/workdir/src/lib.rs:803:1
[INFO] [stdout]     |
[INFO] [stdout] 803 | #[cfg(any(test, doc, feature = "test_util"))]
[INFO] [stdout]     | ^^^^^^^^^^^^^^^^^^^^^^^^^^^^^^^^^^^^^^^^^^^^^
[INFO] [stdout] 
[INFO] [stdout] error: aborting due to 1 previous error
[INFO] [stdout] 
[INFO] [stdout] For more information about this error, try `rustc --explain E0425`.
[INFO] [stdout] Couldn't compile the test.
[INFO] [stdout] ---- src/lib.rs - any_ok (line 1248) stdout ----
[INFO] [stdout] error[E0425]: cannot find function `doc_test` in crate `task`
[INFO] [stdout]    --> src/lib.rs:1253:7
[INFO] [stdout]     |
[INFO] [stdout] 8   | task::doc_test(false, async {
[INFO] [stdout]     |       ^^^^^^^^ not found in `task`
[INFO] [stdout]     |
[INFO] [stdout] note: found an item that was configured out
[INFO] [stdout]    --> /opt/rustwide/workdir/src/lib.rs:804:8
[INFO] [stdout]     |
[INFO] [stdout] 804 | pub fn doc_test<F>(spin: bool, task: impl IntoFuture<IntoFuture = F>) -> F::Output
[INFO] [stdout]     |        ^^^^^^^^
[INFO] [stdout] note: the item is gated here
[INFO] [stdout]    --> /opt/rustwide/workdir/src/lib.rs:803:1
[INFO] [stdout]     |
[INFO] [stdout] 803 | #[cfg(any(test, doc, feature = "test_util"))]
[INFO] [stdout]     | ^^^^^^^^^^^^^^^^^^^^^^^^^^^^^^^^^^^^^^^^^^^^^
[INFO] [stdout] 
[INFO] [stdout] error: aborting due to 1 previous error
[INFO] [stdout] 
[INFO] [stdout] For more information about this error, try `rustc --explain E0425`.
[INFO] [stdout] Couldn't compile the test.
[INFO] [stdout] ---- src/lib.rs - all_some (line 1692) stdout ----
[INFO] [stdout] error[E0425]: cannot find function `doc_test` in crate `task`
[INFO] [stdout]    --> src/lib.rs:1695:7
[INFO] [stdout]     |
[INFO] [stdout] 6   | task::doc_test(false, async {
[INFO] [stdout]     |       ^^^^^^^^ not found in `task`
[INFO] [stdout]     |
[INFO] [stdout] note: found an item that was configured out
[INFO] [stdout]    --> /opt/rustwide/workdir/src/lib.rs:804:8
[INFO] [stdout]     |
[INFO] [stdout] 804 | pub fn doc_test<F>(spin: bool, task: impl IntoFuture<IntoFuture = F>) -> F::Output
[INFO] [stdout]     |        ^^^^^^^^
[INFO] [stdout] note: the item is gated here
[INFO] [stdout]    --> /opt/rustwide/workdir/src/lib.rs:803:1
[INFO] [stdout]     |
[INFO] [stdout] 803 | #[cfg(any(test, doc, feature = "test_util"))]
[INFO] [stdout]     | ^^^^^^^^^^^^^^^^^^^^^^^^^^^^^^^^^^^^^^^^^^^^^
[INFO] [stdout] 
[INFO] [stdout] error: aborting due to 1 previous error
[INFO] [stdout] 
[INFO] [stdout] For more information about this error, try `rustc --explain E0425`.
[INFO] [stdout] Couldn't compile the test.
[INFO] [stdout] 
[INFO] [stdout] failures:
[INFO] [stdout]     src/lib.rs - all (line 986)
[INFO] [stdout]     src/lib.rs - all_ok (line 1531)
[INFO] [stdout]     src/lib.rs - all_ok (line 1548)
[INFO] [stdout]     src/lib.rs - all_some (line 1692)
[INFO] [stdout]     src/lib.rs - all_some (line 1707)
[INFO] [stdout]     src/lib.rs - any (line 1119)
[INFO] [stdout]     src/lib.rs - any_ok (line 1248)
[INFO] [stdout]     src/lib.rs - any_some (line 1393)
[INFO] [stdout] 
[INFO] [stdout] test result: FAILED. 12 passed; 8 failed; 0 ignored; 0 measured; 0 filtered out; finished in 2.99s
[INFO] [stdout] 
[INFO] [stderr] error: doctest failed, to rerun pass `--doc`
[INFO] running `Command { std: "docker" "inspect" "b85d0c763bf2a41a368c1a02df96617e2993da210ec73d8e23bddbd217aef468", kill_on_drop: false }`
[INFO] running `Command { std: "docker" "rm" "-f" "b85d0c763bf2a41a368c1a02df96617e2993da210ec73d8e23bddbd217aef468", kill_on_drop: false }`
[INFO] [stdout] b85d0c763bf2a41a368c1a02df96617e2993da210ec73d8e23bddbd217aef468
