[INFO] fetching crate zng-color 0.4.0...
[INFO] testing zng-color-0.4.0 against 1.83.0 for beta-1.84.0-4-retry
[INFO] extracting crate zng-color 0.4.0 into /workspace/builds/worker-6-tc1/source
[INFO] validating manifest of crates.io crate zng-color 0.4.0 on toolchain 1.83.0
[INFO] running `Command { std: CARGO_HOME="/workspace/cargo-home" RUSTUP_HOME="/workspace/rustup-home" "/workspace/cargo-home/bin/cargo" "+1.83.0" "metadata" "--manifest-path" "Cargo.toml" "--no-deps", kill_on_drop: false }`
[INFO] started tweaking crates.io crate zng-color 0.4.0
[INFO] finished tweaking crates.io crate zng-color 0.4.0
[INFO] tweaked toml for crates.io crate zng-color 0.4.0 written to /workspace/builds/worker-6-tc1/source/Cargo.toml
[INFO] running `Command { std: CARGO_HOME="/workspace/cargo-home" RUSTUP_HOME="/workspace/rustup-home" "/workspace/cargo-home/bin/cargo" "+1.83.0" "generate-lockfile" "--manifest-path" "Cargo.toml", kill_on_drop: false }`
[INFO] [stderr]     Updating crates.io index
[INFO] [stderr]      Locking 153 packages to latest compatible versions
[INFO] running `Command { std: CARGO_HOME="/workspace/cargo-home" RUSTUP_HOME="/workspace/rustup-home" "/workspace/cargo-home/bin/cargo" "+1.83.0" "fetch" "--manifest-path" "Cargo.toml", kill_on_drop: false }`
[INFO] [stderr]  Downloading crates ...
[INFO] [stderr]   Downloaded bytemuck v1.20.0
[INFO] [stderr]   Downloaded zng-tp-licenses v0.2.9
[INFO] [stderr]   Downloaded bytemuck_derive v1.8.0
[INFO] [stderr]   Downloaded zng-txt v0.2.8
[INFO] [stderr]   Downloaded zng-env v0.3.8
[INFO] [stderr]   Downloaded zng-env-proc-macros v0.2.2
[INFO] [stderr]   Downloaded zng-handle v0.2.5
[INFO] [stderr]   Downloaded zng-unit v0.2.10
[INFO] [stderr]   Downloaded zng-time v0.2.25
[INFO] [stderr]   Downloaded zng-color-proc-macros v0.2.7
[INFO] [stderr]   Downloaded pretty-type-name v1.0.1
[INFO] [stderr]   Downloaded zng-clone-move v0.2.5
[INFO] [stderr]   Downloaded atomic v0.6.0
[INFO] [stderr]   Downloaded dunce v1.0.5
[INFO] [stderr]   Downloaded serde_bytes v0.11.15
[INFO] [stderr]   Downloaded zng-app-context v0.5.13
[INFO] [stderr]   Downloaded zng-layout v0.2.31
[INFO] [stderr]   Downloaded zng-var v0.5.10
[INFO] [stderr]   Downloaded windows-core v0.58.0
[INFO] [stderr]   Downloaded unic-langid-impl v0.9.5
[INFO] [stderr]   Downloaded ipc-channel v0.19.0
[INFO] [stderr]   Downloaded zng-view-api v0.11.0
[INFO] [stderr]   Downloaded foldhash v0.1.3
[INFO] [stderr]   Downloaded euclid v0.22.11
[INFO] [stderr]   Downloaded windows-interface v0.58.0
[INFO] [stderr]   Downloaded rustc-hash v2.1.0
[INFO] [stderr]   Downloaded serde_variant v0.1.3
[INFO] [stderr]   Downloaded tracing-shared v0.1.5
[INFO] [stderr]   Downloaded unic-langid v0.9.5
[INFO] [stderr]   Downloaded directories v5.0.1
[INFO] [stderr]   Downloaded zng-unique-id v0.4.8
[INFO] [stderr]   Downloaded windows-implement v0.58.0
[INFO] [stderr]   Downloaded web-time v1.1.0
[INFO] [stderr]   Downloaded console_error_panic_hook v0.1.7
[INFO] [stderr]   Downloaded take_mut v0.2.2
[INFO] [stderr]   Downloaded windows v0.58.0
[INFO] [stderr]   Downloaded zng-var-proc-macros v0.2.8
[INFO] running `Command { std: "docker" "create" "-v" "/var/lib/crater-agent-workspace/builds/worker-6-tc1/target:/opt/rustwide/target:rw,Z" "-v" "/var/lib/crater-agent-workspace/builds/worker-6-tc1/source:/opt/rustwide/workdir:ro,Z" "-v" "/var/lib/crater-agent-workspace/cargo-home:/opt/rustwide/cargo-home:ro,Z" "-v" "/var/lib/crater-agent-workspace/rustup-home:/opt/rustwide/rustup-home:ro,Z" "-e" "SOURCE_DIR=/opt/rustwide/workdir" "-e" "CARGO_TARGET_DIR=/opt/rustwide/target" "-e" "CARGO_HOME=/opt/rustwide/cargo-home" "-e" "RUSTUP_HOME=/opt/rustwide/rustup-home" "-w" "/opt/rustwide/workdir" "-m" "1610612736" "--user" "0:0" "--network" "none" "ghcr.io/rust-lang/crates-build-env/linux@sha256:f3a9d4ad9d972b27faf3965f35b62e55ba32bbce8f20bc8fe909558a86702fde" "/opt/rustwide/cargo-home/bin/cargo" "+1.83.0" "metadata" "--no-deps" "--format-version=1", kill_on_drop: false }`
[INFO] [stdout] 80f7231047633c373de793a6a6c870f170373e320610805b57cc84b4bde684d8
[INFO] running `Command { std: "docker" "start" "-a" "80f7231047633c373de793a6a6c870f170373e320610805b57cc84b4bde684d8", kill_on_drop: false }`
[INFO] running `Command { std: "docker" "inspect" "80f7231047633c373de793a6a6c870f170373e320610805b57cc84b4bde684d8", kill_on_drop: false }`
[INFO] running `Command { std: "docker" "rm" "-f" "80f7231047633c373de793a6a6c870f170373e320610805b57cc84b4bde684d8", kill_on_drop: false }`
[INFO] [stdout] 80f7231047633c373de793a6a6c870f170373e320610805b57cc84b4bde684d8
[INFO] running `Command { std: "docker" "create" "-v" "/var/lib/crater-agent-workspace/builds/worker-6-tc1/target:/opt/rustwide/target:rw,Z" "-v" "/var/lib/crater-agent-workspace/builds/worker-6-tc1/source:/opt/rustwide/workdir:ro,Z" "-v" "/var/lib/crater-agent-workspace/cargo-home:/opt/rustwide/cargo-home:ro,Z" "-v" "/var/lib/crater-agent-workspace/rustup-home:/opt/rustwide/rustup-home:ro,Z" "-e" "SOURCE_DIR=/opt/rustwide/workdir" "-e" "CARGO_TARGET_DIR=/opt/rustwide/target" "-e" "CARGO_INCREMENTAL=0" "-e" "RUST_BACKTRACE=full" "-e" "RUSTFLAGS=--cap-lints=warn" "-e" "RUSTDOCFLAGS=--cap-lints=warn" "-e" "CARGO_HOME=/opt/rustwide/cargo-home" "-e" "RUSTUP_HOME=/opt/rustwide/rustup-home" "-w" "/opt/rustwide/workdir" "-m" "1610612736" "--user" "0:0" "--network" "none" "ghcr.io/rust-lang/crates-build-env/linux@sha256:f3a9d4ad9d972b27faf3965f35b62e55ba32bbce8f20bc8fe909558a86702fde" "/opt/rustwide/cargo-home/bin/cargo" "+1.83.0" "build" "--frozen" "--message-format=json", kill_on_drop: false }`
[INFO] [stdout] 16f53139dca2cca4cbba5fd51b0051c6c37cce0fa52f4dd6c9c6bbf6ee22afbf
[INFO] running `Command { std: "docker" "start" "-a" "16f53139dca2cca4cbba5fd51b0051c6c37cce0fa52f4dd6c9c6bbf6ee22afbf", kill_on_drop: false }`
[INFO] [stderr]    Compiling either v1.13.0
[INFO] [stderr]    Compiling winnow v0.6.20
[INFO] [stderr]    Compiling foldhash v0.1.3
[INFO] [stderr]    Compiling serde v1.0.216
[INFO] [stderr]    Compiling typenum v1.17.0
[INFO] [stderr]    Compiling allocator-api2 v0.2.21
[INFO] [stderr]    Compiling semver v1.0.24
[INFO] [stderr]    Compiling hashbrown v0.15.2
[INFO] [stderr]    Compiling syn v2.0.90
[INFO] [stderr]    Compiling smallvec v1.13.2
[INFO] [stderr]    Compiling paste v1.0.15
[INFO] [stderr]    Compiling option-ext v0.2.0
[INFO] [stderr]    Compiling cpufeatures v0.2.16
[INFO] [stderr]    Compiling num-traits v0.2.19
[INFO] [stderr]    Compiling rustc-hash v2.1.0
[INFO] [stderr]    Compiling zng-app-context v0.5.13
[INFO] [stderr]    Compiling rustix v0.38.42
[INFO] [stderr]    Compiling dirs-sys v0.4.1
[INFO] [stderr]    Compiling linux-raw-sys v0.4.14
[INFO] [stderr]    Compiling cfg_aliases v0.2.1
[INFO] [stderr]    Compiling rayon v1.10.0
[INFO] [stderr]    Compiling zng-var v0.5.10
[INFO] [stderr]    Compiling parking_lot_core v0.9.10
[INFO] [stderr]    Compiling directories v5.0.1
[INFO] [stderr]    Compiling zng-view-api v0.11.0
[INFO] [stderr]    Compiling mio v1.0.3
[INFO] [stderr]    Compiling uuid v1.11.0
[INFO] [stderr]    Compiling spin v0.9.8
[INFO] [stderr]    Compiling pretty-type-name v1.0.1
[INFO] [stderr]    Compiling parking_lot v0.12.3
[INFO] [stderr]    Compiling zng-clone-move v0.2.5
[INFO] [stderr]    Compiling take_mut v0.2.2
[INFO] [stderr]    Compiling zng-handle v0.2.5
[INFO] [stderr]    Compiling flume v0.11.1
[INFO] [stderr]    Compiling dunce v1.0.5
[INFO] [stderr]    Compiling unicode-bidi v0.3.17
[INFO] [stderr]    Compiling indexmap v2.7.0
[INFO] [stderr]    Compiling generic-array v0.14.7
[INFO] [stderr]    Compiling block-buffer v0.10.4
[INFO] [stderr]    Compiling crypto-common v0.1.6
[INFO] [stderr]    Compiling digest v0.10.7
[INFO] [stderr]    Compiling sha2 v0.10.8
[INFO] [stderr]    Compiling serde_derive v1.0.216
[INFO] [stderr]    Compiling bytemuck_derive v1.8.0
[INFO] [stderr]    Compiling tracing-attributes v0.1.28
[INFO] [stderr]    Compiling linkme-impl v0.3.31
[INFO] [stderr]    Compiling zerocopy-derive v0.7.35
[INFO] [stderr]    Compiling displaydoc v0.2.5
[INFO] [stderr]    Compiling zng-var-proc-macros v0.2.8
[INFO] [stderr]    Compiling zng-color-proc-macros v0.2.7
[INFO] [stderr]    Compiling tinystr v0.7.6
[INFO] [stderr]    Compiling linkme v0.3.31
[INFO] [stderr]    Compiling zerocopy v0.7.35
[INFO] [stderr]    Compiling bytemuck v1.20.0
[INFO] [stderr]    Compiling atomic v0.6.0
[INFO] [stderr]    Compiling tracing v0.1.41
[INFO] [stderr]    Compiling tracing-shared v0.1.5
[INFO] [stderr]    Compiling ppv-lite86 v0.2.20
[INFO] [stderr]    Compiling rand_chacha v0.3.1
[INFO] [stderr]    Compiling rand v0.8.5
[INFO] [stderr]    Compiling serde_spanned v0.6.8
[INFO] [stderr]    Compiling toml_datetime v0.6.8
[INFO] [stderr]    Compiling zng-txt v0.2.8
[INFO] [stderr]    Compiling bitflags v2.6.0
[INFO] [stderr]    Compiling euclid v0.22.11
[INFO] [stderr]    Compiling unic-langid-impl v0.9.5
[INFO] [stderr]    Compiling bincode v1.3.3
[INFO] [stderr]    Compiling serde_variant v0.1.3
[INFO] [stderr]    Compiling serde_bytes v0.11.15
[INFO] [stderr]    Compiling toml_edit v0.22.22
[INFO] [stderr]    Compiling zng-unique-id v0.4.8
[INFO] [stderr]    Compiling zng-tp-licenses v0.2.9
[INFO] [stderr]    Compiling unic-langid v0.9.5
[INFO] [stderr]    Compiling zng-unit v0.2.10
[INFO] [stderr]    Compiling toml v0.8.19
[INFO] [stderr]    Compiling tempfile v3.14.0
[INFO] [stderr]    Compiling ipc-channel v0.19.0
[INFO] [stderr]    Compiling zng-env-proc-macros v0.2.2
[INFO] [stderr]    Compiling zng-env v0.3.8
[INFO] [stderr]    Compiling zng-time v0.2.25
[INFO] [stderr]    Compiling zng-layout v0.2.31
[INFO] [stderr]    Compiling zng-color v0.4.0 (/opt/rustwide/workdir)
[INFO] [stderr]     Finished `dev` profile [unoptimized + debuginfo] target(s) in 26.54s
[INFO] running `Command { std: "docker" "inspect" "16f53139dca2cca4cbba5fd51b0051c6c37cce0fa52f4dd6c9c6bbf6ee22afbf", kill_on_drop: false }`
[INFO] running `Command { std: "docker" "rm" "-f" "16f53139dca2cca4cbba5fd51b0051c6c37cce0fa52f4dd6c9c6bbf6ee22afbf", kill_on_drop: false }`
[INFO] [stdout] 16f53139dca2cca4cbba5fd51b0051c6c37cce0fa52f4dd6c9c6bbf6ee22afbf
[INFO] running `Command { std: "docker" "create" "-v" "/var/lib/crater-agent-workspace/builds/worker-6-tc1/target:/opt/rustwide/target:rw,Z" "-v" "/var/lib/crater-agent-workspace/builds/worker-6-tc1/source:/opt/rustwide/workdir:ro,Z" "-v" "/var/lib/crater-agent-workspace/cargo-home:/opt/rustwide/cargo-home:ro,Z" "-v" "/var/lib/crater-agent-workspace/rustup-home:/opt/rustwide/rustup-home:ro,Z" "-e" "SOURCE_DIR=/opt/rustwide/workdir" "-e" "CARGO_TARGET_DIR=/opt/rustwide/target" "-e" "CARGO_INCREMENTAL=0" "-e" "RUST_BACKTRACE=full" "-e" "RUSTFLAGS=--cap-lints=warn" "-e" "RUSTDOCFLAGS=--cap-lints=warn" "-e" "CARGO_HOME=/opt/rustwide/cargo-home" "-e" "RUSTUP_HOME=/opt/rustwide/rustup-home" "-w" "/opt/rustwide/workdir" "-m" "1610612736" "--user" "0:0" "--network" "none" "ghcr.io/rust-lang/crates-build-env/linux@sha256:f3a9d4ad9d972b27faf3965f35b62e55ba32bbce8f20bc8fe909558a86702fde" "/opt/rustwide/cargo-home/bin/cargo" "+1.83.0" "test" "--frozen" "--no-run" "--message-format=json", kill_on_drop: false }`
[INFO] [stdout] c5e2f3da51569da656e7272c0b927d4616cbe2c30d610ecb7a4f4e8f816fa16b
[INFO] running `Command { std: "docker" "start" "-a" "c5e2f3da51569da656e7272c0b927d4616cbe2c30d610ecb7a4f4e8f816fa16b", kill_on_drop: false }`
[INFO] [stderr]    Compiling zng-color v0.4.0 (/opt/rustwide/workdir)
[INFO] [stderr]     Finished `test` profile [unoptimized + debuginfo] target(s) in 2.71s
[INFO] running `Command { std: "docker" "inspect" "c5e2f3da51569da656e7272c0b927d4616cbe2c30d610ecb7a4f4e8f816fa16b", kill_on_drop: false }`
[INFO] running `Command { std: "docker" "rm" "-f" "c5e2f3da51569da656e7272c0b927d4616cbe2c30d610ecb7a4f4e8f816fa16b", kill_on_drop: false }`
[INFO] [stdout] c5e2f3da51569da656e7272c0b927d4616cbe2c30d610ecb7a4f4e8f816fa16b
[INFO] running `Command { std: "docker" "create" "-v" "/var/lib/crater-agent-workspace/builds/worker-6-tc1/target:/opt/rustwide/target:rw,Z" "-v" "/var/lib/crater-agent-workspace/builds/worker-6-tc1/source:/opt/rustwide/workdir:ro,Z" "-v" "/var/lib/crater-agent-workspace/cargo-home:/opt/rustwide/cargo-home:ro,Z" "-v" "/var/lib/crater-agent-workspace/rustup-home:/opt/rustwide/rustup-home:ro,Z" "-e" "SOURCE_DIR=/opt/rustwide/workdir" "-e" "CARGO_TARGET_DIR=/opt/rustwide/target" "-e" "CARGO_INCREMENTAL=0" "-e" "RUST_BACKTRACE=full" "-e" "RUSTFLAGS=--cap-lints=warn" "-e" "RUSTDOCFLAGS=--cap-lints=warn" "-e" "CARGO_HOME=/opt/rustwide/cargo-home" "-e" "RUSTUP_HOME=/opt/rustwide/rustup-home" "-w" "/opt/rustwide/workdir" "-m" "1610612736" "--user" "0:0" "--network" "none" "ghcr.io/rust-lang/crates-build-env/linux@sha256:f3a9d4ad9d972b27faf3965f35b62e55ba32bbce8f20bc8fe909558a86702fde" "/opt/rustwide/cargo-home/bin/cargo" "+1.83.0" "test" "--frozen", kill_on_drop: false }`
[INFO] [stdout] 92783f5a2c473fa4930e242b44e07a605819a076dddfa70f01ad923cec023a67
[INFO] running `Command { std: "docker" "start" "-a" "92783f5a2c473fa4930e242b44e07a605819a076dddfa70f01ad923cec023a67", kill_on_drop: false }`
[INFO] [stderr]     Finished `test` profile [unoptimized + debuginfo] target(s) in 0.08s
[INFO] [stderr]      Running unittests src/lib.rs (/opt/rustwide/target/debug/deps/zng_color-f9e10b3ea21e2dfb)
[INFO] [stdout] 
[INFO] [stdout] running 14 tests
[INFO] [stdout] test gradient::tests::positional_end_stops ... ok
[INFO] [stdout] test gradient::tests::color_hint_layout ... ok
[INFO] [stdout] test gradient::tests::single_color_2_stops_at_end ... ok
[INFO] [stdout] test gradient::tests::color_hint ... ok
[INFO] [stdout] test gradient::tests::single_color_2_stops_at_middle ... ok
[INFO] [stdout] test gradient::tests::single_color_2_stops_at_start ... ok
[INFO] [stdout] test gradient::tests::single_color_2_stops_only ... ok
[INFO] [stdout] test gradient::tests::stops_simple_2 ... ok
[INFO] [stdout] test tests::hsl_color ... ok
[INFO] [stdout] test tests::hsl_red ... ok
[INFO] [stdout] test tests::rgb_to_hsl ... ok
[INFO] [stdout] test tests::rgb_to_hsv ... ok
[INFO] [stdout] test tests::test_hex_color ... ok
[INFO] [stdout] test tests::rgba_display ... ok
[INFO] [stdout] 
[INFO] [stdout] test result: ok. 14 passed; 0 failed; 0 ignored; 0 measured; 0 filtered out; finished in 0.00s
[INFO] [stdout] 
[INFO] [stderr]    Doc-tests zng_color
[INFO] [stdout] 
[INFO] [stdout] running 14 tests
[INFO] [stdout] test src/lib.rs - rgb (line 677) ... FAILED
[INFO] [stdout] test src/mix.rs - mix::MixAdjust::darken (line 94) ... FAILED
[INFO] [stdout] test src/mix.rs - mix::MixAdjust::desaturate (line 107) ... FAILED
[INFO] [stdout] test src/lib.rs - hsla (line 749) ... ok
[INFO] [stdout] test src/lib.rs - hsv (line 779) ... ok
[INFO] [stdout] test src/lib.rs - hsl (line 725) ... ok
[INFO] [stdout] test src/lib.rs - hsva (line 803) ... ok
[INFO] [stdout] test src/gradient.rs - gradient::LinearGradientAxis (line 279) ... ok
[INFO] [stdout] test src/lib.rs - rgba (line 698) ... ok
[INFO] [stdout] test src/mix.rs - mix::MixAdjust::lighten (line 80) ... ok
[INFO] [stdout] test src/gradient.rs - gradient::stops (line 1270) ... ok
[INFO] [stdout] test src/gradient.rs - gradient::stops (line 1251) ... ok
[INFO] [stdout] test src/lib.rs - hex (line 53) ... ok
[INFO] [stdout] test src/filter.rs - filter::Filter (line 21) ... ok
[INFO] [stdout] 
[INFO] [stdout] failures:
[INFO] [stdout] 
[INFO] [stdout] ---- src/lib.rs - rgb (line 677) stdout ----
[INFO] [stdout] error: linking with `cc` failed: exit status: 1
[INFO] [stdout]   |
[INFO] [stdout]   = note: LC_ALL="C" PATH="/opt/rustwide/rustup-home/toolchains/1.83.0-x86_64-unknown-linux-gnu/lib/rustlib/x86_64-unknown-linux-gnu/bin:/opt/rustwide/cargo-home/bin:/usr/local/sbin:/usr/local/bin:/usr/sbin:/usr/bin:/sbin:/bin" VSLANG="1033" "cc" "-m64" "/tmp/rustciMAV5Z/symbols.o" "/tmp/rustdoctestQ3PLRc/rust_out.rust_out.cb03291d53e4e161-cgu.0.rcgu.o" "/tmp/rustdoctestQ3PLRc/rust_out.1s7umcihpz0t7nkz1uc2ifee9.rcgu.o" "-Wl,--as-needed" "-Wl,-Bstatic" "/opt/rustwide/target/debug/deps/libzng_color-cd11e83c81adf390.rlib" "/opt/rustwide/target/debug/deps/libzng_view_api-0045657f8e756ec6.rlib" "/opt/rustwide/target/debug/deps/libzng_tp_licenses-94cd508f897fbd12.rlib" "/opt/rustwide/target/debug/deps/libtracing_shared-ef2ac9a66803ccfe.rlib" "/opt/rustwide/target/debug/deps/libserde_variant-0fe03331f2a19663.rlib" "/opt/rustwide/target/debug/deps/libflume-f44dffbf414ab48d.rlib" "/opt/rustwide/target/debug/deps/libserde_bytes-40ec6cf2461bae87.rlib" "/opt/rustwide/target/debug/deps/libunic_langid-cf4a9858f024499a.rlib" "/opt/rustwide/target/debug/deps/libunic_langid_impl-14daf009b02b4890.rlib" "/opt/rustwide/target/debug/deps/libtinystr-1e375b032fc21b50.rlib" "/opt/rustwide/target/debug/deps/libipc_channel-200aec31ed682118.rlib" "/opt/rustwide/target/debug/deps/libcrossbeam_channel-2b068e04c96a1cbf.rlib" "/opt/rustwide/target/debug/deps/libtempfile-6490ad590af034ab.rlib" "/opt/rustwide/target/debug/deps/libfastrand-33d04f74cb9fe3e0.rlib" "/opt/rustwide/target/debug/deps/librustix-055b2e25338ef5b8.rlib" "/opt/rustwide/target/debug/deps/liblinux_raw_sys-e828328f9118a1ee.rlib" "/opt/rustwide/target/debug/deps/libmio-ac9a5f49f31c3f4d.rlib" "/opt/rustwide/target/debug/deps/liblog-2579a5a2dbce8c4d.rlib" "/opt/rustwide/target/debug/deps/liblazy_static-977f75dcedc2f7be.rlib" "/opt/rustwide/target/debug/deps/libfnv-b4bd047f342dff07.rlib" "/opt/rustwide/target/debug/deps/libbincode-fc07525ce401d349.rlib" "/opt/rustwide/target/debug/deps/libzng_layout-410883d2b9a1b6c8.rlib" "/opt/rustwide/target/debug/deps/libatomic-3f30b100951fd280.rlib" "/opt/rustwide/target/debug/deps/libzng_var-2ec63bd1dffea317.rlib" "/opt/rustwide/target/debug/deps/libtake_mut-5ba4b3b0b13d7646.rlib" "/opt/rustwide/target/debug/deps/libzng_time-b324e88341320920.rlib" "/opt/rustwide/target/debug/deps/libzng_handle-117588b08e7982d9.rlib" "/opt/rustwide/target/debug/deps/libzng_clone_move-52d1aafbb2d2e77c.rlib" "/opt/rustwide/target/debug/deps/libzng_unit-aa8c0e07e4a1c6c8.rlib" "/opt/rustwide/target/debug/deps/libeuclid-7a59b7fa8956657d.rlib" "/opt/rustwide/target/debug/deps/libnum_traits-696d2cc76a84ef40.rlib" "/opt/rustwide/target/debug/deps/libunicode_bidi-b71ebc0b93fe6ac4.rlib" "/opt/rustwide/target/debug/deps/libbitflags-69b5db0fbaeebcff.rlib" "/opt/rustwide/target/debug/deps/libzng_app_context-a0ac7390d66932f7.rlib" "/opt/rustwide/target/debug/deps/libzng_env-6ebc30e6bf46cbf4.rlib" "/opt/rustwide/target/debug/deps/libdirectories-cc1f968c0b5c01a9.rlib" "/opt/rustwide/target/debug/deps/libdirs_sys-2e92a176b1b0991e.rlib" "/opt/rustwide/target/debug/deps/liboption_ext-1501816b3106f187.rlib" "/opt/rustwide/target/debug/deps/libtoml-f3c3919ec09ff3d9.rlib" "/opt/rustwide/target/debug/deps/libtoml_edit-9237f93351bb93f4.rlib" "/opt/rustwide/target/debug/deps/libserde_spanned-1c7b477302ed2f86.rlib" "/opt/rustwide/target/debug/deps/libindexmap-57f3267e31610fed.rlib" "/opt/rustwide/target/debug/deps/libwinnow-44486a17e70ec525.rlib" "/opt/rustwide/target/debug/deps/libtoml_datetime-9f3a52a436e9d2c5.rlib" "/opt/rustwide/target/debug/deps/liblinkme-760268e510d1ae40.rlib" "/opt/rustwide/target/debug/deps/libsemver-777ad106deda5192.rlib" "/opt/rustwide/target/debug/deps/librustc_hash-2959760aa1544c6f.rlib" "/opt/rustwide/target/debug/deps/libbytemuck-18edf6d0af243317.rlib" "/opt/rustwide/target/debug/deps/libzng_unique_id-47a8c223f424c96f.rlib" "/opt/rustwide/target/debug/deps/libtracing-4acd6cf0dd4b352f.rlib" "/opt/rustwide/target/debug/deps/libpin_project_lite-be51d264b86b6c5b.rlib" "/opt/rustwide/target/debug/deps/libtracing_core-9b2ef5bfdc695f2a.rlib" "/opt/rustwide/target/debug/deps/libonce_cell-6f631f2a5f71cecc.rlib" "/opt/rustwide/target/debug/deps/libhashbrown-776667dd6f376999.rlib" "/opt/rustwide/target/debug/deps/libfoldhash-7085108c4e7cb0e0.rlib" "/opt/rustwide/target/debug/deps/libequivalent-4d5cfde55792e26d.rlib" "/opt/rustwide/target/debug/deps/liballocator_api2-88d7b7890afadc02.rlib" "/opt/rustwide/target/debug/deps/librayon-bbbe562a4545d019.rlib" "/opt/rustwide/target/debug/deps/librayon_core-c85d1807022617f5.rlib" "/opt/rustwide/target/debug/deps/libcrossbeam_deque-a3beb0ebfe0441fb.rlib" "/opt/rustwide/target/debug/deps/libcrossbeam_epoch-17a12af7c8a0cc0a.rlib" "/opt/rustwide/target/debug/deps/libcrossbeam_utils-be96993693568ee0.rlib" "/opt/rustwide/target/debug/deps/libeither-1067b48a2d820a8f.rlib" "/opt/rustwide/target/debug/deps/libzng_txt-f48d4afe4509dcc3.rlib" "/opt/rustwide/target/debug/deps/libserde-c6e26029a1c895da.rlib" "/opt/rustwide/target/debug/deps/libparking_lot-6768e3b48a650e7f.rlib" "/opt/rustwide/target/debug/deps/libparking_lot_core-3e282f1d0430dba0.rlib" "/opt/rustwide/target/debug/deps/liblibc-48c07cb418e82d02.rlib" "/opt/rustwide/target/debug/deps/libcfg_if-8217498f8667ada9.rlib" "/opt/rustwide/target/debug/deps/libsmallvec-27682ff183e60130.rlib" "/opt/rustwide/target/debug/deps/liblock_api-a23216ec06dff3bb.rlib" "/opt/rustwide/target/debug/deps/libscopeguard-d59b845c07f126eb.rlib" "/opt/rustwide/rustup-home/toolchains/1.83.0-x86_64-unknown-linux-gnu/lib/rustlib/x86_64-unknown-linux-gnu/lib/libstd-ca74a2d9c5166d9f.rlib" "/opt/rustwide/rustup-home/toolchains/1.83.0-x86_64-unknown-linux-gnu/lib/rustlib/x86_64-unknown-linux-gnu/lib/libpanic_unwind-e31ab23316ed5080.rlib" "/opt/rustwide/rustup-home/toolchains/1.83.0-x86_64-unknown-linux-gnu/lib/rustlib/x86_64-unknown-linux-gnu/lib/libobject-27dc4aa955912662.rlib" "/opt/rustwide/rustup-home/toolchains/1.83.0-x86_64-unknown-linux-gnu/lib/rustlib/x86_64-unknown-linux-gnu/lib/libmemchr-bd0d6cccce077b99.rlib" "/opt/rustwide/rustup-home/toolchains/1.83.0-x86_64-unknown-linux-gnu/lib/rustlib/x86_64-unknown-linux-gnu/lib/libaddr2line-8d001680935b5e3c.rlib" "/opt/rustwide/rustup-home/toolchains/1.83.0-x86_64-unknown-linux-gnu/lib/rustlib/x86_64-unknown-linux-gnu/lib/libgimli-ba8ce71964f984f4.rlib" "/opt/rustwide/rustup-home/toolchains/1.83.0-x86_64-unknown-linux-gnu/lib/rustlib/x86_64-unknown-linux-gnu/lib/librustc_demangle-99a73526abcec14b.rlib" "/opt/rustwide/rustup-home/toolchains/1.83.0-x86_64-unknown-linux-gnu/lib/rustlib/x86_64-unknown-linux-gnu/lib/libstd_detect-63ac0d22cff92579.rlib" "/opt/rustwide/rustup-home/toolchains/1.83.0-x86_64-unknown-linux-gnu/lib/rustlib/x86_64-unknown-linux-gnu/lib/libhashbrown-9057355c92c922d5.rlib" "/opt/rustwide/rustup-home/toolchains/1.83.0-x86_64-unknown-linux-gnu/lib/rustlib/x86_64-unknown-linux-gnu/lib/librustc_std_workspace_alloc-358be9bc1f6bab04.rlib" "/opt/rustwide/rustup-home/toolchains/1.83.0-x86_64-unknown-linux-gnu/lib/rustlib/x86_64-unknown-linux-gnu/lib/libminiz_oxide-aca15549d5bff974.rlib" "/opt/rustwide/rustup-home/toolchains/1.83.0-x86_64-unknown-linux-gnu/lib/rustlib/x86_64-unknown-linux-gnu/lib/libadler-8251d2cef7072448.rlib" "/opt/rustwide/rustup-home/toolchains/1.83.0-x86_64-unknown-linux-gnu/lib/rustlib/x86_64-unknown-linux-gnu/lib/libunwind-7d50b86011c66411.rlib" "/opt/rustwide/rustup-home/toolchains/1.83.0-x86_64-unknown-linux-gnu/lib/rustlib/x86_64-unknown-linux-gnu/lib/libcfg_if-51ea098fce5006bf.rlib" "/opt/rustwide/rustup-home/toolchains/1.83.0-x86_64-unknown-linux-gnu/lib/rustlib/x86_64-unknown-linux-gnu/lib/liblibc-5a14e0d0b712e731.rlib" "/opt/rustwide/rustup-home/toolchains/1.83.0-x86_64-unknown-linux-gnu/lib/rustlib/x86_64-unknown-linux-gnu/lib/liballoc-8b83dbf3a7b8f999.rlib" "/opt/rustwide/rustup-home/toolchains/1.83.0-x86_64-unknown-linux-gnu/lib/rustlib/x86_64-unknown-linux-gnu/lib/librustc_std_workspace_core-c6fd227bdc7b39ff.rlib" "/opt/rustwide/rustup-home/toolchains/1.83.0-x86_64-unknown-linux-gnu/lib/rustlib/x86_64-unknown-linux-gnu/lib/libcore-959d3389fa3da8a5.rlib" "/opt/rustwide/rustup-home/toolchains/1.83.0-x86_64-unknown-linux-gnu/lib/rustlib/x86_64-unknown-linux-gnu/lib/libcompiler_builtins-abe05db089cc2c62.rlib" "-Wl,-Bdynamic" "-lgcc_s" "-lutil" "-lrt" "-lpthread" "-lm" "-ldl" "-lc" "-Wl,--eh-frame-hdr" "-Wl,-z,noexecstack" "-L" "/opt/rustwide/rustup-home/toolchains/1.83.0-x86_64-unknown-linux-gnu/lib/rustlib/x86_64-unknown-linux-gnu/lib" "-o" "/tmp/rustdoctestQ3PLRc/rust_out" "-Wl,--gc-sections" "-pie" "-Wl,-z,relro,-z,now" "-nodefaultlibs"
[INFO] [stdout]   = note: collect2: fatal error: ld terminated with signal 9 [Killed]
[INFO] [stdout]           compilation terminated.
[INFO] [stdout]           
[INFO] [stdout] 
[INFO] [stdout] error: aborting due to 1 previous error
[INFO] [stdout] 
[INFO] [stdout] Couldn't compile the test.
[INFO] [stdout] ---- src/mix.rs - mix::MixAdjust::darken (line 94) stdout ----
[INFO] [stdout] error: linking with `cc` failed: exit status: 1
[INFO] [stdout]   |
[INFO] [stdout]   = note: LC_ALL="C" PATH="/opt/rustwide/rustup-home/toolchains/1.83.0-x86_64-unknown-linux-gnu/lib/rustlib/x86_64-unknown-linux-gnu/bin:/opt/rustwide/cargo-home/bin:/usr/local/sbin:/usr/local/bin:/usr/sbin:/usr/bin:/sbin:/bin" VSLANG="1033" "cc" "-m64" "/tmp/rustcTHcfhx/symbols.o" "/tmp/rustdoctestHc6nvj/rust_out.rust_out.cb03291d53e4e161-cgu.0.rcgu.o" "/tmp/rustdoctestHc6nvj/rust_out.1s7umcihpz0t7nkz1uc2ifee9.rcgu.o" "-Wl,--as-needed" "-Wl,-Bstatic" "/opt/rustwide/target/debug/deps/libzng_color-cd11e83c81adf390.rlib" "/opt/rustwide/target/debug/deps/libzng_view_api-0045657f8e756ec6.rlib" "/opt/rustwide/target/debug/deps/libzng_tp_licenses-94cd508f897fbd12.rlib" "/opt/rustwide/target/debug/deps/libtracing_shared-ef2ac9a66803ccfe.rlib" "/opt/rustwide/target/debug/deps/libserde_variant-0fe03331f2a19663.rlib" "/opt/rustwide/target/debug/deps/libflume-f44dffbf414ab48d.rlib" "/opt/rustwide/target/debug/deps/libserde_bytes-40ec6cf2461bae87.rlib" "/opt/rustwide/target/debug/deps/libunic_langid-cf4a9858f024499a.rlib" "/opt/rustwide/target/debug/deps/libunic_langid_impl-14daf009b02b4890.rlib" "/opt/rustwide/target/debug/deps/libtinystr-1e375b032fc21b50.rlib" "/opt/rustwide/target/debug/deps/libipc_channel-200aec31ed682118.rlib" "/opt/rustwide/target/debug/deps/libcrossbeam_channel-2b068e04c96a1cbf.rlib" "/opt/rustwide/target/debug/deps/libtempfile-6490ad590af034ab.rlib" "/opt/rustwide/target/debug/deps/libfastrand-33d04f74cb9fe3e0.rlib" "/opt/rustwide/target/debug/deps/librustix-055b2e25338ef5b8.rlib" "/opt/rustwide/target/debug/deps/liblinux_raw_sys-e828328f9118a1ee.rlib" "/opt/rustwide/target/debug/deps/libmio-ac9a5f49f31c3f4d.rlib" "/opt/rustwide/target/debug/deps/liblog-2579a5a2dbce8c4d.rlib" "/opt/rustwide/target/debug/deps/liblazy_static-977f75dcedc2f7be.rlib" "/opt/rustwide/target/debug/deps/libfnv-b4bd047f342dff07.rlib" "/opt/rustwide/target/debug/deps/libbincode-fc07525ce401d349.rlib" "/opt/rustwide/target/debug/deps/libzng_layout-410883d2b9a1b6c8.rlib" "/opt/rustwide/target/debug/deps/libatomic-3f30b100951fd280.rlib" "/opt/rustwide/target/debug/deps/libzng_var-2ec63bd1dffea317.rlib" "/opt/rustwide/target/debug/deps/libtake_mut-5ba4b3b0b13d7646.rlib" "/opt/rustwide/target/debug/deps/libzng_time-b324e88341320920.rlib" "/opt/rustwide/target/debug/deps/libzng_handle-117588b08e7982d9.rlib" "/opt/rustwide/target/debug/deps/libzng_clone_move-52d1aafbb2d2e77c.rlib" "/opt/rustwide/target/debug/deps/libzng_unit-aa8c0e07e4a1c6c8.rlib" "/opt/rustwide/target/debug/deps/libeuclid-7a59b7fa8956657d.rlib" "/opt/rustwide/target/debug/deps/libnum_traits-696d2cc76a84ef40.rlib" "/opt/rustwide/target/debug/deps/libunicode_bidi-b71ebc0b93fe6ac4.rlib" "/opt/rustwide/target/debug/deps/libbitflags-69b5db0fbaeebcff.rlib" "/opt/rustwide/target/debug/deps/libzng_app_context-a0ac7390d66932f7.rlib" "/opt/rustwide/target/debug/deps/libzng_env-6ebc30e6bf46cbf4.rlib" "/opt/rustwide/target/debug/deps/libdirectories-cc1f968c0b5c01a9.rlib" "/opt/rustwide/target/debug/deps/libdirs_sys-2e92a176b1b0991e.rlib" "/opt/rustwide/target/debug/deps/liboption_ext-1501816b3106f187.rlib" "/opt/rustwide/target/debug/deps/libtoml-f3c3919ec09ff3d9.rlib" "/opt/rustwide/target/debug/deps/libtoml_edit-9237f93351bb93f4.rlib" "/opt/rustwide/target/debug/deps/libserde_spanned-1c7b477302ed2f86.rlib" "/opt/rustwide/target/debug/deps/libindexmap-57f3267e31610fed.rlib" "/opt/rustwide/target/debug/deps/libwinnow-44486a17e70ec525.rlib" "/opt/rustwide/target/debug/deps/libtoml_datetime-9f3a52a436e9d2c5.rlib" "/opt/rustwide/target/debug/deps/liblinkme-760268e510d1ae40.rlib" "/opt/rustwide/target/debug/deps/libsemver-777ad106deda5192.rlib" "/opt/rustwide/target/debug/deps/librustc_hash-2959760aa1544c6f.rlib" "/opt/rustwide/target/debug/deps/libbytemuck-18edf6d0af243317.rlib" "/opt/rustwide/target/debug/deps/libzng_unique_id-47a8c223f424c96f.rlib" "/opt/rustwide/target/debug/deps/libtracing-4acd6cf0dd4b352f.rlib" "/opt/rustwide/target/debug/deps/libpin_project_lite-be51d264b86b6c5b.rlib" "/opt/rustwide/target/debug/deps/libtracing_core-9b2ef5bfdc695f2a.rlib" "/opt/rustwide/target/debug/deps/libonce_cell-6f631f2a5f71cecc.rlib" "/opt/rustwide/target/debug/deps/libhashbrown-776667dd6f376999.rlib" "/opt/rustwide/target/debug/deps/libfoldhash-7085108c4e7cb0e0.rlib" "/opt/rustwide/target/debug/deps/libequivalent-4d5cfde55792e26d.rlib" "/opt/rustwide/target/debug/deps/liballocator_api2-88d7b7890afadc02.rlib" "/opt/rustwide/target/debug/deps/librayon-bbbe562a4545d019.rlib" "/opt/rustwide/target/debug/deps/librayon_core-c85d1807022617f5.rlib" "/opt/rustwide/target/debug/deps/libcrossbeam_deque-a3beb0ebfe0441fb.rlib" "/opt/rustwide/target/debug/deps/libcrossbeam_epoch-17a12af7c8a0cc0a.rlib" "/opt/rustwide/target/debug/deps/libcrossbeam_utils-be96993693568ee0.rlib" "/opt/rustwide/target/debug/deps/libeither-1067b48a2d820a8f.rlib" "/opt/rustwide/target/debug/deps/libzng_txt-f48d4afe4509dcc3.rlib" "/opt/rustwide/target/debug/deps/libserde-c6e26029a1c895da.rlib" "/opt/rustwide/target/debug/deps/libparking_lot-6768e3b48a650e7f.rlib" "/opt/rustwide/target/debug/deps/libparking_lot_core-3e282f1d0430dba0.rlib" "/opt/rustwide/target/debug/deps/liblibc-48c07cb418e82d02.rlib" "/opt/rustwide/target/debug/deps/libcfg_if-8217498f8667ada9.rlib" "/opt/rustwide/target/debug/deps/libsmallvec-27682ff183e60130.rlib" "/opt/rustwide/target/debug/deps/liblock_api-a23216ec06dff3bb.rlib" "/opt/rustwide/target/debug/deps/libscopeguard-d59b845c07f126eb.rlib" "/opt/rustwide/rustup-home/toolchains/1.83.0-x86_64-unknown-linux-gnu/lib/rustlib/x86_64-unknown-linux-gnu/lib/libstd-ca74a2d9c5166d9f.rlib" "/opt/rustwide/rustup-home/toolchains/1.83.0-x86_64-unknown-linux-gnu/lib/rustlib/x86_64-unknown-linux-gnu/lib/libpanic_unwind-e31ab23316ed5080.rlib" "/opt/rustwide/rustup-home/toolchains/1.83.0-x86_64-unknown-linux-gnu/lib/rustlib/x86_64-unknown-linux-gnu/lib/libobject-27dc4aa955912662.rlib" "/opt/rustwide/rustup-home/toolchains/1.83.0-x86_64-unknown-linux-gnu/lib/rustlib/x86_64-unknown-linux-gnu/lib/libmemchr-bd0d6cccce077b99.rlib" "/opt/rustwide/rustup-home/toolchains/1.83.0-x86_64-unknown-linux-gnu/lib/rustlib/x86_64-unknown-linux-gnu/lib/libaddr2line-8d001680935b5e3c.rlib" "/opt/rustwide/rustup-home/toolchains/1.83.0-x86_64-unknown-linux-gnu/lib/rustlib/x86_64-unknown-linux-gnu/lib/libgimli-ba8ce71964f984f4.rlib" "/opt/rustwide/rustup-home/toolchains/1.83.0-x86_64-unknown-linux-gnu/lib/rustlib/x86_64-unknown-linux-gnu/lib/librustc_demangle-99a73526abcec14b.rlib" "/opt/rustwide/rustup-home/toolchains/1.83.0-x86_64-unknown-linux-gnu/lib/rustlib/x86_64-unknown-linux-gnu/lib/libstd_detect-63ac0d22cff92579.rlib" "/opt/rustwide/rustup-home/toolchains/1.83.0-x86_64-unknown-linux-gnu/lib/rustlib/x86_64-unknown-linux-gnu/lib/libhashbrown-9057355c92c922d5.rlib" "/opt/rustwide/rustup-home/toolchains/1.83.0-x86_64-unknown-linux-gnu/lib/rustlib/x86_64-unknown-linux-gnu/lib/librustc_std_workspace_alloc-358be9bc1f6bab04.rlib" "/opt/rustwide/rustup-home/toolchains/1.83.0-x86_64-unknown-linux-gnu/lib/rustlib/x86_64-unknown-linux-gnu/lib/libminiz_oxide-aca15549d5bff974.rlib" "/opt/rustwide/rustup-home/toolchains/1.83.0-x86_64-unknown-linux-gnu/lib/rustlib/x86_64-unknown-linux-gnu/lib/libadler-8251d2cef7072448.rlib" "/opt/rustwide/rustup-home/toolchains/1.83.0-x86_64-unknown-linux-gnu/lib/rustlib/x86_64-unknown-linux-gnu/lib/libunwind-7d50b86011c66411.rlib" "/opt/rustwide/rustup-home/toolchains/1.83.0-x86_64-unknown-linux-gnu/lib/rustlib/x86_64-unknown-linux-gnu/lib/libcfg_if-51ea098fce5006bf.rlib" "/opt/rustwide/rustup-home/toolchains/1.83.0-x86_64-unknown-linux-gnu/lib/rustlib/x86_64-unknown-linux-gnu/lib/liblibc-5a14e0d0b712e731.rlib" "/opt/rustwide/rustup-home/toolchains/1.83.0-x86_64-unknown-linux-gnu/lib/rustlib/x86_64-unknown-linux-gnu/lib/liballoc-8b83dbf3a7b8f999.rlib" "/opt/rustwide/rustup-home/toolchains/1.83.0-x86_64-unknown-linux-gnu/lib/rustlib/x86_64-unknown-linux-gnu/lib/librustc_std_workspace_core-c6fd227bdc7b39ff.rlib" "/opt/rustwide/rustup-home/toolchains/1.83.0-x86_64-unknown-linux-gnu/lib/rustlib/x86_64-unknown-linux-gnu/lib/libcore-959d3389fa3da8a5.rlib" "/opt/rustwide/rustup-home/toolchains/1.83.0-x86_64-unknown-linux-gnu/lib/rustlib/x86_64-unknown-linux-gnu/lib/libcompiler_builtins-abe05db089cc2c62.rlib" "-Wl,-Bdynamic" "-lgcc_s" "-lutil" "-lrt" "-lpthread" "-lm" "-ldl" "-lc" "-Wl,--eh-frame-hdr" "-Wl,-z,noexecstack" "-L" "/opt/rustwide/rustup-home/toolchains/1.83.0-x86_64-unknown-linux-gnu/lib/rustlib/x86_64-unknown-linux-gnu/lib" "-o" "/tmp/rustdoctestHc6nvj/rust_out" "-Wl,--gc-sections" "-pie" "-Wl,-z,relro,-z,now" "-nodefaultlibs"
[INFO] [stdout]   = note: collect2: fatal error: ld terminated with signal 9 [Killed]
[INFO] [stdout]           compilation terminated.
[INFO] [stdout]           
[INFO] [stdout] 
[INFO] [stdout] error: aborting due to 1 previous error
[INFO] [stdout] 
[INFO] [stdout] Couldn't compile the test.
[INFO] [stdout] ---- src/mix.rs - mix::MixAdjust::desaturate (line 107) stdout ----
[INFO] [stdout] error: linking with `cc` failed: exit status: 1
[INFO] [stdout]   |
[INFO] [stdout]   = note: LC_ALL="C" PATH="/opt/rustwide/rustup-home/toolchains/1.83.0-x86_64-unknown-linux-gnu/lib/rustlib/x86_64-unknown-linux-gnu/bin:/opt/rustwide/cargo-home/bin:/usr/local/sbin:/usr/local/bin:/usr/sbin:/usr/bin:/sbin:/bin" VSLANG="1033" "cc" "-m64" "/tmp/rustcAT8Fzy/symbols.o" "/tmp/rustdoctest9CkKYe/rust_out.rust_out.cb03291d53e4e161-cgu.0.rcgu.o" "/tmp/rustdoctest9CkKYe/rust_out.1s7umcihpz0t7nkz1uc2ifee9.rcgu.o" "-Wl,--as-needed" "-Wl,-Bstatic" "/opt/rustwide/target/debug/deps/libzng_color-cd11e83c81adf390.rlib" "/opt/rustwide/target/debug/deps/libzng_view_api-0045657f8e756ec6.rlib" "/opt/rustwide/target/debug/deps/libzng_tp_licenses-94cd508f897fbd12.rlib" "/opt/rustwide/target/debug/deps/libtracing_shared-ef2ac9a66803ccfe.rlib" "/opt/rustwide/target/debug/deps/libserde_variant-0fe03331f2a19663.rlib" "/opt/rustwide/target/debug/deps/libflume-f44dffbf414ab48d.rlib" "/opt/rustwide/target/debug/deps/libserde_bytes-40ec6cf2461bae87.rlib" "/opt/rustwide/target/debug/deps/libunic_langid-cf4a9858f024499a.rlib" "/opt/rustwide/target/debug/deps/libunic_langid_impl-14daf009b02b4890.rlib" "/opt/rustwide/target/debug/deps/libtinystr-1e375b032fc21b50.rlib" "/opt/rustwide/target/debug/deps/libipc_channel-200aec31ed682118.rlib" "/opt/rustwide/target/debug/deps/libcrossbeam_channel-2b068e04c96a1cbf.rlib" "/opt/rustwide/target/debug/deps/libtempfile-6490ad590af034ab.rlib" "/opt/rustwide/target/debug/deps/libfastrand-33d04f74cb9fe3e0.rlib" "/opt/rustwide/target/debug/deps/librustix-055b2e25338ef5b8.rlib" "/opt/rustwide/target/debug/deps/liblinux_raw_sys-e828328f9118a1ee.rlib" "/opt/rustwide/target/debug/deps/libmio-ac9a5f49f31c3f4d.rlib" "/opt/rustwide/target/debug/deps/liblog-2579a5a2dbce8c4d.rlib" "/opt/rustwide/target/debug/deps/liblazy_static-977f75dcedc2f7be.rlib" "/opt/rustwide/target/debug/deps/libfnv-b4bd047f342dff07.rlib" "/opt/rustwide/target/debug/deps/libbincode-fc07525ce401d349.rlib" "/opt/rustwide/target/debug/deps/libzng_layout-410883d2b9a1b6c8.rlib" "/opt/rustwide/target/debug/deps/libatomic-3f30b100951fd280.rlib" "/opt/rustwide/target/debug/deps/libzng_var-2ec63bd1dffea317.rlib" "/opt/rustwide/target/debug/deps/libtake_mut-5ba4b3b0b13d7646.rlib" "/opt/rustwide/target/debug/deps/libzng_time-b324e88341320920.rlib" "/opt/rustwide/target/debug/deps/libzng_handle-117588b08e7982d9.rlib" "/opt/rustwide/target/debug/deps/libzng_clone_move-52d1aafbb2d2e77c.rlib" "/opt/rustwide/target/debug/deps/libzng_unit-aa8c0e07e4a1c6c8.rlib" "/opt/rustwide/target/debug/deps/libeuclid-7a59b7fa8956657d.rlib" "/opt/rustwide/target/debug/deps/libnum_traits-696d2cc76a84ef40.rlib" "/opt/rustwide/target/debug/deps/libunicode_bidi-b71ebc0b93fe6ac4.rlib" "/opt/rustwide/target/debug/deps/libbitflags-69b5db0fbaeebcff.rlib" "/opt/rustwide/target/debug/deps/libzng_app_context-a0ac7390d66932f7.rlib" "/opt/rustwide/target/debug/deps/libzng_env-6ebc30e6bf46cbf4.rlib" "/opt/rustwide/target/debug/deps/libdirectories-cc1f968c0b5c01a9.rlib" "/opt/rustwide/target/debug/deps/libdirs_sys-2e92a176b1b0991e.rlib" "/opt/rustwide/target/debug/deps/liboption_ext-1501816b3106f187.rlib" "/opt/rustwide/target/debug/deps/libtoml-f3c3919ec09ff3d9.rlib" "/opt/rustwide/target/debug/deps/libtoml_edit-9237f93351bb93f4.rlib" "/opt/rustwide/target/debug/deps/libserde_spanned-1c7b477302ed2f86.rlib" "/opt/rustwide/target/debug/deps/libindexmap-57f3267e31610fed.rlib" "/opt/rustwide/target/debug/deps/libwinnow-44486a17e70ec525.rlib" "/opt/rustwide/target/debug/deps/libtoml_datetime-9f3a52a436e9d2c5.rlib" "/opt/rustwide/target/debug/deps/liblinkme-760268e510d1ae40.rlib" "/opt/rustwide/target/debug/deps/libsemver-777ad106deda5192.rlib" "/opt/rustwide/target/debug/deps/librustc_hash-2959760aa1544c6f.rlib" "/opt/rustwide/target/debug/deps/libbytemuck-18edf6d0af243317.rlib" "/opt/rustwide/target/debug/deps/libzng_unique_id-47a8c223f424c96f.rlib" "/opt/rustwide/target/debug/deps/libtracing-4acd6cf0dd4b352f.rlib" "/opt/rustwide/target/debug/deps/libpin_project_lite-be51d264b86b6c5b.rlib" "/opt/rustwide/target/debug/deps/libtracing_core-9b2ef5bfdc695f2a.rlib" "/opt/rustwide/target/debug/deps/libonce_cell-6f631f2a5f71cecc.rlib" "/opt/rustwide/target/debug/deps/libhashbrown-776667dd6f376999.rlib" "/opt/rustwide/target/debug/deps/libfoldhash-7085108c4e7cb0e0.rlib" "/opt/rustwide/target/debug/deps/libequivalent-4d5cfde55792e26d.rlib" "/opt/rustwide/target/debug/deps/liballocator_api2-88d7b7890afadc02.rlib" "/opt/rustwide/target/debug/deps/librayon-bbbe562a4545d019.rlib" "/opt/rustwide/target/debug/deps/librayon_core-c85d1807022617f5.rlib" "/opt/rustwide/target/debug/deps/libcrossbeam_deque-a3beb0ebfe0441fb.rlib" "/opt/rustwide/target/debug/deps/libcrossbeam_epoch-17a12af7c8a0cc0a.rlib" "/opt/rustwide/target/debug/deps/libcrossbeam_utils-be96993693568ee0.rlib" "/opt/rustwide/target/debug/deps/libeither-1067b48a2d820a8f.rlib" "/opt/rustwide/target/debug/deps/libzng_txt-f48d4afe4509dcc3.rlib" "/opt/rustwide/target/debug/deps/libserde-c6e26029a1c895da.rlib" "/opt/rustwide/target/debug/deps/libparking_lot-6768e3b48a650e7f.rlib" "/opt/rustwide/target/debug/deps/libparking_lot_core-3e282f1d0430dba0.rlib" "/opt/rustwide/target/debug/deps/liblibc-48c07cb418e82d02.rlib" "/opt/rustwide/target/debug/deps/libcfg_if-8217498f8667ada9.rlib" "/opt/rustwide/target/debug/deps/libsmallvec-27682ff183e60130.rlib" "/opt/rustwide/target/debug/deps/liblock_api-a23216ec06dff3bb.rlib" "/opt/rustwide/target/debug/deps/libscopeguard-d59b845c07f126eb.rlib" "/opt/rustwide/rustup-home/toolchains/1.83.0-x86_64-unknown-linux-gnu/lib/rustlib/x86_64-unknown-linux-gnu/lib/libstd-ca74a2d9c5166d9f.rlib" "/opt/rustwide/rustup-home/toolchains/1.83.0-x86_64-unknown-linux-gnu/lib/rustlib/x86_64-unknown-linux-gnu/lib/libpanic_unwind-e31ab23316ed5080.rlib" "/opt/rustwide/rustup-home/toolchains/1.83.0-x86_64-unknown-linux-gnu/lib/rustlib/x86_64-unknown-linux-gnu/lib/libobject-27dc4aa955912662.rlib" "/opt/rustwide/rustup-home/toolchains/1.83.0-x86_64-unknown-linux-gnu/lib/rustlib/x86_64-unknown-linux-gnu/lib/libmemchr-bd0d6cccce077b99.rlib" "/opt/rustwide/rustup-home/toolchains/1.83.0-x86_64-unknown-linux-gnu/lib/rustlib/x86_64-unknown-linux-gnu/lib/libaddr2line-8d001680935b5e3c.rlib" "/opt/rustwide/rustup-home/toolchains/1.83.0-x86_64-unknown-linux-gnu/lib/rustlib/x86_64-unknown-linux-gnu/lib/libgimli-ba8ce71964f984f4.rlib" "/opt/rustwide/rustup-home/toolchains/1.83.0-x86_64-unknown-linux-gnu/lib/rustlib/x86_64-unknown-linux-gnu/lib/librustc_demangle-99a73526abcec14b.rlib" "/opt/rustwide/rustup-home/toolchains/1.83.0-x86_64-unknown-linux-gnu/lib/rustlib/x86_64-unknown-linux-gnu/lib/libstd_detect-63ac0d22cff92579.rlib" "/opt/rustwide/rustup-home/toolchains/1.83.0-x86_64-unknown-linux-gnu/lib/rustlib/x86_64-unknown-linux-gnu/lib/libhashbrown-9057355c92c922d5.rlib" "/opt/rustwide/rustup-home/toolchains/1.83.0-x86_64-unknown-linux-gnu/lib/rustlib/x86_64-unknown-linux-gnu/lib/librustc_std_workspace_alloc-358be9bc1f6bab04.rlib" "/opt/rustwide/rustup-home/toolchains/1.83.0-x86_64-unknown-linux-gnu/lib/rustlib/x86_64-unknown-linux-gnu/lib/libminiz_oxide-aca15549d5bff974.rlib" "/opt/rustwide/rustup-home/toolchains/1.83.0-x86_64-unknown-linux-gnu/lib/rustlib/x86_64-unknown-linux-gnu/lib/libadler-8251d2cef7072448.rlib" "/opt/rustwide/rustup-home/toolchains/1.83.0-x86_64-unknown-linux-gnu/lib/rustlib/x86_64-unknown-linux-gnu/lib/libunwind-7d50b86011c66411.rlib" "/opt/rustwide/rustup-home/toolchains/1.83.0-x86_64-unknown-linux-gnu/lib/rustlib/x86_64-unknown-linux-gnu/lib/libcfg_if-51ea098fce5006bf.rlib" "/opt/rustwide/rustup-home/toolchains/1.83.0-x86_64-unknown-linux-gnu/lib/rustlib/x86_64-unknown-linux-gnu/lib/liblibc-5a14e0d0b712e731.rlib" "/opt/rustwide/rustup-home/toolchains/1.83.0-x86_64-unknown-linux-gnu/lib/rustlib/x86_64-unknown-linux-gnu/lib/liballoc-8b83dbf3a7b8f999.rlib" "/opt/rustwide/rustup-home/toolchains/1.83.0-x86_64-unknown-linux-gnu/lib/rustlib/x86_64-unknown-linux-gnu/lib/librustc_std_workspace_core-c6fd227bdc7b39ff.rlib" "/opt/rustwide/rustup-home/toolchains/1.83.0-x86_64-unknown-linux-gnu/lib/rustlib/x86_64-unknown-linux-gnu/lib/libcore-959d3389fa3da8a5.rlib" "/opt/rustwide/rustup-home/toolchains/1.83.0-x86_64-unknown-linux-gnu/lib/rustlib/x86_64-unknown-linux-gnu/lib/libcompiler_builtins-abe05db089cc2c62.rlib" "-Wl,-Bdynamic" "-lgcc_s" "-lutil" "-lrt" "-lpthread" "-lm" "-ldl" "-lc" "-Wl,--eh-frame-hdr" "-Wl,-z,noexecstack" "-L" "/opt/rustwide/rustup-home/toolchains/1.83.0-x86_64-unknown-linux-gnu/lib/rustlib/x86_64-unknown-linux-gnu/lib" "-o" "/tmp/rustdoctest9CkKYe/rust_out" "-Wl,--gc-sections" "-pie" "-Wl,-z,relro,-z,now" "-nodefaultlibs"
[INFO] [stdout]   = note: collect2: fatal error: ld terminated with signal 9 [Killed]
[INFO] [stdout]           compilation terminated.
[INFO] [stdout]           
[INFO] [stdout] 
[INFO] [stdout] error: aborting due to 1 previous error
[INFO] [stdout] 
[INFO] [stdout] Couldn't compile the test.
[INFO] [stdout] 
[INFO] [stdout] failures:
[INFO] [stdout]     src/lib.rs - rgb (line 677)
[INFO] [stdout]     src/mix.rs - mix::MixAdjust::darken (line 94)
[INFO] [stdout]     src/mix.rs - mix::MixAdjust::desaturate (line 107)
[INFO] [stdout] 
[INFO] [stdout] test result: FAILED. 11 passed; 3 failed; 0 ignored; 0 measured; 0 filtered out; finished in 2.03s
[INFO] [stdout] 
[INFO] [stderr] error: doctest failed, to rerun pass `--doc`
[INFO] running `Command { std: "docker" "inspect" "92783f5a2c473fa4930e242b44e07a605819a076dddfa70f01ad923cec023a67", kill_on_drop: false }`
[INFO] running `Command { std: "docker" "rm" "-f" "92783f5a2c473fa4930e242b44e07a605819a076dddfa70f01ad923cec023a67", kill_on_drop: false }`
[INFO] [stdout] 92783f5a2c473fa4930e242b44e07a605819a076dddfa70f01ad923cec023a67
