[INFO] fetching crate zkryptium 0.3.1...
[INFO] testing zkryptium-0.3.1 against 1.83.0 for beta-1.84.0-4-retry
[INFO] extracting crate zkryptium 0.3.1 into /workspace/builds/worker-3-tc1/source
[INFO] validating manifest of crates.io crate zkryptium 0.3.1 on toolchain 1.83.0
[INFO] running `Command { std: CARGO_HOME="/workspace/cargo-home" RUSTUP_HOME="/workspace/rustup-home" "/workspace/cargo-home/bin/cargo" "+1.83.0" "metadata" "--manifest-path" "Cargo.toml" "--no-deps", kill_on_drop: false }`
[INFO] started tweaking crates.io crate zkryptium 0.3.1
[INFO] removed 0 missing examples
[INFO] finished tweaking crates.io crate zkryptium 0.3.1
[INFO] tweaked toml for crates.io crate zkryptium 0.3.1 written to /workspace/builds/worker-3-tc1/source/Cargo.toml
[INFO] crate crates.io crate zkryptium 0.3.1 already has a lockfile, it will not be regenerated
[INFO] running `Command { std: CARGO_HOME="/workspace/cargo-home" RUSTUP_HOME="/workspace/rustup-home" "/workspace/cargo-home/bin/cargo" "+1.83.0" "fetch" "--manifest-path" "Cargo.toml", kill_on_drop: false }`
[INFO] [stderr]     Updating crates.io index
[INFO] [stderr]  Downloading crates ...
[INFO] [stderr]   Downloaded thiserror v1.0.64
[INFO] [stderr]   Downloaded cpufeatures v0.2.14
[INFO] [stderr]   Downloaded proc-macro2 v1.0.87
[INFO] [stderr]   Downloaded unicode-ident v1.0.13
[INFO] [stderr]   Downloaded cargo-platform v0.1.8
[INFO] [stderr]   Downloaded hermit-abi v0.4.0
[INFO] [stderr]   Downloaded ansi_term v0.12.1
[INFO] [stderr]   Downloaded anyhow v1.0.89
[INFO] [stderr]   Downloaded elliptic-curve v0.13.8
[INFO] [stderr]   Downloaded serde v1.0.210
[INFO] [stderr]   Downloaded crypto-bigint v0.5.5
[INFO] [stderr]   Downloaded libm v0.2.8
[INFO] [stderr]   Downloaded serde_json v1.0.128
[INFO] [stderr]   Downloaded syn v2.0.79
[INFO] [stderr]   Downloaded hkdf v0.12.4
[INFO] [stderr]   Downloaded hmac v0.12.1
[INFO] [stderr]   Downloaded serde_derive v1.0.210
[INFO] [stderr]   Downloaded camino v1.1.9
[INFO] [stderr]   Downloaded semver v1.0.23
[INFO] [stderr]   Downloaded env_logger v0.10.2
[INFO] [stderr]   Downloaded regex v1.11.0
[INFO] [stderr]   Downloaded is-terminal v0.4.13
[INFO] [stderr]   Downloaded group v0.10.0
[INFO] [stderr]   Downloaded az v1.2.1
[INFO] [stderr]   Downloaded itoa v1.0.11
[INFO] [stderr]   Downloaded rug v1.26.1
[INFO] [stderr]   Downloaded cargo_metadata v0.15.4
[INFO] [stderr]   Downloaded csv-core v0.1.11
[INFO] [stderr]   Downloaded getopts v0.2.21
[INFO] [stderr]   Downloaded cargo-license v0.5.1
[INFO] [stderr]   Downloaded dotenv v0.15.0
[INFO] [stderr]   Downloaded base16ct v0.2.0
[INFO] [stderr]   Downloaded ff v0.10.1
[INFO] [stderr]   Downloaded bls12_381_plus v0.8.18
[INFO] [stderr]   Downloaded thiserror-impl v1.0.64
[INFO] [stderr]   Downloaded regex-automata v0.4.8
[INFO] [stderr]   Downloaded libc v0.2.159
[INFO] [stderr]   Downloaded csv v1.3.0
[INFO] [stderr]   Downloaded gmp-mpfr-sys v1.6.4
[INFO] running `Command { std: "docker" "create" "-v" "/var/lib/crater-agent-workspace/builds/worker-3-tc1/target:/opt/rustwide/target:rw,Z" "-v" "/var/lib/crater-agent-workspace/builds/worker-3-tc1/source:/opt/rustwide/workdir:ro,Z" "-v" "/var/lib/crater-agent-workspace/cargo-home:/opt/rustwide/cargo-home:ro,Z" "-v" "/var/lib/crater-agent-workspace/rustup-home:/opt/rustwide/rustup-home:ro,Z" "-e" "SOURCE_DIR=/opt/rustwide/workdir" "-e" "CARGO_TARGET_DIR=/opt/rustwide/target" "-e" "CARGO_HOME=/opt/rustwide/cargo-home" "-e" "RUSTUP_HOME=/opt/rustwide/rustup-home" "-w" "/opt/rustwide/workdir" "-m" "1610612736" "--user" "0:0" "--network" "none" "ghcr.io/rust-lang/crates-build-env/linux@sha256:f3a9d4ad9d972b27faf3965f35b62e55ba32bbce8f20bc8fe909558a86702fde" "/opt/rustwide/cargo-home/bin/cargo" "+1.83.0" "metadata" "--no-deps" "--format-version=1", kill_on_drop: false }`
[INFO] [stdout] 4e7a3ce650920e18c475a7df1d859afe8f64b0e294d47d2496f7a23b9bda88c1
[INFO] running `Command { std: "docker" "start" "-a" "4e7a3ce650920e18c475a7df1d859afe8f64b0e294d47d2496f7a23b9bda88c1", kill_on_drop: false }`
[INFO] running `Command { std: "docker" "inspect" "4e7a3ce650920e18c475a7df1d859afe8f64b0e294d47d2496f7a23b9bda88c1", kill_on_drop: false }`
[INFO] running `Command { std: "docker" "rm" "-f" "4e7a3ce650920e18c475a7df1d859afe8f64b0e294d47d2496f7a23b9bda88c1", kill_on_drop: false }`
[INFO] [stdout] 4e7a3ce650920e18c475a7df1d859afe8f64b0e294d47d2496f7a23b9bda88c1
[INFO] running `Command { std: "docker" "create" "-v" "/var/lib/crater-agent-workspace/builds/worker-3-tc1/target:/opt/rustwide/target:rw,Z" "-v" "/var/lib/crater-agent-workspace/builds/worker-3-tc1/source:/opt/rustwide/workdir:ro,Z" "-v" "/var/lib/crater-agent-workspace/cargo-home:/opt/rustwide/cargo-home:ro,Z" "-v" "/var/lib/crater-agent-workspace/rustup-home:/opt/rustwide/rustup-home:ro,Z" "-e" "SOURCE_DIR=/opt/rustwide/workdir" "-e" "CARGO_TARGET_DIR=/opt/rustwide/target" "-e" "CARGO_INCREMENTAL=0" "-e" "RUST_BACKTRACE=full" "-e" "RUSTFLAGS=--cap-lints=warn" "-e" "RUSTDOCFLAGS=--cap-lints=warn" "-e" "CARGO_HOME=/opt/rustwide/cargo-home" "-e" "RUSTUP_HOME=/opt/rustwide/rustup-home" "-w" "/opt/rustwide/workdir" "-m" "1610612736" "--user" "0:0" "--network" "none" "ghcr.io/rust-lang/crates-build-env/linux@sha256:f3a9d4ad9d972b27faf3965f35b62e55ba32bbce8f20bc8fe909558a86702fde" "/opt/rustwide/cargo-home/bin/cargo" "+1.83.0" "build" "--frozen" "--message-format=json", kill_on_drop: false }`
[INFO] [stdout] ceab316cde6471f446e0dac79b05071d37dd6b13b3412d4f3f99b8e4f5da27f5
[INFO] running `Command { std: "docker" "start" "-a" "ceab316cde6471f446e0dac79b05071d37dd6b13b3412d4f3f99b8e4f5da27f5", kill_on_drop: false }`
[INFO] [stderr]    Compiling proc-macro2 v1.0.87
[INFO] [stderr]    Compiling unicode-ident v1.0.13
[INFO] [stderr]    Compiling libc v0.2.159
[INFO] [stderr]    Compiling serde v1.0.210
[INFO] [stderr]    Compiling zeroize v1.8.1
[INFO] [stderr]    Compiling radium v0.7.0
[INFO] [stderr]    Compiling tap v1.0.1
[INFO] [stderr]    Compiling syn v1.0.109
[INFO] [stderr]    Compiling funty v2.0.0
[INFO] [stderr]    Compiling byteorder v1.5.0
[INFO] [stderr]    Compiling proc-macro-error-attr v1.0.4
[INFO] [stderr]    Compiling proc-macro-error v1.0.4
[INFO] [stderr]    Compiling indexmap v1.9.3
[INFO] [stderr]    Compiling thiserror v1.0.64
[INFO] [stderr]    Compiling camino v1.1.9
[INFO] [stderr]    Compiling itoa v1.0.11
[INFO] [stderr]    Compiling wyz v0.5.1
[INFO] [stderr]    Compiling serde_json v1.0.128
[INFO] [stderr]    Compiling generic-array v0.14.7
[INFO] [stderr]    Compiling semver v1.0.23
[INFO] [stderr]    Compiling aho-corasick v1.1.3
[INFO] [stderr]    Compiling os_str_bytes v6.6.1
[INFO] [stderr]    Compiling anyhow v1.0.89
[INFO] [stderr]    Compiling termcolor v1.4.1
[INFO] [stderr]    Compiling regex-syntax v0.8.5
[INFO] [stderr]    Compiling heck v0.4.1
[INFO] [stderr]    Compiling csv-core v0.1.11
[INFO] [stderr]    Compiling base16ct v0.2.0
[INFO] [stderr]    Compiling bitvec v1.0.1
[INFO] [stderr]    Compiling clap_lex v0.2.4
[INFO] [stderr]    Compiling unicode-width v0.1.14
[INFO] [stderr]    Compiling strsim v0.10.0
[INFO] [stderr]    Compiling textwrap v0.16.1
[INFO] [stderr]    Compiling cpufeatures v0.2.14
[INFO] [stderr]    Compiling log v0.4.22
[INFO] [stderr]    Compiling block-buffer v0.10.4
[INFO] [stderr]    Compiling crypto-common v0.1.6
[INFO] [stderr]    Compiling getopts v0.2.21
[INFO] [stderr]    Compiling ansi_term v0.12.1
[INFO] [stderr]    Compiling keccak v0.1.5
[INFO] [stderr]    Compiling digest v0.10.7
[INFO] [stderr]    Compiling arrayref v0.3.9
[INFO] [stderr]    Compiling humantime v2.1.0
[INFO] [stderr]    Compiling dotenv v0.15.0
[INFO] [stderr]    Compiling quote v1.0.37
[INFO] [stderr]    Compiling sha2 v0.10.8
[INFO] [stderr]    Compiling hmac v0.12.1
[INFO] [stderr]    Compiling sha3 v0.10.8
[INFO] [stderr]    Compiling hkdf v0.12.4
[INFO] [stderr]    Compiling syn v2.0.79
[INFO] [stderr]    Compiling getrandom v0.2.15
[INFO] [stderr]    Compiling atty v0.2.14
[INFO] [stderr]    Compiling is-terminal v0.4.13
[INFO] [stderr]    Compiling rand_core v0.6.4
[INFO] [stderr]    Compiling crypto-bigint v0.5.5
[INFO] [stderr]    Compiling ff v0.10.1
[INFO] [stderr]    Compiling group v0.10.0
[INFO] [stderr]    Compiling regex-automata v0.4.8
[INFO] [stderr]    Compiling ff v0.13.0
[INFO] [stderr]    Compiling group v0.13.0
[INFO] [stderr]    Compiling pairing v0.23.0
[INFO] [stderr]    Compiling elliptic-curve v0.13.8
[INFO] [stderr]    Compiling serde_derive v1.0.210
[INFO] [stderr]    Compiling zerocopy-derive v0.7.35
[INFO] [stderr]    Compiling thiserror-impl v1.0.64
[INFO] [stderr]    Compiling regex v1.11.0
[INFO] [stderr]    Compiling zerocopy v0.7.35
[INFO] [stderr]    Compiling env_logger v0.10.2
[INFO] [stderr]    Compiling clap_derive v3.2.25
[INFO] [stderr]    Compiling ppv-lite86 v0.2.20
[INFO] [stderr]    Compiling rand_chacha v0.3.1
[INFO] [stderr]    Compiling rand v0.8.5
[INFO] [stderr]    Compiling clap v3.2.25
[INFO] [stderr]    Compiling cargo-platform v0.1.8
[INFO] [stderr]    Compiling csv v1.3.0
[INFO] [stderr]    Compiling toml v0.5.11
[INFO] [stderr]    Compiling bls12_381_plus v0.8.18
[INFO] [stderr]    Compiling cargo_metadata v0.15.4
[INFO] [stderr]    Compiling cargo-license v0.5.1
[INFO] [stderr]    Compiling zkryptium v0.3.1 (/opt/rustwide/workdir)
[INFO] [stderr]     Finished `dev` profile [unoptimized + debuginfo] target(s) in 10.09s
[INFO] running `Command { std: "docker" "inspect" "ceab316cde6471f446e0dac79b05071d37dd6b13b3412d4f3f99b8e4f5da27f5", kill_on_drop: false }`
[INFO] running `Command { std: "docker" "rm" "-f" "ceab316cde6471f446e0dac79b05071d37dd6b13b3412d4f3f99b8e4f5da27f5", kill_on_drop: false }`
[INFO] [stdout] ceab316cde6471f446e0dac79b05071d37dd6b13b3412d4f3f99b8e4f5da27f5
[INFO] running `Command { std: "docker" "create" "-v" "/var/lib/crater-agent-workspace/builds/worker-3-tc1/target:/opt/rustwide/target:rw,Z" "-v" "/var/lib/crater-agent-workspace/builds/worker-3-tc1/source:/opt/rustwide/workdir:ro,Z" "-v" "/var/lib/crater-agent-workspace/cargo-home:/opt/rustwide/cargo-home:ro,Z" "-v" "/var/lib/crater-agent-workspace/rustup-home:/opt/rustwide/rustup-home:ro,Z" "-e" "SOURCE_DIR=/opt/rustwide/workdir" "-e" "CARGO_TARGET_DIR=/opt/rustwide/target" "-e" "CARGO_INCREMENTAL=0" "-e" "RUST_BACKTRACE=full" "-e" "RUSTFLAGS=--cap-lints=warn" "-e" "RUSTDOCFLAGS=--cap-lints=warn" "-e" "CARGO_HOME=/opt/rustwide/cargo-home" "-e" "RUSTUP_HOME=/opt/rustwide/rustup-home" "-w" "/opt/rustwide/workdir" "-m" "1610612736" "--user" "0:0" "--network" "none" "ghcr.io/rust-lang/crates-build-env/linux@sha256:f3a9d4ad9d972b27faf3965f35b62e55ba32bbce8f20bc8fe909558a86702fde" "/opt/rustwide/cargo-home/bin/cargo" "+1.83.0" "test" "--frozen" "--no-run" "--message-format=json", kill_on_drop: false }`
[INFO] [stdout] 757205f6effb953f65055dc7101a8a1d54dc2d57b079389476f7d87fe581bbb7
[INFO] running `Command { std: "docker" "start" "-a" "757205f6effb953f65055dc7101a8a1d54dc2d57b079389476f7d87fe581bbb7", kill_on_drop: false }`
[INFO] [stderr]    Compiling zkryptium v0.3.1 (/opt/rustwide/workdir)
[INFO] [stderr]     Finished `test` profile [unoptimized + debuginfo] target(s) in 4.58s
[INFO] running `Command { std: "docker" "inspect" "757205f6effb953f65055dc7101a8a1d54dc2d57b079389476f7d87fe581bbb7", kill_on_drop: false }`
[INFO] running `Command { std: "docker" "rm" "-f" "757205f6effb953f65055dc7101a8a1d54dc2d57b079389476f7d87fe581bbb7", kill_on_drop: false }`
[INFO] [stdout] 757205f6effb953f65055dc7101a8a1d54dc2d57b079389476f7d87fe581bbb7
[INFO] running `Command { std: "docker" "create" "-v" "/var/lib/crater-agent-workspace/builds/worker-3-tc1/target:/opt/rustwide/target:rw,Z" "-v" "/var/lib/crater-agent-workspace/builds/worker-3-tc1/source:/opt/rustwide/workdir:ro,Z" "-v" "/var/lib/crater-agent-workspace/cargo-home:/opt/rustwide/cargo-home:ro,Z" "-v" "/var/lib/crater-agent-workspace/rustup-home:/opt/rustwide/rustup-home:ro,Z" "-e" "SOURCE_DIR=/opt/rustwide/workdir" "-e" "CARGO_TARGET_DIR=/opt/rustwide/target" "-e" "CARGO_INCREMENTAL=0" "-e" "RUST_BACKTRACE=full" "-e" "RUSTFLAGS=--cap-lints=warn" "-e" "RUSTDOCFLAGS=--cap-lints=warn" "-e" "CARGO_HOME=/opt/rustwide/cargo-home" "-e" "RUSTUP_HOME=/opt/rustwide/rustup-home" "-w" "/opt/rustwide/workdir" "-m" "1610612736" "--user" "0:0" "--network" "none" "ghcr.io/rust-lang/crates-build-env/linux@sha256:f3a9d4ad9d972b27faf3965f35b62e55ba32bbce8f20bc8fe909558a86702fde" "/opt/rustwide/cargo-home/bin/cargo" "+1.83.0" "test" "--frozen", kill_on_drop: false }`
[INFO] [stdout] 591c81d54217f8deb29460352cc9f8df61b8f749168f2f8a06e948549e5aaba7
[INFO] running `Command { std: "docker" "start" "-a" "591c81d54217f8deb29460352cc9f8df61b8f749168f2f8a06e948549e5aaba7", kill_on_drop: false }`
[INFO] [stderr]     Finished `test` profile [unoptimized + debuginfo] target(s) in 0.19s
[INFO] [stderr]      Running unittests src/lib.rs (/opt/rustwide/target/debug/deps/zkryptium-3390e6271ada5abb)
[INFO] [stdout] 
[INFO] [stdout] running 100 tests
[INFO] [stdout] test bbsplus::commitment::tests::commit_shake256_1 ... ok
[INFO] [stdout] test bbsplus::commitment::tests::commit_sha256_1 ... ok
[INFO] [stdout] test bbsplus::generators::tests::message_generators_sha256 ... ok
[INFO] [stdout] test bbsplus::keys::tests::keypair_sha256 ... FAILED
[INFO] [stdout] test bbsplus::keys::tests::keypair_shake256 ... FAILED
[INFO] [stdout] test bbsplus::generators::tests::message_generators_shake256 ... ok
[INFO] [stdout] test bbsplus::blind::tests::blind_sign_shake256_1 ... ok
[INFO] [stdout] test bbsplus::blind::tests::blind_sign_sha256_1 ... ok
[INFO] [stdout] test bbsplus::commitment::tests::commit_sha256_2 ... ok
[INFO] [stdout] test bbsplus::commitment::tests::commit_shake256_2 ... ok
[INFO] [stdout] test bbsplus::blind::tests::blind_sign_shake256_2 ... ok
[INFO] [stdout] test bbsplus::blind::tests::blind_sign_shake256_6 ... ok
[INFO] [stdout] test bbsplus::blind::tests::blind_sign_sha256_2 ... ok
[INFO] [stdout] test bbsplus::blind::tests::blind_sign_sha256_3 ... ok
[INFO] [stdout] test bbsplus::blind::tests::blind_sign_sha256_6 ... ok
[INFO] [stdout] test bbsplus::blind::tests::blind_sign_shake256_3 ... ok
[INFO] [stdout] test bbsplus::blind::tests::blind_sign_sha256_4 ... ok
[INFO] [stdout] test bbsplus::blind::tests::blind_sign_sha256_5 ... ok
[INFO] [stdout] test bbsplus::blind::tests::blind_sign_shake256_5 ... ok
[INFO] [stdout] test bbsplus::blind::tests::blind_sign_shake256_4 ... ok
[INFO] [stdout] test bbsplus::proof::tests::blind_proof_check_sha256_2 ... ok
[INFO] [stdout] test bbsplus::proof::tests::mocked_rng_sha256 ... ok
[INFO] [stdout] test bbsplus::proof::tests::mocked_rng_shake256 ... ok
[INFO] [stdout] test bbsplus::proof::tests::blind_proof_check_sha256_1 ... ok
[INFO] [stdout] test bbsplus::proof::tests::blind_proof_check_sha256_5 ... ok
[INFO] [stdout] test bbsplus::proof::tests::blind_proof_check_sha256_7 ... ok
[INFO] [stdout] test bbsplus::proof::tests::blind_proof_check_sha256_8 ... ok
[INFO] [stdout] test bbsplus::proof::tests::blind_proof_check_sha256_4 ... ok
[INFO] [stdout] test bbsplus::proof::tests::blind_proof_check_sha256_3 ... ok
[INFO] [stdout] test bbsplus::proof::tests::proof_check_sha256_1 ... ok
[INFO] [stdout] test bbsplus::proof::tests::proof_check_sha256_14 ... ok
[INFO] [stdout] test bbsplus::proof::tests::blind_proof_check_sha256_6 ... ok
[INFO] [stdout] test bbsplus::proof::tests::blind_proof_check_shake256_3 ... ok
[INFO] [stdout] test bbsplus::proof::tests::proof_check_sha256_12 ... ok
[INFO] [stdout] test bbsplus::proof::tests::blind_proof_check_shake256_2 ... ok
[INFO] [stdout] test bbsplus::proof::tests::blind_proof_check_shake256_1 ... ok
[INFO] [stdout] test bbsplus::proof::tests::proof_check_sha256_10 ... ok
[INFO] [stdout] test bbsplus::proof::tests::blind_proof_check_shake256_6 ... ok
[INFO] [stdout] test bbsplus::proof::tests::proof_check_sha256_2 ... ok
[INFO] [stdout] test bbsplus::proof::tests::proof_check_sha256_13 ... ok
[INFO] [stdout] test bbsplus::proof::tests::blind_proof_check_shake256_8 ... ok
[INFO] [stdout] test bbsplus::proof::tests::blind_proof_check_shake256_5 ... ok
[INFO] [stdout] test bbsplus::proof::tests::blind_proof_check_shake256_4 ... ok
[INFO] [stdout] test bbsplus::proof::tests::proof_check_sha256_5 ... ok
[INFO] [stdout] test bbsplus::proof::tests::proof_check_sha256_11 ... ok
[INFO] [stdout] test bbsplus::proof::tests::proof_check_sha256_4 ... ok
[INFO] [stdout] test bbsplus::proof::tests::proof_check_shake256_1 ... ok
[INFO] [stdout] test bbsplus::proof::tests::proof_check_sha256_9 ... ok
[INFO] [stdout] test bbsplus::proof::tests::proof_check_sha256_15 ... ok
[INFO] [stdout] test bbsplus::proof::tests::blind_proof_check_shake256_7 ... ok
[INFO] [stdout] test bbsplus::proof::tests::proof_check_sha256_6 ... ok
[INFO] [stdout] test bbsplus::proof::tests::proof_check_sha256_8 ... ok
[INFO] [stdout] test bbsplus::proof::tests::proof_check_sha256_7 ... ok
[INFO] [stdout] test bbsplus::proof::tests::proof_check_sha256_3 ... ok
[INFO] [stdout] test bbsplus::proof::tests::proof_check_shake256_10 ... ok
[INFO] [stdout] test bbsplus::signature::tests::msg_signature_sha256_1 ... ok
[INFO] [stdout] test bbsplus::proof::tests::proof_check_shake256_12 ... ok
[INFO] [stdout] test bbsplus::signature::tests::msg_signature_sha256_2 ... ok
[INFO] [stdout] test bbsplus::proof::tests::proof_check_shake256_2 ... ok
[INFO] [stdout] test bbsplus::proof::tests::proof_check_shake256_11 ... ok
[INFO] [stdout] test bbsplus::proof::tests::proof_check_shake256_13 ... ok
[INFO] [stdout] test bbsplus::proof::tests::proof_check_shake256_14 ... ok
[INFO] [stdout] test bbsplus::proof::tests::proof_check_shake256_15 ... ok
[INFO] [stdout] test bbsplus::signature::tests::msg_signature_sha256_3 ... ok
[INFO] [stdout] test bbsplus::proof::tests::proof_check_shake256_4 ... ok
[INFO] [stdout] test bbsplus::signature::tests::msg_signature_sha256_10 ... ok
[INFO] [stdout] test bbsplus::proof::tests::proof_check_shake256_8 ... ok
[INFO] [stdout] test bbsplus::signature::tests::msg_signature_shake256_2 ... ok
[INFO] [stdout] test bbsplus::signature::tests::msg_signature_shake256_3 ... ok
[INFO] [stdout] test bbsplus::signature::tests::msg_signature_sha256_5 ... ok
[INFO] [stdout] test bbsplus::proof::tests::proof_check_shake256_5 ... ok
[INFO] [stdout] test bbsplus::signature::tests::msg_signature_shake256_5 ... ok
[INFO] [stdout] test bbsplus::proof::tests::proof_check_shake256_7 ... ok
[INFO] [stdout] test bbsplus::signature::tests::msg_signature_sha256_8 ... ok
[INFO] [stdout] test bbsplus::signature::tests::msg_signature_shake256_1 ... ok
[INFO] [stdout] test utils::message::bbsplus_message::tests::map_message_to_scalar_as_hash_sha256 ... ok
[INFO] [stdout] test utils::message::bbsplus_message::tests::map_message_to_scalar_as_hash_shake256 ... ok
[INFO] [stdout] test bbsplus::proof::tests::proof_check_shake256_3 ... ok
[INFO] [stdout] test utils::message::bbsplus_message::tests::messages_to_scalars_sha256 ... ok
[INFO] [stdout] test utils::util::bbsplus_utils::tests::h2s_sha256_1 ... ok
[INFO] [stdout] test utils::util::bbsplus_utils::tests::h2s_sha256_2 ... ok
[INFO] [stdout] test utils::util::bbsplus_utils::tests::h2s_shake256_1 ... ok
[INFO] [stdout] test utils::message::bbsplus_message::tests::messages_to_scalars_shake256 ... ok
[INFO] [stdout] test utils::util::tests::test_i2osp ... ok
[INFO] [stdout] test utils::util::bbsplus_utils::tests::h2s_shake256_2 ... ok
[INFO] [stdout] test utils::util::tests::test_i2osp_over - should panic ... ok
[INFO] [stdout] test bbsplus::proof::tests::proof_check_shake256_9 ... ok
[INFO] [stdout] test bbsplus::proof::tests::proof_check_shake256_6 ... ok
[INFO] [stdout] test bbsplus::signature::tests::msg_signature_sha256_6 ... ok
[INFO] [stdout] test bbsplus::signature::tests::msg_signature_sha256_4 ... ok
[INFO] [stdout] test bbsplus::signature::tests::msg_signature_sha256_7 ... ok
[INFO] [stdout] test bbsplus::signature::tests::msg_signature_shake256_4 ... ok
[INFO] [stdout] test bbsplus::signature::tests::msg_signature_shake256_6 ... ok
[INFO] [stdout] test bbsplus::signature::tests::msg_signature_sha256_9 ... ok
[INFO] [stdout] test bbsplus::signature::tests::msg_signature_shake256_7 ... ok
[INFO] [stdout] test bbsplus::signature::tests::msg_signature_shake256_10 ... ok
[INFO] [stdout] test bbsplus::signature::tests::msg_signature_shake256_9 ... ok
[INFO] [stdout] test bbsplus::signature::tests::msg_signature_shake256_8 ... ok
[INFO] [stdout] test bbsplus::signature::tests::update_signature_sha256 ... ok
[INFO] [stdout] test bbsplus::signature::tests::update_signature_shake256 ... ok
[INFO] [stdout] 
[INFO] [stdout] failures:
[INFO] [stdout] 
[INFO] [stdout] ---- bbsplus::keys::tests::keypair_sha256 stdout ----
[INFO] [stdout] Key Pair
[INFO] [stdout] thread 'bbsplus::keys::tests::keypair_sha256' panicked at src/bbsplus/keys.rs:286:49:
[INFO] [stdout] Unable to read file: Os { code: 2, kind: NotFound, message: "No such file or directory" }
[INFO] [stdout] stack backtrace:
[INFO] [stdout]    0:     0x60f6db07fb7a - std::backtrace_rs::backtrace::libunwind::trace::h5a5b8284f2d0c266
[INFO] [stdout]                                at /rustc/90b35a6239c3d8bdabc530a6a0816f7ff89a0aaf/library/std/src/../../backtrace/src/backtrace/libunwind.rs:116:5
[INFO] [stdout]    1:     0x60f6db07fb7a - std::backtrace_rs::backtrace::trace_unsynchronized::h76d4f1c9b0b875e3
[INFO] [stdout]                                at /rustc/90b35a6239c3d8bdabc530a6a0816f7ff89a0aaf/library/std/src/../../backtrace/src/backtrace/mod.rs:66:5
[INFO] [stdout]    2:     0x60f6db07fb7a - std::sys::backtrace::_print_fmt::hc4546b8364a537c6
[INFO] [stdout]                                at /rustc/90b35a6239c3d8bdabc530a6a0816f7ff89a0aaf/library/std/src/sys/backtrace.rs:66:9
[INFO] [stdout]    3:     0x60f6db07fb7a - <std::sys::backtrace::BacktraceLock::print::DisplayBacktrace as core::fmt::Display>::fmt::h5b6bd5631a6d1f6b
[INFO] [stdout]                                at /rustc/90b35a6239c3d8bdabc530a6a0816f7ff89a0aaf/library/std/src/sys/backtrace.rs:39:26
[INFO] [stdout]    4:     0x60f6db0a5083 - core::fmt::rt::Argument::fmt::h270f6602a2b96f62
[INFO] [stdout]                                at /rustc/90b35a6239c3d8bdabc530a6a0816f7ff89a0aaf/library/core/src/fmt/rt.rs:177:76
[INFO] [stdout]    5:     0x60f6db0a5083 - core::fmt::write::h7550c97b06c86515
[INFO] [stdout]                                at /rustc/90b35a6239c3d8bdabc530a6a0816f7ff89a0aaf/library/core/src/fmt/mod.rs:1186:21
[INFO] [stdout]    6:     0x60f6db07cd43 - std::io::Write::write_fmt::h509ff860e5956e5e
[INFO] [stdout]                                at /rustc/90b35a6239c3d8bdabc530a6a0816f7ff89a0aaf/library/std/src/io/mod.rs:1839:15
[INFO] [stdout]    7:     0x60f6db07f9c2 - std::sys::backtrace::BacktraceLock::print::h2395ccd2c84ba3aa
[INFO] [stdout]                                at /rustc/90b35a6239c3d8bdabc530a6a0816f7ff89a0aaf/library/std/src/sys/backtrace.rs:42:9
[INFO] [stdout]    8:     0x60f6db080fda - std::panicking::default_hook::{{closure}}::he19d4c7230e07961
[INFO] [stdout]                                at /rustc/90b35a6239c3d8bdabc530a6a0816f7ff89a0aaf/library/std/src/panicking.rs:268:22
[INFO] [stdout]    9:     0x60f6db080de4 - std::panicking::default_hook::hf614597d3c67bbdb
[INFO] [stdout]                                at /rustc/90b35a6239c3d8bdabc530a6a0816f7ff89a0aaf/library/std/src/panicking.rs:292:9
[INFO] [stdout]   10:     0x60f6dafed519 - <alloc::boxed::Box<F,A> as core::ops::function::Fn<Args>>::call::h39b51ce4599c23d1
[INFO] [stdout]                                at /rustc/90b35a6239c3d8bdabc530a6a0816f7ff89a0aaf/library/alloc/src/boxed.rs:2468:9
[INFO] [stdout]   11:     0x60f6dafed519 - test::test_main::{{closure}}::he977ae839a582784
[INFO] [stdout]                                at /rustc/90b35a6239c3d8bdabc530a6a0816f7ff89a0aaf/library/test/src/lib.rs:133:21
[INFO] [stdout]   12:     0x60f6db081678 - <alloc::boxed::Box<F,A> as core::ops::function::Fn<Args>>::call::h9455091b6b06f9fb
[INFO] [stdout]                                at /rustc/90b35a6239c3d8bdabc530a6a0816f7ff89a0aaf/library/alloc/src/boxed.rs:2468:9
[INFO] [stdout]   13:     0x60f6db081678 - std::panicking::rust_panic_with_hook::h8942133a8b252070
[INFO] [stdout]                                at /rustc/90b35a6239c3d8bdabc530a6a0816f7ff89a0aaf/library/std/src/panicking.rs:809:13
[INFO] [stdout]   14:     0x60f6db08143a - std::panicking::begin_panic_handler::{{closure}}::hb5f5963570096b29
[INFO] [stdout]                                at /rustc/90b35a6239c3d8bdabc530a6a0816f7ff89a0aaf/library/std/src/panicking.rs:674:13
[INFO] [stdout]   15:     0x60f6db080059 - std::sys::backtrace::__rust_end_short_backtrace::h6208cedc1922feda
[INFO] [stdout]                                at /rustc/90b35a6239c3d8bdabc530a6a0816f7ff89a0aaf/library/std/src/sys/backtrace.rs:170:18
[INFO] [stdout]   16:     0x60f6db0810cc - rust_begin_unwind
[INFO] [stdout]                                at /rustc/90b35a6239c3d8bdabc530a6a0816f7ff89a0aaf/library/std/src/panicking.rs:665:5
[INFO] [stdout]   17:     0x60f6daee2010 - core::panicking::panic_fmt::h0c3082644d1bf418
[INFO] [stdout]                                at /rustc/90b35a6239c3d8bdabc530a6a0816f7ff89a0aaf/library/core/src/panicking.rs:74:14
[INFO] [stdout]   18:     0x60f6daee2456 - core::result::unwrap_failed::hd20b4aa073bda1e2
[INFO] [stdout]                                at /rustc/90b35a6239c3d8bdabc530a6a0816f7ff89a0aaf/library/core/src/result.rs:1700:5
[INFO] [stdout]   19:     0x60f6daf07774 - core::result::Result<T,E>::expect::h7c481438b4d7c0b1
[INFO] [stdout]                                at /rustc/90b35a6239c3d8bdabc530a6a0816f7ff89a0aaf/library/core/src/result.rs:1061:23
[INFO] [stdout]   20:     0x60f6daf5d57d - zkryptium::bbsplus::keys::tests::key_pair_gen::hb6b2e6e9167af89a
[INFO] [stdout]                                at /opt/rustwide/workdir/src/bbsplus/keys.rs:286:20
[INFO] [stdout]   21:     0x60f6daf66ef2 - zkryptium::bbsplus::keys::tests::keypair_sha256::hb49cf0bab99c97f1
[INFO] [stdout]                                at /opt/rustwide/workdir/src/bbsplus/keys.rs:271:9
[INFO] [stdout]   22:     0x60f6daf66ec7 - zkryptium::bbsplus::keys::tests::keypair_sha256::{{closure}}::h36f1b1b9aa910e11
[INFO] [stdout]                                at /opt/rustwide/workdir/src/bbsplus/keys.rs:270:24
[INFO] [stdout]   23:     0x60f6daf4dbb6 - core::ops::function::FnOnce::call_once::h28a068571cad632d
[INFO] [stdout]                                at /rustc/90b35a6239c3d8bdabc530a6a0816f7ff89a0aaf/library/core/src/ops/function.rs:250:5
[INFO] [stdout]   24:     0x60f6daff1edb - core::ops::function::FnOnce::call_once::h109cf8051a59b34e
[INFO] [stdout]                                at /rustc/90b35a6239c3d8bdabc530a6a0816f7ff89a0aaf/library/core/src/ops/function.rs:250:5
[INFO] [stdout]   25:     0x60f6daff1edb - test::__rust_begin_short_backtrace::hf4fff89d377446ba
[INFO] [stdout]                                at /rustc/90b35a6239c3d8bdabc530a6a0816f7ff89a0aaf/library/test/src/lib.rs:621:18
[INFO] [stdout]   26:     0x60f6daff1717 - test::run_test_in_process::{{closure}}::h0e39181dd7ee5a43
[INFO] [stdout]                                at /rustc/90b35a6239c3d8bdabc530a6a0816f7ff89a0aaf/library/test/src/lib.rs:644:60
[INFO] [stdout]   27:     0x60f6daff1717 - <core::panic::unwind_safe::AssertUnwindSafe<F> as core::ops::function::FnOnce<()>>::call_once::hc5a66a30f0bdfd1f
[INFO] [stdout]                                at /rustc/90b35a6239c3d8bdabc530a6a0816f7ff89a0aaf/library/core/src/panic/unwind_safe.rs:272:9
[INFO] [stdout]   28:     0x60f6daff1717 - std::panicking::try::do_call::h873b7cf639554a5e
[INFO] [stdout]                                at /rustc/90b35a6239c3d8bdabc530a6a0816f7ff89a0aaf/library/std/src/panicking.rs:557:40
[INFO] [stdout]   29:     0x60f6daff1717 - std::panicking::try::hdb19862fad9c8bd1
[INFO] [stdout]                                at /rustc/90b35a6239c3d8bdabc530a6a0816f7ff89a0aaf/library/std/src/panicking.rs:520:19
[INFO] [stdout]   30:     0x60f6daff1717 - std::panic::catch_unwind::h281fe732d236d260
[INFO] [stdout]                                at /rustc/90b35a6239c3d8bdabc530a6a0816f7ff89a0aaf/library/std/src/panic.rs:358:14
[INFO] [stdout]   31:     0x60f6daff1717 - test::run_test_in_process::h949b6df8457ed338
[INFO] [stdout]                                at /rustc/90b35a6239c3d8bdabc530a6a0816f7ff89a0aaf/library/test/src/lib.rs:644:27
[INFO] [stdout]   32:     0x60f6daff1717 - test::run_test::{{closure}}::h52c556a6d4740e10
[INFO] [stdout]                                at /rustc/90b35a6239c3d8bdabc530a6a0816f7ff89a0aaf/library/test/src/lib.rs:565:43
[INFO] [stdout]   33:     0x60f6dafb69f4 - test::run_test::{{closure}}::h4237f6381c45ccb9
[INFO] [stdout]                                at /rustc/90b35a6239c3d8bdabc530a6a0816f7ff89a0aaf/library/test/src/lib.rs:595:41
[INFO] [stdout]   34:     0x60f6dafb69f4 - std::sys::backtrace::__rust_begin_short_backtrace::h505c97a579eca628
[INFO] [stdout]                                at /rustc/90b35a6239c3d8bdabc530a6a0816f7ff89a0aaf/library/std/src/sys/backtrace.rs:154:18
[INFO] [stdout]   35:     0x60f6dafba0be - std::thread::Builder::spawn_unchecked_::{{closure}}::{{closure}}::h9e86b2e2bc107ea3
[INFO] [stdout]                                at /rustc/90b35a6239c3d8bdabc530a6a0816f7ff89a0aaf/library/std/src/thread/mod.rs:538:17
[INFO] [stdout]   36:     0x60f6dafba0be - <core::panic::unwind_safe::AssertUnwindSafe<F> as core::ops::function::FnOnce<()>>::call_once::h8b06ddb275ff4a25
[INFO] [stdout]                                at /rustc/90b35a6239c3d8bdabc530a6a0816f7ff89a0aaf/library/core/src/panic/unwind_safe.rs:272:9
[INFO] [stdout]   37:     0x60f6dafba0be - std::panicking::try::do_call::hb26ecd7cd9a9355d
[INFO] [stdout]                                at /rustc/90b35a6239c3d8bdabc530a6a0816f7ff89a0aaf/library/std/src/panicking.rs:557:40
[INFO] [stdout]   38:     0x60f6dafba0be - std::panicking::try::h8ddeca9d705f9069
[INFO] [stdout]                                at /rustc/90b35a6239c3d8bdabc530a6a0816f7ff89a0aaf/library/std/src/panicking.rs:520:19
[INFO] [stdout]   39:     0x60f6dafba0be - std::panic::catch_unwind::h49e1c33078844c46
[INFO] [stdout]                                at /rustc/90b35a6239c3d8bdabc530a6a0816f7ff89a0aaf/library/std/src/panic.rs:358:14
[INFO] [stdout]   40:     0x60f6dafba0be - std::thread::Builder::spawn_unchecked_::{{closure}}::h6073db6ff56ad35d
[INFO] [stdout]                                at /rustc/90b35a6239c3d8bdabc530a6a0816f7ff89a0aaf/library/std/src/thread/mod.rs:537:30
[INFO] [stdout]   41:     0x60f6dafba0be - core::ops::function::FnOnce::call_once{{vtable.shim}}::h2c5a5f3779c774f1
[INFO] [stdout]                                at /rustc/90b35a6239c3d8bdabc530a6a0816f7ff89a0aaf/library/core/src/ops/function.rs:250:5
[INFO] [stdout]   42:     0x60f6db0853cb - <alloc::boxed::Box<F,A> as core::ops::function::FnOnce<Args>>::call_once::hf75717d9f28faebf
[INFO] [stdout]                                at /rustc/90b35a6239c3d8bdabc530a6a0816f7ff89a0aaf/library/alloc/src/boxed.rs:2454:9
[INFO] [stdout]   43:     0x60f6db0853cb - <alloc::boxed::Box<F,A> as core::ops::function::FnOnce<Args>>::call_once::h7bd883a5f3c5f3c1
[INFO] [stdout]                                at /rustc/90b35a6239c3d8bdabc530a6a0816f7ff89a0aaf/library/alloc/src/boxed.rs:2454:9
[INFO] [stdout]   44:     0x60f6db0853cb - std::sys::pal::unix::thread::Thread::new::thread_start::hcc78f3943333fa94
[INFO] [stdout]                                at /rustc/90b35a6239c3d8bdabc530a6a0816f7ff89a0aaf/library/std/src/sys/pal/unix/thread.rs:105:17
[INFO] [stdout]   45:     0x7dd838679ac3 - <unknown>
[INFO] [stdout]   46:     0x7dd83870aa04 - clone
[INFO] [stdout]   47:                0x0 - <unknown>
[INFO] [stdout] 
[INFO] [stdout] ---- bbsplus::keys::tests::keypair_shake256 stdout ----
[INFO] [stdout] Key Pair
[INFO] [stdout] thread 'bbsplus::keys::tests::keypair_shake256' panicked at src/bbsplus/keys.rs:286:49:
[INFO] [stdout] Unable to read file: Os { code: 2, kind: NotFound, message: "No such file or directory" }
[INFO] [stdout] stack backtrace:
[INFO] [stdout]    0:     0x60f6db07fb7a - std::backtrace_rs::backtrace::libunwind::trace::h5a5b8284f2d0c266
[INFO] [stdout]                                at /rustc/90b35a6239c3d8bdabc530a6a0816f7ff89a0aaf/library/std/src/../../backtrace/src/backtrace/libunwind.rs:116:5
[INFO] [stdout]    1:     0x60f6db07fb7a - std::backtrace_rs::backtrace::trace_unsynchronized::h76d4f1c9b0b875e3
[INFO] [stdout]                                at /rustc/90b35a6239c3d8bdabc530a6a0816f7ff89a0aaf/library/std/src/../../backtrace/src/backtrace/mod.rs:66:5
[INFO] [stdout]    2:     0x60f6db07fb7a - std::sys::backtrace::_print_fmt::hc4546b8364a537c6
[INFO] [stdout]                                at /rustc/90b35a6239c3d8bdabc530a6a0816f7ff89a0aaf/library/std/src/sys/backtrace.rs:66:9
[INFO] [stdout]    3:     0x60f6db07fb7a - <std::sys::backtrace::BacktraceLock::print::DisplayBacktrace as core::fmt::Display>::fmt::h5b6bd5631a6d1f6b
[INFO] [stdout]                                at /rustc/90b35a6239c3d8bdabc530a6a0816f7ff89a0aaf/library/std/src/sys/backtrace.rs:39:26
[INFO] [stdout]    4:     0x60f6db0a5083 - core::fmt::rt::Argument::fmt::h270f6602a2b96f62
[INFO] [stdout]                                at /rustc/90b35a6239c3d8bdabc530a6a0816f7ff89a0aaf/library/core/src/fmt/rt.rs:177:76
[INFO] [stdout]    5:     0x60f6db0a5083 - core::fmt::write::h7550c97b06c86515
[INFO] [stdout]                                at /rustc/90b35a6239c3d8bdabc530a6a0816f7ff89a0aaf/library/core/src/fmt/mod.rs:1186:21
[INFO] [stdout]    6:     0x60f6db07cd43 - std::io::Write::write_fmt::h509ff860e5956e5e
[INFO] [stdout]                                at /rustc/90b35a6239c3d8bdabc530a6a0816f7ff89a0aaf/library/std/src/io/mod.rs:1839:15
[INFO] [stdout]    7:     0x60f6db07f9c2 - std::sys::backtrace::BacktraceLock::print::h2395ccd2c84ba3aa
[INFO] [stdout]                                at /rustc/90b35a6239c3d8bdabc530a6a0816f7ff89a0aaf/library/std/src/sys/backtrace.rs:42:9
[INFO] [stdout]    8:     0x60f6db080fda - std::panicking::default_hook::{{closure}}::he19d4c7230e07961
[INFO] [stdout]                                at /rustc/90b35a6239c3d8bdabc530a6a0816f7ff89a0aaf/library/std/src/panicking.rs:268:22
[INFO] [stdout]    9:     0x60f6db080de4 - std::panicking::default_hook::hf614597d3c67bbdb
[INFO] [stdout]                                at /rustc/90b35a6239c3d8bdabc530a6a0816f7ff89a0aaf/library/std/src/panicking.rs:292:9
[INFO] [stdout]   10:     0x60f6dafed519 - <alloc::boxed::Box<F,A> as core::ops::function::Fn<Args>>::call::h39b51ce4599c23d1
[INFO] [stdout]                                at /rustc/90b35a6239c3d8bdabc530a6a0816f7ff89a0aaf/library/alloc/src/boxed.rs:2468:9
[INFO] [stdout]   11:     0x60f6dafed519 - test::test_main::{{closure}}::he977ae839a582784
[INFO] [stdout]                                at /rustc/90b35a6239c3d8bdabc530a6a0816f7ff89a0aaf/library/test/src/lib.rs:133:21
[INFO] [stdout]   12:     0x60f6db081678 - <alloc::boxed::Box<F,A> as core::ops::function::Fn<Args>>::call::h9455091b6b06f9fb
[INFO] [stdout]                                at /rustc/90b35a6239c3d8bdabc530a6a0816f7ff89a0aaf/library/alloc/src/boxed.rs:2468:9
[INFO] [stdout]   13:     0x60f6db081678 - std::panicking::rust_panic_with_hook::h8942133a8b252070
[INFO] [stdout]                                at /rustc/90b35a6239c3d8bdabc530a6a0816f7ff89a0aaf/library/std/src/panicking.rs:809:13
[INFO] [stdout]   14:     0x60f6db08143a - std::panicking::begin_panic_handler::{{closure}}::hb5f5963570096b29
[INFO] [stdout]                                at /rustc/90b35a6239c3d8bdabc530a6a0816f7ff89a0aaf/library/std/src/panicking.rs:674:13
[INFO] [stdout]   15:     0x60f6db080059 - std::sys::backtrace::__rust_end_short_backtrace::h6208cedc1922feda
[INFO] [stdout]                                at /rustc/90b35a6239c3d8bdabc530a6a0816f7ff89a0aaf/library/std/src/sys/backtrace.rs:170:18
[INFO] [stdout]   16:     0x60f6db0810cc - rust_begin_unwind
[INFO] [stdout]                                at /rustc/90b35a6239c3d8bdabc530a6a0816f7ff89a0aaf/library/std/src/panicking.rs:665:5
[INFO] [stdout]   17:     0x60f6daee2010 - core::panicking::panic_fmt::h0c3082644d1bf418
[INFO] [stdout]                                at /rustc/90b35a6239c3d8bdabc530a6a0816f7ff89a0aaf/library/core/src/panicking.rs:74:14
[INFO] [stdout]   18:     0x60f6daee2456 - core::result::unwrap_failed::hd20b4aa073bda1e2
[INFO] [stdout]                                at /rustc/90b35a6239c3d8bdabc530a6a0816f7ff89a0aaf/library/core/src/result.rs:1700:5
[INFO] [stdout]   19:     0x60f6daf07774 - core::result::Result<T,E>::expect::h7c481438b4d7c0b1
[INFO] [stdout]                                at /rustc/90b35a6239c3d8bdabc530a6a0816f7ff89a0aaf/library/core/src/result.rs:1061:23
[INFO] [stdout]   20:     0x60f6daf5e79d - zkryptium::bbsplus::keys::tests::key_pair_gen::hbf28055d14a5401d
[INFO] [stdout]                                at /opt/rustwide/workdir/src/bbsplus/keys.rs:286:20
[INFO] [stdout]   21:     0x60f6daf66f42 - zkryptium::bbsplus::keys::tests::keypair_shake256::h7c480234d2624f14
[INFO] [stdout]                                at /opt/rustwide/workdir/src/bbsplus/keys.rs:278:9
[INFO] [stdout]   22:     0x60f6daf66f17 - zkryptium::bbsplus::keys::tests::keypair_shake256::{{closure}}::ha6d6490eaf5c25fd
[INFO] [stdout]                                at /opt/rustwide/workdir/src/bbsplus/keys.rs:277:26
[INFO] [stdout]   23:     0x60f6daf4def6 - core::ops::function::FnOnce::call_once::h412f6d465be740e3
[INFO] [stdout]                                at /rustc/90b35a6239c3d8bdabc530a6a0816f7ff89a0aaf/library/core/src/ops/function.rs:250:5
[INFO] [stdout]   24:     0x60f6daff1edb - core::ops::function::FnOnce::call_once::h109cf8051a59b34e
[INFO] [stdout]                                at /rustc/90b35a6239c3d8bdabc530a6a0816f7ff89a0aaf/library/core/src/ops/function.rs:250:5
[INFO] [stdout]   25:     0x60f6daff1edb - test::__rust_begin_short_backtrace::hf4fff89d377446ba
[INFO] [stdout]                                at /rustc/90b35a6239c3d8bdabc530a6a0816f7ff89a0aaf/library/test/src/lib.rs:621:18
[INFO] [stdout]   26:     0x60f6daff1717 - test::run_test_in_process::{{closure}}::h0e39181dd7ee5a43
[INFO] [stdout]                                at /rustc/90b35a6239c3d8bdabc530a6a0816f7ff89a0aaf/library/test/src/lib.rs:644:60
[INFO] [stdout]   27:     0x60f6daff1717 - <core::panic::unwind_safe::AssertUnwindSafe<F> as core::ops::function::FnOnce<()>>::call_once::hc5a66a30f0bdfd1f
[INFO] [stdout]                                at /rustc/90b35a6239c3d8bdabc530a6a0816f7ff89a0aaf/library/core/src/panic/unwind_safe.rs:272:9
[INFO] [stdout]   28:     0x60f6daff1717 - std::panicking::try::do_call::h873b7cf639554a5e
[INFO] [stdout]                                at /rustc/90b35a6239c3d8bdabc530a6a0816f7ff89a0aaf/library/std/src/panicking.rs:557:40
[INFO] [stdout]   29:     0x60f6daff1717 - std::panicking::try::hdb19862fad9c8bd1
[INFO] [stdout]                                at /rustc/90b35a6239c3d8bdabc530a6a0816f7ff89a0aaf/library/std/src/panicking.rs:520:19
[INFO] [stdout]   30:     0x60f6daff1717 - std::panic::catch_unwind::h281fe732d236d260
[INFO] [stdout]                                at /rustc/90b35a6239c3d8bdabc530a6a0816f7ff89a0aaf/library/std/src/panic.rs:358:14
[INFO] [stdout]   31:     0x60f6daff1717 - test::run_test_in_process::h949b6df8457ed338
[INFO] [stdout]                                at /rustc/90b35a6239c3d8bdabc530a6a0816f7ff89a0aaf/library/test/src/lib.rs:644:27
[INFO] [stdout]   32:     0x60f6daff1717 - test::run_test::{{closure}}::h52c556a6d4740e10
[INFO] [stdout]                                at /rustc/90b35a6239c3d8bdabc530a6a0816f7ff89a0aaf/library/test/src/lib.rs:565:43
[INFO] [stdout]   33:     0x60f6dafb69f4 - test::run_test::{{closure}}::h4237f6381c45ccb9
[INFO] [stdout]                                at /rustc/90b35a6239c3d8bdabc530a6a0816f7ff89a0aaf/library/test/src/lib.rs:595:41
[INFO] [stdout]   34:     0x60f6dafb69f4 - std::sys::backtrace::__rust_begin_short_backtrace::h505c97a579eca628
[INFO] [stdout]                                at /rustc/90b35a6239c3d8bdabc530a6a0816f7ff89a0aaf/library/std/src/sys/backtrace.rs:154:18
[INFO] [stdout]   35:     0x60f6dafba0be - std::thread::Builder::spawn_unchecked_::{{closure}}::{{closure}}::h9e86b2e2bc107ea3
[INFO] [stdout]                                at /rustc/90b35a6239c3d8bdabc530a6a0816f7ff89a0aaf/library/std/src/thread/mod.rs:538:17
[INFO] [stdout]   36:     0x60f6dafba0be - <core::panic::unwind_safe::AssertUnwindSafe<F> as core::ops::function::FnOnce<()>>::call_once::h8b06ddb275ff4a25
[INFO] [stdout]                                at /rustc/90b35a6239c3d8bdabc530a6a0816f7ff89a0aaf/library/core/src/panic/unwind_safe.rs:272:9
[INFO] [stdout]   37:     0x60f6dafba0be - std::panicking::try::do_call::hb26ecd7cd9a9355d
[INFO] [stdout]                                at /rustc/90b35a6239c3d8bdabc530a6a0816f7ff89a0aaf/library/std/src/panicking.rs:557:40
[INFO] [stdout]   38:     0x60f6dafba0be - std::panicking::try::h8ddeca9d705f9069
[INFO] [stdout]                                at /rustc/90b35a6239c3d8bdabc530a6a0816f7ff89a0aaf/library/std/src/panicking.rs:520:19
[INFO] [stdout]   39:     0x60f6dafba0be - std::panic::catch_unwind::h49e1c33078844c46
[INFO] [stdout]                                at /rustc/90b35a6239c3d8bdabc530a6a0816f7ff89a0aaf/library/std/src/panic.rs:358:14
[INFO] [stdout]   40:     0x60f6dafba0be - std::thread::Builder::spawn_unchecked_::{{closure}}::h6073db6ff56ad35d
[INFO] [stdout]                                at /rustc/90b35a6239c3d8bdabc530a6a0816f7ff89a0aaf/library/std/src/thread/mod.rs:537:30
[INFO] [stdout]   41:     0x60f6dafba0be - core::ops::function::FnOnce::call_once{{vtable.shim}}::h2c5a5f3779c774f1
[INFO] [stdout]                                at /rustc/90b35a6239c3d8bdabc530a6a0816f7ff89a0aaf/library/core/src/ops/function.rs:250:5
[INFO] [stdout]   42:     0x60f6db0853cb - <alloc::boxed::Box<F,A> as core::ops::function::FnOnce<Args>>::call_once::hf75717d9f28faebf
[INFO] [stdout]                                at /rustc/90b35a6239c3d8bdabc530a6a0816f7ff89a0aaf/library/alloc/src/boxed.rs:2454:9
[INFO] [stdout]   43:     0x60f6db0853cb - <alloc::boxed::Box<F,A> as core::ops::function::FnOnce<Args>>::call_once::h7bd883a5f3c5f3c1
[INFO] [stdout]                                at /rustc/90b35a6239c3d8bdabc530a6a0816f7ff89a0aaf/library/alloc/src/boxed.rs:2454:9
[INFO] [stdout]   44:     0x60f6db0853cb - std::sys::pal::unix::thread::Thread::new::thread_start::hcc78f3943333fa94
[INFO] [stdout]                                at /rustc/90b35a6239c3d8bdabc530a6a0816f7ff89a0aaf/library/std/src/sys/pal/unix/thread.rs:105:17
[INFO] [stdout]   45:     0x7dd838679ac3 - <unknown>
[INFO] [stdout]   46:     0x7dd83870aa04 - clone
[INFO] [stdout]   47:                0x0 - <unknown>
[INFO] [stdout] 
[INFO] [stdout] 
[INFO] [stdout] failures:
[INFO] [stdout]     bbsplus::keys::tests::keypair_sha256
[INFO] [stdout]     bbsplus::keys::tests::keypair_shake256
[INFO] [stdout] 
[INFO] [stdout] test result: FAILED. 98 passed; 2 failed; 0 ignored; 0 measured; 0 filtered out; finished in 16.29s
[INFO] [stdout] 
[INFO] [stderr] error: test failed, to rerun pass `--lib`
[INFO] running `Command { std: "docker" "inspect" "591c81d54217f8deb29460352cc9f8df61b8f749168f2f8a06e948549e5aaba7", kill_on_drop: false }`
[INFO] running `Command { std: "docker" "rm" "-f" "591c81d54217f8deb29460352cc9f8df61b8f749168f2f8a06e948549e5aaba7", kill_on_drop: false }`
[INFO] [stdout] 591c81d54217f8deb29460352cc9f8df61b8f749168f2f8a06e948549e5aaba7
