[INFO] fetching crate zk_database 0.1.2...
[INFO] testing zk_database-0.1.2 against 1.83.0 for beta-1.84.0-4-retry
[INFO] extracting crate zk_database 0.1.2 into /workspace/builds/worker-1-tc1/source
[INFO] validating manifest of crates.io crate zk_database 0.1.2 on toolchain 1.83.0
[INFO] running `Command { std: CARGO_HOME="/workspace/cargo-home" RUSTUP_HOME="/workspace/rustup-home" "/workspace/cargo-home/bin/cargo" "+1.83.0" "metadata" "--manifest-path" "Cargo.toml" "--no-deps", kill_on_drop: false }`
[INFO] started tweaking crates.io crate zk_database 0.1.2
[INFO] finished tweaking crates.io crate zk_database 0.1.2
[INFO] tweaked toml for crates.io crate zk_database 0.1.2 written to /workspace/builds/worker-1-tc1/source/Cargo.toml
[INFO] running `Command { std: CARGO_HOME="/workspace/cargo-home" RUSTUP_HOME="/workspace/rustup-home" "/workspace/cargo-home/bin/cargo" "+1.83.0" "generate-lockfile" "--manifest-path" "Cargo.toml", kill_on_drop: false }`
[INFO] [stderr]     Updating crates.io index
[INFO] [stderr]      Locking 286 packages to latest compatible versions
[INFO] [stderr]       Adding ark-bn254 v0.4.0 (available: v0.5.0)
[INFO] [stderr]       Adding ark-ff v0.4.2 (available: v0.5.0)
[INFO] [stderr]       Adding async-executor v1.5.1 (available: v1.13.1)
[INFO] [stderr]       Adding async-global-executor v2.3.1 (available: v2.4.1)
[INFO] [stderr]       Adding async-std v1.12.0 (available: v1.13.0)
[INFO] [stderr]       Adding mongodb v2.8.2 (available: v3.1.1)
[INFO] running `Command { std: CARGO_HOME="/workspace/cargo-home" RUSTUP_HOME="/workspace/rustup-home" "/workspace/cargo-home/bin/cargo" "+1.83.0" "fetch" "--manifest-path" "Cargo.toml", kill_on_drop: false }`
[INFO] [stderr]  Downloading crates ...
[INFO] [stderr]   Downloaded rs_merkle v1.4.2
[INFO] [stderr]   Downloaded value-bag v1.10.0
[INFO] [stderr]   Downloaded typed-builder v0.10.0
[INFO] [stderr]   Downloaded waker-fn v1.2.0
[INFO] [stderr]   Downloaded enum-as-inner v0.4.0
[INFO] [stderr]   Downloaded match_cfg v0.1.0
[INFO] [stderr]   Downloaded ark-serialize-derive v0.4.2
[INFO] [stderr]   Downloaded take_mut v0.2.2
[INFO] [stderr]   Downloaded darling_macro v0.13.4
[INFO] [stderr]   Downloaded async-signal v0.2.10
[INFO] [stderr]   Downloaded ark-ff-asm v0.4.2
[INFO] [stderr]   Downloaded ark-ff-macros v0.4.2
[INFO] [stderr]   Downloaded ark-bn254 v0.4.0
[INFO] [stderr]   Downloaded event-listener v3.1.0
[INFO] [stderr]   Downloaded async-io v1.13.0
[INFO] [stderr]   Downloaded ark-ec v0.4.2
[INFO] [stderr]   Downloaded ark-poly v0.4.2
[INFO] [stderr]   Downloaded ark-ff v0.4.2
[INFO] [stderr]   Downloaded darling_core v0.13.4
[INFO] [stderr]   Downloaded trust-dns-resolver v0.21.2
[INFO] [stderr]   Downloaded polling v2.8.0
[INFO] [stderr]   Downloaded bson v2.13.0
[INFO] [stderr]   Downloaded serde_with v1.14.0
[INFO] [stderr]   Downloaded async-io v2.4.0
[INFO] [stderr]   Downloaded rustls-webpki v0.101.7
[INFO] [stderr]   Downloaded derive_more v0.99.18
[INFO] [stderr]   Downloaded async-std v1.12.0
[INFO] [stderr]   Downloaded webpki-roots v0.25.4
[INFO] [stderr]   Downloaded rustls v0.21.12
[INFO] [stderr]   Downloaded trust-dns-proto v0.21.2
[INFO] [stderr]   Downloaded socket2 v0.4.10
[INFO] [stderr]   Downloaded rustix v0.37.27
[INFO] [stderr]   Downloaded sct v0.7.1
[INFO] [stderr]   Downloaded ipconfig v0.3.2
[INFO] [stderr]   Downloaded light-poseidon v0.2.0
[INFO] [stderr]   Downloaded async-executor v1.5.1
[INFO] [stderr]   Downloaded async-lock v2.8.0
[INFO] [stderr]   Downloaded futures-lite v1.13.0
[INFO] [stderr]   Downloaded serde_with_macros v1.5.2
[INFO] [stderr]   Downloaded tokio-rustls v0.24.1
[INFO] [stderr]   Downloaded async-std-resolver v0.21.2
[INFO] [stderr]   Downloaded async-process v1.8.1
[INFO] [stderr]   Downloaded resolv-conf v0.7.0
[INFO] [stderr]   Downloaded async-global-executor v2.3.1
[INFO] [stderr]   Downloaded ark-serialize v0.4.2
[INFO] [stderr]   Downloaded ark-std v0.4.0
[INFO] [stderr]   Downloaded convert_case v0.4.0
[INFO] [stderr]   Downloaded linked-hash-map v0.5.6
[INFO] [stderr]   Downloaded rustc_version_runtime v0.2.1
[INFO] [stderr]   Downloaded darling v0.13.4
[INFO] [stderr]   Downloaded lru-cache v0.1.2
[INFO] [stderr]   Downloaded hostname v0.3.1
[INFO] [stderr]   Downloaded mongodb v2.8.2
[INFO] running `Command { std: "docker" "create" "-v" "/var/lib/crater-agent-workspace/builds/worker-1-tc1/target:/opt/rustwide/target:rw,Z" "-v" "/var/lib/crater-agent-workspace/builds/worker-1-tc1/source:/opt/rustwide/workdir:ro,Z" "-v" "/var/lib/crater-agent-workspace/cargo-home:/opt/rustwide/cargo-home:ro,Z" "-v" "/var/lib/crater-agent-workspace/rustup-home:/opt/rustwide/rustup-home:ro,Z" "-e" "SOURCE_DIR=/opt/rustwide/workdir" "-e" "CARGO_TARGET_DIR=/opt/rustwide/target" "-e" "CARGO_HOME=/opt/rustwide/cargo-home" "-e" "RUSTUP_HOME=/opt/rustwide/rustup-home" "-w" "/opt/rustwide/workdir" "-m" "1610612736" "--user" "0:0" "--network" "none" "ghcr.io/rust-lang/crates-build-env/linux@sha256:f3a9d4ad9d972b27faf3965f35b62e55ba32bbce8f20bc8fe909558a86702fde" "/opt/rustwide/cargo-home/bin/cargo" "+1.83.0" "metadata" "--no-deps" "--format-version=1", kill_on_drop: false }`
[INFO] [stdout] 24e0bc28f614f1d04ae0fe4cf51f6fd440796ae2bce8883c74fb78365fe0a242
[INFO] running `Command { std: "docker" "start" "-a" "24e0bc28f614f1d04ae0fe4cf51f6fd440796ae2bce8883c74fb78365fe0a242", kill_on_drop: false }`
[INFO] running `Command { std: "docker" "inspect" "24e0bc28f614f1d04ae0fe4cf51f6fd440796ae2bce8883c74fb78365fe0a242", kill_on_drop: false }`
[INFO] running `Command { std: "docker" "rm" "-f" "24e0bc28f614f1d04ae0fe4cf51f6fd440796ae2bce8883c74fb78365fe0a242", kill_on_drop: false }`
[INFO] [stdout] 24e0bc28f614f1d04ae0fe4cf51f6fd440796ae2bce8883c74fb78365fe0a242
[INFO] running `Command { std: "docker" "create" "-v" "/var/lib/crater-agent-workspace/builds/worker-1-tc1/target:/opt/rustwide/target:rw,Z" "-v" "/var/lib/crater-agent-workspace/builds/worker-1-tc1/source:/opt/rustwide/workdir:ro,Z" "-v" "/var/lib/crater-agent-workspace/cargo-home:/opt/rustwide/cargo-home:ro,Z" "-v" "/var/lib/crater-agent-workspace/rustup-home:/opt/rustwide/rustup-home:ro,Z" "-e" "SOURCE_DIR=/opt/rustwide/workdir" "-e" "CARGO_TARGET_DIR=/opt/rustwide/target" "-e" "CARGO_INCREMENTAL=0" "-e" "RUST_BACKTRACE=full" "-e" "RUSTFLAGS=--cap-lints=warn" "-e" "RUSTDOCFLAGS=--cap-lints=warn" "-e" "CARGO_HOME=/opt/rustwide/cargo-home" "-e" "RUSTUP_HOME=/opt/rustwide/rustup-home" "-w" "/opt/rustwide/workdir" "-m" "1610612736" "--user" "0:0" "--network" "none" "ghcr.io/rust-lang/crates-build-env/linux@sha256:f3a9d4ad9d972b27faf3965f35b62e55ba32bbce8f20bc8fe909558a86702fde" "/opt/rustwide/cargo-home/bin/cargo" "+1.83.0" "build" "--frozen" "--message-format=json", kill_on_drop: false }`
[INFO] [stdout] e2e50d465c0a7dd968cee704c3d53e589ef460201f0043ad01ce3ba68a3724ed
[INFO] running `Command { std: "docker" "start" "-a" "e2e50d465c0a7dd968cee704c3d53e589ef460201f0043ad01ce3ba68a3724ed", kill_on_drop: false }`
[INFO] [stderr]    Compiling syn v1.0.109
[INFO] [stderr]    Compiling futures-io v0.3.31
[INFO] [stderr]    Compiling parking v2.2.1
[INFO] [stderr]    Compiling subtle v2.6.1
[INFO] [stderr]    Compiling value-bag v1.10.0
[INFO] [stderr]    Compiling num-traits v0.2.19
[INFO] [stderr]    Compiling concurrent-queue v2.5.0
[INFO] [stderr]    Compiling ahash v0.8.11
[INFO] [stderr]    Compiling rustix v0.38.42
[INFO] [stderr]    Compiling zerocopy-derive v0.7.35
[INFO] [stderr]    Compiling event-listener v2.5.3
[INFO] [stderr]    Compiling io-lifetimes v1.0.11
[INFO] [stderr]    Compiling ring v0.17.8
[INFO] [stderr]    Compiling polling v2.8.0
[INFO] [stderr]    Compiling futures-lite v2.5.0
[INFO] [stderr]    Compiling waker-fn v1.2.0
[INFO] [stderr]    Compiling fastrand v1.9.0
[INFO] [stderr]    Compiling digest v0.10.7
[INFO] [stderr]    Compiling linux-raw-sys v0.4.14
[INFO] [stderr]    Compiling tracing-core v0.1.33
[INFO] [stderr]    Compiling log v0.4.22
[INFO] [stderr]    Compiling event-listener v5.3.1
[INFO] [stderr]    Compiling rustix v0.37.27
[INFO] [stderr]    Compiling futures-lite v1.13.0
[INFO] [stderr]    Compiling async-lock v2.8.0
[INFO] [stderr]    Compiling async-io v1.13.0
[INFO] [stderr]    Compiling linux-raw-sys v0.3.8
[INFO] [stderr]    Compiling event-listener-strategy v0.5.3
[INFO] [stderr]    Compiling async-lock v3.4.0
[INFO] [stderr]    Compiling tracing v0.1.41
[INFO] [stderr]    Compiling tokio v1.42.0
[INFO] [stderr]    Compiling num-bigint v0.4.6
[INFO] [stderr]    Compiling futures-macro v0.3.31
[INFO] [stderr]    Compiling thiserror-impl v1.0.69
[INFO] [stderr]    Compiling zeroize_derive v1.4.2
[INFO] [stderr]    Compiling socket2 v0.4.10
[INFO] [stderr]    Compiling either v1.13.0
[INFO] [stderr]    Compiling unicode-bidi v0.3.17
[INFO] [stderr]    Compiling fastrand v2.3.0
[INFO] [stderr]    Compiling num-integer v0.1.46
[INFO] [stderr]    Compiling ident_case v1.0.1
[INFO] [stderr]    Compiling atomic-waker v1.1.2
[INFO] [stderr]    Compiling async-task v4.7.1
[INFO] [stderr]    Compiling fnv v1.0.7
[INFO] [stderr]    Compiling untrusted v0.9.0
[INFO] [stderr]    Compiling spin v0.9.8
[INFO] [stderr]    Compiling form_urlencoded v1.2.1
[INFO] [stderr]    Compiling piper v0.2.4
[INFO] [stderr]    Compiling zerocopy v0.7.35
[INFO] [stderr]    Compiling itertools v0.10.5
[INFO] [stderr]    Compiling async-channel v2.3.1
[INFO] [stderr]    Compiling heck v0.4.1
[INFO] [stderr]    Compiling matches v0.1.10
[INFO] [stderr]    Compiling radium v0.7.0
[INFO] [stderr]    Compiling match_cfg v0.1.0
[INFO] [stderr]    Compiling hostname v0.3.1
[INFO] [stderr]    Compiling blocking v1.6.1
[INFO] [stderr]    Compiling zeroize v1.8.1
[INFO] [stderr]    Compiling idna v0.2.3
[INFO] [stderr]    Compiling url v2.5.4
[INFO] [stderr]    Compiling futures-util v0.3.31
[INFO] [stderr]    Compiling rustc_version v0.2.3
[INFO] [stderr]    Compiling async-executor v1.5.1
[INFO] [stderr]    Compiling event-listener v3.1.0
[INFO] [stderr]    Compiling ppv-lite86 v0.2.20
[INFO] [stderr]    Compiling async-channel v1.9.0
[INFO] [stderr]    Compiling hashbrown v0.13.2
[INFO] [stderr]    Compiling async-trait v0.1.83
[INFO] [stderr]    Compiling thiserror v1.0.69
[INFO] [stderr]    Compiling futures-channel v0.3.31
[INFO] [stderr]    Compiling linked-hash-map v0.5.6
[INFO] [stderr]    Compiling rand_chacha v0.3.1
[INFO] [stderr]    Compiling data-encoding v2.6.0
[INFO] [stderr]    Compiling time-core v0.1.2
[INFO] [stderr]    Compiling tap v1.0.1
[INFO] [stderr]    Compiling rustls v0.21.12
[INFO] [stderr]    Compiling powerfmt v0.2.0
[INFO] [stderr]    Compiling num-conv v0.1.0
[INFO] [stderr]    Compiling rand v0.8.5
[INFO] [stderr]    Compiling serde_json v1.0.133
[INFO] [stderr]    Compiling resolv-conf v0.7.0
[INFO] [stderr]    Compiling time-macros v0.2.19
[INFO] [stderr]    Compiling deranged v0.3.11
[INFO] [stderr]    Compiling wyz v0.5.1
[INFO] [stderr]    Compiling lru-cache v0.1.2
[INFO] [stderr]    Compiling rustc_version_runtime v0.2.1
[INFO] [stderr]    Compiling kv-log-macro v1.0.7
[INFO] [stderr]    Compiling funty v2.0.0
[INFO] [stderr]    Compiling sha2 v0.10.8
[INFO] [stderr]    Compiling async-global-executor v2.3.1
[INFO] [stderr]    Compiling uuid v1.11.0
[INFO] [stderr]    Compiling ark-std v0.4.0
[INFO] [stderr]    Compiling bitvec v1.0.1
[INFO] [stderr]    Compiling serde_bytes v0.11.15
[INFO] [stderr]    Compiling unicode-properties v0.1.3
[INFO] [stderr]    Compiling convert_case v0.4.0
[INFO] [stderr]    Compiling base64 v0.13.1
[INFO] [stderr]    Compiling stringprep v0.1.5
[INFO] [stderr]    Compiling darling_core v0.13.4
[INFO] [stderr]    Compiling sha-1 v0.10.1
[INFO] [stderr]    Compiling md-5 v0.10.6
[INFO] [stderr]    Compiling pbkdf2 v0.11.0
[INFO] [stderr]    Compiling hmac v0.12.1
[INFO] [stderr]    Compiling webpki-roots v0.25.4
[INFO] [stderr]    Compiling derive_more v0.99.18
[INFO] [stderr]    Compiling take_mut v0.2.2
[INFO] [stderr]    Compiling rs_merkle v1.4.2
[INFO] [stderr]    Compiling futures-executor v0.3.31
[INFO] [stderr]    Compiling time v0.3.37
[INFO] [stderr]    Compiling sct v0.7.1
[INFO] [stderr]    Compiling rustls-webpki v0.101.7
[INFO] [stderr]    Compiling tokio-util v0.7.13
[INFO] [stderr]    Compiling ark-serialize-derive v0.4.2
[INFO] [stderr]    Compiling derivative v2.2.0
[INFO] [stderr]    Compiling ark-ff-asm v0.4.2
[INFO] [stderr]    Compiling ark-ff-macros v0.4.2
[INFO] [stderr]    Compiling enum-as-inner v0.4.0
[INFO] [stderr]    Compiling async-attributes v1.1.2
[INFO] [stderr]    Compiling typed-builder v0.10.0
[INFO] [stderr]    Compiling polling v3.7.4
[INFO] [stderr]    Compiling async-io v2.4.0
[INFO] [stderr]    Compiling trust-dns-proto v0.21.2
[INFO] [stderr]    Compiling ark-serialize v0.4.2
[INFO] [stderr]    Compiling bson v2.13.0
[INFO] [stderr]    Compiling darling_macro v0.13.4
[INFO] [stderr]    Compiling async-signal v0.2.10
[INFO] [stderr]    Compiling async-process v1.8.1
[INFO] [stderr]    Compiling async-std v1.12.0
[INFO] [stderr]    Compiling ark-ff v0.4.2
[INFO] [stderr]    Compiling darling v0.13.4
[INFO] [stderr]    Compiling serde_with_macros v1.5.2
[INFO] [stderr]    Compiling tokio-rustls v0.24.1
[INFO] [stderr]    Compiling serde_with v1.14.0
[INFO] [stderr]    Compiling trust-dns-resolver v0.21.2
[INFO] [stderr]    Compiling async-std-resolver v0.21.2
[INFO] [stderr]    Compiling mongodb v2.8.2
[INFO] [stderr]    Compiling ark-poly v0.4.2
[INFO] [stderr]    Compiling ark-ec v0.4.2
[INFO] [stderr]    Compiling ark-bn254 v0.4.0
[INFO] [stderr]    Compiling light-poseidon v0.2.0
[INFO] [stderr]    Compiling zk_database v0.1.2 (/opt/rustwide/workdir)
[INFO] [stderr]     Finished `dev` profile [unoptimized + debuginfo] target(s) in 32.43s
[INFO] running `Command { std: "docker" "inspect" "e2e50d465c0a7dd968cee704c3d53e589ef460201f0043ad01ce3ba68a3724ed", kill_on_drop: false }`
[INFO] running `Command { std: "docker" "rm" "-f" "e2e50d465c0a7dd968cee704c3d53e589ef460201f0043ad01ce3ba68a3724ed", kill_on_drop: false }`
[INFO] [stdout] e2e50d465c0a7dd968cee704c3d53e589ef460201f0043ad01ce3ba68a3724ed
[INFO] running `Command { std: "docker" "create" "-v" "/var/lib/crater-agent-workspace/builds/worker-1-tc1/target:/opt/rustwide/target:rw,Z" "-v" "/var/lib/crater-agent-workspace/builds/worker-1-tc1/source:/opt/rustwide/workdir:ro,Z" "-v" "/var/lib/crater-agent-workspace/cargo-home:/opt/rustwide/cargo-home:ro,Z" "-v" "/var/lib/crater-agent-workspace/rustup-home:/opt/rustwide/rustup-home:ro,Z" "-e" "SOURCE_DIR=/opt/rustwide/workdir" "-e" "CARGO_TARGET_DIR=/opt/rustwide/target" "-e" "CARGO_INCREMENTAL=0" "-e" "RUST_BACKTRACE=full" "-e" "RUSTFLAGS=--cap-lints=warn" "-e" "RUSTDOCFLAGS=--cap-lints=warn" "-e" "CARGO_HOME=/opt/rustwide/cargo-home" "-e" "RUSTUP_HOME=/opt/rustwide/rustup-home" "-w" "/opt/rustwide/workdir" "-m" "1610612736" "--user" "0:0" "--network" "none" "ghcr.io/rust-lang/crates-build-env/linux@sha256:f3a9d4ad9d972b27faf3965f35b62e55ba32bbce8f20bc8fe909558a86702fde" "/opt/rustwide/cargo-home/bin/cargo" "+1.83.0" "test" "--frozen" "--no-run" "--message-format=json", kill_on_drop: false }`
[INFO] [stdout] 87e6a77c627cb863f1df8a5b83930068e320104b44e805955a99969202de71a7
[INFO] running `Command { std: "docker" "start" "-a" "87e6a77c627cb863f1df8a5b83930068e320104b44e805955a99969202de71a7", kill_on_drop: false }`
[INFO] [stderr]    Compiling zk_database v0.1.2 (/opt/rustwide/workdir)
[INFO] [stderr]     Finished `test` profile [unoptimized + debuginfo] target(s) in 7.04s
[INFO] running `Command { std: "docker" "inspect" "87e6a77c627cb863f1df8a5b83930068e320104b44e805955a99969202de71a7", kill_on_drop: false }`
[INFO] running `Command { std: "docker" "rm" "-f" "87e6a77c627cb863f1df8a5b83930068e320104b44e805955a99969202de71a7", kill_on_drop: false }`
[INFO] [stdout] 87e6a77c627cb863f1df8a5b83930068e320104b44e805955a99969202de71a7
[INFO] running `Command { std: "docker" "create" "-v" "/var/lib/crater-agent-workspace/builds/worker-1-tc1/target:/opt/rustwide/target:rw,Z" "-v" "/var/lib/crater-agent-workspace/builds/worker-1-tc1/source:/opt/rustwide/workdir:ro,Z" "-v" "/var/lib/crater-agent-workspace/cargo-home:/opt/rustwide/cargo-home:ro,Z" "-v" "/var/lib/crater-agent-workspace/rustup-home:/opt/rustwide/rustup-home:ro,Z" "-e" "SOURCE_DIR=/opt/rustwide/workdir" "-e" "CARGO_TARGET_DIR=/opt/rustwide/target" "-e" "CARGO_INCREMENTAL=0" "-e" "RUST_BACKTRACE=full" "-e" "RUSTFLAGS=--cap-lints=warn" "-e" "RUSTDOCFLAGS=--cap-lints=warn" "-e" "CARGO_HOME=/opt/rustwide/cargo-home" "-e" "RUSTUP_HOME=/opt/rustwide/rustup-home" "-w" "/opt/rustwide/workdir" "-m" "1610612736" "--user" "0:0" "--network" "none" "ghcr.io/rust-lang/crates-build-env/linux@sha256:f3a9d4ad9d972b27faf3965f35b62e55ba32bbce8f20bc8fe909558a86702fde" "/opt/rustwide/cargo-home/bin/cargo" "+1.83.0" "test" "--frozen", kill_on_drop: false }`
[INFO] [stdout] a904b897b6f5f427222a4d1d6762ebf11c44cf2735ef11e1386cdcb6595fbce1
[INFO] running `Command { std: "docker" "start" "-a" "a904b897b6f5f427222a4d1d6762ebf11c44cf2735ef11e1386cdcb6595fbce1", kill_on_drop: false }`
[INFO] [stderr]     Finished `test` profile [unoptimized + debuginfo] target(s) in 0.15s
[INFO] [stderr]      Running unittests src/lib.rs (/opt/rustwide/target/debug/deps/zk_database-02a1630e7e53fcc4)
[INFO] [stdout] 
[INFO] [stdout] running 0 tests
[INFO] [stdout] 
[INFO] [stdout] test result: ok. 0 passed; 0 failed; 0 ignored; 0 measured; 0 filtered out; finished in 0.00s
[INFO] [stdout] 
[INFO] [stderr]      Running tests/my_test.rs (/opt/rustwide/target/debug/deps/my_test-86f2be02ac603771)
[INFO] [stdout] 
[INFO] [stdout] running 3 tests
[INFO] [stdout] test test::merkle_duplicate_inputs ... FAILED
[INFO] [stdout] test test::merkle_verify_path_failure ... FAILED
[INFO] [stdout] test test::merkle_verify_path ... FAILED
[INFO] [stdout] 
[INFO] [stdout] failures:
[INFO] [stdout] 
[INFO] [stdout] ---- test::merkle_duplicate_inputs stdout ----
[INFO] [stdout] thread 'test::merkle_duplicate_inputs' panicked at tests/my_test.rs:52:31:
[INFO] [stdout] called `Result::unwrap()` on an `Err` value: Error { kind: ServerSelection { message: "Server selection timeout: No available servers. Topology: { Type: Unknown, Servers: [ { Address: 95.217.230.244:27017, Type: Unknown, Error: Kind: I/O error: Network is unreachable (os error 101), labels: {} } ] }" }, labels: {}, wire_version: None, source: None }
[INFO] [stdout] stack backtrace:
[INFO] [stdout]    0:     0x62c1a3da240a - std::backtrace_rs::backtrace::libunwind::trace::h5a5b8284f2d0c266
[INFO] [stdout]                                at /rustc/90b35a6239c3d8bdabc530a6a0816f7ff89a0aaf/library/std/src/../../backtrace/src/backtrace/libunwind.rs:116:5
[INFO] [stdout]    1:     0x62c1a3da240a - std::backtrace_rs::backtrace::trace_unsynchronized::h76d4f1c9b0b875e3
[INFO] [stdout]                                at /rustc/90b35a6239c3d8bdabc530a6a0816f7ff89a0aaf/library/std/src/../../backtrace/src/backtrace/mod.rs:66:5
[INFO] [stdout]    2:     0x62c1a3da240a - std::sys::backtrace::_print_fmt::hc4546b8364a537c6
[INFO] [stdout]                                at /rustc/90b35a6239c3d8bdabc530a6a0816f7ff89a0aaf/library/std/src/sys/backtrace.rs:66:9
[INFO] [stdout]    3:     0x62c1a3da240a - <std::sys::backtrace::BacktraceLock::print::DisplayBacktrace as core::fmt::Display>::fmt::h5b6bd5631a6d1f6b
[INFO] [stdout]                                at /rustc/90b35a6239c3d8bdabc530a6a0816f7ff89a0aaf/library/std/src/sys/backtrace.rs:39:26
[INFO] [stdout]    4:     0x62c1a3dcd813 - core::fmt::rt::Argument::fmt::h270f6602a2b96f62
[INFO] [stdout]                                at /rustc/90b35a6239c3d8bdabc530a6a0816f7ff89a0aaf/library/core/src/fmt/rt.rs:177:76
[INFO] [stdout]    5:     0x62c1a3dcd813 - core::fmt::write::h7550c97b06c86515
[INFO] [stdout]                                at /rustc/90b35a6239c3d8bdabc530a6a0816f7ff89a0aaf/library/core/src/fmt/mod.rs:1186:21
[INFO] [stdout]    6:     0x62c1a3d9e963 - std::io::Write::write_fmt::h509ff860e5956e5e
[INFO] [stdout]                                at /rustc/90b35a6239c3d8bdabc530a6a0816f7ff89a0aaf/library/std/src/io/mod.rs:1839:15
[INFO] [stdout]    7:     0x62c1a3da2252 - std::sys::backtrace::BacktraceLock::print::h2395ccd2c84ba3aa
[INFO] [stdout]                                at /rustc/90b35a6239c3d8bdabc530a6a0816f7ff89a0aaf/library/std/src/sys/backtrace.rs:42:9
[INFO] [stdout]    8:     0x62c1a3da386a - std::panicking::default_hook::{{closure}}::he19d4c7230e07961
[INFO] [stdout]                                at /rustc/90b35a6239c3d8bdabc530a6a0816f7ff89a0aaf/library/std/src/panicking.rs:268:22
[INFO] [stdout]    9:     0x62c1a3da3674 - std::panicking::default_hook::hf614597d3c67bbdb
[INFO] [stdout]                                at /rustc/90b35a6239c3d8bdabc530a6a0816f7ff89a0aaf/library/std/src/panicking.rs:292:9
[INFO] [stdout]   10:     0x62c1a2ed1b19 - <alloc::boxed::Box<F,A> as core::ops::function::Fn<Args>>::call::h39b51ce4599c23d1
[INFO] [stdout]                                at /rustc/90b35a6239c3d8bdabc530a6a0816f7ff89a0aaf/library/alloc/src/boxed.rs:2468:9
[INFO] [stdout]   11:     0x62c1a2ed1b19 - test::test_main::{{closure}}::he977ae839a582784
[INFO] [stdout]                                at /rustc/90b35a6239c3d8bdabc530a6a0816f7ff89a0aaf/library/test/src/lib.rs:133:21
[INFO] [stdout]   12:     0x62c1a3da3f08 - <alloc::boxed::Box<F,A> as core::ops::function::Fn<Args>>::call::h9455091b6b06f9fb
[INFO] [stdout]                                at /rustc/90b35a6239c3d8bdabc530a6a0816f7ff89a0aaf/library/alloc/src/boxed.rs:2468:9
[INFO] [stdout]   13:     0x62c1a3da3f08 - std::panicking::rust_panic_with_hook::h8942133a8b252070
[INFO] [stdout]                                at /rustc/90b35a6239c3d8bdabc530a6a0816f7ff89a0aaf/library/std/src/panicking.rs:809:13
[INFO] [stdout]   14:     0x62c1a3da3cca - std::panicking::begin_panic_handler::{{closure}}::hb5f5963570096b29
[INFO] [stdout]                                at /rustc/90b35a6239c3d8bdabc530a6a0816f7ff89a0aaf/library/std/src/panicking.rs:674:13
[INFO] [stdout]   15:     0x62c1a3da28e9 - std::sys::backtrace::__rust_end_short_backtrace::h6208cedc1922feda
[INFO] [stdout]                                at /rustc/90b35a6239c3d8bdabc530a6a0816f7ff89a0aaf/library/std/src/sys/backtrace.rs:170:18
[INFO] [stdout]   16:     0x62c1a3da395c - rust_begin_unwind
[INFO] [stdout]                                at /rustc/90b35a6239c3d8bdabc530a6a0816f7ff89a0aaf/library/std/src/panicking.rs:665:5
[INFO] [stdout]   17:     0x62c1a2e88220 - core::panicking::panic_fmt::h0c3082644d1bf418
[INFO] [stdout]                                at /rustc/90b35a6239c3d8bdabc530a6a0816f7ff89a0aaf/library/core/src/panicking.rs:74:14
[INFO] [stdout]   18:     0x62c1a2e886a6 - core::result::unwrap_failed::hd20b4aa073bda1e2
[INFO] [stdout]                                at /rustc/90b35a6239c3d8bdabc530a6a0816f7ff89a0aaf/library/core/src/result.rs:1700:5
[INFO] [stdout]   19:     0x62c1a2e93f73 - core::result::Result<T,E>::unwrap::h95fc313d6e6e5f5e
[INFO] [stdout]                                at /rustc/90b35a6239c3d8bdabc530a6a0816f7ff89a0aaf/library/core/src/result.rs:1104:23
[INFO] [stdout]   20:     0x62c1a2e93f73 - my_test::test::merkle_duplicate_inputs::hbe03219b35e37a66
[INFO] [stdout]                                at /opt/rustwide/workdir/tests/my_test.rs:52:9
[INFO] [stdout]   21:     0x62c1a2e93cc7 - my_test::test::merkle_duplicate_inputs::{{closure}}::h941c40e8cccfd7ed
[INFO] [stdout]                                at /opt/rustwide/workdir/tests/my_test.rs:46:33
[INFO] [stdout]   22:     0x62c1a2e8f286 - core::ops::function::FnOnce::call_once::h906f3b8b0275753c
[INFO] [stdout]                                at /rustc/90b35a6239c3d8bdabc530a6a0816f7ff89a0aaf/library/core/src/ops/function.rs:250:5
[INFO] [stdout]   23:     0x62c1a2ed64db - core::ops::function::FnOnce::call_once::h109cf8051a59b34e
[INFO] [stdout]                                at /rustc/90b35a6239c3d8bdabc530a6a0816f7ff89a0aaf/library/core/src/ops/function.rs:250:5
[INFO] [stdout]   24:     0x62c1a2ed64db - test::__rust_begin_short_backtrace::hf4fff89d377446ba
[INFO] [stdout]                                at /rustc/90b35a6239c3d8bdabc530a6a0816f7ff89a0aaf/library/test/src/lib.rs:621:18
[INFO] [stdout]   25:     0x62c1a2ed5d17 - test::run_test_in_process::{{closure}}::h0e39181dd7ee5a43
[INFO] [stdout]                                at /rustc/90b35a6239c3d8bdabc530a6a0816f7ff89a0aaf/library/test/src/lib.rs:644:60
[INFO] [stdout]   26:     0x62c1a2ed5d17 - <core::panic::unwind_safe::AssertUnwindSafe<F> as core::ops::function::FnOnce<()>>::call_once::hc5a66a30f0bdfd1f
[INFO] [stdout]                                at /rustc/90b35a6239c3d8bdabc530a6a0816f7ff89a0aaf/library/core/src/panic/unwind_safe.rs:272:9
[INFO] [stdout]   27:     0x62c1a2ed5d17 - std::panicking::try::do_call::h873b7cf639554a5e
[INFO] [stdout]                                at /rustc/90b35a6239c3d8bdabc530a6a0816f7ff89a0aaf/library/std/src/panicking.rs:557:40
[INFO] [stdout]   28:     0x62c1a2ed5d17 - std::panicking::try::hdb19862fad9c8bd1
[INFO] [stdout]                                at /rustc/90b35a6239c3d8bdabc530a6a0816f7ff89a0aaf/library/std/src/panicking.rs:520:19
[INFO] [stdout]   29:     0x62c1a2ed5d17 - std::panic::catch_unwind::h281fe732d236d260
[INFO] [stdout]                                at /rustc/90b35a6239c3d8bdabc530a6a0816f7ff89a0aaf/library/std/src/panic.rs:358:14
[INFO] [stdout]   30:     0x62c1a2ed5d17 - test::run_test_in_process::h949b6df8457ed338
[INFO] [stdout]                                at /rustc/90b35a6239c3d8bdabc530a6a0816f7ff89a0aaf/library/test/src/lib.rs:644:27
[INFO] [stdout]   31:     0x62c1a2ed5d17 - test::run_test::{{closure}}::h52c556a6d4740e10
[INFO] [stdout]                                at /rustc/90b35a6239c3d8bdabc530a6a0816f7ff89a0aaf/library/test/src/lib.rs:565:43
[INFO] [stdout]   32:     0x62c1a2e9aff4 - test::run_test::{{closure}}::h4237f6381c45ccb9
[INFO] [stdout]                                at /rustc/90b35a6239c3d8bdabc530a6a0816f7ff89a0aaf/library/test/src/lib.rs:595:41
[INFO] [stdout]   33:     0x62c1a2e9aff4 - std::sys::backtrace::__rust_begin_short_backtrace::h505c97a579eca628
[INFO] [stdout]                                at /rustc/90b35a6239c3d8bdabc530a6a0816f7ff89a0aaf/library/std/src/sys/backtrace.rs:154:18
[INFO] [stdout]   34:     0x62c1a2e9e6be - std::thread::Builder::spawn_unchecked_::{{closure}}::{{closure}}::h9e86b2e2bc107ea3
[INFO] [stdout]                                at /rustc/90b35a6239c3d8bdabc530a6a0816f7ff89a0aaf/library/std/src/thread/mod.rs:538:17
[INFO] [stdout]   35:     0x62c1a2e9e6be - <core::panic::unwind_safe::AssertUnwindSafe<F> as core::ops::function::FnOnce<()>>::call_once::h8b06ddb275ff4a25
[INFO] [stdout]                                at /rustc/90b35a6239c3d8bdabc530a6a0816f7ff89a0aaf/library/core/src/panic/unwind_safe.rs:272:9
[INFO] [stdout]   36:     0x62c1a2e9e6be - std::panicking::try::do_call::hb26ecd7cd9a9355d
[INFO] [stdout]                                at /rustc/90b35a6239c3d8bdabc530a6a0816f7ff89a0aaf/library/std/src/panicking.rs:557:40
[INFO] [stdout]   37:     0x62c1a2e9e6be - std::panicking::try::h8ddeca9d705f9069
[INFO] [stdout]                                at /rustc/90b35a6239c3d8bdabc530a6a0816f7ff89a0aaf/library/std/src/panicking.rs:520:19
[INFO] [stdout]   38:     0x62c1a2e9e6be - std::panic::catch_unwind::h49e1c33078844c46
[INFO] [stdout]                                at /rustc/90b35a6239c3d8bdabc530a6a0816f7ff89a0aaf/library/std/src/panic.rs:358:14
[INFO] [stdout]   39:     0x62c1a2e9e6be - std::thread::Builder::spawn_unchecked_::{{closure}}::h6073db6ff56ad35d
[INFO] [stdout]                                at /rustc/90b35a6239c3d8bdabc530a6a0816f7ff89a0aaf/library/std/src/thread/mod.rs:537:30
[INFO] [stdout]   40:     0x62c1a2e9e6be - core::ops::function::FnOnce::call_once{{vtable.shim}}::h2c5a5f3779c774f1
[INFO] [stdout]                                at /rustc/90b35a6239c3d8bdabc530a6a0816f7ff89a0aaf/library/core/src/ops/function.rs:250:5
[INFO] [stdout]   41:     0x62c1a3da7f5b - <alloc::boxed::Box<F,A> as core::ops::function::FnOnce<Args>>::call_once::hf75717d9f28faebf
[INFO] [stdout]                                at /rustc/90b35a6239c3d8bdabc530a6a0816f7ff89a0aaf/library/alloc/src/boxed.rs:2454:9
[INFO] [stdout]   42:     0x62c1a3da7f5b - <alloc::boxed::Box<F,A> as core::ops::function::FnOnce<Args>>::call_once::h7bd883a5f3c5f3c1
[INFO] [stdout]                                at /rustc/90b35a6239c3d8bdabc530a6a0816f7ff89a0aaf/library/alloc/src/boxed.rs:2454:9
[INFO] [stdout]   43:     0x62c1a3da7f5b - std::sys::pal::unix::thread::Thread::new::thread_start::hcc78f3943333fa94
[INFO] [stdout]                                at /rustc/90b35a6239c3d8bdabc530a6a0816f7ff89a0aaf/library/std/src/sys/pal/unix/thread.rs:105:17
[INFO] [stdout]   44:     0x707a9117eac3 - <unknown>
[INFO] [stdout]   45:     0x707a9120fa04 - clone
[INFO] [stdout]   46:                0x0 - <unknown>
[INFO] [stdout] 
[INFO] [stdout] ---- test::merkle_verify_path_failure stdout ----
[INFO] [stdout] thread 'test::merkle_verify_path_failure' panicked at tests/my_test.rs:34:31:
[INFO] [stdout] called `Result::unwrap()` on an `Err` value: Error { kind: ServerSelection { message: "Server selection timeout: No available servers. Topology: { Type: Unknown, Servers: [ { Address: 95.217.230.244:27017, Type: Unknown, Error: Kind: I/O error: Network is unreachable (os error 101), labels: {} } ] }" }, labels: {}, wire_version: None, source: None }
[INFO] [stdout] stack backtrace:
[INFO] [stdout]    0:     0x62c1a3da240a - std::backtrace_rs::backtrace::libunwind::trace::h5a5b8284f2d0c266
[INFO] [stdout]                                at /rustc/90b35a6239c3d8bdabc530a6a0816f7ff89a0aaf/library/std/src/../../backtrace/src/backtrace/libunwind.rs:116:5
[INFO] [stdout]    1:     0x62c1a3da240a - std::backtrace_rs::backtrace::trace_unsynchronized::h76d4f1c9b0b875e3
[INFO] [stdout]                                at /rustc/90b35a6239c3d8bdabc530a6a0816f7ff89a0aaf/library/std/src/../../backtrace/src/backtrace/mod.rs:66:5
[INFO] [stdout]    2:     0x62c1a3da240a - std::sys::backtrace::_print_fmt::hc4546b8364a537c6
[INFO] [stdout]                                at /rustc/90b35a6239c3d8bdabc530a6a0816f7ff89a0aaf/library/std/src/sys/backtrace.rs:66:9
[INFO] [stdout]    3:     0x62c1a3da240a - <std::sys::backtrace::BacktraceLock::print::DisplayBacktrace as core::fmt::Display>::fmt::h5b6bd5631a6d1f6b
[INFO] [stdout]                                at /rustc/90b35a6239c3d8bdabc530a6a0816f7ff89a0aaf/library/std/src/sys/backtrace.rs:39:26
[INFO] [stdout]    4:     0x62c1a3dcd813 - core::fmt::rt::Argument::fmt::h270f6602a2b96f62
[INFO] [stdout]                                at /rustc/90b35a6239c3d8bdabc530a6a0816f7ff89a0aaf/library/core/src/fmt/rt.rs:177:76
[INFO] [stdout]    5:     0x62c1a3dcd813 - core::fmt::write::h7550c97b06c86515
[INFO] [stdout]                                at /rustc/90b35a6239c3d8bdabc530a6a0816f7ff89a0aaf/library/core/src/fmt/mod.rs:1186:21
[INFO] [stdout]    6:     0x62c1a3d9e963 - std::io::Write::write_fmt::h509ff860e5956e5e
[INFO] [stdout]                                at /rustc/90b35a6239c3d8bdabc530a6a0816f7ff89a0aaf/library/std/src/io/mod.rs:1839:15
[INFO] [stdout]    7:     0x62c1a3da2252 - std::sys::backtrace::BacktraceLock::print::h2395ccd2c84ba3aa
[INFO] [stdout]                                at /rustc/90b35a6239c3d8bdabc530a6a0816f7ff89a0aaf/library/std/src/sys/backtrace.rs:42:9
[INFO] [stdout]    8:     0x62c1a3da386a - std::panicking::default_hook::{{closure}}::he19d4c7230e07961
[INFO] [stdout]                                at /rustc/90b35a6239c3d8bdabc530a6a0816f7ff89a0aaf/library/std/src/panicking.rs:268:22
[INFO] [stdout]    9:     0x62c1a3da3674 - std::panicking::default_hook::hf614597d3c67bbdb
[INFO] [stdout]                                at /rustc/90b35a6239c3d8bdabc530a6a0816f7ff89a0aaf/library/std/src/panicking.rs:292:9
[INFO] [stdout]   10:     0x62c1a2ed1b19 - <alloc::boxed::Box<F,A> as core::ops::function::Fn<Args>>::call::h39b51ce4599c23d1
[INFO] [stdout]                                at /rustc/90b35a6239c3d8bdabc530a6a0816f7ff89a0aaf/library/alloc/src/boxed.rs:2468:9
[INFO] [stdout]   11:     0x62c1a2ed1b19 - test::test_main::{{closure}}::he977ae839a582784
[INFO] [stdout]                                at /rustc/90b35a6239c3d8bdabc530a6a0816f7ff89a0aaf/library/test/src/lib.rs:133:21
[INFO] [stdout]   12:     0x62c1a3da3f08 - <alloc::boxed::Box<F,A> as core::ops::function::Fn<Args>>::call::h9455091b6b06f9fb
[INFO] [stdout]                                at /rustc/90b35a6239c3d8bdabc530a6a0816f7ff89a0aaf/library/alloc/src/boxed.rs:2468:9
[INFO] [stdout]   13:     0x62c1a3da3f08 - std::panicking::rust_panic_with_hook::h8942133a8b252070
[INFO] [stdout]                                at /rustc/90b35a6239c3d8bdabc530a6a0816f7ff89a0aaf/library/std/src/panicking.rs:809:13
[INFO] [stdout]   14:     0x62c1a3da3cca - std::panicking::begin_panic_handler::{{closure}}::hb5f5963570096b29
[INFO] [stdout]                                at /rustc/90b35a6239c3d8bdabc530a6a0816f7ff89a0aaf/library/std/src/panicking.rs:674:13
[INFO] [stdout]   15:     0x62c1a3da28e9 - std::sys::backtrace::__rust_end_short_backtrace::h6208cedc1922feda
[INFO] [stdout]                                at /rustc/90b35a6239c3d8bdabc530a6a0816f7ff89a0aaf/library/std/src/sys/backtrace.rs:170:18
[INFO] [stdout]   16:     0x62c1a3da395c - rust_begin_unwind
[INFO] [stdout]                                at /rustc/90b35a6239c3d8bdabc530a6a0816f7ff89a0aaf/library/std/src/panicking.rs:665:5
[INFO] [stdout]   17:     0x62c1a2e88220 - core::panicking::panic_fmt::h0c3082644d1bf418
[INFO] [stdout]                                at /rustc/90b35a6239c3d8bdabc530a6a0816f7ff89a0aaf/library/core/src/panicking.rs:74:14
[INFO] [stdout]   18:     0x62c1a2e886a6 - core::result::unwrap_failed::hd20b4aa073bda1e2
[INFO] [stdout]                                at /rustc/90b35a6239c3d8bdabc530a6a0816f7ff89a0aaf/library/core/src/result.rs:1700:5
[INFO] [stdout]   19:     0x62c1a2e937ed - core::result::Result<T,E>::unwrap::h95fc313d6e6e5f5e
[INFO] [stdout]                                at /rustc/90b35a6239c3d8bdabc530a6a0816f7ff89a0aaf/library/core/src/result.rs:1104:23
[INFO] [stdout]   20:     0x62c1a2e937ed - my_test::test::merkle_verify_path_failure::h89b6cf996099d26b
[INFO] [stdout]                                at /opt/rustwide/workdir/tests/my_test.rs:34:9
[INFO] [stdout]   21:     0x62c1a2e935c7 - my_test::test::merkle_verify_path_failure::{{closure}}::had3ba545db59d60b
[INFO] [stdout]                                at /opt/rustwide/workdir/tests/my_test.rs:28:36
[INFO] [stdout]   22:     0x62c1a2e8f096 - core::ops::function::FnOnce::call_once::h1a02d368bba33e1b
[INFO] [stdout]                                at /rustc/90b35a6239c3d8bdabc530a6a0816f7ff89a0aaf/library/core/src/ops/function.rs:250:5
[INFO] [stdout]   23:     0x62c1a2ed64db - core::ops::function::FnOnce::call_once::h109cf8051a59b34e
[INFO] [stdout]                                at /rustc/90b35a6239c3d8bdabc530a6a0816f7ff89a0aaf/library/core/src/ops/function.rs:250:5
[INFO] [stdout]   24:     0x62c1a2ed64db - test::__rust_begin_short_backtrace::hf4fff89d377446ba
[INFO] [stdout]                                at /rustc/90b35a6239c3d8bdabc530a6a0816f7ff89a0aaf/library/test/src/lib.rs:621:18
[INFO] [stdout]   25:     0x62c1a2ed5d17 - test::run_test_in_process::{{closure}}::h0e39181dd7ee5a43
[INFO] [stdout]                                at /rustc/90b35a6239c3d8bdabc530a6a0816f7ff89a0aaf/library/test/src/lib.rs:644:60
[INFO] [stdout]   26:     0x62c1a2ed5d17 - <core::panic::unwind_safe::AssertUnwindSafe<F> as core::ops::function::FnOnce<()>>::call_once::hc5a66a30f0bdfd1f
[INFO] [stdout]                                at /rustc/90b35a6239c3d8bdabc530a6a0816f7ff89a0aaf/library/core/src/panic/unwind_safe.rs:272:9
[INFO] [stdout]   27:     0x62c1a2ed5d17 - std::panicking::try::do_call::h873b7cf639554a5e
[INFO] [stdout]                                at /rustc/90b35a6239c3d8bdabc530a6a0816f7ff89a0aaf/library/std/src/panicking.rs:557:40
[INFO] [stdout]   28:     0x62c1a2ed5d17 - std::panicking::try::hdb19862fad9c8bd1
[INFO] [stdout]                                at /rustc/90b35a6239c3d8bdabc530a6a0816f7ff89a0aaf/library/std/src/panicking.rs:520:19
[INFO] [stdout]   29:     0x62c1a2ed5d17 - std::panic::catch_unwind::h281fe732d236d260
[INFO] [stdout]                                at /rustc/90b35a6239c3d8bdabc530a6a0816f7ff89a0aaf/library/std/src/panic.rs:358:14
[INFO] [stdout]   30:     0x62c1a2ed5d17 - test::run_test_in_process::h949b6df8457ed338
[INFO] [stdout]                                at /rustc/90b35a6239c3d8bdabc530a6a0816f7ff89a0aaf/library/test/src/lib.rs:644:27
[INFO] [stdout]   31:     0x62c1a2ed5d17 - test::run_test::{{closure}}::h52c556a6d4740e10
[INFO] [stdout]                                at /rustc/90b35a6239c3d8bdabc530a6a0816f7ff89a0aaf/library/test/src/lib.rs:565:43
[INFO] [stdout]   32:     0x62c1a2e9aff4 - test::run_test::{{closure}}::h4237f6381c45ccb9
[INFO] [stdout]                                at /rustc/90b35a6239c3d8bdabc530a6a0816f7ff89a0aaf/library/test/src/lib.rs:595:41
[INFO] [stdout]   33:     0x62c1a2e9aff4 - std::sys::backtrace::__rust_begin_short_backtrace::h505c97a579eca628
[INFO] [stdout]                                at /rustc/90b35a6239c3d8bdabc530a6a0816f7ff89a0aaf/library/std/src/sys/backtrace.rs:154:18
[INFO] [stdout]   34:     0x62c1a2e9e6be - std::thread::Builder::spawn_unchecked_::{{closure}}::{{closure}}::h9e86b2e2bc107ea3
[INFO] [stdout]                                at /rustc/90b35a6239c3d8bdabc530a6a0816f7ff89a0aaf/library/std/src/thread/mod.rs:538:17
[INFO] [stdout]   35:     0x62c1a2e9e6be - <core::panic::unwind_safe::AssertUnwindSafe<F> as core::ops::function::FnOnce<()>>::call_once::h8b06ddb275ff4a25
[INFO] [stdout]                                at /rustc/90b35a6239c3d8bdabc530a6a0816f7ff89a0aaf/library/core/src/panic/unwind_safe.rs:272:9
[INFO] [stdout]   36:     0x62c1a2e9e6be - std::panicking::try::do_call::hb26ecd7cd9a9355d
[INFO] [stdout]                                at /rustc/90b35a6239c3d8bdabc530a6a0816f7ff89a0aaf/library/std/src/panicking.rs:557:40
[INFO] [stdout]   37:     0x62c1a2e9e6be - std::panicking::try::h8ddeca9d705f9069
[INFO] [stdout]                                at /rustc/90b35a6239c3d8bdabc530a6a0816f7ff89a0aaf/library/std/src/panicking.rs:520:19
[INFO] [stdout]   38:     0x62c1a2e9e6be - std::panic::catch_unwind::h49e1c33078844c46
[INFO] [stdout]                                at /rustc/90b35a6239c3d8bdabc530a6a0816f7ff89a0aaf/library/std/src/panic.rs:358:14
[INFO] [stdout]   39:     0x62c1a2e9e6be - std::thread::Builder::spawn_unchecked_::{{closure}}::h6073db6ff56ad35d
[INFO] [stdout]                                at /rustc/90b35a6239c3d8bdabc530a6a0816f7ff89a0aaf/library/std/src/thread/mod.rs:537:30
[INFO] [stdout]   40:     0x62c1a2e9e6be - core::ops::function::FnOnce::call_once{{vtable.shim}}::h2c5a5f3779c774f1
[INFO] [stdout]                                at /rustc/90b35a6239c3d8bdabc530a6a0816f7ff89a0aaf/library/core/src/ops/function.rs:250:5
[INFO] [stdout]   41:     0x62c1a3da7f5b - <alloc::boxed::Box<F,A> as core::ops::function::FnOnce<Args>>::call_once::hf75717d9f28faebf
[INFO] [stdout]                                at /rustc/90b35a6239c3d8bdabc530a6a0816f7ff89a0aaf/library/alloc/src/boxed.rs:2454:9
[INFO] [stdout]   42:     0x62c1a3da7f5b - <alloc::boxed::Box<F,A> as core::ops::function::FnOnce<Args>>::call_once::h7bd883a5f3c5f3c1
[INFO] [stdout]                                at /rustc/90b35a6239c3d8bdabc530a6a0816f7ff89a0aaf/library/alloc/src/boxed.rs:2454:9
[INFO] [stdout]   43:     0x62c1a3da7f5b - std::sys::pal::unix::thread::Thread::new::thread_start::hcc78f3943333fa94
[INFO] [stdout]                                at /rustc/90b35a6239c3d8bdabc530a6a0816f7ff89a0aaf/library/std/src/sys/pal/unix/thread.rs:105:17
[INFO] [stdout]   44:     0x707a9117eac3 - <unknown>
[INFO] [stdout]   45:     0x707a9120fa04 - clone
[INFO] [stdout]   46:                0x0 - <unknown>
[INFO] [stdout] 
[INFO] [stdout] ---- test::merkle_verify_path stdout ----
[INFO] [stdout] thread 'test::merkle_verify_path' panicked at tests/my_test.rs:13:31:
[INFO] [stdout] called `Result::unwrap()` on an `Err` value: Error { kind: ServerSelection { message: "Server selection timeout: No available servers. Topology: { Type: Unknown, Servers: [ { Address: 95.217.230.244:27017, Type: Unknown, Error: Kind: I/O error: Network is unreachable (os error 101), labels: {} } ] }" }, labels: {}, wire_version: None, source: None }
[INFO] [stdout] stack backtrace:
[INFO] [stdout]    0:     0x62c1a3da240a - std::backtrace_rs::backtrace::libunwind::trace::h5a5b8284f2d0c266
[INFO] [stdout]                                at /rustc/90b35a6239c3d8bdabc530a6a0816f7ff89a0aaf/library/std/src/../../backtrace/src/backtrace/libunwind.rs:116:5
[INFO] [stdout]    1:     0x62c1a3da240a - std::backtrace_rs::backtrace::trace_unsynchronized::h76d4f1c9b0b875e3
[INFO] [stdout]                                at /rustc/90b35a6239c3d8bdabc530a6a0816f7ff89a0aaf/library/std/src/../../backtrace/src/backtrace/mod.rs:66:5
[INFO] [stdout]    2:     0x62c1a3da240a - std::sys::backtrace::_print_fmt::hc4546b8364a537c6
[INFO] [stdout]                                at /rustc/90b35a6239c3d8bdabc530a6a0816f7ff89a0aaf/library/std/src/sys/backtrace.rs:66:9
[INFO] [stdout]    3:     0x62c1a3da240a - <std::sys::backtrace::BacktraceLock::print::DisplayBacktrace as core::fmt::Display>::fmt::h5b6bd5631a6d1f6b
[INFO] [stdout]                                at /rustc/90b35a6239c3d8bdabc530a6a0816f7ff89a0aaf/library/std/src/sys/backtrace.rs:39:26
[INFO] [stdout]    4:     0x62c1a3dcd813 - core::fmt::rt::Argument::fmt::h270f6602a2b96f62
[INFO] [stdout]                                at /rustc/90b35a6239c3d8bdabc530a6a0816f7ff89a0aaf/library/core/src/fmt/rt.rs:177:76
[INFO] [stdout]    5:     0x62c1a3dcd813 - core::fmt::write::h7550c97b06c86515
[INFO] [stdout]                                at /rustc/90b35a6239c3d8bdabc530a6a0816f7ff89a0aaf/library/core/src/fmt/mod.rs:1186:21
[INFO] [stdout]    6:     0x62c1a3d9e963 - std::io::Write::write_fmt::h509ff860e5956e5e
[INFO] [stdout]                                at /rustc/90b35a6239c3d8bdabc530a6a0816f7ff89a0aaf/library/std/src/io/mod.rs:1839:15
[INFO] [stdout]    7:     0x62c1a3da2252 - std::sys::backtrace::BacktraceLock::print::h2395ccd2c84ba3aa
[INFO] [stdout]                                at /rustc/90b35a6239c3d8bdabc530a6a0816f7ff89a0aaf/library/std/src/sys/backtrace.rs:42:9
[INFO] [stdout]    8:     0x62c1a3da386a - std::panicking::default_hook::{{closure}}::he19d4c7230e07961
[INFO] [stdout]                                at /rustc/90b35a6239c3d8bdabc530a6a0816f7ff89a0aaf/library/std/src/panicking.rs:268:22
[INFO] [stdout]    9:     0x62c1a3da3674 - std::panicking::default_hook::hf614597d3c67bbdb
[INFO] [stdout]                                at /rustc/90b35a6239c3d8bdabc530a6a0816f7ff89a0aaf/library/std/src/panicking.rs:292:9
[INFO] [stdout]   10:     0x62c1a2ed1b19 - <alloc::boxed::Box<F,A> as core::ops::function::Fn<Args>>::call::h39b51ce4599c23d1
[INFO] [stdout]                                at /rustc/90b35a6239c3d8bdabc530a6a0816f7ff89a0aaf/library/alloc/src/boxed.rs:2468:9
[INFO] [stdout]   11:     0x62c1a2ed1b19 - test::test_main::{{closure}}::he977ae839a582784
[INFO] [stdout]                                at /rustc/90b35a6239c3d8bdabc530a6a0816f7ff89a0aaf/library/test/src/lib.rs:133:21
[INFO] [stdout]   12:     0x62c1a3da3f08 - <alloc::boxed::Box<F,A> as core::ops::function::Fn<Args>>::call::h9455091b6b06f9fb
[INFO] [stdout]                                at /rustc/90b35a6239c3d8bdabc530a6a0816f7ff89a0aaf/library/alloc/src/boxed.rs:2468:9
[INFO] [stdout]   13:     0x62c1a3da3f08 - std::panicking::rust_panic_with_hook::h8942133a8b252070
[INFO] [stdout]                                at /rustc/90b35a6239c3d8bdabc530a6a0816f7ff89a0aaf/library/std/src/panicking.rs:809:13
[INFO] [stdout]   14:     0x62c1a3da3cca - std::panicking::begin_panic_handler::{{closure}}::hb5f5963570096b29
[INFO] [stdout]                                at /rustc/90b35a6239c3d8bdabc530a6a0816f7ff89a0aaf/library/std/src/panicking.rs:674:13
[INFO] [stdout]   15:     0x62c1a3da28e9 - std::sys::backtrace::__rust_end_short_backtrace::h6208cedc1922feda
[INFO] [stdout]                                at /rustc/90b35a6239c3d8bdabc530a6a0816f7ff89a0aaf/library/std/src/sys/backtrace.rs:170:18
[INFO] [stdout]   16:     0x62c1a3da395c - rust_begin_unwind
[INFO] [stdout]                                at /rustc/90b35a6239c3d8bdabc530a6a0816f7ff89a0aaf/library/std/src/panicking.rs:665:5
[INFO] [stdout]   17:     0x62c1a2e88220 - core::panicking::panic_fmt::h0c3082644d1bf418
[INFO] [stdout]                                at /rustc/90b35a6239c3d8bdabc530a6a0816f7ff89a0aaf/library/core/src/panicking.rs:74:14
[INFO] [stdout]   18:     0x62c1a2e886a6 - core::result::unwrap_failed::hd20b4aa073bda1e2
[INFO] [stdout]                                at /rustc/90b35a6239c3d8bdabc530a6a0816f7ff89a0aaf/library/core/src/result.rs:1700:5
[INFO] [stdout]   19:     0x62c1a2e92f46 - core::result::Result<T,E>::unwrap::h95fc313d6e6e5f5e
[INFO] [stdout]                                at /rustc/90b35a6239c3d8bdabc530a6a0816f7ff89a0aaf/library/core/src/result.rs:1104:23
[INFO] [stdout]   20:     0x62c1a2e92f46 - my_test::test::merkle_verify_path::hfd074fab633e54f6
[INFO] [stdout]                                at /opt/rustwide/workdir/tests/my_test.rs:13:9
[INFO] [stdout]   21:     0x62c1a2e92ce7 - my_test::test::merkle_verify_path::{{closure}}::h4a334dc751826db0
[INFO] [stdout]                                at /opt/rustwide/workdir/tests/my_test.rs:7:28
[INFO] [stdout]   22:     0x62c1a2e8f366 - core::ops::function::FnOnce::call_once::he183f8bd4d8f0fd4
[INFO] [stdout]                                at /rustc/90b35a6239c3d8bdabc530a6a0816f7ff89a0aaf/library/core/src/ops/function.rs:250:5
[INFO] [stdout]   23:     0x62c1a2ed64db - core::ops::function::FnOnce::call_once::h109cf8051a59b34e
[INFO] [stdout]                                at /rustc/90b35a6239c3d8bdabc530a6a0816f7ff89a0aaf/library/core/src/ops/function.rs:250:5
[INFO] [stdout]   24:     0x62c1a2ed64db - test::__rust_begin_short_backtrace::hf4fff89d377446ba
[INFO] [stdout]                                at /rustc/90b35a6239c3d8bdabc530a6a0816f7ff89a0aaf/library/test/src/lib.rs:621:18
[INFO] [stdout]   25:     0x62c1a2ed5d17 - test::run_test_in_process::{{closure}}::h0e39181dd7ee5a43
[INFO] [stdout]                                at /rustc/90b35a6239c3d8bdabc530a6a0816f7ff89a0aaf/library/test/src/lib.rs:644:60
[INFO] [stdout]   26:     0x62c1a2ed5d17 - <core::panic::unwind_safe::AssertUnwindSafe<F> as core::ops::function::FnOnce<()>>::call_once::hc5a66a30f0bdfd1f
[INFO] [stdout]                                at /rustc/90b35a6239c3d8bdabc530a6a0816f7ff89a0aaf/library/core/src/panic/unwind_safe.rs:272:9
[INFO] [stdout]   27:     0x62c1a2ed5d17 - std::panicking::try::do_call::h873b7cf639554a5e
[INFO] [stdout]                                at /rustc/90b35a6239c3d8bdabc530a6a0816f7ff89a0aaf/library/std/src/panicking.rs:557:40
[INFO] [stdout]   28:     0x62c1a2ed5d17 - std::panicking::try::hdb19862fad9c8bd1
[INFO] [stdout]                                at /rustc/90b35a6239c3d8bdabc530a6a0816f7ff89a0aaf/library/std/src/panicking.rs:520:19
[INFO] [stdout]   29:     0x62c1a2ed5d17 - std::panic::catch_unwind::h281fe732d236d260
[INFO] [stdout]                                at /rustc/90b35a6239c3d8bdabc530a6a0816f7ff89a0aaf/library/std/src/panic.rs:358:14
[INFO] [stdout]   30:     0x62c1a2ed5d17 - test::run_test_in_process::h949b6df8457ed338
[INFO] [stdout]                                at /rustc/90b35a6239c3d8bdabc530a6a0816f7ff89a0aaf/library/test/src/lib.rs:644:27
[INFO] [stdout]   31:     0x62c1a2ed5d17 - test::run_test::{{closure}}::h52c556a6d4740e10
[INFO] [stdout]                                at /rustc/90b35a6239c3d8bdabc530a6a0816f7ff89a0aaf/library/test/src/lib.rs:565:43
[INFO] [stdout]   32:     0x62c1a2e9aff4 - test::run_test::{{closure}}::h4237f6381c45ccb9
[INFO] [stdout]                                at /rustc/90b35a6239c3d8bdabc530a6a0816f7ff89a0aaf/library/test/src/lib.rs:595:41
[INFO] [stdout]   33:     0x62c1a2e9aff4 - std::sys::backtrace::__rust_begin_short_backtrace::h505c97a579eca628
[INFO] [stdout]                                at /rustc/90b35a6239c3d8bdabc530a6a0816f7ff89a0aaf/library/std/src/sys/backtrace.rs:154:18
[INFO] [stdout]   34:     0x62c1a2e9e6be - std::thread::Builder::spawn_unchecked_::{{closure}}::{{closure}}::h9e86b2e2bc107ea3
[INFO] [stdout]                                at /rustc/90b35a6239c3d8bdabc530a6a0816f7ff89a0aaf/library/std/src/thread/mod.rs:538:17
[INFO] [stdout]   35:     0x62c1a2e9e6be - <core::panic::unwind_safe::AssertUnwindSafe<F> as core::ops::function::FnOnce<()>>::call_once::h8b06ddb275ff4a25
[INFO] [stdout]                                at /rustc/90b35a6239c3d8bdabc530a6a0816f7ff89a0aaf/library/core/src/panic/unwind_safe.rs:272:9
[INFO] [stdout]   36:     0x62c1a2e9e6be - std::panicking::try::do_call::hb26ecd7cd9a9355d
[INFO] [stdout]                                at /rustc/90b35a6239c3d8bdabc530a6a0816f7ff89a0aaf/library/std/src/panicking.rs:557:40
[INFO] [stdout]   37:     0x62c1a2e9e6be - std::panicking::try::h8ddeca9d705f9069
[INFO] [stdout]                                at /rustc/90b35a6239c3d8bdabc530a6a0816f7ff89a0aaf/library/std/src/panicking.rs:520:19
[INFO] [stdout]   38:     0x62c1a2e9e6be - std::panic::catch_unwind::h49e1c33078844c46
[INFO] [stdout]                                at /rustc/90b35a6239c3d8bdabc530a6a0816f7ff89a0aaf/library/std/src/panic.rs:358:14
[INFO] [stdout]   39:     0x62c1a2e9e6be - std::thread::Builder::spawn_unchecked_::{{closure}}::h6073db6ff56ad35d
[INFO] [stdout]                                at /rustc/90b35a6239c3d8bdabc530a6a0816f7ff89a0aaf/library/std/src/thread/mod.rs:537:30
[INFO] [stdout]   40:     0x62c1a2e9e6be - core::ops::function::FnOnce::call_once{{vtable.shim}}::h2c5a5f3779c774f1
[INFO] [stdout]                                at /rustc/90b35a6239c3d8bdabc530a6a0816f7ff89a0aaf/library/core/src/ops/function.rs:250:5
[INFO] [stdout]   41:     0x62c1a3da7f5b - <alloc::boxed::Box<F,A> as core::ops::function::FnOnce<Args>>::call_once::hf75717d9f28faebf
[INFO] [stdout]                                at /rustc/90b35a6239c3d8bdabc530a6a0816f7ff89a0aaf/library/alloc/src/boxed.rs:2454:9
[INFO] [stdout]   42:     0x62c1a3da7f5b - <alloc::boxed::Box<F,A> as core::ops::function::FnOnce<Args>>::call_once::h7bd883a5f3c5f3c1
[INFO] [stdout]                                at /rustc/90b35a6239c3d8bdabc530a6a0816f7ff89a0aaf/library/alloc/src/boxed.rs:2454:9
[INFO] [stdout]   43:     0x62c1a3da7f5b - std::sys::pal::unix::thread::Thread::new::thread_start::hcc78f3943333fa94
[INFO] [stdout]                                at /rustc/90b35a6239c3d8bdabc530a6a0816f7ff89a0aaf/library/std/src/sys/pal/unix/thread.rs:105:17
[INFO] [stdout]   44:     0x707a9117eac3 - <unknown>
[INFO] [stdout]   45:     0x707a9120fa04 - clone
[INFO] [stdout]   46:                0x0 - <unknown>
[INFO] [stdout] 
[INFO] [stdout] 
[INFO] [stdout] failures:
[INFO] [stdout]     test::merkle_duplicate_inputs
[INFO] [stdout]     test::merkle_verify_path
[INFO] [stdout]     test::merkle_verify_path_failure
[INFO] [stdout] 
[INFO] [stdout] test result: FAILED. 0 passed; 3 failed; 0 ignored; 0 measured; 0 filtered out; finished in 30.38s
[INFO] [stdout] 
[INFO] [stderr] error: test failed, to rerun pass `--test my_test`
[INFO] running `Command { std: "docker" "inspect" "a904b897b6f5f427222a4d1d6762ebf11c44cf2735ef11e1386cdcb6595fbce1", kill_on_drop: false }`
[INFO] running `Command { std: "docker" "rm" "-f" "a904b897b6f5f427222a4d1d6762ebf11c44cf2735ef11e1386cdcb6595fbce1", kill_on_drop: false }`
[INFO] [stdout] a904b897b6f5f427222a4d1d6762ebf11c44cf2735ef11e1386cdcb6595fbce1
