[INFO] fetching crate zizmor 0.9.1...
[INFO] testing zizmor-0.9.1 against beta-2024-12-08 for beta-1.84.0-4-retry
[INFO] extracting crate zizmor 0.9.1 into /workspace/builds/worker-2-tc2/source
[INFO] validating manifest of crates.io crate zizmor 0.9.1 on toolchain beta-2024-12-08
[INFO] running `Command { std: CARGO_HOME="/workspace/cargo-home" RUSTUP_HOME="/workspace/rustup-home" "/workspace/cargo-home/bin/cargo" "+beta-2024-12-08" "metadata" "--manifest-path" "Cargo.toml" "--no-deps", kill_on_drop: false }`
[INFO] started tweaking crates.io crate zizmor 0.9.1
[INFO] removed 0 missing tests
[INFO] finished tweaking crates.io crate zizmor 0.9.1
[INFO] tweaked toml for crates.io crate zizmor 0.9.1 written to /workspace/builds/worker-2-tc2/source/Cargo.toml
[INFO] crate crates.io crate zizmor 0.9.1 already has a lockfile, it will not be regenerated
[INFO] running `Command { std: CARGO_HOME="/workspace/cargo-home" RUSTUP_HOME="/workspace/rustup-home" "/workspace/cargo-home/bin/cargo" "+beta-2024-12-08" "fetch" "--manifest-path" "Cargo.toml", kill_on_drop: false }`
[INFO] running `Command { std: "docker" "create" "-v" "/var/lib/crater-agent-workspace/builds/worker-2-tc2/target:/opt/rustwide/target:rw,Z" "-v" "/var/lib/crater-agent-workspace/builds/worker-2-tc2/source:/opt/rustwide/workdir:ro,Z" "-v" "/var/lib/crater-agent-workspace/cargo-home:/opt/rustwide/cargo-home:ro,Z" "-v" "/var/lib/crater-agent-workspace/rustup-home:/opt/rustwide/rustup-home:ro,Z" "-e" "SOURCE_DIR=/opt/rustwide/workdir" "-e" "CARGO_TARGET_DIR=/opt/rustwide/target" "-e" "CARGO_HOME=/opt/rustwide/cargo-home" "-e" "RUSTUP_HOME=/opt/rustwide/rustup-home" "-w" "/opt/rustwide/workdir" "-m" "1610612736" "--user" "0:0" "--network" "none" "ghcr.io/rust-lang/crates-build-env/linux@sha256:f3a9d4ad9d972b27faf3965f35b62e55ba32bbce8f20bc8fe909558a86702fde" "/opt/rustwide/cargo-home/bin/cargo" "+beta-2024-12-08" "metadata" "--no-deps" "--format-version=1", kill_on_drop: false }`
[INFO] [stdout] e747665f6e3ce74309f524d938bcada430d544f38988bd622b9891e84bf9a071
[INFO] running `Command { std: "docker" "start" "-a" "e747665f6e3ce74309f524d938bcada430d544f38988bd622b9891e84bf9a071", kill_on_drop: false }`
[INFO] running `Command { std: "docker" "inspect" "e747665f6e3ce74309f524d938bcada430d544f38988bd622b9891e84bf9a071", kill_on_drop: false }`
[INFO] running `Command { std: "docker" "rm" "-f" "e747665f6e3ce74309f524d938bcada430d544f38988bd622b9891e84bf9a071", kill_on_drop: false }`
[INFO] [stdout] e747665f6e3ce74309f524d938bcada430d544f38988bd622b9891e84bf9a071
[INFO] running `Command { std: "docker" "create" "-v" "/var/lib/crater-agent-workspace/builds/worker-2-tc2/target:/opt/rustwide/target:rw,Z" "-v" "/var/lib/crater-agent-workspace/builds/worker-2-tc2/source:/opt/rustwide/workdir:ro,Z" "-v" "/var/lib/crater-agent-workspace/cargo-home:/opt/rustwide/cargo-home:ro,Z" "-v" "/var/lib/crater-agent-workspace/rustup-home:/opt/rustwide/rustup-home:ro,Z" "-e" "SOURCE_DIR=/opt/rustwide/workdir" "-e" "CARGO_TARGET_DIR=/opt/rustwide/target" "-e" "CARGO_INCREMENTAL=0" "-e" "RUST_BACKTRACE=full" "-e" "RUSTFLAGS=--cap-lints=warn" "-e" "RUSTDOCFLAGS=--cap-lints=warn" "-e" "CARGO_HOME=/opt/rustwide/cargo-home" "-e" "RUSTUP_HOME=/opt/rustwide/rustup-home" "-w" "/opt/rustwide/workdir" "-m" "1610612736" "--user" "0:0" "--network" "none" "ghcr.io/rust-lang/crates-build-env/linux@sha256:f3a9d4ad9d972b27faf3965f35b62e55ba32bbce8f20bc8fe909558a86702fde" "/opt/rustwide/cargo-home/bin/cargo" "+beta-2024-12-08" "build" "--frozen" "--message-format=json", kill_on_drop: false }`
[INFO] [stdout] afe2aa22195559a4686324a30ec1e8b64a60eef679b1cee98e61078b27dc3ed2
[INFO] running `Command { std: "docker" "start" "-a" "afe2aa22195559a4686324a30ec1e8b64a60eef679b1cee98e61078b27dc3ed2", kill_on_drop: false }`
[INFO] [stderr]    Compiling libc v0.2.166
[INFO] [stderr]    Compiling serde v1.0.215
[INFO] [stderr]    Compiling regex-syntax v0.8.5
[INFO] [stderr]    Compiling cc v1.2.1
[INFO] [stderr]    Compiling aho-corasick v1.1.3
[INFO] [stderr]    Compiling utf8parse v0.2.2
[INFO] [stderr]    Compiling bytes v1.8.0
[INFO] [stderr]    Compiling futures-core v0.3.31
[INFO] [stderr]    Compiling rustls-pki-types v1.10.0
[INFO] [stderr]    Compiling thiserror v2.0.6
[INFO] [stderr]    Compiling syn v2.0.89
[INFO] [stderr]    Compiling hashbrown v0.15.2
[INFO] [stderr]    Compiling equivalent v1.0.1
[INFO] [stderr]    Compiling anstyle v1.0.10
[INFO] [stderr]    Compiling crossbeam-utils v0.8.20
[INFO] [stderr]    Compiling rustls v0.23.19
[INFO] [stderr]    Compiling anstyle-parse v0.2.6
[INFO] [stderr]    Compiling is_terminal_polyfill v1.70.1
[INFO] [stderr]    Compiling futures-util v0.3.31
[INFO] [stderr]    Compiling prettyplease v0.2.25
[INFO] [stderr]    Compiling anstyle-query v1.1.2
[INFO] [stderr]    Compiling anyhow v1.0.94
[INFO] [stderr]    Compiling colorchoice v1.0.3
[INFO] [stderr]    Compiling futures-channel v0.3.31
[INFO] [stderr]    Compiling anstream v0.6.18
[INFO] [stderr]    Compiling syn v1.0.109
[INFO] [stderr]    Compiling vte_generate_state_changes v0.1.2
[INFO] [stderr]    Compiling http v1.1.0
[INFO] [stderr]    Compiling uriparse v0.6.4
[INFO] [stderr]    Compiling arrayvec v0.7.6
[INFO] [stderr]    Compiling portable-atomic v1.10.0
[INFO] [stderr]    Compiling unicode-width v0.1.14
[INFO] [stderr]    Compiling tree-sitter-language v0.1.2
[INFO] [stderr]    Compiling adler2 v2.0.0
[INFO] [stderr]    Compiling vte v0.11.1
[INFO] [stderr]    Compiling unicode-width v0.2.0
[INFO] [stderr]    Compiling clap_lex v0.7.4
[INFO] [stderr]    Compiling gimli v0.31.1
[INFO] [stderr]    Compiling strsim v0.11.1
[INFO] [stderr]    Compiling bitflags v2.6.0
[INFO] [stderr]    Compiling getrandom v0.2.15
[INFO] [stderr]    Compiling socket2 v0.5.7
[INFO] [stderr]    Compiling mio v1.0.2
[INFO] [stderr]    Compiling raw-cpuid v11.2.0
[INFO] [stderr]    Compiling uuid v1.11.0
[INFO] [stderr]    Compiling console v0.15.8
[INFO] [stderr]    Compiling tokio v1.41.1
[INFO] [stderr]    Compiling http-body v1.0.1
[INFO] [stderr]    Compiling vt100 v0.15.2
[INFO] [stderr]    Compiling parking_lot_core v0.9.10
[INFO] [stderr]    Compiling clap_builder v4.5.23
[INFO] [stderr]    Compiling miniz_oxide v0.8.0
[INFO] [stderr]    Compiling webpki-roots v0.26.6
[INFO] [stderr]    Compiling ring v0.17.8
[INFO] [stderr]    Compiling tree-sitter v0.23.2
[INFO] [stderr]    Compiling tree-sitter-yaml v0.6.1
[INFO] [stderr]    Compiling tree-sitter-bash v0.23.3
[INFO] [stderr]    Compiling object v0.36.5
[INFO] [stderr]    Compiling regex-automata v0.4.9
[INFO] [stderr]    Compiling unsafe-libyaml v0.2.11
[INFO] [stderr]    Compiling number_prefix v0.4.0
[INFO] [stderr]    Compiling moka v0.12.8
[INFO] [stderr]    Compiling owo-colors v4.1.0
[INFO] [stderr]    Compiling rustc-demangle v0.1.24
[INFO] [stderr]    Compiling camino v1.1.9
[INFO] [stderr]    Compiling http-body-util v0.1.2
[INFO] [stderr]    Compiling quanta v0.12.3
[INFO] [stderr]    Compiling indicatif v0.17.9
[INFO] [stderr]    Compiling parking_lot v0.12.3
[INFO] [stderr]    Compiling crossbeam-channel v0.5.13
[INFO] [stderr]    Compiling crossbeam-epoch v0.9.18
[INFO] [stderr]    Compiling rustls-pemfile v2.2.0
[INFO] [stderr]    Compiling sync_wrapper v1.0.2
[INFO] [stderr]    Compiling addr2line v0.24.2
[INFO] [stderr]    Compiling either v1.13.0
[INFO] [stderr]    Compiling strum v0.26.3
[INFO] [stderr]    Compiling tagptr v0.2.0
[INFO] [stderr]    Compiling triomphe v0.1.11
[INFO] [stderr]    Compiling itertools v0.13.0
[INFO] [stderr]    Compiling annotate-snippets v0.11.5
[INFO] [stderr]    Compiling terminal-link v0.1.0
[INFO] [stderr]    Compiling regex v1.11.1
[INFO] [stderr]    Compiling Inflector v0.11.4
[INFO] [stderr]    Compiling hyper v1.5.1
[INFO] [stderr]    Compiling synstructure v0.13.1
[INFO] [stderr]    Compiling rustls-webpki v0.102.8
[INFO] [stderr]    Compiling serde_derive v1.0.215
[INFO] [stderr]    Compiling zerofrom-derive v0.1.5
[INFO] [stderr]    Compiling yoke-derive v0.7.5
[INFO] [stderr]    Compiling zerovec-derive v0.10.3
[INFO] [stderr]    Compiling displaydoc v0.2.5
[INFO] [stderr]    Compiling icu_provider_macros v1.5.0
[INFO] [stderr]    Compiling tracing-attributes v0.1.28
[INFO] [stderr]    Compiling thiserror-impl v2.0.6
[INFO] [stderr]    Compiling thiserror-impl v1.0.69
[INFO] [stderr]    Compiling clap_derive v4.5.18
[INFO] [stderr]    Compiling typed-builder-macro v0.20.0
[INFO] [stderr]    Compiling strum_macros v0.26.4
[INFO] [stderr]    Compiling backtrace v0.3.74
[INFO] [stderr]    Compiling tracing v0.1.41
[INFO] [stderr]    Compiling zerofrom v0.1.5
[INFO] [stderr]    Compiling pest v2.7.15
[INFO] [stderr]    Compiling hyper-util v0.1.10
[INFO] [stderr]    Compiling tracing-subscriber v0.3.19
[INFO] [stderr]    Compiling yoke v0.7.5
[INFO] [stderr]    Compiling thiserror v1.0.69
[INFO] [stderr]    Compiling typed-builder v0.20.0
[INFO] [stderr]    Compiling yamlpath v0.12.0
[INFO] [stderr]    Compiling zerovec v0.10.4
[INFO] [stderr]    Compiling clap v4.5.23
[INFO] [stderr]    Compiling clap-verbosity-flag v3.0.1
[INFO] [stderr]    Compiling tinystr v0.7.6
[INFO] [stderr]    Compiling icu_collections v1.5.0
[INFO] [stderr]    Compiling pest_meta v2.7.15
[INFO] [stderr]    Compiling icu_locid v1.5.0
[INFO] [stderr]    Compiling tracing-indicatif v0.3.8
[INFO] [stderr]    Compiling tokio-rustls v0.26.0
[INFO] [stderr]    Compiling pest_generator v2.7.15
[INFO] [stderr]    Compiling hyper-rustls v0.27.3
[INFO] [stderr]    Compiling icu_provider v1.5.0
[INFO] [stderr]    Compiling pest_derive v2.7.15
[INFO] [stderr]    Compiling icu_locid_transform v1.5.0
[INFO] [stderr]    Compiling icu_properties v1.5.1
[INFO] [stderr]    Compiling serde_json v1.0.133
[INFO] [stderr]    Compiling indexmap v2.7.0
[INFO] [stderr]    Compiling serde_spanned v0.6.8
[INFO] [stderr]    Compiling toml_datetime v0.6.8
[INFO] [stderr]    Compiling os_info v3.8.2
[INFO] [stderr]    Compiling serde_urlencoded v0.7.1
[INFO] [stderr]    Compiling icu_normalizer v1.5.0
[INFO] [stderr]    Compiling toml_edit v0.22.22
[INFO] [stderr]    Compiling serde_yaml v0.9.34+deprecated
[INFO] [stderr]    Compiling idna_adapter v1.2.0
[INFO] [stderr]    Compiling idna v1.0.3
[INFO] [stderr]    Compiling schemafy_core v0.6.0
[INFO] [stderr]    Compiling schemafy_lib v0.6.0
[INFO] [stderr]    Compiling url v2.5.4
[INFO] [stderr]    Compiling toml v0.8.19
[INFO] [stderr]    Compiling github-actions-models v0.14.0
[INFO] [stderr]    Compiling serde-sarif v0.6.6
[INFO] [stderr]    Compiling reqwest v0.12.9
[INFO] [stderr]    Compiling human-panic v2.0.2
[INFO] [stderr]    Compiling zizmor v0.9.1 (/opt/rustwide/workdir)
[INFO] [stderr]     Finished `dev` profile [unoptimized + debuginfo] target(s) in 58.32s
[INFO] running `Command { std: "docker" "inspect" "afe2aa22195559a4686324a30ec1e8b64a60eef679b1cee98e61078b27dc3ed2", kill_on_drop: false }`
[INFO] running `Command { std: "docker" "rm" "-f" "afe2aa22195559a4686324a30ec1e8b64a60eef679b1cee98e61078b27dc3ed2", kill_on_drop: false }`
[INFO] [stdout] afe2aa22195559a4686324a30ec1e8b64a60eef679b1cee98e61078b27dc3ed2
[INFO] running `Command { std: "docker" "create" "-v" "/var/lib/crater-agent-workspace/builds/worker-2-tc2/target:/opt/rustwide/target:rw,Z" "-v" "/var/lib/crater-agent-workspace/builds/worker-2-tc2/source:/opt/rustwide/workdir:ro,Z" "-v" "/var/lib/crater-agent-workspace/cargo-home:/opt/rustwide/cargo-home:ro,Z" "-v" "/var/lib/crater-agent-workspace/rustup-home:/opt/rustwide/rustup-home:ro,Z" "-e" "SOURCE_DIR=/opt/rustwide/workdir" "-e" "CARGO_TARGET_DIR=/opt/rustwide/target" "-e" "CARGO_INCREMENTAL=0" "-e" "RUST_BACKTRACE=full" "-e" "RUSTFLAGS=--cap-lints=warn" "-e" "RUSTDOCFLAGS=--cap-lints=warn" "-e" "CARGO_HOME=/opt/rustwide/cargo-home" "-e" "RUSTUP_HOME=/opt/rustwide/rustup-home" "-w" "/opt/rustwide/workdir" "-m" "1610612736" "--user" "0:0" "--network" "none" "ghcr.io/rust-lang/crates-build-env/linux@sha256:f3a9d4ad9d972b27faf3965f35b62e55ba32bbce8f20bc8fe909558a86702fde" "/opt/rustwide/cargo-home/bin/cargo" "+beta-2024-12-08" "test" "--frozen" "--no-run" "--message-format=json", kill_on_drop: false }`
[INFO] [stdout] 40fe16477452c976b49a4d8f46956f3f6da46711caa6c92a7865005364b87af8
[INFO] running `Command { std: "docker" "start" "-a" "40fe16477452c976b49a4d8f46956f3f6da46711caa6c92a7865005364b87af8", kill_on_drop: false }`
[INFO] [stderr]    Compiling regex-automata v0.4.9
[INFO] [stderr]    Compiling doc-comment v0.3.3
[INFO] [stderr]    Compiling predicates-core v1.0.8
[INFO] [stderr]    Compiling inventory v0.3.15
[INFO] [stderr]    Compiling serde_json_path_macros_internal v0.1.2
[INFO] [stderr]    Compiling minimal-lexical v0.2.1
[INFO] [stderr]    Compiling assert_cmd v2.0.16
[INFO] [stderr]    Compiling termtree v0.4.1
[INFO] [stderr]    Compiling difflib v0.4.0
[INFO] [stderr]    Compiling wait-timeout v0.2.0
[INFO] [stderr]    Compiling yansi v1.0.1
[INFO] [stderr]    Compiling similar v2.6.0
[INFO] [stderr]    Compiling diff v0.1.13
[INFO] [stderr]    Compiling linked-hash-map v0.5.6
[INFO] [stderr]    Compiling serde_json_path_core v0.2.1
[INFO] [stderr]    Compiling predicates-tree v1.0.11
[INFO] [stderr]    Compiling pretty_assertions v1.4.1
[INFO] [stderr]    Compiling predicates v3.1.2
[INFO] [stderr]    Compiling nom v7.1.3
[INFO] [stderr]    Compiling serde_json_path_macros v0.1.5
[INFO] [stderr]    Compiling insta v1.41.1
[INFO] [stderr]    Compiling regex v1.11.1
[INFO] [stderr]    Compiling Inflector v0.11.4
[INFO] [stderr]    Compiling schemafy_lib v0.6.0
[INFO] [stderr]    Compiling bstr v1.11.0
[INFO] [stderr]    Compiling serde-sarif v0.6.6
[INFO] [stderr]    Compiling tree-sitter v0.23.2
[INFO] [stderr]    Compiling tracing-subscriber v0.3.19
[INFO] [stderr]    Compiling serde_json_path v0.7.1
[INFO] [stderr]    Compiling tree-sitter-yaml v0.6.1
[INFO] [stderr]    Compiling yamlpath v0.12.0
[INFO] [stderr]    Compiling tracing-indicatif v0.3.8
[INFO] [stderr]    Compiling zizmor v0.9.1 (/opt/rustwide/workdir)
[INFO] [stderr]     Finished `test` profile [unoptimized + debuginfo] target(s) in 36.73s
[INFO] running `Command { std: "docker" "inspect" "40fe16477452c976b49a4d8f46956f3f6da46711caa6c92a7865005364b87af8", kill_on_drop: false }`
[INFO] running `Command { std: "docker" "rm" "-f" "40fe16477452c976b49a4d8f46956f3f6da46711caa6c92a7865005364b87af8", kill_on_drop: false }`
[INFO] [stdout] 40fe16477452c976b49a4d8f46956f3f6da46711caa6c92a7865005364b87af8
[INFO] running `Command { std: "docker" "create" "-v" "/var/lib/crater-agent-workspace/builds/worker-2-tc2/target:/opt/rustwide/target:rw,Z" "-v" "/var/lib/crater-agent-workspace/builds/worker-2-tc2/source:/opt/rustwide/workdir:ro,Z" "-v" "/var/lib/crater-agent-workspace/cargo-home:/opt/rustwide/cargo-home:ro,Z" "-v" "/var/lib/crater-agent-workspace/rustup-home:/opt/rustwide/rustup-home:ro,Z" "-e" "SOURCE_DIR=/opt/rustwide/workdir" "-e" "CARGO_TARGET_DIR=/opt/rustwide/target" "-e" "CARGO_INCREMENTAL=0" "-e" "RUST_BACKTRACE=full" "-e" "RUSTFLAGS=--cap-lints=warn" "-e" "RUSTDOCFLAGS=--cap-lints=warn" "-e" "CARGO_HOME=/opt/rustwide/cargo-home" "-e" "RUSTUP_HOME=/opt/rustwide/rustup-home" "-w" "/opt/rustwide/workdir" "-m" "1610612736" "--user" "0:0" "--network" "none" "ghcr.io/rust-lang/crates-build-env/linux@sha256:f3a9d4ad9d972b27faf3965f35b62e55ba32bbce8f20bc8fe909558a86702fde" "/opt/rustwide/cargo-home/bin/cargo" "+beta-2024-12-08" "test" "--frozen", kill_on_drop: false }`
[INFO] [stdout] 18f35bf6341b6b2306f284fec0c614f295953394b368ef92ed5c83765debe987
[INFO] running `Command { std: "docker" "start" "-a" "18f35bf6341b6b2306f284fec0c614f295953394b368ef92ed5c83765debe987", kill_on_drop: false }`
[INFO] [stderr]     Finished `test` profile [unoptimized + debuginfo] target(s) in 0.45s
[INFO] [stderr]      Running unittests src/main.rs (/opt/rustwide/target/debug/deps/zizmor-214530441011496b)
[INFO] [stdout] 
[INFO] [stdout] running 18 tests
[INFO] [stdout] test expr::tests::test_parse_context_rule ... ok
[INFO] [stdout] test expr::tests::test_parse_call_rule ... ok
[INFO] [stdout] test expr::tests::test_expr_contexts ... ok
[INFO] [stdout] test models::tests::uses_from_reusable ... ok
[INFO] [stdout] test expr::tests::test_parse_string_rule ... ok
[INFO] [stdout] test models::tests::uses_from_step ... ok
[INFO] [stdout] test expr::tests::test_parse_expr_rule ... ok
[INFO] [stdout] test registry::tests::test_workflow_key_display ... ok
[INFO] [stdout] test utils::tests::split_patterns ... ok
[INFO] [stdout] test utils::tests::test_parse_expression ... ok
[INFO] [stdout] test utils::tests::test_parse_expressions ... ok
[INFO] [stdout] test models::tests::uses_ref_is_commit ... ok
[INFO] [stdout] test expr::tests::test_parse ... ok
[INFO] [stdout] test audit::template_injection::tests::test_expr_is_safe ... ok
[INFO] [stdout] test config::tests::test_parse_workflow_rule ... ok
[INFO] [stdout] test finding::tests::test_comment_ignores ... ok
[INFO] [stdout] test audit::github_env::tests::test_exploitable_cmd_patterns ... ok
[INFO] [stdout] test audit::github_env::tests::test_exploitable_bash_patterns ... ok
[INFO] [stdout] 
[INFO] [stdout] test result: ok. 18 passed; 0 failed; 0 ignored; 0 measured; 0 filtered out; finished in 0.01s
[INFO] [stdout] 
[INFO] [stderr]      Running tests/acceptance.rs (/opt/rustwide/target/debug/deps/acceptance-f0f28458538d7861)
[INFO] [stdout] 
[INFO] [stdout] running 10 tests
[INFO] [stdout] test audit_hardcoded_credentials ... ok
[INFO] [stdout] test audit_excessive_permission ... ok
[INFO] [stdout] test audit_insecure_commands_allowed ... ok
[INFO] [stdout] test audit_self_hosted ... ok
[INFO] [stdout] test audit_artipacked ... ok
[INFO] [stdout] test audit_template_injection ... ok
[INFO] [stdout] test audit_github_env_injection ... ok
[INFO] [stdout] test catches_inlined_ignore ... ok
[INFO] [stdout] test audit_unpinned_uses ... ok
[INFO] [stdout] test audit_use_trusted_publishing ... ok
[INFO] [stdout] 
[INFO] [stdout] test result: ok. 10 passed; 0 failed; 0 ignored; 0 measured; 0 filtered out; finished in 0.02s
[INFO] [stdout] 
[INFO] [stderr]      Running tests/common.rs (/opt/rustwide/target/debug/deps/common-c0e561d2a6f1d66c)
[INFO] [stdout] 
[INFO] [stdout] running 0 tests
[INFO] [stdout] 
[INFO] [stdout] test result: ok. 0 passed; 0 failed; 0 ignored; 0 measured; 0 filtered out; finished in 0.00s
[INFO] [stdout] 
[INFO] [stderr]      Running tests/snapshot.rs (/opt/rustwide/target/debug/deps/snapshot-b9fdff1d2ebda377)
[INFO] [stdout] 
[INFO] [stdout] running 7 tests
[INFO] [stdout] test test_conflicting_online_options ... ok
[INFO] [stdout] test template_injection ... ok
[INFO] [stdout] test insecure_commands ... ok
[INFO] [stdout] test unpinned_uses ... ok
[INFO] [stdout] test artipacked ... ok
[INFO] [stdout] test self_hosted ... ok
[INFO] [stdout] test test_cant_retrieve ... FAILED
[INFO] [stdout] 
[INFO] [stdout] failures:
[INFO] [stdout] 
[INFO] [stdout] ---- test_cant_retrieve stdout ----
[INFO] [stdout] ━━━━━━━━━━━━━━━━━━━━━━━━━━━━━━━ Snapshot Summary ━━━━━━━━━━━━━━━━━━━━━━━━━━━━━━━
[INFO] [stdout] Snapshot file: tests/snapshots/snapshot__cant_retrieve.snap
[INFO] [stdout] Snapshot: cant_retrieve
[INFO] [stdout] Source: tests/snapshot.rs:96
[INFO] [stdout] ────────────────────────────────────────────────────────────────────────────────
[INFO] [stdout] Expression: zizmor().output(OutputMode::Stderr).offline(true).unsetenv("GH_TOKEN").args(["pypa/sampleproject"]).run()?
[INFO] [stdout] ────────────────────────────────────────────────────────────────────────────────
[INFO] [stdout] -old snapshot
[INFO] [stdout] +new results
[INFO] [stdout] ────────────┬───────────────────────────────────────────────────────────────────
[INFO] [stdout]     0     0 │ error: can't retrieve repository: pypa/sampleproject
[INFO] [stdout]     1       │- = note: try removing --offline or passing --gh-token <TOKEN>
[INFO] [stdout]           1 │+ = note: try removing --offline or passing --gh-token <TOKEN>
[INFO] [stdout]           2 │+
[INFO] [stdout]           3 │+Stack backtrace:
[INFO] [stdout]           4 │+   0: anyhow::kind::Adhoc::new
[INFO] [stdout]           5 │+             at /opt/rustwide/cargo-home/registry/src/index.crates.io-6f17d22bba15001f/anyhow-1.0.94/src/backtrace.rs:27:14
[INFO] [stdout]           6 │+   1: zizmor::collect_inputs::{{closure}}
[INFO] [stdout]           7 │+             at ./src/main.rs:177:17
[INFO] [stdout]           8 │+   2: core::option::Option<T>::ok_or_else
[INFO] [stdout]           9 │+             at /rustc/202008a1b8de96d2e5b6bc02d379db03a877d34d/library/core/src/option.rs:1277:25
[INFO] [stdout]          10 │+   3: zizmor::collect_inputs
[INFO] [stdout]          11 │+             at ./src/main.rs:176:26
[INFO] [stdout]          12 │+   4: zizmor::run
[INFO] [stdout]          13 │+             at ./src/main.rs:227:29
[INFO] [stdout]          14 │+   5: zizmor::main
[INFO] [stdout]          15 │+             at ./src/main.rs:304:11
[INFO] [stdout]          16 │+   6: core::ops::function::FnOnce::call_once
[INFO] [stdout]          17 │+             at /rustc/202008a1b8de96d2e5b6bc02d379db03a877d34d/library/core/src/ops/function.rs:250:5
[INFO] [stdout]          18 │+   7: std::sys::backtrace::__rust_begin_short_backtrace
[INFO] [stdout]          19 │+             at /rustc/202008a1b8de96d2e5b6bc02d379db03a877d34d/library/std/src/sys/backtrace.rs:154:18
[INFO] [stdout]          20 │+   8: std::rt::lang_start::{{closure}}
[INFO] [stdout]          21 │+             at /rustc/202008a1b8de96d2e5b6bc02d379db03a877d34d/library/std/src/rt.rs:195:18
[INFO] [stdout]          22 │+   9: core::ops::function::impls::<impl core::ops::function::FnOnce<A> for &F>::call_once
[INFO] [stdout]          23 │+             at /rustc/202008a1b8de96d2e5b6bc02d379db03a877d34d/library/core/src/ops/function.rs:284:13
[INFO] [stdout]          24 │+  10: std::panicking::try::do_call
[INFO] [stdout]          25 │+             at /rustc/202008a1b8de96d2e5b6bc02d379db03a877d34d/library/std/src/panicking.rs:557:40
[INFO] [stdout]          26 │+  11: std::panicking::try
[INFO] [stdout]          27 │+             at /rustc/202008a1b8de96d2e5b6bc02d379db03a877d34d/library/std/src/panicking.rs:520:19
[INFO] [stdout]          28 │+  12: std::panic::catch_unwind
[INFO] [stdout]          29 │+             at /rustc/202008a1b8de96d2e5b6bc02d379db03a877d34d/library/std/src/panic.rs:358:14
[INFO] [stdout]          30 │+  13: std::rt::lang_start_internal::{{closure}}
[INFO] [stdout]          31 │+             at /rustc/202008a1b8de96d2e5b6bc02d379db03a877d34d/library/std/src/rt.rs:174:48
[INFO] [stdout]          32 │+  14: std::panicking::try::do_call
[INFO] [stdout]          33 │+             at /rustc/202008a1b8de96d2e5b6bc02d379db03a877d34d/library/std/src/panicking.rs:557:40
[INFO] [stdout]          34 │+  15: std::panicking::try
[INFO] [stdout]          35 │+             at /rustc/202008a1b8de96d2e5b6bc02d379db03a877d34d/library/std/src/panicking.rs:520:19
[INFO] [stdout]          36 │+  16: std::panic::catch_unwind
[INFO] [stdout]          37 │+             at /rustc/202008a1b8de96d2e5b6bc02d379db03a877d34d/library/std/src/panic.rs:358:14
[INFO] [stdout]          38 │+  17: std::rt::lang_start_internal
[INFO] [stdout]          39 │+             at /rustc/202008a1b8de96d2e5b6bc02d379db03a877d34d/library/std/src/rt.rs:174:20
[INFO] [stdout]          40 │+  18: std::rt::lang_start
[INFO] [stdout]          41 │+             at /rustc/202008a1b8de96d2e5b6bc02d379db03a877d34d/library/std/src/rt.rs:194:17
[INFO] [stdout]          42 │+  19: main
[INFO] [stdout]          43 │+  20: <unknown>
[INFO] [stdout]          44 │+  21: __libc_start_main
[INFO] [stdout]          45 │+  22: _start
[INFO] [stdout] ────────────┴───────────────────────────────────────────────────────────────────
[INFO] [stdout] thread 'test_cant_retrieve' panicked at tests/snapshot.rs:96:5:
[INFO] [stdout] called `Result::unwrap()` on an `Err` value: FileIo(Os { code: 30, kind: ReadOnlyFilesystem, message: "Read-only file system" }, "/opt/rustwide/workdir/tests/snapshots/snapshot__cant_retrieve.snap.new")
[INFO] [stdout] stack backtrace:
[INFO] [stdout]    0:     0x63d44fe7d28a - std::backtrace_rs::backtrace::libunwind::trace::h8810477743020387
[INFO] [stdout]                                at /rustc/202008a1b8de96d2e5b6bc02d379db03a877d34d/library/std/src/../../backtrace/src/backtrace/libunwind.rs:116:5
[INFO] [stdout]    1:     0x63d44fe7d28a - std::backtrace_rs::backtrace::trace_unsynchronized::h3aa55355dd6c54a6
[INFO] [stdout]                                at /rustc/202008a1b8de96d2e5b6bc02d379db03a877d34d/library/std/src/../../backtrace/src/backtrace/mod.rs:66:5
[INFO] [stdout]    2:     0x63d44fe7d28a - std::sys::backtrace::_print_fmt::h8588b0f62410823f
[INFO] [stdout]                                at /rustc/202008a1b8de96d2e5b6bc02d379db03a877d34d/library/std/src/sys/backtrace.rs:66:9
[INFO] [stdout]    3:     0x63d44fe7d28a - <std::sys::backtrace::BacktraceLock::print::DisplayBacktrace as core::fmt::Display>::fmt::h98c26ac25ffe89bb
[INFO] [stdout]                                at /rustc/202008a1b8de96d2e5b6bc02d379db03a877d34d/library/std/src/sys/backtrace.rs:39:26
[INFO] [stdout]    4:     0x63d44fea7293 - core::fmt::rt::Argument::fmt::hf95377f4aebd453b
[INFO] [stdout]                                at /rustc/202008a1b8de96d2e5b6bc02d379db03a877d34d/library/core/src/fmt/rt.rs:177:76
[INFO] [stdout]    5:     0x63d44fea7293 - core::fmt::write::h0dd5f6e2238c7982
[INFO] [stdout]                                at /rustc/202008a1b8de96d2e5b6bc02d379db03a877d34d/library/core/src/fmt/mod.rs:1189:21
[INFO] [stdout]    6:     0x63d44fe78e93 - std::io::Write::write_fmt::h03bb0ca26e6faf8c
[INFO] [stdout]                                at /rustc/202008a1b8de96d2e5b6bc02d379db03a877d34d/library/std/src/io/mod.rs:1884:15
[INFO] [stdout]    7:     0x63d44fe7d0d2 - std::sys::backtrace::BacktraceLock::print::h5c19c1c038ee186d
[INFO] [stdout]                                at /rustc/202008a1b8de96d2e5b6bc02d379db03a877d34d/library/std/src/sys/backtrace.rs:42:9
[INFO] [stdout]    8:     0x63d44fe7ed0d - std::panicking::default_hook::{{closure}}::h77172f079a1fcb13
[INFO] [stdout]                                at /rustc/202008a1b8de96d2e5b6bc02d379db03a877d34d/library/std/src/panicking.rs:268:22
[INFO] [stdout]    9:     0x63d44fe7eb17 - std::panicking::default_hook::he5f8e3b203ccddba
[INFO] [stdout]                                at /rustc/202008a1b8de96d2e5b6bc02d379db03a877d34d/library/std/src/panicking.rs:292:9
[INFO] [stdout]   10:     0x63d44fe15b17 - <alloc::boxed::Box<F,A> as core::ops::function::Fn<Args>>::call::h7a3c7b4a1ae77f2f
[INFO] [stdout]                                at /rustc/202008a1b8de96d2e5b6bc02d379db03a877d34d/library/alloc/src/boxed.rs:1986:9
[INFO] [stdout]   11:     0x63d44fe15b17 - test::test_main::{{closure}}::hf0d3b69ae9b353d1
[INFO] [stdout]                                at /rustc/202008a1b8de96d2e5b6bc02d379db03a877d34d/library/test/src/lib.rs:134:21
[INFO] [stdout]   12:     0x63d44fe7f3b8 - <alloc::boxed::Box<F,A> as core::ops::function::Fn<Args>>::call::h6332e82e7b189abd
[INFO] [stdout]                                at /rustc/202008a1b8de96d2e5b6bc02d379db03a877d34d/library/alloc/src/boxed.rs:1986:9
[INFO] [stdout]   13:     0x63d44fe7f3b8 - std::panicking::rust_panic_with_hook::h53863d4e9018df39
[INFO] [stdout]                                at /rustc/202008a1b8de96d2e5b6bc02d379db03a877d34d/library/std/src/panicking.rs:809:13
[INFO] [stdout]   14:     0x63d44fe7f17a - std::panicking::begin_panic_handler::{{closure}}::h67280e6fa0757873
[INFO] [stdout]                                at /rustc/202008a1b8de96d2e5b6bc02d379db03a877d34d/library/std/src/panicking.rs:674:13
[INFO] [stdout]   15:     0x63d44fe7d769 - std::sys::backtrace::__rust_end_short_backtrace::h1dac3f54d6fbbeb2
[INFO] [stdout]                                at /rustc/202008a1b8de96d2e5b6bc02d379db03a877d34d/library/std/src/sys/backtrace.rs:170:18
[INFO] [stdout]   16:     0x63d44fe7ee0c - rust_begin_unwind
[INFO] [stdout]                                at /rustc/202008a1b8de96d2e5b6bc02d379db03a877d34d/library/std/src/panicking.rs:665:5
[INFO] [stdout]   17:     0x63d44fd3dc30 - core::panicking::panic_fmt::h6792bd1b2bf01041
[INFO] [stdout]                                at /rustc/202008a1b8de96d2e5b6bc02d379db03a877d34d/library/core/src/panicking.rs:76:14
[INFO] [stdout]   18:     0x63d44fd3e076 - core::result::unwrap_failed::h05e0602ed34287c5
[INFO] [stdout]                                at /rustc/202008a1b8de96d2e5b6bc02d379db03a877d34d/library/core/src/result.rs:1699:5
[INFO] [stdout]   19:     0x63d44fd46828 - core::result::Result<T,E>::unwrap::h3fa2b12699aed12c
[INFO] [stdout]                                at /rustc/202008a1b8de96d2e5b6bc02d379db03a877d34d/library/core/src/result.rs:1104:23
[INFO] [stdout]   20:     0x63d44fd46828 - snapshot::test_cant_retrieve::h69f8a2cd9fc863b5
[INFO] [stdout]                                at /opt/rustwide/workdir/tests/snapshot.rs:96:5
[INFO] [stdout]   21:     0x63d44fd462e7 - snapshot::test_cant_retrieve::{{closure}}::ha9eb9e9377e201ae
[INFO] [stdout]                                at /opt/rustwide/workdir/tests/snapshot.rs:95:28
[INFO] [stdout]   22:     0x63d44fd42766 - core::ops::function::FnOnce::call_once::h661c5bc2d3eab29a
[INFO] [stdout]                                at /rustc/202008a1b8de96d2e5b6bc02d379db03a877d34d/library/core/src/ops/function.rs:250:5
[INFO] [stdout]   23:     0x63d44fe1a63b - core::ops::function::FnOnce::call_once::h871bf86719ec9aa4
[INFO] [stdout]                                at /rustc/202008a1b8de96d2e5b6bc02d379db03a877d34d/library/core/src/ops/function.rs:250:5
[INFO] [stdout]   24:     0x63d44fe1a63b - test::__rust_begin_short_backtrace::h2167df1e2b7d76fd
[INFO] [stdout]                                at /rustc/202008a1b8de96d2e5b6bc02d379db03a877d34d/library/test/src/lib.rs:632:18
[INFO] [stdout]   25:     0x63d44fe1a028 - test::run_test_in_process::{{closure}}::h15d92f75a3adfb79
[INFO] [stdout]                                at /rustc/202008a1b8de96d2e5b6bc02d379db03a877d34d/library/test/src/lib.rs:655:60
[INFO] [stdout]   26:     0x63d44fe1a028 - <core::panic::unwind_safe::AssertUnwindSafe<F> as core::ops::function::FnOnce<()>>::call_once::hb6c8955835a8dbbb
[INFO] [stdout]                                at /rustc/202008a1b8de96d2e5b6bc02d379db03a877d34d/library/core/src/panic/unwind_safe.rs:272:9
[INFO] [stdout]   27:     0x63d44fe1a028 - std::panicking::try::do_call::hc79d0fc888a0bd30
[INFO] [stdout]                                at /rustc/202008a1b8de96d2e5b6bc02d379db03a877d34d/library/std/src/panicking.rs:557:40
[INFO] [stdout]   28:     0x63d44fe1a028 - std::panicking::try::hb8a7878e3a8589d6
[INFO] [stdout]                                at /rustc/202008a1b8de96d2e5b6bc02d379db03a877d34d/library/std/src/panicking.rs:520:19
[INFO] [stdout]   29:     0x63d44fe1a028 - std::panic::catch_unwind::hb8e4600ff0ff5cfa
[INFO] [stdout]                                at /rustc/202008a1b8de96d2e5b6bc02d379db03a877d34d/library/std/src/panic.rs:358:14
[INFO] [stdout]   30:     0x63d44fe1a028 - test::run_test_in_process::hc2900b0b18688dd6
[INFO] [stdout]                                at /rustc/202008a1b8de96d2e5b6bc02d379db03a877d34d/library/test/src/lib.rs:655:27
[INFO] [stdout]   31:     0x63d44fe1a028 - test::run_test::{{closure}}::hac2a9cb07be3d48d
[INFO] [stdout]                                at /rustc/202008a1b8de96d2e5b6bc02d379db03a877d34d/library/test/src/lib.rs:576:43
[INFO] [stdout]   32:     0x63d44fdddaca - test::run_test::{{closure}}::h4a5b729e66a38cd8
[INFO] [stdout]                                at /rustc/202008a1b8de96d2e5b6bc02d379db03a877d34d/library/test/src/lib.rs:606:41
[INFO] [stdout]   33:     0x63d44fdddaca - std::sys::backtrace::__rust_begin_short_backtrace::h0496fb742492f573
[INFO] [stdout]                                at /rustc/202008a1b8de96d2e5b6bc02d379db03a877d34d/library/std/src/sys/backtrace.rs:154:18
[INFO] [stdout]   34:     0x63d44fde1444 - std::thread::Builder::spawn_unchecked_::{{closure}}::{{closure}}::hbb6d257c550a54bd
[INFO] [stdout]                                at /rustc/202008a1b8de96d2e5b6bc02d379db03a877d34d/library/std/src/thread/mod.rs:561:17
[INFO] [stdout]   35:     0x63d44fde1444 - <core::panic::unwind_safe::AssertUnwindSafe<F> as core::ops::function::FnOnce<()>>::call_once::h46696fe4a6832328
[INFO] [stdout]                                at /rustc/202008a1b8de96d2e5b6bc02d379db03a877d34d/library/core/src/panic/unwind_safe.rs:272:9
[INFO] [stdout]   36:     0x63d44fde1444 - std::panicking::try::do_call::h2625a51b667bfb64
[INFO] [stdout]                                at /rustc/202008a1b8de96d2e5b6bc02d379db03a877d34d/library/std/src/panicking.rs:557:40
[INFO] [stdout]   37:     0x63d44fde1444 - std::panicking::try::hb956a59a1973aa4c
[INFO] [stdout]                                at /rustc/202008a1b8de96d2e5b6bc02d379db03a877d34d/library/std/src/panicking.rs:520:19
[INFO] [stdout]   38:     0x63d44fde1444 - std::panic::catch_unwind::h64f3b9d1067ef6a0
[INFO] [stdout]                                at /rustc/202008a1b8de96d2e5b6bc02d379db03a877d34d/library/std/src/panic.rs:358:14
[INFO] [stdout]   39:     0x63d44fde1444 - std::thread::Builder::spawn_unchecked_::{{closure}}::h42b2841295b6c0b2
[INFO] [stdout]                                at /rustc/202008a1b8de96d2e5b6bc02d379db03a877d34d/library/std/src/thread/mod.rs:559:30
[INFO] [stdout]   40:     0x63d44fde1444 - core::ops::function::FnOnce::call_once{{vtable.shim}}::h6127de71b8124639
[INFO] [stdout]                                at /rustc/202008a1b8de96d2e5b6bc02d379db03a877d34d/library/core/src/ops/function.rs:250:5
[INFO] [stdout]   41:     0x63d44fe83eab - <alloc::boxed::Box<F,A> as core::ops::function::FnOnce<Args>>::call_once::h42f0ba71002a1b2c
[INFO] [stdout]                                at /rustc/202008a1b8de96d2e5b6bc02d379db03a877d34d/library/alloc/src/boxed.rs:1972:9
[INFO] [stdout]   42:     0x63d44fe83eab - <alloc::boxed::Box<F,A> as core::ops::function::FnOnce<Args>>::call_once::had9e47d7a3dcecb8
[INFO] [stdout]                                at /rustc/202008a1b8de96d2e5b6bc02d379db03a877d34d/library/alloc/src/boxed.rs:1972:9
[INFO] [stdout]   43:     0x63d44fe83eab - std::sys::pal::unix::thread::Thread::new::thread_start::h48cf765408f6f5f2
[INFO] [stdout]                                at /rustc/202008a1b8de96d2e5b6bc02d379db03a877d34d/library/std/src/sys/pal/unix/thread.rs:105:17
[INFO] [stdout]   44:     0x7a03809c2ac3 - <unknown>
[INFO] [stdout]   45:     0x7a0380a53a04 - clone
[INFO] [stdout]   46:                0x0 - <unknown>
[INFO] [stdout] 
[INFO] [stdout] 
[INFO] [stdout] failures:
[INFO] [stdout]     test_cant_retrieve
[INFO] [stdout] 
[INFO] [stdout] test result: FAILED. 6 passed; 1 failed; 0 ignored; 0 measured; 0 filtered out; finished in 1.08s
[INFO] [stdout] 
[INFO] [stderr] error: test failed, to rerun pass `--test snapshot`
[INFO] running `Command { std: "docker" "inspect" "18f35bf6341b6b2306f284fec0c614f295953394b368ef92ed5c83765debe987", kill_on_drop: false }`
[INFO] running `Command { std: "docker" "rm" "-f" "18f35bf6341b6b2306f284fec0c614f295953394b368ef92ed5c83765debe987", kill_on_drop: false }`
[INFO] [stdout] 18f35bf6341b6b2306f284fec0c614f295953394b368ef92ed5c83765debe987
