[INFO] fetching crate zeptohttpc 0.10.2...
[INFO] testing zeptohttpc-0.10.2 against 1.83.0 for beta-1.84.0-4-retry
[INFO] extracting crate zeptohttpc 0.10.2 into /workspace/builds/worker-1-tc1/source
[INFO] validating manifest of crates.io crate zeptohttpc 0.10.2 on toolchain 1.83.0
[INFO] running `Command { std: CARGO_HOME="/workspace/cargo-home" RUSTUP_HOME="/workspace/rustup-home" "/workspace/cargo-home/bin/cargo" "+1.83.0" "metadata" "--manifest-path" "Cargo.toml" "--no-deps", kill_on_drop: false }`
[INFO] started tweaking crates.io crate zeptohttpc 0.10.2
[INFO] removed 0 missing examples
[INFO] removed 0 missing tests
[INFO] finished tweaking crates.io crate zeptohttpc 0.10.2
[INFO] tweaked toml for crates.io crate zeptohttpc 0.10.2 written to /workspace/builds/worker-1-tc1/source/Cargo.toml
[INFO] crate crates.io crate zeptohttpc 0.10.2 already has a lockfile, it will not be regenerated
[INFO] running `Command { std: CARGO_HOME="/workspace/cargo-home" RUSTUP_HOME="/workspace/rustup-home" "/workspace/cargo-home/bin/cargo" "+1.83.0" "fetch" "--manifest-path" "Cargo.toml", kill_on_drop: false }`
[INFO] [stderr]     Updating crates.io index
[INFO] [stderr]     Blocking waiting for file lock on package cache
[INFO] [stderr]  Downloading crates ...
[INFO] [stderr]   Downloaded itoa v1.0.13
[INFO] [stderr]   Downloaded rustls-native-certs v0.8.1
[INFO] [stderr]   Downloaded rustls-pki-types v1.10.0
[INFO] [stderr]   Downloaded zeroize v1.8.1
[INFO] [stderr]   Downloaded home v0.5.9
[INFO] [stderr]   Downloaded security-framework v3.0.1
[INFO] [stderr]   Downloaded paste v1.0.15
[INFO] [stderr]   Downloaded serde_derive v1.0.215
[INFO] [stderr]   Downloaded cexpr v0.6.0
[INFO] [stderr]   Downloaded fastrand v2.2.0
[INFO] [stderr]   Downloaded libloading v0.8.5
[INFO] [stderr]   Downloaded clang-sys v1.8.1
[INFO] [stderr]   Downloaded bytes v1.8.0
[INFO] [stderr]   Downloaded minimal-lexical v0.2.1
[INFO] [stderr]   Downloaded cc v1.2.1
[INFO] [stderr]   Downloaded http v1.1.0
[INFO] [stderr]   Downloaded itertools v0.12.1
[INFO] [stderr]   Downloaded syn v2.0.89
[INFO] [stderr]   Downloaded webpki-roots v0.26.7
[INFO] [stderr]   Downloaded nom v7.1.3
[INFO] [stderr]   Downloaded aws-lc-rs v1.11.1
[INFO] [stderr]   Downloaded bindgen v0.69.5
[INFO] [stderr]   Downloaded rustls-webpki v0.102.8
[INFO] [stderr]   Downloaded prettyplease v0.2.25
[INFO] [stderr]   Downloaded spin v0.9.8
[INFO] [stderr]   Downloaded jobserver v0.1.32
[INFO] [stderr]   Downloaded rustix v0.38.41
[INFO] [stderr]   Downloaded rustls v0.23.18
[INFO] [stderr]   Downloaded getrandom v0.2.15
[INFO] [stderr]   Downloaded subtle v2.6.1
[INFO] [stderr]   Downloaded core-foundation v0.10.0
[INFO] [stderr]   Downloaded glob v0.3.1
[INFO] [stderr]   Downloaded cmake v0.1.51
[INFO] [stderr]   Downloaded fs_extra v1.3.0
[INFO] [stderr]   Downloaded untrusted v0.9.0
[INFO] [stderr]   Downloaded lazycell v1.3.0
[INFO] [stderr]   Downloaded rustc-hash v1.1.0
[INFO] [stderr]   Downloaded errno v0.3.9
[INFO] [stderr]   Downloaded which v4.4.2
[INFO] [stderr]   Downloaded dunce v1.0.5
[INFO] [stderr]   Downloaded serde v1.0.215
[INFO] [stderr]   Downloaded libc v0.2.164
[INFO] [stderr]   Downloaded windows-sys v0.52.0
[INFO] [stderr]   Downloaded ring v0.17.8
[INFO] [stderr]   Downloaded aws-lc-sys v0.23.1
[INFO] running `Command { std: "docker" "create" "-v" "/var/lib/crater-agent-workspace/builds/worker-1-tc1/target:/opt/rustwide/target:rw,Z" "-v" "/var/lib/crater-agent-workspace/builds/worker-1-tc1/source:/opt/rustwide/workdir:ro,Z" "-v" "/var/lib/crater-agent-workspace/cargo-home:/opt/rustwide/cargo-home:ro,Z" "-v" "/var/lib/crater-agent-workspace/rustup-home:/opt/rustwide/rustup-home:ro,Z" "-e" "SOURCE_DIR=/opt/rustwide/workdir" "-e" "CARGO_TARGET_DIR=/opt/rustwide/target" "-e" "CARGO_HOME=/opt/rustwide/cargo-home" "-e" "RUSTUP_HOME=/opt/rustwide/rustup-home" "-w" "/opt/rustwide/workdir" "-m" "1610612736" "--user" "0:0" "--network" "none" "ghcr.io/rust-lang/crates-build-env/linux@sha256:f3a9d4ad9d972b27faf3965f35b62e55ba32bbce8f20bc8fe909558a86702fde" "/opt/rustwide/cargo-home/bin/cargo" "+1.83.0" "metadata" "--no-deps" "--format-version=1", kill_on_drop: false }`
[INFO] [stdout] 9c8f71d4b822f12cd20d1cf787e5b454d42d316aa005c611a0f959f178ba85cc
[INFO] running `Command { std: "docker" "start" "-a" "9c8f71d4b822f12cd20d1cf787e5b454d42d316aa005c611a0f959f178ba85cc", kill_on_drop: false }`
[INFO] running `Command { std: "docker" "inspect" "9c8f71d4b822f12cd20d1cf787e5b454d42d316aa005c611a0f959f178ba85cc", kill_on_drop: false }`
[INFO] running `Command { std: "docker" "rm" "-f" "9c8f71d4b822f12cd20d1cf787e5b454d42d316aa005c611a0f959f178ba85cc", kill_on_drop: false }`
[INFO] [stdout] 9c8f71d4b822f12cd20d1cf787e5b454d42d316aa005c611a0f959f178ba85cc
[INFO] running `Command { std: "docker" "create" "-v" "/var/lib/crater-agent-workspace/builds/worker-1-tc1/target:/opt/rustwide/target:rw,Z" "-v" "/var/lib/crater-agent-workspace/builds/worker-1-tc1/source:/opt/rustwide/workdir:ro,Z" "-v" "/var/lib/crater-agent-workspace/cargo-home:/opt/rustwide/cargo-home:ro,Z" "-v" "/var/lib/crater-agent-workspace/rustup-home:/opt/rustwide/rustup-home:ro,Z" "-e" "SOURCE_DIR=/opt/rustwide/workdir" "-e" "CARGO_TARGET_DIR=/opt/rustwide/target" "-e" "CARGO_INCREMENTAL=0" "-e" "RUST_BACKTRACE=full" "-e" "RUSTFLAGS=--cap-lints=warn" "-e" "RUSTDOCFLAGS=--cap-lints=warn" "-e" "CARGO_HOME=/opt/rustwide/cargo-home" "-e" "RUSTUP_HOME=/opt/rustwide/rustup-home" "-w" "/opt/rustwide/workdir" "-m" "1610612736" "--user" "0:0" "--network" "none" "ghcr.io/rust-lang/crates-build-env/linux@sha256:f3a9d4ad9d972b27faf3965f35b62e55ba32bbce8f20bc8fe909558a86702fde" "/opt/rustwide/cargo-home/bin/cargo" "+1.83.0" "build" "--frozen" "--message-format=json", kill_on_drop: false }`
[INFO] [stdout] 8c64754ecc4a4c29df7a9d00bf2c64a6e9a1a69f8b21a8460b5abeab791dabed
[INFO] running `Command { std: "docker" "start" "-a" "8c64754ecc4a4c29df7a9d00bf2c64a6e9a1a69f8b21a8460b5abeab791dabed", kill_on_drop: false }`
[INFO] [stderr]    Compiling httparse v1.9.5
[INFO] [stderr]    Compiling bytes v1.8.0
[INFO] [stderr]    Compiling itoa v1.0.13
[INFO] [stderr]    Compiling fnv v1.0.7
[INFO] [stderr]    Compiling http v1.1.0
[INFO] [stderr]    Compiling zeptohttpc v0.10.2 (/opt/rustwide/workdir)
[INFO] [stderr]     Finished `dev` profile [unoptimized + debuginfo] target(s) in 4.65s
[INFO] running `Command { std: "docker" "inspect" "8c64754ecc4a4c29df7a9d00bf2c64a6e9a1a69f8b21a8460b5abeab791dabed", kill_on_drop: false }`
[INFO] running `Command { std: "docker" "rm" "-f" "8c64754ecc4a4c29df7a9d00bf2c64a6e9a1a69f8b21a8460b5abeab791dabed", kill_on_drop: false }`
[INFO] [stdout] 8c64754ecc4a4c29df7a9d00bf2c64a6e9a1a69f8b21a8460b5abeab791dabed
[INFO] running `Command { std: "docker" "create" "-v" "/var/lib/crater-agent-workspace/builds/worker-1-tc1/target:/opt/rustwide/target:rw,Z" "-v" "/var/lib/crater-agent-workspace/builds/worker-1-tc1/source:/opt/rustwide/workdir:ro,Z" "-v" "/var/lib/crater-agent-workspace/cargo-home:/opt/rustwide/cargo-home:ro,Z" "-v" "/var/lib/crater-agent-workspace/rustup-home:/opt/rustwide/rustup-home:ro,Z" "-e" "SOURCE_DIR=/opt/rustwide/workdir" "-e" "CARGO_TARGET_DIR=/opt/rustwide/target" "-e" "CARGO_INCREMENTAL=0" "-e" "RUST_BACKTRACE=full" "-e" "RUSTFLAGS=--cap-lints=warn" "-e" "RUSTDOCFLAGS=--cap-lints=warn" "-e" "CARGO_HOME=/opt/rustwide/cargo-home" "-e" "RUSTUP_HOME=/opt/rustwide/rustup-home" "-w" "/opt/rustwide/workdir" "-m" "1610612736" "--user" "0:0" "--network" "none" "ghcr.io/rust-lang/crates-build-env/linux@sha256:f3a9d4ad9d972b27faf3965f35b62e55ba32bbce8f20bc8fe909558a86702fde" "/opt/rustwide/cargo-home/bin/cargo" "+1.83.0" "test" "--frozen" "--no-run" "--message-format=json", kill_on_drop: false }`
[INFO] [stdout] 7bacfa3c25b103b1d0f66953ad58d7f1d0955e00788b9876291a3ff058f73fd8
[INFO] running `Command { std: "docker" "start" "-a" "7bacfa3c25b103b1d0f66953ad58d7f1d0955e00788b9876291a3ff058f73fd8", kill_on_drop: false }`
[INFO] [stderr]    Compiling zeptohttpc v0.10.2 (/opt/rustwide/workdir)
[INFO] [stderr]     Finished `test` profile [unoptimized + debuginfo] target(s) in 2.67s
[INFO] running `Command { std: "docker" "inspect" "7bacfa3c25b103b1d0f66953ad58d7f1d0955e00788b9876291a3ff058f73fd8", kill_on_drop: false }`
[INFO] running `Command { std: "docker" "rm" "-f" "7bacfa3c25b103b1d0f66953ad58d7f1d0955e00788b9876291a3ff058f73fd8", kill_on_drop: false }`
[INFO] [stdout] 7bacfa3c25b103b1d0f66953ad58d7f1d0955e00788b9876291a3ff058f73fd8
[INFO] running `Command { std: "docker" "create" "-v" "/var/lib/crater-agent-workspace/builds/worker-1-tc1/target:/opt/rustwide/target:rw,Z" "-v" "/var/lib/crater-agent-workspace/builds/worker-1-tc1/source:/opt/rustwide/workdir:ro,Z" "-v" "/var/lib/crater-agent-workspace/cargo-home:/opt/rustwide/cargo-home:ro,Z" "-v" "/var/lib/crater-agent-workspace/rustup-home:/opt/rustwide/rustup-home:ro,Z" "-e" "SOURCE_DIR=/opt/rustwide/workdir" "-e" "CARGO_TARGET_DIR=/opt/rustwide/target" "-e" "CARGO_INCREMENTAL=0" "-e" "RUST_BACKTRACE=full" "-e" "RUSTFLAGS=--cap-lints=warn" "-e" "RUSTDOCFLAGS=--cap-lints=warn" "-e" "CARGO_HOME=/opt/rustwide/cargo-home" "-e" "RUSTUP_HOME=/opt/rustwide/rustup-home" "-w" "/opt/rustwide/workdir" "-m" "1610612736" "--user" "0:0" "--network" "none" "ghcr.io/rust-lang/crates-build-env/linux@sha256:f3a9d4ad9d972b27faf3965f35b62e55ba32bbce8f20bc8fe909558a86702fde" "/opt/rustwide/cargo-home/bin/cargo" "+1.83.0" "test" "--frozen", kill_on_drop: false }`
[INFO] [stdout] d64a70335714f36c612c1b34176d0e9b617e67784196e842077177dbcc20c8af
[INFO] running `Command { std: "docker" "start" "-a" "d64a70335714f36c612c1b34176d0e9b617e67784196e842077177dbcc20c8af", kill_on_drop: false }`
[INFO] [stderr]     Finished `test` profile [unoptimized + debuginfo] target(s) in 0.06s
[INFO] [stderr]      Running unittests src/lib.rs (/opt/rustwide/target/debug/deps/zeptohttpc-c1580f3de9c8488f)
[INFO] [stdout] 
[INFO] [stdout] running 7 tests
[INFO] [stdout] test chunked::tests::parse_chunks ... ok
[INFO] [stdout] test chunked::tests::parse_line_endings ... ok
[INFO] [stdout] test happy_eyeballs::tests::resolve_ipv4_address ... ok
[INFO] [stdout] test happy_eyeballs::tests::resolve_ipv6_address ... ok
[INFO] [stdout] test chunked::tests::parse_empty_chunks ... ok
[INFO] [stdout] test happy_eyeballs::tests::resolve_domain ... ok
[INFO] [stdout] test chunked::tests::parse_missing_line_ending ... ok
[INFO] [stdout] 
[INFO] [stdout] test result: ok. 7 passed; 0 failed; 0 ignored; 0 measured; 0 filtered out; finished in 0.01s
[INFO] [stdout] 
[INFO] [stderr]      Running tests/redirects.rs (/opt/rustwide/target/debug/deps/redirects-48682c003f3593b8)
[INFO] [stdout] 
[INFO] [stdout] running 5 tests
[INFO] [stdout] test fails_due_to_too_many_redirects ... ok
[INFO] [stdout] test does_not_redirect_if_explictly_disabled ... ok
[INFO] [stdout] test redirects_for_moved_permanently ... ok
[INFO] [stderr]      Running tests/timeout.rs (/opt/rustwide/target/debug/deps/timeout-245ce2d4a4416401)
[INFO] [stdout] test location_is_recommended_but_not_required ... ok
[INFO] [stdout] test does_not_redirect_for_not_modified ... ok
[INFO] [stdout] 
[INFO] [stdout] test result: ok. 5 passed; 0 failed; 0 ignored; 0 measured; 0 filtered out; finished in 0.02s
[INFO] [stdout] 
[INFO] [stdout] 
[INFO] [stdout] running 1 test
[INFO] [stdout] test fails_due_to_timeout ... ok
[INFO] [stdout] 
[INFO] [stdout] test result: ok. 1 passed; 0 failed; 0 ignored; 0 measured; 0 filtered out; finished in 0.50s
[INFO] [stdout] 
[INFO] [stderr]    Doc-tests zeptohttpc
[INFO] [stdout] 
[INFO] [stdout] running 1 test
[INFO] [stdout] test src/lib.rs - (line 18) ... FAILED
[INFO] [stdout] 
[INFO] [stdout] failures:
[INFO] [stdout] 
[INFO] [stdout] ---- src/lib.rs - (line 18) stdout ----
[INFO] [stdout] Test executable failed (exit status: 101).
[INFO] [stdout] 
[INFO] [stdout] stderr:
[INFO] [stdout] thread 'main' panicked at src/lib.rs:13:37:
[INFO] [stdout] called `Result::unwrap()` on an `Err` value: Io(Custom { kind: Uncategorized, error: "failed to lookup address information: Temporary failure in name resolution" })
[INFO] [stdout] stack backtrace:
[INFO] [stdout]    0:     0x61d3987422fa - std::backtrace_rs::backtrace::libunwind::trace::h5a5b8284f2d0c266
[INFO] [stdout]                                at /rustc/90b35a6239c3d8bdabc530a6a0816f7ff89a0aaf/library/std/src/../../backtrace/src/backtrace/libunwind.rs:116:5
[INFO] [stdout]    1:     0x61d3987422fa - std::backtrace_rs::backtrace::trace_unsynchronized::h76d4f1c9b0b875e3
[INFO] [stdout]                                at /rustc/90b35a6239c3d8bdabc530a6a0816f7ff89a0aaf/library/std/src/../../backtrace/src/backtrace/mod.rs:66:5
[INFO] [stdout]    2:     0x61d3987422fa - std::sys::backtrace::_print_fmt::hc4546b8364a537c6
[INFO] [stdout]                                at /rustc/90b35a6239c3d8bdabc530a6a0816f7ff89a0aaf/library/std/src/sys/backtrace.rs:66:9
[INFO] [stdout]    3:     0x61d3987422fa - <std::sys::backtrace::BacktraceLock::print::DisplayBacktrace as core::fmt::Display>::fmt::h5b6bd5631a6d1f6b
[INFO] [stdout]                                at /rustc/90b35a6239c3d8bdabc530a6a0816f7ff89a0aaf/library/std/src/sys/backtrace.rs:39:26
[INFO] [stdout]    4:     0x61d39875f883 - core::fmt::rt::Argument::fmt::h270f6602a2b96f62
[INFO] [stdout]                                at /rustc/90b35a6239c3d8bdabc530a6a0816f7ff89a0aaf/library/core/src/fmt/rt.rs:177:76
[INFO] [stdout]    5:     0x61d39875f883 - core::fmt::write::h7550c97b06c86515
[INFO] [stdout]                                at /rustc/90b35a6239c3d8bdabc530a6a0816f7ff89a0aaf/library/core/src/fmt/mod.rs:1186:21
[INFO] [stdout]    6:     0x61d39873f1c3 - std::io::Write::write_fmt::h7b09c64fe0be9c84
[INFO] [stdout]                                at /rustc/90b35a6239c3d8bdabc530a6a0816f7ff89a0aaf/library/std/src/io/mod.rs:1839:15
[INFO] [stdout]    7:     0x61d398742142 - std::sys::backtrace::BacktraceLock::print::h2395ccd2c84ba3aa
[INFO] [stdout]                                at /rustc/90b35a6239c3d8bdabc530a6a0816f7ff89a0aaf/library/std/src/sys/backtrace.rs:42:9
[INFO] [stdout]    8:     0x61d3987430ec - std::panicking::default_hook::{{closure}}::he19d4c7230e07961
[INFO] [stdout]                                at /rustc/90b35a6239c3d8bdabc530a6a0816f7ff89a0aaf/library/std/src/panicking.rs:268:22
[INFO] [stdout]    9:     0x61d398742f32 - std::panicking::default_hook::hf614597d3c67bbdb
[INFO] [stdout]                                at /rustc/90b35a6239c3d8bdabc530a6a0816f7ff89a0aaf/library/std/src/panicking.rs:295:9
[INFO] [stdout]   10:     0x61d3987436c7 - std::panicking::rust_panic_with_hook::h8942133a8b252070
[INFO] [stdout]                                at /rustc/90b35a6239c3d8bdabc530a6a0816f7ff89a0aaf/library/std/src/panicking.rs:801:13
[INFO] [stdout]   11:     0x61d39874355a - std::panicking::begin_panic_handler::{{closure}}::hb5f5963570096b29
[INFO] [stdout]                                at /rustc/90b35a6239c3d8bdabc530a6a0816f7ff89a0aaf/library/std/src/panicking.rs:674:13
[INFO] [stdout]   12:     0x61d3987427d9 - std::sys::backtrace::__rust_end_short_backtrace::h6208cedc1922feda
[INFO] [stdout]                                at /rustc/90b35a6239c3d8bdabc530a6a0816f7ff89a0aaf/library/std/src/sys/backtrace.rs:170:18
[INFO] [stdout]   13:     0x61d3987431ec - rust_begin_unwind
[INFO] [stdout]                                at /rustc/90b35a6239c3d8bdabc530a6a0816f7ff89a0aaf/library/std/src/panicking.rs:665:5
[INFO] [stdout]   14:     0x61d3986a4ae0 - core::panicking::panic_fmt::h0c3082644d1bf418
[INFO] [stdout]                                at /rustc/90b35a6239c3d8bdabc530a6a0816f7ff89a0aaf/library/core/src/panicking.rs:74:14
[INFO] [stdout]   15:     0x61d3986a4ef6 - core::result::unwrap_failed::hd20b4aa073bda1e2
[INFO] [stdout]                                at /rustc/90b35a6239c3d8bdabc530a6a0816f7ff89a0aaf/library/core/src/result.rs:1700:5
[INFO] [stdout]   16:     0x61d3986ad60a - rust_out::main::h508ad2ae13afcca8
[INFO] [stdout]   17:     0x61d3986a6d23 - core::ops::function::FnOnce::call_once::h7f4b4e449d366797
[INFO] [stdout]   18:     0x61d3986a6716 - std::sys::backtrace::__rust_begin_short_backtrace::h1fbb9a4ac2972ba8
[INFO] [stdout]   19:     0x61d3986a66f9 - std::rt::lang_start::{{closure}}::h1e488b913fe5782c
[INFO] [stdout]   20:     0x61d39873c4de - core::ops::function::impls::<impl core::ops::function::FnOnce<A> for &F>::call_once::hfdb85f4ee94732d3
[INFO] [stdout]                                at /rustc/90b35a6239c3d8bdabc530a6a0816f7ff89a0aaf/library/core/src/ops/function.rs:284:13
[INFO] [stdout]   21:     0x61d39873c4de - std::panicking::try::do_call::h6e577310f330cbef
[INFO] [stdout]                                at /rustc/90b35a6239c3d8bdabc530a6a0816f7ff89a0aaf/library/std/src/panicking.rs:557:40
[INFO] [stdout]   22:     0x61d39873c4de - std::panicking::try::ha588d438267d2645
[INFO] [stdout]                                at /rustc/90b35a6239c3d8bdabc530a6a0816f7ff89a0aaf/library/std/src/panicking.rs:520:19
[INFO] [stdout]   23:     0x61d39873c4de - std::panic::catch_unwind::h429fda1e025f26d9
[INFO] [stdout]                                at /rustc/90b35a6239c3d8bdabc530a6a0816f7ff89a0aaf/library/std/src/panic.rs:358:14
[INFO] [stdout]   24:     0x61d39873c4de - std::rt::lang_start_internal::{{closure}}::h7b731265e841c4bf
[INFO] [stdout]                                at /rustc/90b35a6239c3d8bdabc530a6a0816f7ff89a0aaf/library/std/src/rt.rs:174:48
[INFO] [stdout]   25:     0x61d39873c4de - std::panicking::try::do_call::hc0f6a675b7ae5a36
[INFO] [stdout]                                at /rustc/90b35a6239c3d8bdabc530a6a0816f7ff89a0aaf/library/std/src/panicking.rs:557:40
[INFO] [stdout]   26:     0x61d39873c4de - std::panicking::try::h4c93b7ff0671f1ff
[INFO] [stdout]                                at /rustc/90b35a6239c3d8bdabc530a6a0816f7ff89a0aaf/library/std/src/panicking.rs:520:19
[INFO] [stdout]   27:     0x61d39873c4de - std::panic::catch_unwind::hcc1e154961d16ce6
[INFO] [stdout]                                at /rustc/90b35a6239c3d8bdabc530a6a0816f7ff89a0aaf/library/std/src/panic.rs:358:14
[INFO] [stdout]   28:     0x61d39873c4de - std::rt::lang_start_internal::h1c66660c99c8424c
[INFO] [stdout]                                at /rustc/90b35a6239c3d8bdabc530a6a0816f7ff89a0aaf/library/std/src/rt.rs:174:20
[INFO] [stdout]   29:     0x61d3986a66d7 - std::rt::lang_start::hec54e658b210033d
[INFO] [stdout]   30:     0x61d3986ad885 - main
[INFO] [stdout]   31:     0x75a2307bad90 - <unknown>
[INFO] [stdout]   32:     0x75a2307bae40 - __libc_start_main
[INFO] [stdout]   33:     0x61d3986a5375 - _start
[INFO] [stdout]   34:                0x0 - <unknown>
[INFO] [stdout] 
[INFO] [stdout] 
[INFO] [stdout] 
[INFO] [stdout] failures:
[INFO] [stdout]     src/lib.rs - (line 18)
[INFO] [stdout] 
[INFO] [stdout] test result: FAILED. 0 passed; 1 failed; 0 ignored; 0 measured; 0 filtered out; finished in 0.76s
[INFO] [stdout] 
[INFO] [stderr] error: doctest failed, to rerun pass `--doc`
[INFO] running `Command { std: "docker" "inspect" "d64a70335714f36c612c1b34176d0e9b617e67784196e842077177dbcc20c8af", kill_on_drop: false }`
[INFO] running `Command { std: "docker" "rm" "-f" "d64a70335714f36c612c1b34176d0e9b617e67784196e842077177dbcc20c8af", kill_on_drop: false }`
[INFO] [stdout] d64a70335714f36c612c1b34176d0e9b617e67784196e842077177dbcc20c8af
