[INFO] fetching crate zephyrus 0.11.0...
[INFO] testing zephyrus-0.11.0 against 1.83.0 for beta-1.84.0-4-retry
[INFO] extracting crate zephyrus 0.11.0 into /workspace/builds/worker-3-tc1/source
[INFO] validating manifest of crates.io crate zephyrus 0.11.0 on toolchain 1.83.0
[INFO] running `Command { std: CARGO_HOME="/workspace/cargo-home" RUSTUP_HOME="/workspace/rustup-home" "/workspace/cargo-home/bin/cargo" "+1.83.0" "metadata" "--manifest-path" "Cargo.toml" "--no-deps", kill_on_drop: false }`
[INFO] started tweaking crates.io crate zephyrus 0.11.0
[INFO] finished tweaking crates.io crate zephyrus 0.11.0
[INFO] tweaked toml for crates.io crate zephyrus 0.11.0 written to /workspace/builds/worker-3-tc1/source/Cargo.toml
[INFO] running `Command { std: CARGO_HOME="/workspace/cargo-home" RUSTUP_HOME="/workspace/rustup-home" "/workspace/cargo-home/bin/cargo" "+1.83.0" "generate-lockfile" "--manifest-path" "Cargo.toml", kill_on_drop: false }`
[INFO] [stderr]     Blocking waiting for file lock on package cache
[INFO] [stderr]     Updating crates.io index
[INFO] [stderr]     Blocking waiting for file lock on package cache
[INFO] [stderr]      Locking 147 packages to latest compatible versions
[INFO] [stderr]       Adding thiserror v1.0.69 (available: v2.0.7)
[INFO] running `Command { std: CARGO_HOME="/workspace/cargo-home" RUSTUP_HOME="/workspace/rustup-home" "/workspace/cargo-home/bin/cargo" "+1.83.0" "fetch" "--manifest-path" "Cargo.toml", kill_on_drop: false }`
[INFO] [stderr]     Blocking waiting for file lock on package cache
[INFO] [stderr]     Blocking waiting for file lock on package cache
[INFO] [stderr]  Downloading crates ...
[INFO] [stderr]   Downloaded twilight-validate v0.15.3
[INFO] [stderr]   Downloaded time-core v0.1.2
[INFO] [stderr]   Downloaded num-conv v0.1.0
[INFO] [stderr]   Downloaded time v0.3.37
[INFO] [stderr]   Downloaded http-body v0.4.6
[INFO] [stderr]   Downloaded equivalent v1.0.1
[INFO] [stderr]   Downloaded serde v1.0.216
[INFO] [stderr]   Downloaded rustls-native-certs v0.6.3
[INFO] [stderr]   Downloaded futures-io v0.3.31
[INFO] [stderr]   Downloaded pin-project-lite v0.2.15
[INFO] [stderr]   Downloaded indexmap v2.7.0
[INFO] [stderr]   Downloaded scopeguard v1.2.0
[INFO] [stderr]   Downloaded tracing v0.1.41
[INFO] [stderr]   Downloaded h2 v0.3.26
[INFO] [stderr]   Downloaded hashbrown v0.15.2
[INFO] [stderr]   Downloaded cc v1.2.4
[INFO] [stderr]   Downloaded tower-service v0.3.3
[INFO] [stderr]   Downloaded httparse v1.9.5
[INFO] [stderr]   Downloaded core-foundation-sys v0.8.7
[INFO] [stderr]   Downloaded miniz_oxide v0.8.0
[INFO] [stderr]   Downloaded brotli-decompressor v2.5.1
[INFO] [stderr]   Downloaded wasm-bindgen-backend v0.2.99
[INFO] [stderr]   Downloaded wasm-bindgen v0.2.99
[INFO] [stderr]   Downloaded js-sys v0.3.76
[INFO] [stderr]   Downloaded hyper v0.14.31
[INFO] [stderr]   Downloaded rustls-pemfile v1.0.4
[INFO] [stderr]   Downloaded try-lock v0.2.5
[INFO] [stderr]   Downloaded wasm-bindgen-shared v0.2.99
[INFO] [stderr]   Downloaded http v0.2.12
[INFO] [stderr]   Downloaded addr2line v0.24.2
[INFO] [stderr]   Downloaded object v0.36.5
[INFO] [stderr]   Downloaded webpki v0.22.4
[INFO] [stderr]   Downloaded tokio-rustls v0.23.4
[INFO] [stderr]   Downloaded windows_x86_64_gnu v0.52.6
[INFO] [stderr]   Downloaded hyper-rustls v0.23.2
[INFO] [stderr]   Downloaded windows_i686_gnu v0.52.6
[INFO] [stderr]   Downloaded spin v0.5.2
[INFO] [stderr]   Downloaded windows_aarch64_msvc v0.52.6
[INFO] [stderr]   Downloaded tokio v1.42.0
[INFO] [stderr]   Downloaded schannel v0.1.27
[INFO] [stderr]   Downloaded windows_x86_64_msvc v0.52.6
[INFO] [stderr]   Downloaded brotli v3.5.0
[INFO] [stderr]   Downloaded security-framework-sys v2.12.1
[INFO] [stderr]   Downloaded libc v0.2.168
[INFO] [stderr]   Downloaded security-framework v2.11.1
[INFO] [stderr]   Downloaded windows_i686_msvc v0.52.6
[INFO] [stderr]   Downloaded async-trait v0.1.83
[INFO] [stderr]   Downloaded futures-executor v0.3.31
[INFO] [stderr]   Downloaded futures v0.3.31
[INFO] [stderr]   Downloaded backtrace v0.3.74
[INFO] [stderr]   Downloaded log v0.4.22
[INFO] [stderr]   Downloaded windows_aarch64_gnullvm v0.52.6
[INFO] [stderr]   Downloaded bumpalo v3.16.0
[INFO] [stderr]   Downloaded web-sys v0.3.76
[INFO] [stderr]   Downloaded rustls v0.20.9
[INFO] [stderr]   Downloaded windows_i686_gnullvm v0.52.6
[INFO] [stderr]   Downloaded sct v0.7.1
[INFO] [stderr]   Downloaded byteorder v1.5.0
[INFO] [stderr]   Downloaded gimli v0.31.1
[INFO] [stderr]   Downloaded getrandom v0.2.15
[INFO] [stderr]   Downloaded ryu v1.0.18
[INFO] [stderr]   Downloaded rustc-demangle v0.1.24
[INFO] [stderr]   Downloaded wasm-bindgen-macro-support v0.2.99
[INFO] [stderr]   Downloaded untrusted v0.9.0
[INFO] [stderr]   Downloaded ppv-lite86 v0.2.20
[INFO] [stderr]   Downloaded windows_x86_64_gnullvm v0.52.6
[INFO] [stderr]   Downloaded futures-macro v0.3.31
[INFO] [stderr]   Downloaded memchr v2.7.4
[INFO] [stderr]   Downloaded futures-task v0.3.31
[INFO] [stderr]   Downloaded slab v0.4.9
[INFO] [stderr]   Downloaded itoa v1.0.14
[INFO] [stderr]   Downloaded adler2 v2.0.0
[INFO] [stderr]   Downloaded bytes v1.9.0
[INFO] [stderr]   Downloaded wasi v0.11.0+wasi-snapshot-preview1
[INFO] [stderr]   Downloaded parking_lot v0.12.3
[INFO] [stderr]   Downloaded tracing-attributes v0.1.28
[INFO] [stderr]   Downloaded once_cell v1.20.2
[INFO] [stderr]   Downloaded num-traits v0.2.19
[INFO] [stderr]   Downloaded serde_derive v1.0.216
[INFO] [stderr]   Downloaded httpdate v1.0.3
[INFO] [stderr]   Downloaded base64 v0.21.7
[INFO] [stderr]   Downloaded core-foundation v0.9.4
[INFO] [stderr]   Downloaded thiserror-impl v1.0.69
[INFO] [stderr]   Downloaded thiserror v1.0.69
[INFO] [stderr]   Downloaded alloc-no-stdlib v2.0.4
[INFO] [stderr]   Downloaded alloc-stdlib v0.2.2
[INFO] [stderr]   Downloaded lock_api v0.4.12
[INFO] [stderr]   Downloaded parking_lot_core v0.9.10
[INFO] [stderr]   Downloaded autocfg v1.4.0
[INFO] [stderr]   Downloaded want v0.3.1
[INFO] [stderr]   Downloaded openssl-probe v0.1.5
[INFO] [stderr]   Downloaded tokio-util v0.7.13
[INFO] [stderr]   Downloaded untrusted v0.7.1
[INFO] [stderr]   Downloaded serde_json v1.0.133
[INFO] [stderr]   Downloaded mio v1.0.3
[INFO] [stderr]   Downloaded spin v0.9.8
[INFO] [stderr]   Downloaded zerocopy-derive v0.7.35
[INFO] [stderr]   Downloaded zerocopy v0.7.35
[INFO] [stderr]   Downloaded rand v0.8.5
[INFO] [stderr]   Downloaded futures-channel v0.3.31
[INFO] [stderr]   Downloaded futures-sink v0.3.31
[INFO] [stderr]   Downloaded futures-util v0.3.31
[INFO] [stderr]   Downloaded wasm-bindgen-macro v0.2.99
[INFO] [stderr]   Downloaded shlex v1.3.0
[INFO] [stderr]   Downloaded percent-encoding v2.3.1
[INFO] [stderr]   Downloaded rand_core v0.6.4
[INFO] [stderr]   Downloaded futures-core v0.3.31
[INFO] [stderr]   Downloaded bitflags v2.6.0
[INFO] [stderr]   Downloaded smallvec v1.13.2
[INFO] [stderr]   Downloaded signal-hook-registry v1.4.2
[INFO] [stderr]   Downloaded socket2 v0.5.8
[INFO] [stderr]   Downloaded windows-sys v0.52.0
[INFO] [stderr]   Downloaded tokio-macros v2.4.0
[INFO] [stderr]   Downloaded windows-targets v0.52.6
[INFO] [stderr]   Downloaded tracing-core v0.1.33
[INFO] [stderr]   Downloaded bitflags v1.3.2
[INFO] [stderr]   Downloaded serde_repr v0.1.19
[INFO] [stderr]   Downloaded deranged v0.3.11
[INFO] [stderr]   Downloaded powerfmt v0.2.0
[INFO] [stderr]   Downloaded redox_syscall v0.5.8
[INFO] [stderr]   Downloaded twilight-http-ratelimiting v0.15.3
[INFO] [stderr]   Downloaded twilight-http v0.15.4
[INFO] [stderr]   Downloaded twilight-util v0.15.4
[INFO] [stderr]   Downloaded ordered-float v2.10.1
[INFO] [stderr]   Downloaded serde-value v0.7.0
[INFO] [stderr]   Downloaded twilight-model v0.15.4
[INFO] [stderr]   Downloaded time-macros v0.2.19
[INFO] [stderr]   Downloaded windows-sys v0.59.0
[INFO] [stderr]   Downloaded ring v0.17.8
[INFO] [stderr]   Downloaded ring v0.16.20
[INFO] [stderr]   Downloaded zephyrus-macros v0.11.0
[INFO] running `Command { std: "docker" "create" "-v" "/var/lib/crater-agent-workspace/builds/worker-3-tc1/target:/opt/rustwide/target:rw,Z" "-v" "/var/lib/crater-agent-workspace/builds/worker-3-tc1/source:/opt/rustwide/workdir:ro,Z" "-v" "/var/lib/crater-agent-workspace/cargo-home:/opt/rustwide/cargo-home:ro,Z" "-v" "/var/lib/crater-agent-workspace/rustup-home:/opt/rustwide/rustup-home:ro,Z" "-e" "SOURCE_DIR=/opt/rustwide/workdir" "-e" "CARGO_TARGET_DIR=/opt/rustwide/target" "-e" "CARGO_HOME=/opt/rustwide/cargo-home" "-e" "RUSTUP_HOME=/opt/rustwide/rustup-home" "-w" "/opt/rustwide/workdir" "-m" "1610612736" "--user" "0:0" "--network" "none" "ghcr.io/rust-lang/crates-build-env/linux@sha256:f3a9d4ad9d972b27faf3965f35b62e55ba32bbce8f20bc8fe909558a86702fde" "/opt/rustwide/cargo-home/bin/cargo" "+1.83.0" "metadata" "--no-deps" "--format-version=1", kill_on_drop: false }`
[INFO] [stdout] 449d98cc65fc0003c0275a7922274d3b8e469250f0f418e31fe7d36574c17ef6
[INFO] running `Command { std: "docker" "start" "-a" "449d98cc65fc0003c0275a7922274d3b8e469250f0f418e31fe7d36574c17ef6", kill_on_drop: false }`
[INFO] running `Command { std: "docker" "inspect" "449d98cc65fc0003c0275a7922274d3b8e469250f0f418e31fe7d36574c17ef6", kill_on_drop: false }`
[INFO] running `Command { std: "docker" "rm" "-f" "449d98cc65fc0003c0275a7922274d3b8e469250f0f418e31fe7d36574c17ef6", kill_on_drop: false }`
[INFO] [stdout] 449d98cc65fc0003c0275a7922274d3b8e469250f0f418e31fe7d36574c17ef6
[INFO] running `Command { std: "docker" "create" "-v" "/var/lib/crater-agent-workspace/builds/worker-3-tc1/target:/opt/rustwide/target:rw,Z" "-v" "/var/lib/crater-agent-workspace/builds/worker-3-tc1/source:/opt/rustwide/workdir:ro,Z" "-v" "/var/lib/crater-agent-workspace/cargo-home:/opt/rustwide/cargo-home:ro,Z" "-v" "/var/lib/crater-agent-workspace/rustup-home:/opt/rustwide/rustup-home:ro,Z" "-e" "SOURCE_DIR=/opt/rustwide/workdir" "-e" "CARGO_TARGET_DIR=/opt/rustwide/target" "-e" "CARGO_INCREMENTAL=0" "-e" "RUST_BACKTRACE=full" "-e" "RUSTFLAGS=--cap-lints=warn" "-e" "RUSTDOCFLAGS=--cap-lints=warn" "-e" "CARGO_HOME=/opt/rustwide/cargo-home" "-e" "RUSTUP_HOME=/opt/rustwide/rustup-home" "-w" "/opt/rustwide/workdir" "-m" "1610612736" "--user" "0:0" "--network" "none" "ghcr.io/rust-lang/crates-build-env/linux@sha256:f3a9d4ad9d972b27faf3965f35b62e55ba32bbce8f20bc8fe909558a86702fde" "/opt/rustwide/cargo-home/bin/cargo" "+1.83.0" "build" "--frozen" "--message-format=json", kill_on_drop: false }`
[INFO] [stdout] 82c630d6ff67956f44be3290d7594956ae15f179410cc333bf53963e8e9a0f11
[INFO] running `Command { std: "docker" "start" "-a" "82c630d6ff67956f44be3290d7594956ae15f179410cc333bf53963e8e9a0f11", kill_on_drop: false }`
[INFO] [stderr]    Compiling syn v2.0.90
[INFO] [stderr]    Compiling pin-project-lite v0.2.15
[INFO] [stderr]    Compiling fnv v1.0.7
[INFO] [stderr]    Compiling bytes v1.9.0
[INFO] [stderr]    Compiling futures-core v0.3.31
[INFO] [stderr]    Compiling untrusted v0.9.0
[INFO] [stderr]    Compiling spin v0.9.8
[INFO] [stderr]    Compiling serde v1.0.216
[INFO] [stderr]    Compiling futures-task v0.3.31
[INFO] [stderr]    Compiling pin-utils v0.1.0
[INFO] [stderr]    Compiling num-traits v0.2.19
[INFO] [stderr]    Compiling slab v0.4.9
[INFO] [stderr]    Compiling tracing-core v0.1.33
[INFO] [stderr]    Compiling untrusted v0.7.1
[INFO] [stderr]    Compiling getrandom v0.2.15
[INFO] [stderr]    Compiling mio v1.0.3
[INFO] [stderr]    Compiling socket2 v0.5.8
[INFO] [stderr]    Compiling ring v0.17.8
[INFO] [stderr]    Compiling ring v0.16.20
[INFO] [stderr]    Compiling rustls v0.20.9
[INFO] [stderr]    Compiling futures-util v0.3.31
[INFO] [stderr]    Compiling futures-sink v0.3.31
[INFO] [stderr]    Compiling powerfmt v0.2.0
[INFO] [stderr]    Compiling spin v0.5.2
[INFO] [stderr]    Compiling hashbrown v0.15.2
[INFO] [stderr]    Compiling httparse v1.9.5
[INFO] [stderr]    Compiling equivalent v1.0.1
[INFO] [stderr]    Compiling byteorder v1.5.0
[INFO] [stderr]    Compiling deranged v0.3.11
[INFO] [stderr]    Compiling num-conv v0.1.0
[INFO] [stderr]    Compiling base64 v0.21.7
[INFO] [stderr]    Compiling ident_case v1.0.1
[INFO] [stderr]    Compiling try-lock v0.2.5
[INFO] [stderr]    Compiling alloc-no-stdlib v2.0.4
[INFO] [stderr]    Compiling time-core v0.1.2
[INFO] [stderr]    Compiling strsim v0.11.1
[INFO] [stderr]    Compiling tokio v1.42.0
[INFO] [stderr]    Compiling http v0.2.12
[INFO] [stderr]    Compiling rustls-pemfile v1.0.4
[INFO] [stderr]    Compiling alloc-stdlib v0.2.2
[INFO] [stderr]    Compiling indexmap v2.7.0
[INFO] [stderr]    Compiling want v0.3.1
[INFO] [stderr]    Compiling futures-channel v0.3.31
[INFO] [stderr]    Compiling rand_core v0.6.4
[INFO] [stderr]    Compiling tower-service v0.3.3
[INFO] [stderr]    Compiling serde_json v1.0.133
[INFO] [stderr]    Compiling bitflags v1.3.2
[INFO] [stderr]    Compiling ordered-float v2.10.1
[INFO] [stderr]    Compiling time v0.3.37
[INFO] [stderr]    Compiling http-body v0.4.6
[INFO] [stderr]    Compiling httpdate v1.0.3
[INFO] [stderr]    Compiling rustls-native-certs v0.6.3
[INFO] [stderr]    Compiling brotli-decompressor v2.5.1
[INFO] [stderr]    Compiling smallvec v1.13.2
[INFO] [stderr]    Compiling thiserror v1.0.69
[INFO] [stderr]    Compiling percent-encoding v2.3.1
[INFO] [stderr]    Compiling parking_lot_core v0.9.10
[INFO] [stderr]    Compiling parking_lot v0.12.3
[INFO] [stderr]    Compiling brotli v3.5.0
[INFO] [stderr]    Compiling darling_core v0.20.10
[INFO] [stderr]    Compiling tracing-attributes v0.1.28
[INFO] [stderr]    Compiling serde_derive v1.0.216
[INFO] [stderr]    Compiling zerocopy-derive v0.7.35
[INFO] [stderr]    Compiling serde_repr v0.1.19
[INFO] [stderr]    Compiling thiserror-impl v1.0.69
[INFO] [stderr]    Compiling async-trait v0.1.83
[INFO] [stderr]    Compiling webpki v0.22.4
[INFO] [stderr]    Compiling sct v0.7.1
[INFO] [stderr]    Compiling tokio-util v0.7.13
[INFO] [stderr]    Compiling zerocopy v0.7.35
[INFO] [stderr]    Compiling darling_macro v0.20.10
[INFO] [stderr]    Compiling tracing v0.1.41
[INFO] [stderr]    Compiling ppv-lite86 v0.2.20
[INFO] [stderr]    Compiling h2 v0.3.26
[INFO] [stderr]    Compiling twilight-http-ratelimiting v0.15.3
[INFO] [stderr]    Compiling rand_chacha v0.3.1
[INFO] [stderr]    Compiling darling v0.20.10
[INFO] [stderr]    Compiling zephyrus-macros v0.11.0
[INFO] [stderr]    Compiling tokio-rustls v0.23.4
[INFO] [stderr]    Compiling rand v0.8.5
[INFO] [stderr]    Compiling hyper v0.14.31
[INFO] [stderr]    Compiling serde-value v0.7.0
[INFO] [stderr]    Compiling twilight-model v0.15.4
[INFO] [stderr]    Compiling hyper-rustls v0.23.2
[INFO] [stderr]    Compiling twilight-validate v0.15.3
[INFO] [stderr]    Compiling twilight-http v0.15.4
[INFO] [stderr]    Compiling zephyrus v0.11.0 (/opt/rustwide/workdir)
[INFO] [stdout] warning: casting `&T` to `&mut T` is undefined behavior, even if the reference is unused, consider instead using an `UnsafeCell`
[INFO] [stdout]    --> src/context.rs:116:18
[INFO] [stdout]     |
[INFO] [stdout] 114 |         let ptr_mut = &self.interaction as *const Interaction as *mut Interaction;
[INFO] [stdout]     |                       ----------------------------------------------------------- casting happend here
[INFO] [stdout] 115 |
[INFO] [stdout] 116 |         unsafe { &mut *(ptr_mut) }
[INFO] [stdout]     |                  ^^^^^^^^^^^^^^^
[INFO] [stdout]     |
[INFO] [stdout]     = note: for more information, visit <https://doc.rust-lang.org/book/ch15-05-interior-mutability.html>
[INFO] [stdout]     = note: `#[warn(invalid_reference_casting)]` on by default
[INFO] [stdout] 
[INFO] [stdout] 
[INFO] [stderr]     Finished `dev` profile [unoptimized + debuginfo] target(s) in 50.85s
[INFO] running `Command { std: "docker" "inspect" "82c630d6ff67956f44be3290d7594956ae15f179410cc333bf53963e8e9a0f11", kill_on_drop: false }`
[INFO] running `Command { std: "docker" "rm" "-f" "82c630d6ff67956f44be3290d7594956ae15f179410cc333bf53963e8e9a0f11", kill_on_drop: false }`
[INFO] [stdout] 82c630d6ff67956f44be3290d7594956ae15f179410cc333bf53963e8e9a0f11
[INFO] running `Command { std: "docker" "create" "-v" "/var/lib/crater-agent-workspace/builds/worker-3-tc1/target:/opt/rustwide/target:rw,Z" "-v" "/var/lib/crater-agent-workspace/builds/worker-3-tc1/source:/opt/rustwide/workdir:ro,Z" "-v" "/var/lib/crater-agent-workspace/cargo-home:/opt/rustwide/cargo-home:ro,Z" "-v" "/var/lib/crater-agent-workspace/rustup-home:/opt/rustwide/rustup-home:ro,Z" "-e" "SOURCE_DIR=/opt/rustwide/workdir" "-e" "CARGO_TARGET_DIR=/opt/rustwide/target" "-e" "CARGO_INCREMENTAL=0" "-e" "RUST_BACKTRACE=full" "-e" "RUSTFLAGS=--cap-lints=warn" "-e" "RUSTDOCFLAGS=--cap-lints=warn" "-e" "CARGO_HOME=/opt/rustwide/cargo-home" "-e" "RUSTUP_HOME=/opt/rustwide/rustup-home" "-w" "/opt/rustwide/workdir" "-m" "1610612736" "--user" "0:0" "--network" "none" "ghcr.io/rust-lang/crates-build-env/linux@sha256:f3a9d4ad9d972b27faf3965f35b62e55ba32bbce8f20bc8fe909558a86702fde" "/opt/rustwide/cargo-home/bin/cargo" "+1.83.0" "test" "--frozen" "--no-run" "--message-format=json", kill_on_drop: false }`
[INFO] [stdout] 62e626be422b5eb215abc9bf27c61f7da1de6bace70c2532655ce03a7bb856c5
[INFO] running `Command { std: "docker" "start" "-a" "62e626be422b5eb215abc9bf27c61f7da1de6bace70c2532655ce03a7bb856c5", kill_on_drop: false }`
[INFO] [stderr]    Compiling memchr v2.7.4
[INFO] [stderr]    Compiling futures-channel v0.3.31
[INFO] [stderr]    Compiling futures-io v0.3.31
[INFO] [stderr]    Compiling futures-task v0.3.31
[INFO] [stderr]    Compiling signal-hook-registry v1.4.2
[INFO] [stderr]    Compiling futures-macro v0.3.31
[INFO] [stderr]    Compiling tokio-macros v2.4.0
[INFO] [stderr]    Compiling serde_json v1.0.133
[INFO] [stderr]    Compiling futures-util v0.3.31
[INFO] [stderr]    Compiling tokio v1.42.0
[INFO] [stderr]    Compiling futures-executor v0.3.31
[INFO] [stderr]    Compiling futures v0.3.31
[INFO] [stderr]    Compiling tokio-util v0.7.13
[INFO] [stderr]    Compiling tokio-rustls v0.23.4
[INFO] [stderr]    Compiling twilight-http-ratelimiting v0.15.3
[INFO] [stderr]    Compiling h2 v0.3.26
[INFO] [stderr]    Compiling hyper v0.14.31
[INFO] [stderr]    Compiling hyper-rustls v0.23.2
[INFO] [stderr]    Compiling twilight-http v0.15.4
[INFO] [stderr]    Compiling zephyrus v0.11.0 (/opt/rustwide/workdir)
[INFO] [stdout] warning: casting `&T` to `&mut T` is undefined behavior, even if the reference is unused, consider instead using an `UnsafeCell`
[INFO] [stdout]    --> src/context.rs:116:18
[INFO] [stdout]     |
[INFO] [stdout] 114 |         let ptr_mut = &self.interaction as *const Interaction as *mut Interaction;
[INFO] [stdout]     |                       ----------------------------------------------------------- casting happend here
[INFO] [stdout] 115 |
[INFO] [stdout] 116 |         unsafe { &mut *(ptr_mut) }
[INFO] [stdout]     |                  ^^^^^^^^^^^^^^^
[INFO] [stdout]     |
[INFO] [stdout]     = note: for more information, visit <https://doc.rust-lang.org/book/ch15-05-interior-mutability.html>
[INFO] [stdout]     = note: `#[warn(invalid_reference_casting)]` on by default
[INFO] [stdout] 
[INFO] [stdout] 
[INFO] [stdout] warning: casting `&T` to `&mut T` is undefined behavior, even if the reference is unused, consider instead using an `UnsafeCell`
[INFO] [stdout]    --> src/context.rs:116:18
[INFO] [stdout]     |
[INFO] [stdout] 114 |         let ptr_mut = &self.interaction as *const Interaction as *mut Interaction;
[INFO] [stdout]     |                       ----------------------------------------------------------- casting happend here
[INFO] [stdout] 115 |
[INFO] [stdout] 116 |         unsafe { &mut *(ptr_mut) }
[INFO] [stdout]     |                  ^^^^^^^^^^^^^^^
[INFO] [stdout]     |
[INFO] [stdout]     = note: for more information, visit <https://doc.rust-lang.org/book/ch15-05-interior-mutability.html>
[INFO] [stdout]     = note: `#[warn(invalid_reference_casting)]` on by default
[INFO] [stdout] 
[INFO] [stdout] 
[INFO] [stderr]     Finished `test` profile [unoptimized + debuginfo] target(s) in 22.91s
[INFO] running `Command { std: "docker" "inspect" "62e626be422b5eb215abc9bf27c61f7da1de6bace70c2532655ce03a7bb856c5", kill_on_drop: false }`
[INFO] running `Command { std: "docker" "rm" "-f" "62e626be422b5eb215abc9bf27c61f7da1de6bace70c2532655ce03a7bb856c5", kill_on_drop: false }`
[INFO] [stdout] 62e626be422b5eb215abc9bf27c61f7da1de6bace70c2532655ce03a7bb856c5
[INFO] running `Command { std: "docker" "create" "-v" "/var/lib/crater-agent-workspace/builds/worker-3-tc1/target:/opt/rustwide/target:rw,Z" "-v" "/var/lib/crater-agent-workspace/builds/worker-3-tc1/source:/opt/rustwide/workdir:ro,Z" "-v" "/var/lib/crater-agent-workspace/cargo-home:/opt/rustwide/cargo-home:ro,Z" "-v" "/var/lib/crater-agent-workspace/rustup-home:/opt/rustwide/rustup-home:ro,Z" "-e" "SOURCE_DIR=/opt/rustwide/workdir" "-e" "CARGO_TARGET_DIR=/opt/rustwide/target" "-e" "CARGO_INCREMENTAL=0" "-e" "RUST_BACKTRACE=full" "-e" "RUSTFLAGS=--cap-lints=warn" "-e" "RUSTDOCFLAGS=--cap-lints=warn" "-e" "CARGO_HOME=/opt/rustwide/cargo-home" "-e" "RUSTUP_HOME=/opt/rustwide/rustup-home" "-w" "/opt/rustwide/workdir" "-m" "1610612736" "--user" "0:0" "--network" "none" "ghcr.io/rust-lang/crates-build-env/linux@sha256:f3a9d4ad9d972b27faf3965f35b62e55ba32bbce8f20bc8fe909558a86702fde" "/opt/rustwide/cargo-home/bin/cargo" "+1.83.0" "test" "--frozen", kill_on_drop: false }`
[INFO] [stdout] 61ac7f9c15b68d2b14385ce6fb23308c29a1da240d70b7783109a8c937b51ed2
[INFO] running `Command { std: "docker" "start" "-a" "61ac7f9c15b68d2b14385ce6fb23308c29a1da240d70b7783109a8c937b51ed2", kill_on_drop: false }`
[INFO] [stderr] warning: casting `&T` to `&mut T` is undefined behavior, even if the reference is unused, consider instead using an `UnsafeCell`
[INFO] [stderr]    --> src/context.rs:116:18
[INFO] [stderr]     |
[INFO] [stderr] 114 |         let ptr_mut = &self.interaction as *const Interaction as *mut Interaction;
[INFO] [stderr]     |                       ----------------------------------------------------------- casting happend here
[INFO] [stderr] 115 |
[INFO] [stderr] 116 |         unsafe { &mut *(ptr_mut) }
[INFO] [stderr]     |                  ^^^^^^^^^^^^^^^
[INFO] [stderr]     |
[INFO] [stderr]     = note: for more information, visit <https://doc.rust-lang.org/book/ch15-05-interior-mutability.html>
[INFO] [stderr]     = note: `#[warn(invalid_reference_casting)]` on by default
[INFO] [stderr] 
[INFO] [stderr] warning: `zephyrus` (lib) generated 1 warning
[INFO] [stderr] warning: `zephyrus` (lib test) generated 1 warning (1 duplicate)
[INFO] [stderr]     Finished `test` profile [unoptimized + debuginfo] target(s) in 0.18s
[INFO] [stderr]      Running unittests src/lib.rs (/opt/rustwide/target/debug/deps/zephyrus-5d7bdec7eae533d2)
[INFO] [stdout] 
[INFO] [stdout] running 0 tests
[INFO] [stdout] 
[INFO] [stdout] test result: ok. 0 passed; 0 failed; 0 ignored; 0 measured; 0 filtered out; finished in 0.00s
[INFO] [stdout] 
[INFO] [stderr]    Doc-tests zephyrus
[INFO] [stdout] 
[INFO] [stdout] running 32 tests
[INFO] [stdout] test src/../README.md - (line 348) ... FAILED
[INFO] [stdout] test src/../README.md - (line 125) ... FAILED
[INFO] [stdout] test src/../README.md - (line 462) ... FAILED
[INFO] [stdout] test src/../README.md - (line 420) ... FAILED
[INFO] [stdout] test src/../README.md - (line 367) ... FAILED
[INFO] [stdout] test src/../README.md - (line 109) ... FAILED
[INFO] [stdout] test src/../README.md - (line 385) ... FAILED
[INFO] [stdout] test src/../README.md - (line 544) ... FAILED
[INFO] [stdout] test src/../README.md - (line 257) ... FAILED
[INFO] [stdout] test src/../README.md - (line 448) ... FAILED
[INFO] [stdout] test src/../README.md - (line 26) ... FAILED
[INFO] [stdout] test src/../README.md - (line 556) ... FAILED
[INFO] [stdout] test src/../README.md - (line 305) ... FAILED
[INFO] [stdout] test src/../README.md - (line 332) ... FAILED
[INFO] [stdout] test src/../README.md - (line 477) ... FAILED
[INFO] [stdout] test src/../README.md - (line 214) ... FAILED
[INFO] [stdout] test src/../README.md - (line 561) ... FAILED
[INFO] [stdout] test src/../README.md - (line 400) ... FAILED
[INFO] [stdout] test src/../README.md - (line 566) ... FAILED
[INFO] [stdout] test src/../README.md - (line 139) ... FAILED
[INFO] [stdout] test src/../README.md - (line 617) ... FAILED
[INFO] [stdout] test src/../README.md - (line 527) ... FAILED
[INFO] [stdout] test src/../README.md - (line 164) ... FAILED
[INFO] [stdout] test src/../README.md - (line 512) ... FAILED
[INFO] [stdout] test src/../README.md - (line 577) ... FAILED
[INFO] [stdout] test src/context.rs - context::SlashContext<'a,D>::create_modal (line 200) ... ok
[INFO] [stdout] test src/wait.rs - wait::InteractionWaiter (line 29) ... ok
[INFO] [stdout] test src/context.rs - context::SlashContext<'a,D>::acknowledge (line 123) ... ok
[INFO] [stdout] test src/context.rs - context::SlashContext<'a,D>::defer (line 152) ... ok
[INFO] [stdout] test src/builder.rs - builder::FrameworkBuilder<D,T,E>::before (line 124) ... FAILED
[INFO] [stdout] test src/builder.rs - builder::FrameworkBuilder<D,T,E>::after (line 155) ... FAILED
[INFO] [stdout] test src/builder.rs - builder::FrameworkBuilder<D,T,E>::command (line 185) ... FAILED
[INFO] [stdout] 
[INFO] [stdout] failures:
[INFO] [stdout] 
[INFO] [stdout] ---- src/../README.md - (line 348) stdout ----
[INFO] [stdout] error: cannot find attribute `autocomplete` in this scope
[INFO] [stdout]  --> src/../README.md:349:3
[INFO] [stdout]   |
[INFO] [stdout] 3 | #[autocomplete]
[INFO] [stdout]   |   ^^^^^^^^^^^^
[INFO] [stdout]   |
[INFO] [stdout] help: consider importing one of these attribute macros
[INFO] [stdout]   |
[INFO] [stdout] 2 + use zephyrus::prelude::autocomplete;
[INFO] [stdout]   |
[INFO] [stdout] 2 + use zephyrus_macros::autocomplete;
[INFO] [stdout]   |
[INFO] [stdout] 
[INFO] [stdout] error[E0412]: cannot find type `AutocompleteContext` in this scope
[INFO] [stdout]  --> src/../README.md:350:32
[INFO] [stdout]   |
[INFO] [stdout] 4 | async fn autocomplete_arg(ctx: AutocompleteContext</* Some type */>) -> Option<InteractionResponseData> {
[INFO] [stdout]   |                                ^^^^^^^^^^^^^^^^^^^ not found in this scope
[INFO] [stdout]   |
[INFO] [stdout] help: consider importing this struct
[INFO] [stdout]   |
[INFO] [stdout] 2 + use zephyrus::prelude::AutocompleteContext;
[INFO] [stdout]   |
[INFO] [stdout] 
[INFO] [stdout] error[E0412]: cannot find type `InteractionResponseData` in this scope
[INFO] [stdout]  --> src/../README.md:350:80
[INFO] [stdout]   |
[INFO] [stdout] 4 | async fn autocomplete_arg(ctx: AutocompleteContext</* Some type */>) -> Option<InteractionResponseData> {
[INFO] [stdout]   |                                                                                ^^^^^^^^^^^^^^^^^^^^^^^ not found in this scope
[INFO] [stdout]   |
[INFO] [stdout] help: consider importing this struct
[INFO] [stdout]   |
[INFO] [stdout] 2 + use twilight_model::http::interaction::InteractionResponseData;
[INFO] [stdout]   |
[INFO] [stdout] 
[INFO] [stdout] error: aborting due to 3 previous errors
[INFO] [stdout] 
[INFO] [stdout] For more information about this error, try `rustc --explain E0412`.
[INFO] [stdout] Couldn't compile the test.
[INFO] [stdout] ---- src/../README.md - (line 125) stdout ----
[INFO] [stdout] error: cannot find attribute `command` in this scope
[INFO] [stdout]  --> src/../README.md:126:3
[INFO] [stdout]   |
[INFO] [stdout] 3 | #[command(user)]
[INFO] [stdout]   |   ^^^^^^^
[INFO] [stdout]   |
[INFO] [stdout]   = note: `command` is in scope, but it is a function, not an attribute
[INFO] [stdout] help: consider importing one of these attribute macros
[INFO] [stdout]   |
[INFO] [stdout] 2 + use zephyrus::prelude::command;
[INFO] [stdout]   |
[INFO] [stdout] 2 + use zephyrus_macros::command;
[INFO] [stdout]   |
[INFO] [stdout] 
[INFO] [stdout] error: cannot find attribute `description` in this scope
[INFO] [stdout]  --> src/../README.md:127:3
[INFO] [stdout]   |
[INFO] [stdout] 4 | #[description = "This is the description of the command"]
[INFO] [stdout]   |   ^^^^^^^^^^^
[INFO] [stdout] 
[INFO] [stdout] error[E0412]: cannot find type `SlashContext` in this scope
[INFO] [stdout]  --> src/../README.md:129:11
[INFO] [stdout]   |
[INFO] [stdout] 6 |     ctx: &SlashContext</* Your type of context*/>, // The context must always be the first parameter.
[INFO] [stdout]   |           ^^^^^^^^^^^^ not found in this scope
[INFO] [stdout]   |
[INFO] [stdout] help: consider importing this struct
[INFO] [stdout]   |
[INFO] [stdout] 2 + use zephyrus::prelude::SlashContext;
[INFO] [stdout]   |
[INFO] [stdout] 
[INFO] [stdout] error[E0412]: cannot find type `DefaultCommandResult` in this scope
[INFO] [stdout]  --> src/../README.md:130:6
[INFO] [stdout]   |
[INFO] [stdout] 7 | ) -> DefaultCommandResult 
[INFO] [stdout]   |      ^^^^^^^^^^^^^^^^^^^^ not found in this scope
[INFO] [stdout]   |
[INFO] [stdout] help: consider importing this type alias
[INFO] [stdout]   |
[INFO] [stdout] 2 + use zephyrus::prelude::DefaultCommandResult;
[INFO] [stdout]   |
[INFO] [stdout] 
[INFO] [stdout] error: aborting due to 4 previous errors
[INFO] [stdout] 
[INFO] [stdout] For more information about this error, try `rustc --explain E0412`.
[INFO] [stdout] Couldn't compile the test.
[INFO] [stdout] ---- src/../README.md - (line 462) stdout ----
[INFO] [stdout] error: cannot find attribute `after` in this scope
[INFO] [stdout]  --> src/../README.md:463:3
[INFO] [stdout]   |
[INFO] [stdout] 3 | #[after]
[INFO] [stdout]   |   ^^^^^
[INFO] [stdout]   |
[INFO] [stdout] help: consider importing one of these attribute macros
[INFO] [stdout]   |
[INFO] [stdout] 2 + use zephyrus::prelude::after;
[INFO] [stdout]   |
[INFO] [stdout] 2 + use zephyrus_macros::after;
[INFO] [stdout]   |
[INFO] [stdout] 
[INFO] [stdout] error[E0412]: cannot find type `SlashContext` in this scope
[INFO] [stdout]  --> src/../README.md:464:27
[INFO] [stdout]   |
[INFO] [stdout] 4 | async fn after_hook(ctx: &SlashContext</* Your type */>, command_name: &str, result: Option<DefaultCommandResult>) {
[INFO] [stdout]   |                           ^^^^^^^^^^^^ not found in this scope
[INFO] [stdout]   |
[INFO] [stdout] help: consider importing this struct
[INFO] [stdout]   |
[INFO] [stdout] 2 + use zephyrus::prelude::SlashContext;
[INFO] [stdout]   |
[INFO] [stdout] 
[INFO] [stdout] error[E0412]: cannot find type `DefaultCommandResult` in this scope
[INFO] [stdout]  --> src/../README.md:464:93
[INFO] [stdout]   |
[INFO] [stdout] 4 | async fn after_hook(ctx: &SlashContext</* Your type */>, command_name: &str, result: Option<DefaultCommandResult>) {
[INFO] [stdout]   |                                                                                             ^^^^^^^^^^^^^^^^^^^^ not found in this scope
[INFO] [stdout]   |
[INFO] [stdout] help: consider importing this type alias
[INFO] [stdout]   |
[INFO] [stdout] 2 + use zephyrus::prelude::DefaultCommandResult;
[INFO] [stdout]   |
[INFO] [stdout] 
[INFO] [stdout] error: aborting due to 3 previous errors
[INFO] [stdout] 
[INFO] [stdout] For more information about this error, try `rustc --explain E0412`.
[INFO] [stdout] Couldn't compile the test.
[INFO] [stdout] ---- src/../README.md - (line 420) stdout ----
[INFO] [stdout] error[E0433]: failed to resolve: use of undeclared type `Framework`
[INFO] [stdout]  --> src/../README.md:423:21
[INFO] [stdout]   |
[INFO] [stdout] 4 |     let framework = Framework::builder()
[INFO] [stdout]   |                     ^^^^^^^^^ use of undeclared type `Framework`
[INFO] [stdout]   |
[INFO] [stdout] help: consider importing this struct
[INFO] [stdout]   |
[INFO] [stdout] 2 + use zephyrus::prelude::Framework;
[INFO] [stdout]   |
[INFO] [stdout] 
[INFO] [stdout] error[E0425]: cannot find value `something` in this scope
[INFO] [stdout]   --> src/../README.md:430:38
[INFO] [stdout]    |
[INFO] [stdout] 11 |                         .add_command(something)
[INFO] [stdout]    |                                      ^^^^^^^^^ not found in this scope
[INFO] [stdout] 
[INFO] [stdout] error: aborting due to 2 previous errors
[INFO] [stdout] 
[INFO] [stdout] Some errors have detailed explanations: E0425, E0433.
[INFO] [stdout] For more information about an error, try `rustc --explain E0425`.
[INFO] [stdout] Couldn't compile the test.
[INFO] [stdout] ---- src/../README.md - (line 367) stdout ----
[INFO] [stdout] error: cannot find attribute `command` in this scope
[INFO] [stdout]  --> src/../README.md:368:3
[INFO] [stdout]   |
[INFO] [stdout] 3 | #[command]
[INFO] [stdout]   |   ^^^^^^^
[INFO] [stdout]   |
[INFO] [stdout] help: consider importing one of these attribute macros
[INFO] [stdout]   |
[INFO] [stdout] 2 + use zephyrus::prelude::command;
[INFO] [stdout]   |
[INFO] [stdout] 2 + use zephyrus_macros::command;
[INFO] [stdout]   |
[INFO] [stdout] 
[INFO] [stdout] error: cannot find attribute `description` in this scope
[INFO] [stdout]  --> src/../README.md:369:3
[INFO] [stdout]   |
[INFO] [stdout] 4 | #[description = "Super cool command"]
[INFO] [stdout]   |   ^^^^^^^^^^^
[INFO] [stdout] 
[INFO] [stdout] error: cannot find attribute `required_permissions` in this scope
[INFO] [stdout]  --> src/../README.md:370:3
[INFO] [stdout]   |
[INFO] [stdout] 5 | #[required_permissions(MANAGE_CHANNELS, MANAGE_MESSAGES)]
[INFO] [stdout]   |   ^^^^^^^^^^^^^^^^^^^^
[INFO] [stdout] 
[INFO] [stdout] error[E0412]: cannot find type `SlashContext` in this scope
[INFO] [stdout]  --> src/../README.md:371:35
[INFO] [stdout]   |
[INFO] [stdout] 6 | async fn super_cool_command(ctx: &SlashContext</* Your type */>) -> DefaultCommandResult {
[INFO] [stdout]   |                                   ^^^^^^^^^^^^ not found in this scope
[INFO] [stdout]   |
[INFO] [stdout] help: consider importing this struct
[INFO] [stdout]   |
[INFO] [stdout] 2 + use zephyrus::prelude::SlashContext;
[INFO] [stdout]   |
[INFO] [stdout] 
[INFO] [stdout] error[E0412]: cannot find type `DefaultCommandResult` in this scope
[INFO] [stdout]  --> src/../README.md:371:69
[INFO] [stdout]   |
[INFO] [stdout] 6 | async fn super_cool_command(ctx: &SlashContext</* Your type */>) -> DefaultCommandResult {
[INFO] [stdout]   |                                                                     ^^^^^^^^^^^^^^^^^^^^ not found in this scope
[INFO] [stdout]   |
[INFO] [stdout] help: consider importing this type alias
[INFO] [stdout]   |
[INFO] [stdout] 2 + use zephyrus::prelude::DefaultCommandResult;
[INFO] [stdout]   |
[INFO] [stdout] 
[INFO] [stdout] error: aborting due to 5 previous errors
[INFO] [stdout] 
[INFO] [stdout] For more information about this error, try `rustc --explain E0412`.
[INFO] [stdout] Couldn't compile the test.
[INFO] [stdout] ---- src/../README.md - (line 109) stdout ----
[INFO] [stdout] error: cannot find attribute `command` in this scope
[INFO] [stdout]  --> src/../README.md:110:3
[INFO] [stdout]   |
[INFO] [stdout] 3 | #[command(chat)] // or #[command]
[INFO] [stdout]   |   ^^^^^^^
[INFO] [stdout]   |
[INFO] [stdout]   = note: `command` is in scope, but it is a function, not an attribute
[INFO] [stdout] help: consider importing one of these attribute macros
[INFO] [stdout]   |
[INFO] [stdout] 2 + use zephyrus::prelude::command;
[INFO] [stdout]   |
[INFO] [stdout] 2 + use zephyrus_macros::command;
[INFO] [stdout]   |
[INFO] [stdout] 
[INFO] [stdout] error: cannot find attribute `description` in this scope
[INFO] [stdout]  --> src/../README.md:111:3
[INFO] [stdout]   |
[INFO] [stdout] 4 | #[description = "This is the description of the command"]
[INFO] [stdout]   |   ^^^^^^^^^^^
[INFO] [stdout] 
[INFO] [stdout] error: cannot find attribute `description` in this scope
[INFO] [stdout]  --> src/../README.md:114:7
[INFO] [stdout]   |
[INFO] [stdout] 7 |     #[description = "A description for the argument"] some_arg: String,
[INFO] [stdout]   |       ^^^^^^^^^^^
[INFO] [stdout] 
[INFO] [stdout] error: cannot find attribute `rename` in this scope
[INFO] [stdout]  --> src/../README.md:115:7
[INFO] [stdout]   |
[INFO] [stdout] 8 |     #[rename = "other_arg"] #[description = "other description"] other: Option<Id<UserMarker>>
[INFO] [stdout]   |       ^^^^^^
[INFO] [stdout] 
[INFO] [stdout] error: cannot find attribute `description` in this scope
[INFO] [stdout]  --> src/../README.md:115:31
[INFO] [stdout]   |
[INFO] [stdout] 8 |     #[rename = "other_arg"] #[description = "other description"] other: Option<Id<UserMarker>>
[INFO] [stdout]   |                               ^^^^^^^^^^^
[INFO] [stdout] 
[INFO] [stdout] error[E0412]: cannot find type `SlashContext` in this scope
[INFO] [stdout]  --> src/../README.md:113:11
[INFO] [stdout]   |
[INFO] [stdout] 6 |     ctx: &SlashContext</* Your type of context*/>, // The context must always be the first parameter.
[INFO] [stdout]   |           ^^^^^^^^^^^^ not found in this scope
[INFO] [stdout]   |
[INFO] [stdout] help: consider importing this struct
[INFO] [stdout]   |
[INFO] [stdout] 2 + use zephyrus::prelude::SlashContext;
[INFO] [stdout]   |
[INFO] [stdout] 
[INFO] [stdout] error[E0412]: cannot find type `Id` in this scope
[INFO] [stdout]  --> src/../README.md:115:80
[INFO] [stdout]   |
[INFO] [stdout] 8 |     #[rename = "other_arg"] #[description = "other description"] other: Option<Id<UserMarker>>
[INFO] [stdout]   |                                                                                ^^ not found in this scope
[INFO] [stdout]   |
[INFO] [stdout] help: consider importing one of these structs
[INFO] [stdout]   |
[INFO] [stdout] 2 + use tokio::task::Id;
[INFO] [stdout]   |
[INFO] [stdout] 2 + use tracing::Id;
[INFO] [stdout]   |
[INFO] [stdout] 2 + use twilight_model::id::Id;
[INFO] [stdout]   |
[INFO] [stdout] 
[INFO] [stdout] error[E0412]: cannot find type `UserMarker` in this scope
[INFO] [stdout]  --> src/../README.md:115:83
[INFO] [stdout]   |
[INFO] [stdout] 8 |     #[rename = "other_arg"] #[description = "other description"] other: Option<Id<UserMarker>>
[INFO] [stdout]   |                                                                                   ^^^^^^^^^^ not found in this scope
[INFO] [stdout]   |
[INFO] [stdout] help: consider importing this struct
[INFO] [stdout]   |
[INFO] [stdout] 2 + use twilight_model::id::marker::UserMarker;
[INFO] [stdout]   |
[INFO] [stdout] 
[INFO] [stdout] error[E0412]: cannot find type `DefaultCommandResult` in this scope
[INFO] [stdout]  --> src/../README.md:116:6
[INFO] [stdout]   |
[INFO] [stdout] 9 | ) -> DefaultCommandResult 
[INFO] [stdout]   |      ^^^^^^^^^^^^^^^^^^^^ not found in this scope
[INFO] [stdout]   |
[INFO] [stdout] help: consider importing this type alias
[INFO] [stdout]   |
[INFO] [stdout] 2 + use zephyrus::prelude::DefaultCommandResult;
[INFO] [stdout]   |
[INFO] [stdout] 
[INFO] [stdout] error: aborting due to 9 previous errors
[INFO] [stdout] 
[INFO] [stdout] For more information about this error, try `rustc --explain E0412`.
[INFO] [stdout] Couldn't compile the test.
[INFO] [stdout] ---- src/../README.md - (line 385) stdout ----
[INFO] [stdout] error: cannot find attribute `command` in this scope
[INFO] [stdout]  --> src/../README.md:386:3
[INFO] [stdout]   |
[INFO] [stdout] 3 | #[command]
[INFO] [stdout]   |   ^^^^^^^
[INFO] [stdout]   |
[INFO] [stdout] help: consider importing one of these attribute macros
[INFO] [stdout]   |
[INFO] [stdout] 2 + use zephyrus::prelude::command;
[INFO] [stdout]   |
[INFO] [stdout] 2 + use zephyrus_macros::command;
[INFO] [stdout]   |
[INFO] [stdout] 
[INFO] [stdout] error: cannot find attribute `description` in this scope
[INFO] [stdout]  --> src/../README.md:387:3
[INFO] [stdout]   |
[INFO] [stdout] 4 | #[description = "Something"]
[INFO] [stdout]   |   ^^^^^^^^^^^
[INFO] [stdout] 
[INFO] [stdout] error[E0412]: cannot find type `SlashContext` in this scope
[INFO] [stdout]  --> src/../README.md:388:26
[INFO] [stdout]   |
[INFO] [stdout] 5 | async fn something(ctx: &SlashContext</* Your type */>) -> DefaultCommandResult {
[INFO] [stdout]   |                          ^^^^^^^^^^^^ not found in this scope
[INFO] [stdout]   |
[INFO] [stdout] help: consider importing this struct
[INFO] [stdout]   |
[INFO] [stdout] 2 + use zephyrus::prelude::SlashContext;
[INFO] [stdout]   |
[INFO] [stdout] 
[INFO] [stdout] error[E0412]: cannot find type `DefaultCommandResult` in this scope
[INFO] [stdout]  --> src/../README.md:388:60
[INFO] [stdout]   |
[INFO] [stdout] 5 | async fn something(ctx: &SlashContext</* Your type */>) -> DefaultCommandResult {
[INFO] [stdout]   |                                                            ^^^^^^^^^^^^^^^^^^^^ not found in this scope
[INFO] [stdout]   |
[INFO] [stdout] help: consider importing this type alias
[INFO] [stdout]   |
[INFO] [stdout] 2 + use zephyrus::prelude::DefaultCommandResult;
[INFO] [stdout]   |
[INFO] [stdout] 
[INFO] [stdout] error: aborting due to 4 previous errors
[INFO] [stdout] 
[INFO] [stdout] For more information about this error, try `rustc --explain E0412`.
[INFO] [stdout] Couldn't compile the test.
[INFO] [stdout] ---- src/../README.md - (line 544) stdout ----
[INFO] [stdout] error: expected `where`, `{`, `(`, or `;` after struct name, found `}`
[INFO] [stdout]  --> src/../README.md:546:1
[INFO] [stdout]   |
[INFO] [stdout] 4 | } _doctest_main_src____README_md_544_0() }
[INFO] [stdout]   | ^ expected `where`, `{`, `(`, or `;` after struct name
[INFO] [stdout] 
[INFO] [stdout] error: aborting due to 1 previous error
[INFO] [stdout] 
[INFO] [stdout] Couldn't compile the test.
[INFO] [stdout] ---- src/../README.md - (line 257) stdout ----
[INFO] [stdout] error: cannot find attribute `command` in this scope
[INFO] [stdout]   --> src/../README.md:282:3
[INFO] [stdout]    |
[INFO] [stdout] 27 | #[command]
[INFO] [stdout]    |   ^^^^^^^
[INFO] [stdout]    |
[INFO] [stdout] help: consider importing one of these attribute macros
[INFO] [stdout]    |
[INFO] [stdout] 2  + use zephyrus::prelude::command;
[INFO] [stdout]    |
[INFO] [stdout] 2  + use zephyrus_macros::command;
[INFO] [stdout]    |
[INFO] [stdout] 
[INFO] [stdout] error: cannot find attribute `description` in this scope
[INFO] [stdout]   --> src/../README.md:283:3
[INFO] [stdout]    |
[INFO] [stdout] 28 | #[description = "Something here"]
[INFO] [stdout]    |   ^^^^^^^^^^^
[INFO] [stdout] 
[INFO] [stdout] error: cannot find attribute `skip` in this scope
[INFO] [stdout]   --> src/../README.md:286:7
[INFO] [stdout]    |
[INFO] [stdout] 31 |     #[skip] my_extractor: ExtractSomething // This won't be seen on discord, but will be parsed
[INFO] [stdout]    |       ^^^^
[INFO] [stdout] 
[INFO] [stdout] error: cannot find attribute `async_trait` in this scope
[INFO] [stdout]  --> src/../README.md:262:3
[INFO] [stdout]   |
[INFO] [stdout] 7 | #[async_trait]
[INFO] [stdout]   |   ^^^^^^^^^^^
[INFO] [stdout]   |
[INFO] [stdout]   = note: `async_trait` is in scope, but it is a crate, not an attribute
[INFO] [stdout] help: consider importing one of these attribute macros
[INFO] [stdout]   |
[INFO] [stdout] 2 + use async_trait::async_trait;
[INFO] [stdout]   |
[INFO] [stdout] 2 + use zephyrus::prelude::async_trait;
[INFO] [stdout]   |
[INFO] [stdout] 
[INFO] [stdout] error[E0405]: cannot find trait `Parse` in this scope
[INFO] [stdout]  --> src/../README.md:263:6
[INFO] [stdout]   |
[INFO] [stdout] 8 | impl Parse<T> for ExtractSomething
[INFO] [stdout]   |      ^^^^^ not found in this scope
[INFO] [stdout]   |
[INFO] [stdout] help: consider importing this trait
[INFO] [stdout]   |
[INFO] [stdout] 2 + use zephyrus::prelude::Parse;
[INFO] [stdout]   |
[INFO] [stdout] 
[INFO] [stdout] error[E0412]: cannot find type `T` in this scope
[INFO] [stdout]  --> src/../README.md:263:12
[INFO] [stdout]   |
[INFO] [stdout] 8 | impl Parse<T> for ExtractSomething
[INFO] [stdout]   |            ^ not found in this scope
[INFO] [stdout]   |
[INFO] [stdout] help: you might be missing a type parameter
[INFO] [stdout]   |
[INFO] [stdout] 8 | impl<T> Parse<T> for ExtractSomething
[INFO] [stdout]   |     +++
[INFO] [stdout] 
[INFO] [stdout] error[E0412]: cannot find type `T` in this scope
[INFO] [stdout]  --> src/../README.md:264:7
[INFO] [stdout]   |
[INFO] [stdout] 9 | where T: Send + Sync
[INFO] [stdout]   |       ^ not found in this scope
[INFO] [stdout] 
[INFO] [stdout] error[E0412]: cannot find type `WrappedClient` in this scope
[INFO] [stdout]   --> src/../README.md:267:23
[INFO] [stdout]    |
[INFO] [stdout] 12 |         http_client: &WrappedClient,
[INFO] [stdout]    |                       ^^^^^^^^^^^^^ not found in this scope
[INFO] [stdout]    |
[INFO] [stdout] help: consider importing this enum
[INFO] [stdout]    |
[INFO] [stdout] 2  + use zephyrus::prelude::WrappedClient;
[INFO] [stdout]    |
[INFO] [stdout] 
[INFO] [stdout] error[E0412]: cannot find type `T` in this scope
[INFO] [stdout]   --> src/../README.md:268:16
[INFO] [stdout]    |
[INFO] [stdout] 13 |         data: &T,
[INFO] [stdout]    |                ^ not found in this scope
[INFO] [stdout] 
[INFO] [stdout] error[E0412]: cannot find type `CommandOptionValue` in this scope
[INFO] [stdout]   --> src/../README.md:269:24
[INFO] [stdout]    |
[INFO] [stdout] 14 |         value: Option<&CommandOptionValue>, // <- will be empty since the option was not sent
[INFO] [stdout]    |                        ^^^^^^^^^^^^^^^^^^ not found in this scope
[INFO] [stdout]    |
[INFO] [stdout] help: consider importing one of these enums
[INFO] [stdout]    |
[INFO] [stdout] 2  + use twilight_model::application::command::CommandOptionValue;
[INFO] [stdout]    |
[INFO] [stdout] 2  + use twilight_model::application::interaction::application_command::CommandOptionValue;
[INFO] [stdout]    |
[INFO] [stdout] 
[INFO] [stdout] error[E0412]: cannot find type `CommandInteractionDataResolved` in this scope
[INFO] [stdout]   --> src/../README.md:270:31
[INFO] [stdout]    |
[INFO] [stdout] 15 |         resolved: Option<&mut CommandInteractionDataResolved>
[INFO] [stdout]    |                               ^^^^^^^^^^^^^^^^^^^^^^^^^^^^^^ not found in this scope
[INFO] [stdout]    |
[INFO] [stdout] help: consider importing this struct
[INFO] [stdout]    |
[INFO] [stdout] 2  + use twilight_model::application::interaction::application_command::CommandInteractionDataResolved;
[INFO] [stdout]    |
[INFO] [stdout] 
[INFO] [stdout] error[E0412]: cannot find type `ParseError` in this scope
[INFO] [stdout]   --> src/../README.md:271:23
[INFO] [stdout]    |
[INFO] [stdout] 16 |     ) -> Result<Self, ParseError>
[INFO] [stdout]    |                       ^^^^^^^^^^ not found in this scope
[INFO] [stdout]    |
[INFO] [stdout] help: consider importing one of these items
[INFO] [stdout]    |
[INFO] [stdout] 2  + use std::string::ParseError;
[INFO] [stdout]    |
[INFO] [stdout] 2  + use zephyrus::prelude::ParseError;
[INFO] [stdout]    |
[INFO] [stdout] 
[INFO] [stdout] error[E0412]: cannot find type `CommandOptionType` in this scope
[INFO] [stdout]   --> src/../README.md:276:18
[INFO] [stdout]    |
[INFO] [stdout] 21 |     fn kind() -> CommandOptionType {
[INFO] [stdout]    |                  ^^^^^^^^^^^^^^^^^ not found in this scope
[INFO] [stdout]    |
[INFO] [stdout] help: consider importing this enum
[INFO] [stdout]    |
[INFO] [stdout] 2  + use twilight_model::application::command::CommandOptionType;
[INFO] [stdout]    |
[INFO] [stdout] 
[INFO] [stdout] error[E0412]: cannot find type `SlashContext` in this scope
[INFO] [stdout]   --> src/../README.md:285:11
[INFO] [stdout]    |
[INFO] [stdout] 30 |     ctx: &SlashContext</* Data type */>,
[INFO] [stdout]    |           ^^^^^^^^^^^^ not found in this scope
[INFO] [stdout]    |
[INFO] [stdout] help: consider importing this struct
[INFO] [stdout]    |
[INFO] [stdout] 2  + use zephyrus::prelude::SlashContext;
[INFO] [stdout]    |
[INFO] [stdout] 
[INFO] [stdout] error[E0412]: cannot find type `DefaultCommandResult` in this scope
[INFO] [stdout]   --> src/../README.md:287:6
[INFO] [stdout]    |
[INFO] [stdout] 32 | ) -> DefaultCommandResult
[INFO] [stdout]    |      ^^^^^^^^^^^^^^^^^^^^ not found in this scope
[INFO] [stdout]    |
[INFO] [stdout] help: consider importing this type alias
[INFO] [stdout]    |
[INFO] [stdout] 2  + use zephyrus::prelude::DefaultCommandResult;
[INFO] [stdout]    |
[INFO] [stdout] 
[INFO] [stdout] error: aborting due to 15 previous errors
[INFO] [stdout] 
[INFO] [stdout] Some errors have detailed explanations: E0405, E0412.
[INFO] [stdout] For more information about an error, try `rustc --explain E0405`.
[INFO] [stdout] Couldn't compile the test.
[INFO] [stdout] ---- src/../README.md - (line 448) stdout ----
[INFO] [stdout] error: cannot find attribute `before` in this scope
[INFO] [stdout]  --> src/../README.md:449:3
[INFO] [stdout]   |
[INFO] [stdout] 3 | #[before]
[INFO] [stdout]   |   ^^^^^^
[INFO] [stdout]   |
[INFO] [stdout] help: consider importing one of these attribute macros
[INFO] [stdout]   |
[INFO] [stdout] 2 + use zephyrus::prelude::before;
[INFO] [stdout]   |
[INFO] [stdout] 2 + use zephyrus_macros::before;
[INFO] [stdout]   |
[INFO] [stdout] 
[INFO] [stdout] error[E0412]: cannot find type `SlashContext` in this scope
[INFO] [stdout]  --> src/../README.md:450:28
[INFO] [stdout]   |
[INFO] [stdout] 4 | async fn before_hook(ctx: &SlashContext</*Your type*/>, command_name: &str) -> bool {
[INFO] [stdout]   |                            ^^^^^^^^^^^^ not found in this scope
[INFO] [stdout]   |
[INFO] [stdout] help: consider importing this struct
[INFO] [stdout]   |
[INFO] [stdout] 2 + use zephyrus::prelude::SlashContext;
[INFO] [stdout]   |
[INFO] [stdout] 
[INFO] [stdout] error: aborting due to 2 previous errors
[INFO] [stdout] 
[INFO] [stdout] For more information about this error, try `rustc --explain E0412`.
[INFO] [stdout] Couldn't compile the test.
[INFO] [stdout] ---- src/../README.md - (line 26) stdout ----
[INFO] [stdout] error[E0432]: unresolved import `futures_util`
[INFO] [stdout]  --> src/../README.md:29:5
[INFO] [stdout]   |
[INFO] [stdout] 5 | use futures_util::StreamExt;
[INFO] [stdout]   |     ^^^^^^^^^^^^ use of undeclared crate or module `futures_util`
[INFO] [stdout] 
[INFO] [stdout] error[E0433]: failed to resolve: use of undeclared crate or module `twilight_gateway`
[INFO] [stdout]  --> src/../README.md:30:5
[INFO] [stdout]   |
[INFO] [stdout] 6 | use twilight_gateway::{stream::{self, ShardEventStream}, Config};
[INFO] [stdout]   |     ^^^^^^^^^^^^^^^^ use of undeclared crate or module `twilight_gateway`
[INFO] [stdout] 
[INFO] [stdout] error[E0432]: unresolved import `twilight_gateway`
[INFO] [stdout]  --> src/../README.md:30:5
[INFO] [stdout]   |
[INFO] [stdout] 6 | use twilight_gateway::{stream::{self, ShardEventStream}, Config};
[INFO] [stdout]   |     ^^^^^^^^^^^^^^^^ use of undeclared crate or module `twilight_gateway`
[INFO] [stdout] 
[INFO] [stdout] error[E0308]: mismatched types
[INFO] [stdout]    --> src/../README.md:63:62
[INFO] [stdout]     |
[INFO] [stdout] 39  |     framework.register_guild_commands(Id::<GuildMarker>::new("<GUILD_ID>")).await.unwrap();
[INFO] [stdout]     |                                       ---------------------- ^^^^^^^^^^^^ expected `u64`, found `&str`
[INFO] [stdout]     |                                       |
[INFO] [stdout]     |                                       arguments to this function are incorrect
[INFO] [stdout]     |
[INFO] [stdout] note: associated function defined here
[INFO] [stdout]    --> /opt/rustwide/cargo-home/registry/src/index.crates.io-6f17d22bba15001f/twilight-model-0.15.4/src/id/mod.rs:114:18
[INFO] [stdout]     |
[INFO] [stdout] 114 |     pub const fn new(n: u64) -> Self {
[INFO] [stdout]     |                  ^^^
[INFO] [stdout] 
[INFO] [stdout] error: aborting due to 4 previous errors
[INFO] [stdout] 
[INFO] [stdout] Some errors have detailed explanations: E0308, E0432, E0433.
[INFO] [stdout] For more information about an error, try `rustc --explain E0308`.
[INFO] [stdout] Couldn't compile the test.
[INFO] [stdout] ---- src/../README.md - (line 556) stdout ----
[INFO] [stdout] error: expected identifier, found `(`
[INFO] [stdout]  --> src/../README.md:557:9
[INFO] [stdout]   |
[INFO] [stdout] 3 | async fn(&SlashContext</* Some type */>, &str, Option<Result<T, E>>)
[INFO] [stdout]   |         ^ expected identifier
[INFO] [stdout] 
[INFO] [stdout] error: aborting due to 1 previous error
[INFO] [stdout] 
[INFO] [stdout] Couldn't compile the test.
[INFO] [stdout] ---- src/../README.md - (line 305) stdout ----
[INFO] [stdout] error: cannot find attribute `command` in this scope
[INFO] [stdout]   --> src/../README.md:315:3
[INFO] [stdout]    |
[INFO] [stdout] 12 | #[command]
[INFO] [stdout]    |   ^^^^^^^
[INFO] [stdout]    |
[INFO] [stdout] help: consider importing one of these attribute macros
[INFO] [stdout]    |
[INFO] [stdout] 2  + use zephyrus::prelude::command;
[INFO] [stdout]    |
[INFO] [stdout] 2  + use zephyrus_macros::command;
[INFO] [stdout]    |
[INFO] [stdout] 
[INFO] [stdout] error: cannot find attribute `description` in this scope
[INFO] [stdout]   --> src/../README.md:316:3
[INFO] [stdout]    |
[INFO] [stdout] 13 | #[description = "Some description"]
[INFO] [stdout]    |   ^^^^^^^^^^^
[INFO] [stdout] 
[INFO] [stdout] error: cannot find attribute `description` in this scope
[INFO] [stdout]   --> src/../README.md:319:7
[INFO] [stdout]    |
[INFO] [stdout] 16 |     #[description = "Some description"] choice: Choices
[INFO] [stdout]    |       ^^^^^^^^^^^
[INFO] [stdout] 
[INFO] [stdout] error: cannot find derive macro `Parse` in this scope
[INFO] [stdout]  --> src/../README.md:306:10
[INFO] [stdout]   |
[INFO] [stdout] 3 | #[derive(Parse)]
[INFO] [stdout]   |          ^^^^^
[INFO] [stdout]   |
[INFO] [stdout] help: consider importing one of these derive macros
[INFO] [stdout]   |
[INFO] [stdout] 2 + use zephyrus::prelude::Parse;
[INFO] [stdout]   |
[INFO] [stdout] 2 + use zephyrus_macros::Parse;
[INFO] [stdout]   |
[INFO] [stdout] 
[INFO] [stdout] error: cannot find attribute `parse` in this scope
[INFO] [stdout]  --> src/../README.md:311:7
[INFO] [stdout]   |
[INFO] [stdout] 8 |     #[parse(rename = "Forth")]
[INFO] [stdout]   |       ^^^^^
[INFO] [stdout] 
[INFO] [stdout] error[E0412]: cannot find type `SlashContext` in this scope
[INFO] [stdout]   --> src/../README.md:318:11
[INFO] [stdout]    |
[INFO] [stdout] 15 |     ctx: &SlashContext<()>,
[INFO] [stdout]    |           ^^^^^^^^^^^^ not found in this scope
[INFO] [stdout]    |
[INFO] [stdout] help: consider importing this struct
[INFO] [stdout]    |
[INFO] [stdout] 2  + use zephyrus::prelude::SlashContext;
[INFO] [stdout]    |
[INFO] [stdout] 
[INFO] [stdout] error[E0412]: cannot find type `DefaultCommandResult` in this scope
[INFO] [stdout]   --> src/../README.md:320:6
[INFO] [stdout]    |
[INFO] [stdout] 17 | ) -> DefaultCommandResult
[INFO] [stdout]    |      ^^^^^^^^^^^^^^^^^^^^ not found in this scope
[INFO] [stdout]    |
[INFO] [stdout] help: consider importing this type alias
[INFO] [stdout]    |
[INFO] [stdout] 2  + use zephyrus::prelude::DefaultCommandResult;
[INFO] [stdout]    |
[INFO] [stdout] 
[INFO] [stdout] error: aborting due to 7 previous errors
[INFO] [stdout] 
[INFO] [stdout] For more information about this error, try `rustc --explain E0412`.
[INFO] [stdout] Couldn't compile the test.
[INFO] [stdout] ---- src/../README.md - (line 332) stdout ----
[INFO] [stdout] error: cannot find attribute `command` in this scope
[INFO] [stdout]  --> src/../README.md:333:3
[INFO] [stdout]   |
[INFO] [stdout] 3 | #[command]
[INFO] [stdout]   |   ^^^^^^^
[INFO] [stdout]   |
[INFO] [stdout] help: consider importing one of these attribute macros
[INFO] [stdout]   |
[INFO] [stdout] 2 + use zephyrus::prelude::command;
[INFO] [stdout]   |
[INFO] [stdout] 2 + use zephyrus_macros::command;
[INFO] [stdout]   |
[INFO] [stdout] 
[INFO] [stdout] error: cannot find attribute `description` in this scope
[INFO] [stdout]  --> src/../README.md:334:3
[INFO] [stdout]   |
[INFO] [stdout] 4 | #[description = "Some description"]
[INFO] [stdout]   |   ^^^^^^^^^^^
[INFO] [stdout] 
[INFO] [stdout] error: cannot find attribute `autocomplete` in this scope
[INFO] [stdout]  --> src/../README.md:337:7
[INFO] [stdout]   |
[INFO] [stdout] 7 |     #[autocomplete = "autocomplete_arg"] #[description = "Some description"] arg: String
[INFO] [stdout]   |       ^^^^^^^^^^^^
[INFO] [stdout]   |
[INFO] [stdout] help: consider importing one of these attribute macros
[INFO] [stdout]   |
[INFO] [stdout] 2 + use zephyrus::prelude::autocomplete;
[INFO] [stdout]   |
[INFO] [stdout] 2 + use zephyrus_macros::autocomplete;
[INFO] [stdout]   |
[INFO] [stdout] 
[INFO] [stdout] error: cannot find attribute `description` in this scope
[INFO] [stdout]  --> src/../README.md:337:44
[INFO] [stdout]   |
[INFO] [stdout] 7 |     #[autocomplete = "autocomplete_arg"] #[description = "Some description"] arg: String
[INFO] [stdout]   |                                            ^^^^^^^^^^^
[INFO] [stdout] 
[INFO] [stdout] error[E0412]: cannot find type `SlashCommand` in this scope
[INFO] [stdout]  --> src/../README.md:336:11
[INFO] [stdout]   |
[INFO] [stdout] 6 |     ctx: &SlashCommand</* Some type */>,
[INFO] [stdout]   |           ^^^^^^^^^^^^ not found in this scope
[INFO] [stdout] 
[INFO] [stdout] error[E0412]: cannot find type `DefaultCommandResult` in this scope
[INFO] [stdout]  --> src/../README.md:338:6
[INFO] [stdout]   |
[INFO] [stdout] 8 | ) -> DefaultCommandResult
[INFO] [stdout]   |      ^^^^^^^^^^^^^^^^^^^^ not found in this scope
[INFO] [stdout]   |
[INFO] [stdout] help: consider importing this type alias
[INFO] [stdout]   |
[INFO] [stdout] 2 + use zephyrus::prelude::DefaultCommandResult;
[INFO] [stdout]   |
[INFO] [stdout] 
[INFO] [stdout] error: aborting due to 6 previous errors
[INFO] [stdout] 
[INFO] [stdout] For more information about this error, try `rustc --explain E0412`.
[INFO] [stdout] Couldn't compile the test.
[INFO] [stdout] ---- src/../README.md - (line 477) stdout ----
[INFO] [stdout] error: cannot find attribute `command` in this scope
[INFO] [stdout]   --> src/../README.md:486:3
[INFO] [stdout]    |
[INFO] [stdout] 11 | #[command]
[INFO] [stdout]    |   ^^^^^^^
[INFO] [stdout]    |
[INFO] [stdout] help: consider importing one of these attribute macros
[INFO] [stdout]    |
[INFO] [stdout] 2  + use zephyrus::prelude::command;
[INFO] [stdout]    |
[INFO] [stdout] 2  + use zephyrus_macros::command;
[INFO] [stdout]    |
[INFO] [stdout] 
[INFO] [stdout] error: cannot find attribute `description` in this scope
[INFO] [stdout]   --> src/../README.md:487:3
[INFO] [stdout]    |
[INFO] [stdout] 12 | #[description = "Tries to ban the bot itself, raising an error"]
[INFO] [stdout]    |   ^^^^^^^^^^^
[INFO] [stdout] 
[INFO] [stdout] error: cannot find attribute `error_handler` in this scope
[INFO] [stdout]   --> src/../README.md:488:3
[INFO] [stdout]    |
[INFO] [stdout] 13 | #[error_handler(handle_ban_error)]
[INFO] [stdout]    |   ^^^^^^^^^^^^^
[INFO] [stdout]    |
[INFO] [stdout] help: consider importing one of these attribute macros
[INFO] [stdout]    |
[INFO] [stdout] 2  + use zephyrus::prelude::error_handler;
[INFO] [stdout]    |
[INFO] [stdout] 2  + use zephyrus_macros::error_handler;
[INFO] [stdout]    |
[INFO] [stdout] 
[INFO] [stdout] error: cannot find attribute `error_handler` in this scope
[INFO] [stdout]  --> src/../README.md:478:3
[INFO] [stdout]   |
[INFO] [stdout] 3 | #[error_handler]
[INFO] [stdout]   |   ^^^^^^^^^^^^^
[INFO] [stdout]   |
[INFO] [stdout] help: consider importing one of these attribute macros
[INFO] [stdout]   |
[INFO] [stdout] 2 + use zephyrus::prelude::error_handler;
[INFO] [stdout]   |
[INFO] [stdout] 2 + use zephyrus_macros::error_handler;
[INFO] [stdout]   |
[INFO] [stdout] 
[INFO] [stdout] error[E0412]: cannot find type `SlashContext` in this scope
[INFO] [stdout]  --> src/../README.md:479:34
[INFO] [stdout]   |
[INFO] [stdout] 4 | async fn handle_ban_error(_ctx: &SlashContext</* Some type */>, error: DefaultError) {
[INFO] [stdout]   |                                  ^^^^^^^^^^^^ not found in this scope
[INFO] [stdout]   |
[INFO] [stdout] help: consider importing this struct
[INFO] [stdout]   |
[INFO] [stdout] 2 + use zephyrus::prelude::SlashContext;
[INFO] [stdout]   |
[INFO] [stdout] 
[INFO] [stdout] error[E0412]: cannot find type `DefaultError` in this scope
[INFO] [stdout]  --> src/../README.md:479:72
[INFO] [stdout]   |
[INFO] [stdout] 4 | async fn handle_ban_error(_ctx: &SlashContext</* Some type */>, error: DefaultError) {
[INFO] [stdout]   |                                                                        ^^^^^^^^^^^^ not found in this scope
[INFO] [stdout]   |
[INFO] [stdout] help: consider importing this type alias
[INFO] [stdout]   |
[INFO] [stdout] 2 + use zephyrus::framework::DefaultError;
[INFO] [stdout]   |
[INFO] [stdout] 
[INFO] [stdout] error[E0412]: cannot find type `SlashContext` in this scope
[INFO] [stdout]   --> src/../README.md:489:27
[INFO] [stdout]    |
[INFO] [stdout] 14 | async fn ban_itself(ctx: &SlashContext</* Some type */>) -> DefaultCommandResult {
[INFO] [stdout]    |                           ^^^^^^^^^^^^ not found in this scope
[INFO] [stdout]    |
[INFO] [stdout] help: consider importing this struct
[INFO] [stdout]    |
[INFO] [stdout] 2  + use zephyrus::prelude::SlashContext;
[INFO] [stdout]    |
[INFO] [stdout] 
[INFO] [stdout] error[E0412]: cannot find type `DefaultCommandResult` in this scope
[INFO] [stdout]   --> src/../README.md:489:61
[INFO] [stdout]    |
[INFO] [stdout] 14 | async fn ban_itself(ctx: &SlashContext</* Some type */>) -> DefaultCommandResult {
[INFO] [stdout]    |                                                             ^^^^^^^^^^^^^^^^^^^^ not found in this scope
[INFO] [stdout]    |
[INFO] [stdout] help: consider importing this type alias
[INFO] [stdout]    |
[INFO] [stdout] 2  + use zephyrus::prelude::DefaultCommandResult;
[INFO] [stdout]    |
[INFO] [stdout] 
[INFO] [stdout] error[E0433]: failed to resolve: use of undeclared type `Id`
[INFO] [stdout]   --> src/../README.md:491:62
[INFO] [stdout]    |
[INFO] [stdout] 16 |     ctx.http_client().ban(ctx.interaction.guild_id.unwrap(), Id::new(ctx.application_id.get()))
[INFO] [stdout]    |                                                              ^^ use of undeclared type `Id`
[INFO] [stdout]    |
[INFO] [stdout] help: consider importing one of these structs
[INFO] [stdout]    |
[INFO] [stdout] 2  + use tokio::task::Id;
[INFO] [stdout]    |
[INFO] [stdout] 2  + use tracing::Id;
[INFO] [stdout]    |
[INFO] [stdout] 2  + use twilight_model::id::Id;
[INFO] [stdout]    |
[INFO] [stdout] 
[INFO] [stdout] error: aborting due to 9 previous errors
[INFO] [stdout] 
[INFO] [stdout] Some errors have detailed explanations: E0412, E0433.
[INFO] [stdout] For more information about an error, try `rustc --explain E0412`.
[INFO] [stdout] Couldn't compile the test.
[INFO] [stdout] ---- src/../README.md - (line 214) stdout ----
[INFO] [stdout] error: cannot find attribute `command` in this scope
[INFO] [stdout]  --> src/../README.md:215:3
[INFO] [stdout]   |
[INFO] [stdout] 3 | #[command]
[INFO] [stdout]   |   ^^^^^^^
[INFO] [stdout]   |
[INFO] [stdout] help: consider importing one of these attribute macros
[INFO] [stdout]   |
[INFO] [stdout] 2 + use zephyrus::prelude::command;
[INFO] [stdout]   |
[INFO] [stdout] 2 + use zephyrus_macros::command;
[INFO] [stdout]   |
[INFO] [stdout] 
[INFO] [stdout] error: cannot find attribute `localized_names` in this scope
[INFO] [stdout]  --> src/../README.md:216:3
[INFO] [stdout]   |
[INFO] [stdout] 4 | #[localized_names("en-US" = "US name", "en-GB" = "GB name", "es-ES" = "Spanish name")]
[INFO] [stdout]   |   ^^^^^^^^^^^^^^^
[INFO] [stdout] 
[INFO] [stdout] error: cannot find attribute `localized_descriptions` in this scope
[INFO] [stdout]  --> src/../README.md:217:3
[INFO] [stdout]   |
[INFO] [stdout] 5 | #[localized_descriptions("en-US" = "US description", "en-GB" = "GB description", "es-ES" = "Spanish description")]
[INFO] [stdout]   |   ^^^^^^^^^^^^^^^^^^^^^^
[INFO] [stdout] 
[INFO] [stdout] error: cannot find attribute `description` in this scope
[INFO] [stdout]  --> src/../README.md:218:3
[INFO] [stdout]   |
[INFO] [stdout] 6 | #[description = "My description"]
[INFO] [stdout]   |   ^^^^^^^^^^^
[INFO] [stdout] 
[INFO] [stdout] error: cannot find attribute `localized_names` in this scope
[INFO] [stdout]  --> src/../README.md:221:7
[INFO] [stdout]   |
[INFO] [stdout] 9 |     #[localized_names("en-US" = "US name", "en-GB" = "GB name", "es-ES" = "Spanish name")]
[INFO] [stdout]   |       ^^^^^^^^^^^^^^^
[INFO] [stdout] 
[INFO] [stdout] error: cannot find attribute `description` in this scope
[INFO] [stdout]   --> src/../README.md:222:7
[INFO] [stdout]    |
[INFO] [stdout] 10 |     #[description = "Another description"]
[INFO] [stdout]    |       ^^^^^^^^^^^
[INFO] [stdout] 
[INFO] [stdout] error: cannot find attribute `localized_descriptions` in this scope
[INFO] [stdout]   --> src/../README.md:223:7
[INFO] [stdout]    |
[INFO] [stdout] 11 |     #[localized_descriptions("en-US" = "US description", "en-GB" = "GB description", "es-ES" = "Spanish description")]
[INFO] [stdout]    |       ^^^^^^^^^^^^^^^^^^^^^^
[INFO] [stdout] 
[INFO] [stdout] error[E0412]: cannot find type `SlashContext` in this scope
[INFO] [stdout]  --> src/../README.md:220:11
[INFO] [stdout]   |
[INFO] [stdout] 8 |     ctx: &SlashContext</* Data type */>,
[INFO] [stdout]   |           ^^^^^^^^^^^^ not found in this scope
[INFO] [stdout]   |
[INFO] [stdout] help: consider importing this struct
[INFO] [stdout]   |
[INFO] [stdout] 2 + use zephyrus::prelude::SlashContext;
[INFO] [stdout]   |
[INFO] [stdout] 
[INFO] [stdout] error[E0412]: cannot find type `DefaultCommandResult` in this scope
[INFO] [stdout]   --> src/../README.md:225:6
[INFO] [stdout]    |
[INFO] [stdout] 13 | ) -> DefaultCommandResult
[INFO] [stdout]    |      ^^^^^^^^^^^^^^^^^^^^ not found in this scope
[INFO] [stdout]    |
[INFO] [stdout] help: consider importing this type alias
[INFO] [stdout]    |
[INFO] [stdout] 2  + use zephyrus::prelude::DefaultCommandResult;
[INFO] [stdout]    |
[INFO] [stdout] 
[INFO] [stdout] error: aborting due to 9 previous errors
[INFO] [stdout] 
[INFO] [stdout] For more information about this error, try `rustc --explain E0412`.
[INFO] [stdout] Couldn't compile the test.
[INFO] [stdout] ---- src/../README.md - (line 561) stdout ----
[INFO] [stdout] error: expected identifier, found `(`
[INFO] [stdout]  --> src/../README.md:562:9
[INFO] [stdout]   |
[INFO] [stdout] 3 | async fn(&SlashContext</* Some type */>, E)
[INFO] [stdout]   |         ^ expected identifier
[INFO] [stdout] 
[INFO] [stdout] error: aborting due to 1 previous error
[INFO] [stdout] 
[INFO] [stdout] Couldn't compile the test.
[INFO] [stdout] ---- src/../README.md - (line 400) stdout ----
[INFO] [stdout] error[E0433]: failed to resolve: use of undeclared type `Framework`
[INFO] [stdout]  --> src/../README.md:403:21
[INFO] [stdout]   |
[INFO] [stdout] 4 |     let framework = Framework::builder()
[INFO] [stdout]   |                     ^^^^^^^^^ use of undeclared type `Framework`
[INFO] [stdout]   |
[INFO] [stdout] help: consider importing this struct
[INFO] [stdout]   |
[INFO] [stdout] 2 + use zephyrus::prelude::Framework;
[INFO] [stdout]   |
[INFO] [stdout] 
[INFO] [stdout] error[E0425]: cannot find value `something` in this scope
[INFO] [stdout]  --> src/../README.md:407:30
[INFO] [stdout]   |
[INFO] [stdout] 8 |                 .add_command(something)
[INFO] [stdout]   |                              ^^^^^^^^^ not found in this scope
[INFO] [stdout] 
[INFO] [stdout] error: aborting due to 2 previous errors
[INFO] [stdout] 
[INFO] [stdout] Some errors have detailed explanations: E0425, E0433.
[INFO] [stdout] For more information about an error, try `rustc --explain E0425`.
[INFO] [stdout] Couldn't compile the test.
[INFO] [stdout] ---- src/../README.md - (line 566) stdout ----
[INFO] [stdout] error: expected identifier, found `(`
[INFO] [stdout]  --> src/../README.md:567:9
[INFO] [stdout]   |
[INFO] [stdout] 3 | async fn(&SlashContext</* Some type */>) -> Result<bool, E>
[INFO] [stdout]   |         ^ expected identifier
[INFO] [stdout] 
[INFO] [stdout] error: aborting due to 1 previous error
[INFO] [stdout] 
[INFO] [stdout] Couldn't compile the test.
[INFO] [stdout] ---- src/../README.md - (line 139) stdout ----
[INFO] [stdout] error: cannot find attribute `command` in this scope
[INFO] [stdout]  --> src/../README.md:140:3
[INFO] [stdout]   |
[INFO] [stdout] 3 | #[command(message)]
[INFO] [stdout]   |   ^^^^^^^
[INFO] [stdout]   |
[INFO] [stdout]   = note: `command` is in scope, but it is a function, not an attribute
[INFO] [stdout] help: consider importing one of these attribute macros
[INFO] [stdout]   |
[INFO] [stdout] 2 + use zephyrus::prelude::command;
[INFO] [stdout]   |
[INFO] [stdout] 2 + use zephyrus_macros::command;
[INFO] [stdout]   |
[INFO] [stdout] 
[INFO] [stdout] error: cannot find attribute `description` in this scope
[INFO] [stdout]  --> src/../README.md:141:3
[INFO] [stdout]   |
[INFO] [stdout] 4 | #[description = "This is the description of the command"]
[INFO] [stdout]   |   ^^^^^^^^^^^
[INFO] [stdout] 
[INFO] [stdout] error[E0412]: cannot find type `SlashContext` in this scope
[INFO] [stdout]  --> src/../README.md:143:11
[INFO] [stdout]   |
[INFO] [stdout] 6 |     ctx: &SlashContext</* Your type of context*/>, // The context must always be the first parameter.
[INFO] [stdout]   |           ^^^^^^^^^^^^ not found in this scope
[INFO] [stdout]   |
[INFO] [stdout] help: consider importing this struct
[INFO] [stdout]   |
[INFO] [stdout] 2 + use zephyrus::prelude::SlashContext;
[INFO] [stdout]   |
[INFO] [stdout] 
[INFO] [stdout] error[E0412]: cannot find type `DefaultCommandResult` in this scope
[INFO] [stdout]  --> src/../README.md:144:6
[INFO] [stdout]   |
[INFO] [stdout] 7 | ) -> DefaultCommandResult 
[INFO] [stdout]   |      ^^^^^^^^^^^^^^^^^^^^ not found in this scope
[INFO] [stdout]   |
[INFO] [stdout] help: consider importing this type alias
[INFO] [stdout]   |
[INFO] [stdout] 2 + use zephyrus::prelude::DefaultCommandResult;
[INFO] [stdout]   |
[INFO] [stdout] 
[INFO] [stdout] error: aborting due to 4 previous errors
[INFO] [stdout] 
[INFO] [stdout] For more information about this error, try `rustc --explain E0412`.
[INFO] [stdout] Couldn't compile the test.
[INFO] [stdout] ---- src/../README.md - (line 617) stdout ----
[INFO] [stdout] error[E0412]: cannot find type `Arc` in this scope
[INFO] [stdout]  --> src/../README.md:619:18
[INFO] [stdout]   |
[INFO] [stdout] 4 |     http_client: Arc<Client>,
[INFO] [stdout]   |                  ^^^ not found in this scope
[INFO] [stdout]   |
[INFO] [stdout] help: consider importing this struct
[INFO] [stdout]   |
[INFO] [stdout] 2 + use std::sync::Arc;
[INFO] [stdout]   |
[INFO] [stdout] 
[INFO] [stdout] error[E0412]: cannot find type `Client` in this scope
[INFO] [stdout]  --> src/../README.md:619:22
[INFO] [stdout]   |
[INFO] [stdout] 4 |     http_client: Arc<Client>,
[INFO] [stdout]   |                      ^^^^^^ not found in this scope
[INFO] [stdout]   |
[INFO] [stdout] help: consider importing this struct
[INFO] [stdout]   |
[INFO] [stdout] 2 + use twilight_http::Client;
[INFO] [stdout]   |
[INFO] [stdout] 
[INFO] [stdout] error[E0412]: cannot find type `Id` in this scope
[INFO] [stdout]  --> src/../README.md:620:13
[INFO] [stdout]   |
[INFO] [stdout] 5 |     app_id: Id<ApplicationMarker>
[INFO] [stdout]   |             ^^ not found in this scope
[INFO] [stdout]   |
[INFO] [stdout] help: consider importing one of these structs
[INFO] [stdout]   |
[INFO] [stdout] 2 + use tokio::task::Id;
[INFO] [stdout]   |
[INFO] [stdout] 2 + use tracing::Id;
[INFO] [stdout]   |
[INFO] [stdout] 2 + use twilight_model::id::Id;
[INFO] [stdout]   |
[INFO] [stdout] 
[INFO] [stdout] error[E0412]: cannot find type `ApplicationMarker` in this scope
[INFO] [stdout]  --> src/../README.md:620:16
[INFO] [stdout]   |
[INFO] [stdout] 5 |     app_id: Id<ApplicationMarker>
[INFO] [stdout]   |                ^^^^^^^^^^^^^^^^^ not found in this scope
[INFO] [stdout]   |
[INFO] [stdout] help: consider importing this struct
[INFO] [stdout]   |
[INFO] [stdout] 2 + use twilight_model::id::marker::ApplicationMarker;
[INFO] [stdout]   |
[INFO] [stdout] 
[INFO] [stdout] error[E0412]: cannot find type `Framework` in this scope
[INFO] [stdout]  --> src/../README.md:621:6
[INFO] [stdout]   |
[INFO] [stdout] 6 | ) -> Framework<()> {
[INFO] [stdout]   |      ^^^^^^^^^ not found in this scope
[INFO] [stdout]   |
[INFO] [stdout] help: consider importing this struct
[INFO] [stdout]   |
[INFO] [stdout] 2 + use zephyrus::prelude::Framework;
[INFO] [stdout]   |
[INFO] [stdout] 
[INFO] [stdout] error[E0433]: failed to resolve: use of undeclared type `Framework`
[INFO] [stdout]  --> src/../README.md:622:5
[INFO] [stdout]   |
[INFO] [stdout] 7 |     Framework::builder(http_client, app_id, ())
[INFO] [stdout]   |     ^^^^^^^^^ use of undeclared type `Framework`
[INFO] [stdout]   |
[INFO] [stdout] help: consider importing this struct
[INFO] [stdout]   |
[INFO] [stdout] 2 + use zephyrus::prelude::Framework;
[INFO] [stdout]   |
[INFO] [stdout] 
[INFO] [stdout] error[E0425]: cannot find value `hello` in this scope
[INFO] [stdout]  --> src/../README.md:623:18
[INFO] [stdout]   |
[INFO] [stdout] 8 |         .command(hello)
[INFO] [stdout]   |                  ^^^^^ not found in this scope
[INFO] [stdout] 
[INFO] [stdout] error[E0412]: cannot find type `Framework` in this scope
[INFO] [stdout]   --> src/../README.md:627:31
[INFO] [stdout]    |
[INFO] [stdout] 12 | fn create_lockfile(framework: Framework<()>) -> Result<()> {
[INFO] [stdout]    |                               ^^^^^^^^^ not found in this scope
[INFO] [stdout]    |
[INFO] [stdout] help: consider importing this struct
[INFO] [stdout]    |
[INFO] [stdout] 2  + use zephyrus::prelude::Framework;
[INFO] [stdout]    |
[INFO] [stdout] 
[INFO] [stdout] error[E0107]: enum takes 2 generic arguments but 1 generic argument was supplied
[INFO] [stdout]   --> src/../README.md:627:49
[INFO] [stdout]    |
[INFO] [stdout] 12 | fn create_lockfile(framework: Framework<()>) -> Result<()> {
[INFO] [stdout]    |                                                 ^^^^^^ -- supplied 1 generic argument
[INFO] [stdout]    |                                                 |
[INFO] [stdout]    |                                                 expected 2 generic arguments
[INFO] [stdout]    |
[INFO] [stdout] help: add missing generic argument
[INFO] [stdout]    |
[INFO] [stdout] 12 | fn create_lockfile(framework: Framework<()>) -> Result<(), E> {
[INFO] [stdout]    |                                                          +++
[INFO] [stdout] 
[INFO] [stdout] error[E0433]: failed to resolve: use of undeclared crate or module `serde_json`
[INFO] [stdout]   --> src/../README.md:629:19
[INFO] [stdout]    |
[INFO] [stdout] 14 |     let content = serde_json::to_string_pretty(&commands)?;
[INFO] [stdout]    |                   ^^^^^^^^^^ use of undeclared crate or module `serde_json`
[INFO] [stdout] 
[INFO] [stdout] error: aborting due to 10 previous errors
[INFO] [stdout] 
[INFO] [stdout] Some errors have detailed explanations: E0107, E0412, E0425, E0433.
[INFO] [stdout] For more information about an error, try `rustc --explain E0107`.
[INFO] [stdout] Couldn't compile the test.
[INFO] [stdout] ---- src/../README.md - (line 527) stdout ----
[INFO] [stdout] error: cannot find attribute `command` in this scope
[INFO] [stdout]  --> src/../README.md:528:3
[INFO] [stdout]   |
[INFO] [stdout] 3 | #[command]
[INFO] [stdout]   |   ^^^^^^^
[INFO] [stdout]   |
[INFO] [stdout] help: consider importing one of these attribute macros
[INFO] [stdout]   |
[INFO] [stdout] 2 + use zephyrus::prelude::command;
[INFO] [stdout]   |
[INFO] [stdout] 2 + use zephyrus_macros::command;
[INFO] [stdout]   |
[INFO] [stdout] 
[INFO] [stdout] error: cannot find attribute `description` in this scope
[INFO] [stdout]  --> src/../README.md:529:3
[INFO] [stdout]   |
[INFO] [stdout] 4 | #[description = "Some description"]
[INFO] [stdout]   |   ^^^^^^^^^^^
[INFO] [stdout] 
[INFO] [stdout] error: cannot find attribute `checks` in this scope
[INFO] [stdout]  --> src/../README.md:530:3
[INFO] [stdout]   |
[INFO] [stdout] 5 | #[checks(only_guilds, other_check)]
[INFO] [stdout]   |   ^^^^^^
[INFO] [stdout] 
[INFO] [stdout] error[E0412]: cannot find type `SlashContext` in this scope
[INFO] [stdout]  --> src/../README.md:531:27
[INFO] [stdout]   |
[INFO] [stdout] 6 | async fn my_command(ctx: &SlashContext</* Some type */>) -> DefaultCommandResult {
[INFO] [stdout]   |                           ^^^^^^^^^^^^ not found in this scope
[INFO] [stdout]   |
[INFO] [stdout] help: consider importing this struct
[INFO] [stdout]   |
[INFO] [stdout] 2 + use zephyrus::prelude::SlashContext;
[INFO] [stdout]   |
[INFO] [stdout] 
[INFO] [stdout] error[E0412]: cannot find type `DefaultCommandResult` in this scope
[INFO] [stdout]  --> src/../README.md:531:61
[INFO] [stdout]   |
[INFO] [stdout] 6 | async fn my_command(ctx: &SlashContext</* Some type */>) -> DefaultCommandResult {
[INFO] [stdout]   |                                                             ^^^^^^^^^^^^^^^^^^^^ not found in this scope
[INFO] [stdout]   |
[INFO] [stdout] help: consider importing this type alias
[INFO] [stdout]   |
[INFO] [stdout] 2 + use zephyrus::prelude::DefaultCommandResult;
[INFO] [stdout]   |
[INFO] [stdout] 
[INFO] [stdout] error: aborting due to 5 previous errors
[INFO] [stdout] 
[INFO] [stdout] For more information about this error, try `rustc --explain E0412`.
[INFO] [stdout] Couldn't compile the test.
[INFO] [stdout] ---- src/../README.md - (line 164) stdout ----
[INFO] [stdout] error[E0428]: the name `command` is defined multiple times
[INFO] [stdout]   --> src/../README.md:197:1
[INFO] [stdout]    |
[INFO] [stdout] 20 | / async fn command(
[INFO] [stdout] 21 | |     ctx: &SlashContext</* Your type of context*/>,
[INFO] [stdout] 22 | |     #[description = "A description for the argument"] some_arg: String,
[INFO] [stdout] 23 | |     #[rename = "other_arg"] #[description = "other description"] other: Option<Id<UserMarker>>
[INFO] [stdout] ...  |
[INFO] [stdout] 28 | |     Ok(())
[INFO] [stdout] 29 | | }
[INFO] [stdout]    | |_- previous definition of the value `command` here
[INFO] [stdout] ...
[INFO] [stdout] 35 | / async fn command(
[INFO] [stdout] 36 | |     ctx: &SlashContext</* Your type of context*/>, // The context must always be the first parameter.
[INFO] [stdout] 37 | |     #[description = "A description for the argument"] some_arg: String,
[INFO] [stdout] 38 | |     #[rename = "other_arg"] #[description = "other description"] other: Option<Id<UserMarker>>
[INFO] [stdout] ...  |
[INFO] [stdout] 43 | |     Ok(())
[INFO] [stdout] 44 | | }
[INFO] [stdout]    | |_^ `command` redefined here
[INFO] [stdout]    |
[INFO] [stdout]    = note: `command` must be defined only once in the value namespace of this block
[INFO] [stdout] 
[INFO] [stdout] error: cannot find attribute `command` in this scope
[INFO] [stdout]   --> src/../README.md:193:3
[INFO] [stdout]    |
[INFO] [stdout] 31 | #[command(chat)]
[INFO] [stdout]    |   ^^^^^^^
[INFO] [stdout]    |
[INFO] [stdout]    = note: `command` is in scope, but it is a function, not an attribute
[INFO] [stdout] help: consider importing one of these attribute macros
[INFO] [stdout]    |
[INFO] [stdout] 2  + use zephyrus::prelude::command;
[INFO] [stdout]    |
[INFO] [stdout] 2  + use zephyrus_macros::command;
[INFO] [stdout]    |
[INFO] [stdout] 
[INFO] [stdout] error: cannot find attribute `only_guilds` in this scope
[INFO] [stdout]   --> src/../README.md:194:3
[INFO] [stdout]    |
[INFO] [stdout] 32 | #[only_guilds] // This command is now marked as nsfw and only available inside guilds
[INFO] [stdout]    |   ^^^^^^^^^^^
[INFO] [stdout] 
[INFO] [stdout] error: cannot find attribute `nsfw` in this scope
[INFO] [stdout]   --> src/../README.md:195:3
[INFO] [stdout]    |
[INFO] [stdout] 33 | #[nsfw]
[INFO] [stdout]    |   ^^^^
[INFO] [stdout] 
[INFO] [stdout] error: cannot find attribute `description` in this scope
[INFO] [stdout]   --> src/../README.md:196:3
[INFO] [stdout]    |
[INFO] [stdout] 34 | #[description = "This is the description of the command"]
[INFO] [stdout]    |   ^^^^^^^^^^^
[INFO] [stdout] 
[INFO] [stdout] error: cannot find attribute `description` in this scope
[INFO] [stdout]   --> src/../README.md:199:7
[INFO] [stdout]    |
[INFO] [stdout] 37 |     #[description = "A description for the argument"] some_arg: String,
[INFO] [stdout]    |       ^^^^^^^^^^^
[INFO] [stdout] 
[INFO] [stdout] error: cannot find attribute `rename` in this scope
[INFO] [stdout]   --> src/../README.md:200:7
[INFO] [stdout]    |
[INFO] [stdout] 38 |     #[rename = "other_arg"] #[description = "other description"] other: Option<Id<UserMarker>>
[INFO] [stdout]    |       ^^^^^^
[INFO] [stdout] 
[INFO] [stdout] error: cannot find attribute `description` in this scope
[INFO] [stdout]   --> src/../README.md:200:31
[INFO] [stdout]    |
[INFO] [stdout] 38 |     #[rename = "other_arg"] #[description = "other description"] other: Option<Id<UserMarker>>
[INFO] [stdout]    |                               ^^^^^^^^^^^
[INFO] [stdout] 
[INFO] [stdout] error: cannot find attribute `command` in this scope
[INFO] [stdout]   --> src/../README.md:179:3
[INFO] [stdout]    |
[INFO] [stdout] 17 | #[command(chat)]
[INFO] [stdout]    |   ^^^^^^^
[INFO] [stdout]    |
[INFO] [stdout]    = note: `command` is in scope, but it is a function, not an attribute
[INFO] [stdout] help: consider importing one of these attribute macros
[INFO] [stdout]    |
[INFO] [stdout] 2  + use zephyrus::prelude::command;
[INFO] [stdout]    |
[INFO] [stdout] 2  + use zephyrus_macros::command;
[INFO] [stdout]    |
[INFO] [stdout] 
[INFO] [stdout] error: cannot find attribute `only_guilds` in this scope
[INFO] [stdout]   --> src/../README.md:180:3
[INFO] [stdout]    |
[INFO] [stdout] 18 | #[only_guilds] // This command is now only marked as only available inside of guilds
[INFO] [stdout]    |   ^^^^^^^^^^^
[INFO] [stdout] 
[INFO] [stdout] error: cannot find attribute `description` in this scope
[INFO] [stdout]   --> src/../README.md:181:3
[INFO] [stdout]    |
[INFO] [stdout] 19 | #[description = "This is the description of the command"]
[INFO] [stdout]    |   ^^^^^^^^^^^
[INFO] [stdout] 
[INFO] [stdout] error: cannot find attribute `description` in this scope
[INFO] [stdout]   --> src/../README.md:184:7
[INFO] [stdout]    |
[INFO] [stdout] 22 |     #[description = "A description for the argument"] some_arg: String,
[INFO] [stdout]    |       ^^^^^^^^^^^
[INFO] [stdout] 
[INFO] [stdout] error: cannot find attribute `rename` in this scope
[INFO] [stdout]   --> src/../README.md:185:7
[INFO] [stdout]    |
[INFO] [stdout] 23 |     #[rename = "other_arg"] #[description = "other description"] other: Option<Id<UserMarker>>
[INFO] [stdout]    |       ^^^^^^
[INFO] [stdout] 
[INFO] [stdout] error: cannot find attribute `description` in this scope
[INFO] [stdout]   --> src/../README.md:185:31
[INFO] [stdout]    |
[INFO] [stdout] 23 |     #[rename = "other_arg"] #[description = "other description"] other: Option<Id<UserMarker>>
[INFO] [stdout]    |                               ^^^^^^^^^^^
[INFO] [stdout] 
[INFO] [stdout] error: cannot find attribute `command` in this scope
[INFO] [stdout]  --> src/../README.md:165:3
[INFO] [stdout]   |
[INFO] [stdout] 3 | #[command]
[INFO] [stdout]   |   ^^^^^^^
[INFO] [stdout]   |
[INFO] [stdout]   = note: `command` is in scope, but it is a function, not an attribute
[INFO] [stdout] help: consider importing one of these attribute macros
[INFO] [stdout]   |
[INFO] [stdout] 2 + use zephyrus::prelude::command;
[INFO] [stdout]   |
[INFO] [stdout] 2 + use zephyrus_macros::command;
[INFO] [stdout]   |
[INFO] [stdout] 
[INFO] [stdout] error: cannot find attribute `nsfw` in this scope
[INFO] [stdout]  --> src/../README.md:166:3
[INFO] [stdout]   |
[INFO] [stdout] 4 | #[nsfw] // This command is now marked as nsfw
[INFO] [stdout]   |   ^^^^
[INFO] [stdout] 
[INFO] [stdout] error: cannot find attribute `description` in this scope
[INFO] [stdout]  --> src/../README.md:167:3
[INFO] [stdout]   |
[INFO] [stdout] 5 | #[description = "This is the description of the command"]
[INFO] [stdout]   |   ^^^^^^^^^^^
[INFO] [stdout] 
[INFO] [stdout] error: cannot find attribute `description` in this scope
[INFO] [stdout]  --> src/../README.md:170:7
[INFO] [stdout]   |
[INFO] [stdout] 8 |     #[description = "A description for the argument"] some_arg: String,
[INFO] [stdout]   |       ^^^^^^^^^^^
[INFO] [stdout] 
[INFO] [stdout] error: cannot find attribute `rename` in this scope
[INFO] [stdout]  --> src/../README.md:171:7
[INFO] [stdout]   |
[INFO] [stdout] 9 |     #[rename = "other_arg"] #[description = "other description"] other: Option<Id<UserMarker>>
[INFO] [stdout]   |       ^^^^^^
[INFO] [stdout] 
[INFO] [stdout] error: cannot find attribute `description` in this scope
[INFO] [stdout]  --> src/../README.md:171:31
[INFO] [stdout]   |
[INFO] [stdout] 9 |     #[rename = "other_arg"] #[description = "other description"] other: Option<Id<UserMarker>>
[INFO] [stdout]   |                               ^^^^^^^^^^^
[INFO] [stdout] 
[INFO] [stdout] error[E0412]: cannot find type `SlashContext` in this scope
[INFO] [stdout]  --> src/../README.md:169:11
[INFO] [stdout]   |
[INFO] [stdout] 7 |     ctx: &SlashContext</* Your type of context*/>,
[INFO] [stdout]   |           ^^^^^^^^^^^^ not found in this scope
[INFO] [stdout]   |
[INFO] [stdout] help: consider importing this struct
[INFO] [stdout]   |
[INFO] [stdout] 2 + use zephyrus::prelude::SlashContext;
[INFO] [stdout]   |
[INFO] [stdout] 
[INFO] [stdout] error[E0412]: cannot find type `Id` in this scope
[INFO] [stdout]  --> src/../README.md:171:80
[INFO] [stdout]   |
[INFO] [stdout] 9 |     #[rename = "other_arg"] #[description = "other description"] other: Option<Id<UserMarker>>
[INFO] [stdout]   |                                                                                ^^ not found in this scope
[INFO] [stdout]   |
[INFO] [stdout] help: consider importing one of these structs
[INFO] [stdout]   |
[INFO] [stdout] 2 + use tokio::task::Id;
[INFO] [stdout]   |
[INFO] [stdout] 2 + use tracing::Id;
[INFO] [stdout]   |
[INFO] [stdout] 2 + use twilight_model::id::Id;
[INFO] [stdout]   |
[INFO] [stdout] 
[INFO] [stdout] error[E0412]: cannot find type `UserMarker` in this scope
[INFO] [stdout]  --> src/../README.md:171:83
[INFO] [stdout]   |
[INFO] [stdout] 9 |     #[rename = "other_arg"] #[description = "other description"] other: Option<Id<UserMarker>>
[INFO] [stdout]   |                                                                                   ^^^^^^^^^^ not found in this scope
[INFO] [stdout]   |
[INFO] [stdout] help: consider importing this struct
[INFO] [stdout]   |
[INFO] [stdout] 2 + use twilight_model::id::marker::UserMarker;
[INFO] [stdout]   |
[INFO] [stdout] 
[INFO] [stdout] error[E0412]: cannot find type `DefaultCommandResult` in this scope
[INFO] [stdout]   --> src/../README.md:172:6
[INFO] [stdout]    |
[INFO] [stdout] 10 | ) -> DefaultCommandResult 
[INFO] [stdout]    |      ^^^^^^^^^^^^^^^^^^^^ not found in this scope
[INFO] [stdout]    |
[INFO] [stdout] help: consider importing this type alias
[INFO] [stdout]    |
[INFO] [stdout] 2  + use zephyrus::prelude::DefaultCommandResult;
[INFO] [stdout]    |
[INFO] [stdout] 
[INFO] [stdout] error[E0412]: cannot find type `SlashContext` in this scope
[INFO] [stdout]   --> src/../README.md:183:11
[INFO] [stdout]    |
[INFO] [stdout] 21 |     ctx: &SlashContext</* Your type of context*/>,
[INFO] [stdout]    |           ^^^^^^^^^^^^ not found in this scope
[INFO] [stdout]    |
[INFO] [stdout] help: consider importing this struct
[INFO] [stdout]    |
[INFO] [stdout] 2  + use zephyrus::prelude::SlashContext;
[INFO] [stdout]    |
[INFO] [stdout] 
[INFO] [stdout] error[E0412]: cannot find type `Id` in this scope
[INFO] [stdout]   --> src/../README.md:185:80
[INFO] [stdout]    |
[INFO] [stdout] 23 |     #[rename = "other_arg"] #[description = "other description"] other: Option<Id<UserMarker>>
[INFO] [stdout]    |                                                                                ^^ not found in this scope
[INFO] [stdout]    |
[INFO] [stdout] help: consider importing one of these structs
[INFO] [stdout]    |
[INFO] [stdout] 2  + use tokio::task::Id;
[INFO] [stdout]    |
[INFO] [stdout] 2  + use tracing::Id;
[INFO] [stdout]    |
[INFO] [stdout] 2  + use twilight_model::id::Id;
[INFO] [stdout]    |
[INFO] [stdout] 
[INFO] [stdout] error[E0412]: cannot find type `UserMarker` in this scope
[INFO] [stdout]   --> src/../README.md:185:83
[INFO] [stdout]    |
[INFO] [stdout] 23 |     #[rename = "other_arg"] #[description = "other description"] other: Option<Id<UserMarker>>
[INFO] [stdout]    |                                                                                   ^^^^^^^^^^ not found in this scope
[INFO] [stdout]    |
[INFO] [stdout] help: consider importing this struct
[INFO] [stdout]    |
[INFO] [stdout] 2  + use twilight_model::id::marker::UserMarker;
[INFO] [stdout]    |
[INFO] [stdout] 
[INFO] [stdout] error[E0412]: cannot find type `DefaultCommandResult` in this scope
[INFO] [stdout]   --> src/../README.md:186:6
[INFO] [stdout]    |
[INFO] [stdout] 24 | ) -> DefaultCommandResult
[INFO] [stdout]    |      ^^^^^^^^^^^^^^^^^^^^ not found in this scope
[INFO] [stdout]    |
[INFO] [stdout] help: consider importing this type alias
[INFO] [stdout]    |
[INFO] [stdout] 2  + use zephyrus::prelude::DefaultCommandResult;
[INFO] [stdout]    |
[INFO] [stdout] 
[INFO] [stdout] error[E0412]: cannot find type `SlashContext` in this scope
[INFO] [stdout]   --> src/../README.md:198:11
[INFO] [stdout]    |
[INFO] [stdout] 36 |     ctx: &SlashContext</* Your type of context*/>, // The context must always be the first parameter.
[INFO] [stdout]    |           ^^^^^^^^^^^^ not found in this scope
[INFO] [stdout]    |
[INFO] [stdout] help: consider importing this struct
[INFO] [stdout]    |
[INFO] [stdout] 2  + use zephyrus::prelude::SlashContext;
[INFO] [stdout]    |
[INFO] [stdout] 
[INFO] [stdout] error[E0412]: cannot find type `Id` in this scope
[INFO] [stdout]   --> src/../README.md:200:80
[INFO] [stdout]    |
[INFO] [stdout] 38 |     #[rename = "other_arg"] #[description = "other description"] other: Option<Id<UserMarker>>
[INFO] [stdout]    |                                                                                ^^ not found in this scope
[INFO] [stdout]    |
[INFO] [stdout] help: consider importing one of these structs
[INFO] [stdout]    |
[INFO] [stdout] 2  + use tokio::task::Id;
[INFO] [stdout]    |
[INFO] [stdout] 2  + use tracing::Id;
[INFO] [stdout]    |
[INFO] [stdout] 2  + use twilight_model::id::Id;
[INFO] [stdout]    |
[INFO] [stdout] 
[INFO] [stdout] error[E0412]: cannot find type `UserMarker` in this scope
[INFO] [stdout]   --> src/../README.md:200:83
[INFO] [stdout]    |
[INFO] [stdout] 38 |     #[rename = "other_arg"] #[description = "other description"] other: Option<Id<UserMarker>>
[INFO] [stdout]    |                                                                                   ^^^^^^^^^^ not found in this scope
[INFO] [stdout]    |
[INFO] [stdout] help: consider importing this struct
[INFO] [stdout]    |
[INFO] [stdout] 2  + use twilight_model::id::marker::UserMarker;
[INFO] [stdout]    |
[INFO] [stdout] 
[INFO] [stdout] error[E0412]: cannot find type `DefaultCommandResult` in this scope
[INFO] [stdout]   --> src/../README.md:201:6
[INFO] [stdout]    |
[INFO] [stdout] 39 | ) -> DefaultCommandResult
[INFO] [stdout]    |      ^^^^^^^^^^^^^^^^^^^^ not found in this scope
[INFO] [stdout]    |
[INFO] [stdout] help: consider importing this type alias
[INFO] [stdout]    |
[INFO] [stdout] 2  + use zephyrus::prelude::DefaultCommandResult;
[INFO] [stdout]    |
[INFO] [stdout] 
[INFO] [stdout] error: aborting due to 32 previous errors
[INFO] [stdout] 
[INFO] [stdout] Some errors have detailed explanations: E0412, E0428.
[INFO] [stdout] For more information about an error, try `rustc --explain E0412`.
[INFO] [stdout] Couldn't compile the test.
[INFO] [stdout] ---- src/../README.md - (line 512) stdout ----
[INFO] [stdout] error: cannot find attribute `check` in this scope
[INFO] [stdout]  --> src/../README.md:519:3
[INFO] [stdout]   |
[INFO] [stdout] 9 | #[check]
[INFO] [stdout]   |   ^^^^^
[INFO] [stdout]   |
[INFO] [stdout] help: consider importing one of these attribute macros
[INFO] [stdout]   |
[INFO] [stdout] 2 + use zephyrus::prelude::check;
[INFO] [stdout]   |
[INFO] [stdout] 2 + use zephyrus_macros::check;
[INFO] [stdout]   |
[INFO] [stdout] 
[INFO] [stdout] error: cannot find attribute `check` in this scope
[INFO] [stdout]  --> src/../README.md:513:3
[INFO] [stdout]   |
[INFO] [stdout] 3 | #[check]
[INFO] [stdout]   |   ^^^^^
[INFO] [stdout]   |
[INFO] [stdout] help: consider importing one of these attribute macros
[INFO] [stdout]   |
[INFO] [stdout] 2 + use zephyrus::prelude::check;
[INFO] [stdout]   |
[INFO] [stdout] 2 + use zephyrus_macros::check;
[INFO] [stdout]   |
[INFO] [stdout] 
[INFO] [stdout] error[E0412]: cannot find type `SlashContext` in this scope
[INFO] [stdout]  --> src/../README.md:514:28
[INFO] [stdout]   |
[INFO] [stdout] 4 | async fn only_guilds(ctx: &SlashContext</* Some type */>) -> Result<bool, DefaultError> {
[INFO] [stdout]   |                            ^^^^^^^^^^^^ not found in this scope
[INFO] [stdout]   |
[INFO] [stdout] help: consider importing this struct
[INFO] [stdout]   |
[INFO] [stdout] 2 + use zephyrus::prelude::SlashContext;
[INFO] [stdout]   |
[INFO] [stdout] 
[INFO] [stdout] error[E0412]: cannot find type `DefaultError` in this scope
[INFO] [stdout]  --> src/../README.md:514:75
[INFO] [stdout]   |
[INFO] [stdout] 4 | async fn only_guilds(ctx: &SlashContext</* Some type */>) -> Result<bool, DefaultError> {
[INFO] [stdout]   |                                                                           ^^^^^^^^^^^^ not found in this scope
[INFO] [stdout]   |
[INFO] [stdout] help: consider importing this type alias
[INFO] [stdout]   |
[INFO] [stdout] 2 + use zephyrus::framework::DefaultError;
[INFO] [stdout]   |
[INFO] [stdout] 
[INFO] [stdout] error[E0412]: cannot find type `SlashContext` in this scope
[INFO] [stdout]   --> src/../README.md:520:29
[INFO] [stdout]    |
[INFO] [stdout] 10 | async fn other_check(_ctx: &SlashContext</* Some type */>) -> Result<bool, DefaultError> {
[INFO] [stdout]    |                             ^^^^^^^^^^^^ not found in this scope
[INFO] [stdout]    |
[INFO] [stdout] help: consider importing this struct
[INFO] [stdout]    |
[INFO] [stdout] 2  + use zephyrus::prelude::SlashContext;
[INFO] [stdout]    |
[INFO] [stdout] 
[INFO] [stdout] error[E0412]: cannot find type `DefaultError` in this scope
[INFO] [stdout]   --> src/../README.md:520:76
[INFO] [stdout]    |
[INFO] [stdout] 10 | async fn other_check(_ctx: &SlashContext</* Some type */>) -> Result<bool, DefaultError> {
[INFO] [stdout]    |                                                                            ^^^^^^^^^^^^ not found in this scope
[INFO] [stdout]    |
[INFO] [stdout] help: consider importing this type alias
[INFO] [stdout]    |
[INFO] [stdout] 2  + use zephyrus::framework::DefaultError;
[INFO] [stdout]    |
[INFO] [stdout] 
[INFO] [stdout] error: aborting due to 6 previous errors
[INFO] [stdout] 
[INFO] [stdout] For more information about this error, try `rustc --explain E0412`.
[INFO] [stdout] Couldn't compile the test.
[INFO] [stdout] ---- src/../README.md - (line 577) stdout ----
[INFO] [stdout] error: SlashContext type must be set
[INFO] [stdout]   --> src/../README.md:593:21
[INFO] [stdout]    |
[INFO] [stdout] 19 | async fn my_command(ctx: &SlashContext</* Some type */>) -> DefaultCommandResult {
[INFO] [stdout]    |                     ^^^
[INFO] [stdout] 
[INFO] [stdout] error: aborting due to 1 previous error
[INFO] [stdout] 
[INFO] [stdout] Couldn't compile the test.
[INFO] [stdout] ---- src/builder.rs - builder::FrameworkBuilder<D,T,E>::before (line 124) stdout ----
[INFO] [stdout] Test executable failed (exit status: 101).
[INFO] [stdout] 
[INFO] [stdout] stderr:
[INFO] [stdout] thread 'main' panicked at src/builder.rs:16:48:
[INFO] [stdout] called `Result::unwrap()` on an `Err` value: NotPresent
[INFO] [stdout] stack backtrace:
[INFO] [stdout]    0:     0x64c1ebcf6bca - std::backtrace_rs::backtrace::libunwind::trace::h5a5b8284f2d0c266
[INFO] [stdout]                                at /rustc/90b35a6239c3d8bdabc530a6a0816f7ff89a0aaf/library/std/src/../../backtrace/src/backtrace/libunwind.rs:116:5
[INFO] [stdout]    1:     0x64c1ebcf6bca - std::backtrace_rs::backtrace::trace_unsynchronized::h76d4f1c9b0b875e3
[INFO] [stdout]                                at /rustc/90b35a6239c3d8bdabc530a6a0816f7ff89a0aaf/library/std/src/../../backtrace/src/backtrace/mod.rs:66:5
[INFO] [stdout]    2:     0x64c1ebcf6bca - std::sys::backtrace::_print_fmt::hc4546b8364a537c6
[INFO] [stdout]                                at /rustc/90b35a6239c3d8bdabc530a6a0816f7ff89a0aaf/library/std/src/sys/backtrace.rs:66:9
[INFO] [stdout]    3:     0x64c1ebcf6bca - <std::sys::backtrace::BacktraceLock::print::DisplayBacktrace as core::fmt::Display>::fmt::h5b6bd5631a6d1f6b
[INFO] [stdout]                                at /rustc/90b35a6239c3d8bdabc530a6a0816f7ff89a0aaf/library/std/src/sys/backtrace.rs:39:26
[INFO] [stdout]    4:     0x64c1ebd14fb3 - core::fmt::rt::Argument::fmt::h270f6602a2b96f62
[INFO] [stdout]                                at /rustc/90b35a6239c3d8bdabc530a6a0816f7ff89a0aaf/library/core/src/fmt/rt.rs:177:76
[INFO] [stdout]    5:     0x64c1ebd14fb3 - core::fmt::write::h7550c97b06c86515
[INFO] [stdout]                                at /rustc/90b35a6239c3d8bdabc530a6a0816f7ff89a0aaf/library/core/src/fmt/mod.rs:1186:21
[INFO] [stdout]    6:     0x64c1ebcf3fd3 - std::io::Write::write_fmt::h7b09c64fe0be9c84
[INFO] [stdout]                                at /rustc/90b35a6239c3d8bdabc530a6a0816f7ff89a0aaf/library/std/src/io/mod.rs:1839:15
[INFO] [stdout]    7:     0x64c1ebcf6a12 - std::sys::backtrace::BacktraceLock::print::h2395ccd2c84ba3aa
[INFO] [stdout]                                at /rustc/90b35a6239c3d8bdabc530a6a0816f7ff89a0aaf/library/std/src/sys/backtrace.rs:42:9
[INFO] [stdout]    8:     0x64c1ebcf7afc - std::panicking::default_hook::{{closure}}::he19d4c7230e07961
[INFO] [stdout]                                at /rustc/90b35a6239c3d8bdabc530a6a0816f7ff89a0aaf/library/std/src/panicking.rs:268:22
[INFO] [stdout]    9:     0x64c1ebcf7942 - std::panicking::default_hook::hf614597d3c67bbdb
[INFO] [stdout]                                at /rustc/90b35a6239c3d8bdabc530a6a0816f7ff89a0aaf/library/std/src/panicking.rs:295:9
[INFO] [stdout]   10:     0x64c1ebcf80d7 - std::panicking::rust_panic_with_hook::h8942133a8b252070
[INFO] [stdout]                                at /rustc/90b35a6239c3d8bdabc530a6a0816f7ff89a0aaf/library/std/src/panicking.rs:801:13
[INFO] [stdout]   11:     0x64c1ebcf7f6a - std::panicking::begin_panic_handler::{{closure}}::hb5f5963570096b29
[INFO] [stdout]                                at /rustc/90b35a6239c3d8bdabc530a6a0816f7ff89a0aaf/library/std/src/panicking.rs:674:13
[INFO] [stdout]   12:     0x64c1ebcf70a9 - std::sys::backtrace::__rust_end_short_backtrace::h6208cedc1922feda
[INFO] [stdout]                                at /rustc/90b35a6239c3d8bdabc530a6a0816f7ff89a0aaf/library/std/src/sys/backtrace.rs:170:18
[INFO] [stdout]   13:     0x64c1ebcf7bfc - rust_begin_unwind
[INFO] [stdout]                                at /rustc/90b35a6239c3d8bdabc530a6a0816f7ff89a0aaf/library/std/src/panicking.rs:665:5
[INFO] [stdout]   14:     0x64c1ebafc4a0 - core::panicking::panic_fmt::h0c3082644d1bf418
[INFO] [stdout]                                at /rustc/90b35a6239c3d8bdabc530a6a0816f7ff89a0aaf/library/core/src/panicking.rs:74:14
[INFO] [stdout]   15:     0x64c1ebafc946 - core::result::unwrap_failed::hd20b4aa073bda1e2
[INFO] [stdout]                                at /rustc/90b35a6239c3d8bdabc530a6a0816f7ff89a0aaf/library/core/src/result.rs:1700:5
[INFO] [stdout]   16:     0x64c1ebb07b93 - rust_out::main::{{closure}}::h23e0a6cdca3b38c2
[INFO] [stdout]   17:     0x64c1ebb00975 - tokio::runtime::park::CachedParkThread::block_on::{{closure}}::h8c4d73074f8ccb3d
[INFO] [stdout]   18:     0x64c1ebaffccc - tokio::runtime::park::CachedParkThread::block_on::h8e1c04d64cb90cb3
[INFO] [stdout]   19:     0x64c1ebb01f05 - tokio::runtime::context::blocking::BlockingRegionGuard::block_on::hdc43877f8040b91c
[INFO] [stdout]   20:     0x64c1ebb02456 - tokio::runtime::scheduler::multi_thread::MultiThread::block_on::{{closure}}::ha56acef5b961fbb2
[INFO] [stdout]   21:     0x64c1ebb01277 - tokio::runtime::context::runtime::enter_runtime::hb26d1e8e025b5453
[INFO] [stdout]   22:     0x64c1ebb023b8 - tokio::runtime::scheduler::multi_thread::MultiThread::block_on::h7296fda667f6a7a6
[INFO] [stdout]   23:     0x64c1ebb02109 - tokio::runtime::runtime::Runtime::block_on_inner::h8d6e8f946cbe3a3c
[INFO] [stdout]   24:     0x64c1ebb022cc - tokio::runtime::runtime::Runtime::block_on::h3357f3d3f6da3d73
[INFO] [stdout]   25:     0x64c1ebb079fc - rust_out::main::h86d391cc11b8a827
[INFO] [stdout]   26:     0x64c1ebafe003 - core::ops::function::FnOnce::call_once::hd1e0b33d350e8c2e
[INFO] [stdout]   27:     0x64c1ebafd0d6 - std::sys::backtrace::__rust_begin_short_backtrace::hb7c4fd168269da08
[INFO] [stdout]   28:     0x64c1ebafd0b9 - std::rt::lang_start::{{closure}}::h7630186e3858a44d
[INFO] [stdout]   29:     0x64c1ebcef1de - core::ops::function::impls::<impl core::ops::function::FnOnce<A> for &F>::call_once::hfdb85f4ee94732d3
[INFO] [stdout]                                at /rustc/90b35a6239c3d8bdabc530a6a0816f7ff89a0aaf/library/core/src/ops/function.rs:284:13
[INFO] [stdout]   30:     0x64c1ebcef1de - std::panicking::try::do_call::h6e577310f330cbef
[INFO] [stdout]                                at /rustc/90b35a6239c3d8bdabc530a6a0816f7ff89a0aaf/library/std/src/panicking.rs:557:40
[INFO] [stdout]   31:     0x64c1ebcef1de - std::panicking::try::ha588d438267d2645
[INFO] [stdout]                                at /rustc/90b35a6239c3d8bdabc530a6a0816f7ff89a0aaf/library/std/src/panicking.rs:520:19
[INFO] [stdout]   32:     0x64c1ebcef1de - std::panic::catch_unwind::h429fda1e025f26d9
[INFO] [stdout]                                at /rustc/90b35a6239c3d8bdabc530a6a0816f7ff89a0aaf/library/std/src/panic.rs:358:14
[INFO] [stdout]   33:     0x64c1ebcef1de - std::rt::lang_start_internal::{{closure}}::h7b731265e841c4bf
[INFO] [stdout]                                at /rustc/90b35a6239c3d8bdabc530a6a0816f7ff89a0aaf/library/std/src/rt.rs:174:48
[INFO] [stdout]   34:     0x64c1ebcef1de - std::panicking::try::do_call::hc0f6a675b7ae5a36
[INFO] [stdout]                                at /rustc/90b35a6239c3d8bdabc530a6a0816f7ff89a0aaf/library/std/src/panicking.rs:557:40
[INFO] [stdout]   35:     0x64c1ebcef1de - std::panicking::try::h4c93b7ff0671f1ff
[INFO] [stdout]                                at /rustc/90b35a6239c3d8bdabc530a6a0816f7ff89a0aaf/library/std/src/panicking.rs:520:19
[INFO] [stdout]   36:     0x64c1ebcef1de - std::panic::catch_unwind::hcc1e154961d16ce6
[INFO] [stdout]                                at /rustc/90b35a6239c3d8bdabc530a6a0816f7ff89a0aaf/library/std/src/panic.rs:358:14
[INFO] [stdout]   37:     0x64c1ebcef1de - std::rt::lang_start_internal::h1c66660c99c8424c
[INFO] [stdout]                                at /rustc/90b35a6239c3d8bdabc530a6a0816f7ff89a0aaf/library/std/src/rt.rs:174:20
[INFO] [stdout]   38:     0x64c1ebafd097 - std::rt::lang_start::hcdb31f4834f76b8c
[INFO] [stdout]   39:     0x64c1ebb08005 - main
[INFO] [stdout]   40:     0x7a2080411d90 - <unknown>
[INFO] [stdout]   41:     0x7a2080411e40 - __libc_start_main
[INFO] [stdout]   42:     0x64c1ebafcec5 - _start
[INFO] [stdout]   43:                0x0 - <unknown>
[INFO] [stdout] 
[INFO] [stdout] 
[INFO] [stdout] ---- src/builder.rs - builder::FrameworkBuilder<D,T,E>::after (line 155) stdout ----
[INFO] [stdout] Test executable failed (exit status: 101).
[INFO] [stdout] 
[INFO] [stdout] stderr:
[INFO] [stdout] thread 'main' panicked at src/builder.rs:15:48:
[INFO] [stdout] called `Result::unwrap()` on an `Err` value: NotPresent
[INFO] [stdout] stack backtrace:
[INFO] [stdout]    0:     0x5e93c775fc8a - std::backtrace_rs::backtrace::libunwind::trace::h5a5b8284f2d0c266
[INFO] [stdout]                                at /rustc/90b35a6239c3d8bdabc530a6a0816f7ff89a0aaf/library/std/src/../../backtrace/src/backtrace/libunwind.rs:116:5
[INFO] [stdout]    1:     0x5e93c775fc8a - std::backtrace_rs::backtrace::trace_unsynchronized::h76d4f1c9b0b875e3
[INFO] [stdout]                                at /rustc/90b35a6239c3d8bdabc530a6a0816f7ff89a0aaf/library/std/src/../../backtrace/src/backtrace/mod.rs:66:5
[INFO] [stdout]    2:     0x5e93c775fc8a - std::sys::backtrace::_print_fmt::hc4546b8364a537c6
[INFO] [stdout]                                at /rustc/90b35a6239c3d8bdabc530a6a0816f7ff89a0aaf/library/std/src/sys/backtrace.rs:66:9
[INFO] [stdout]    3:     0x5e93c775fc8a - <std::sys::backtrace::BacktraceLock::print::DisplayBacktrace as core::fmt::Display>::fmt::h5b6bd5631a6d1f6b
[INFO] [stdout]                                at /rustc/90b35a6239c3d8bdabc530a6a0816f7ff89a0aaf/library/std/src/sys/backtrace.rs:39:26
[INFO] [stdout]    4:     0x5e93c777e073 - core::fmt::rt::Argument::fmt::h270f6602a2b96f62
[INFO] [stdout]                                at /rustc/90b35a6239c3d8bdabc530a6a0816f7ff89a0aaf/library/core/src/fmt/rt.rs:177:76
[INFO] [stdout]    5:     0x5e93c777e073 - core::fmt::write::h7550c97b06c86515
[INFO] [stdout]                                at /rustc/90b35a6239c3d8bdabc530a6a0816f7ff89a0aaf/library/core/src/fmt/mod.rs:1186:21
[INFO] [stdout]    6:     0x5e93c775d093 - std::io::Write::write_fmt::h7b09c64fe0be9c84
[INFO] [stdout]                                at /rustc/90b35a6239c3d8bdabc530a6a0816f7ff89a0aaf/library/std/src/io/mod.rs:1839:15
[INFO] [stdout]    7:     0x5e93c775fad2 - std::sys::backtrace::BacktraceLock::print::h2395ccd2c84ba3aa
[INFO] [stdout]                                at /rustc/90b35a6239c3d8bdabc530a6a0816f7ff89a0aaf/library/std/src/sys/backtrace.rs:42:9
[INFO] [stdout]    8:     0x5e93c7760bbc - std::panicking::default_hook::{{closure}}::he19d4c7230e07961
[INFO] [stdout]                                at /rustc/90b35a6239c3d8bdabc530a6a0816f7ff89a0aaf/library/std/src/panicking.rs:268:22
[INFO] [stdout]    9:     0x5e93c7760a02 - std::panicking::default_hook::hf614597d3c67bbdb
[INFO] [stdout]                                at /rustc/90b35a6239c3d8bdabc530a6a0816f7ff89a0aaf/library/std/src/panicking.rs:295:9
[INFO] [stdout]   10:     0x5e93c7761197 - std::panicking::rust_panic_with_hook::h8942133a8b252070
[INFO] [stdout]                                at /rustc/90b35a6239c3d8bdabc530a6a0816f7ff89a0aaf/library/std/src/panicking.rs:801:13
[INFO] [stdout]   11:     0x5e93c776102a - std::panicking::begin_panic_handler::{{closure}}::hb5f5963570096b29
[INFO] [stdout]                                at /rustc/90b35a6239c3d8bdabc530a6a0816f7ff89a0aaf/library/std/src/panicking.rs:674:13
[INFO] [stdout]   12:     0x5e93c7760169 - std::sys::backtrace::__rust_end_short_backtrace::h6208cedc1922feda
[INFO] [stdout]                                at /rustc/90b35a6239c3d8bdabc530a6a0816f7ff89a0aaf/library/std/src/sys/backtrace.rs:170:18
[INFO] [stdout]   13:     0x5e93c7760cbc - rust_begin_unwind
[INFO] [stdout]                                at /rustc/90b35a6239c3d8bdabc530a6a0816f7ff89a0aaf/library/std/src/panicking.rs:665:5
[INFO] [stdout]   14:     0x5e93c75654a0 - core::panicking::panic_fmt::h0c3082644d1bf418
[INFO] [stdout]                                at /rustc/90b35a6239c3d8bdabc530a6a0816f7ff89a0aaf/library/core/src/panicking.rs:74:14
[INFO] [stdout]   15:     0x5e93c7565946 - core::result::unwrap_failed::hd20b4aa073bda1e2
[INFO] [stdout]                                at /rustc/90b35a6239c3d8bdabc530a6a0816f7ff89a0aaf/library/core/src/result.rs:1700:5
[INFO] [stdout]   16:     0x5e93c7570c43 - rust_out::main::{{closure}}::h23e0a6cdca3b38c2
[INFO] [stdout]   17:     0x5e93c75699c5 - tokio::runtime::park::CachedParkThread::block_on::{{closure}}::h8c4d73074f8ccb3d
[INFO] [stdout]   18:     0x5e93c7568d1c - tokio::runtime::park::CachedParkThread::block_on::h8e1c04d64cb90cb3
[INFO] [stdout]   19:     0x5e93c756af55 - tokio::runtime::context::blocking::BlockingRegionGuard::block_on::hdc43877f8040b91c
[INFO] [stdout]   20:     0x5e93c756b4a6 - tokio::runtime::scheduler::multi_thread::MultiThread::block_on::{{closure}}::ha56acef5b961fbb2
[INFO] [stdout]   21:     0x5e93c756a2c7 - tokio::runtime::context::runtime::enter_runtime::hb26d1e8e025b5453
[INFO] [stdout]   22:     0x5e93c756b408 - tokio::runtime::scheduler::multi_thread::MultiThread::block_on::h7296fda667f6a7a6
[INFO] [stdout]   23:     0x5e93c756b159 - tokio::runtime::runtime::Runtime::block_on_inner::h8d6e8f946cbe3a3c
[INFO] [stdout]   24:     0x5e93c756b31c - tokio::runtime::runtime::Runtime::block_on::h3357f3d3f6da3d73
[INFO] [stdout]   25:     0x5e93c7570aac - rust_out::main::h86d391cc11b8a827
[INFO] [stdout]   26:     0x5e93c7567003 - core::ops::function::FnOnce::call_once::hd1e0b33d350e8c2e
[INFO] [stdout]   27:     0x5e93c75660d6 - std::sys::backtrace::__rust_begin_short_backtrace::hb7c4fd168269da08
[INFO] [stdout]   28:     0x5e93c75660b9 - std::rt::lang_start::{{closure}}::h7630186e3858a44d
[INFO] [stdout]   29:     0x5e93c775829e - core::ops::function::impls::<impl core::ops::function::FnOnce<A> for &F>::call_once::hfdb85f4ee94732d3
[INFO] [stdout]                                at /rustc/90b35a6239c3d8bdabc530a6a0816f7ff89a0aaf/library/core/src/ops/function.rs:284:13
[INFO] [stdout]   30:     0x5e93c775829e - std::panicking::try::do_call::h6e577310f330cbef
[INFO] [stdout]                                at /rustc/90b35a6239c3d8bdabc530a6a0816f7ff89a0aaf/library/std/src/panicking.rs:557:40
[INFO] [stdout]   31:     0x5e93c775829e - std::panicking::try::ha588d438267d2645
[INFO] [stdout]                                at /rustc/90b35a6239c3d8bdabc530a6a0816f7ff89a0aaf/library/std/src/panicking.rs:520:19
[INFO] [stdout]   32:     0x5e93c775829e - std::panic::catch_unwind::h429fda1e025f26d9
[INFO] [stdout]                                at /rustc/90b35a6239c3d8bdabc530a6a0816f7ff89a0aaf/library/std/src/panic.rs:358:14
[INFO] [stdout]   33:     0x5e93c775829e - std::rt::lang_start_internal::{{closure}}::h7b731265e841c4bf
[INFO] [stdout]                                at /rustc/90b35a6239c3d8bdabc530a6a0816f7ff89a0aaf/library/std/src/rt.rs:174:48
[INFO] [stdout]   34:     0x5e93c775829e - std::panicking::try::do_call::hc0f6a675b7ae5a36
[INFO] [stdout]                                at /rustc/90b35a6239c3d8bdabc530a6a0816f7ff89a0aaf/library/std/src/panicking.rs:557:40
[INFO] [stdout]   35:     0x5e93c775829e - std::panicking::try::h4c93b7ff0671f1ff
[INFO] [stdout]                                at /rustc/90b35a6239c3d8bdabc530a6a0816f7ff89a0aaf/library/std/src/panicking.rs:520:19
[INFO] [stdout]   36:     0x5e93c775829e - std::panic::catch_unwind::hcc1e154961d16ce6
[INFO] [stdout]                                at /rustc/90b35a6239c3d8bdabc530a6a0816f7ff89a0aaf/library/std/src/panic.rs:358:14
[INFO] [stdout]   37:     0x5e93c775829e - std::rt::lang_start_internal::h1c66660c99c8424c
[INFO] [stdout]                                at /rustc/90b35a6239c3d8bdabc530a6a0816f7ff89a0aaf/library/std/src/rt.rs:174:20
[INFO] [stdout]   38:     0x5e93c7566097 - std::rt::lang_start::hcdb31f4834f76b8c
[INFO] [stdout]   39:     0x5e93c75710b5 - main
[INFO] [stdout]   40:     0x7c8932e17d90 - <unknown>
[INFO] [stdout]   41:     0x7c8932e17e40 - __libc_start_main
[INFO] [stdout]   42:     0x5e93c7565ec5 - _start
[INFO] [stdout]   43:                0x0 - <unknown>
[INFO] [stdout] 
[INFO] [stdout] 
[INFO] [stdout] ---- src/builder.rs - builder::FrameworkBuilder<D,T,E>::command (line 185) stdout ----
[INFO] [stdout] Test executable failed (exit status: 101).
[INFO] [stdout] 
[INFO] [stdout] stderr:
[INFO] [stdout] thread 'main' panicked at src/builder.rs:37:48:
[INFO] [stdout] called `Result::unwrap()` on an `Err` value: NotPresent
[INFO] [stdout] stack backtrace:
[INFO] [stdout]    0:     0x584c897938ba - std::backtrace_rs::backtrace::libunwind::trace::h5a5b8284f2d0c266
[INFO] [stdout]                                at /rustc/90b35a6239c3d8bdabc530a6a0816f7ff89a0aaf/library/std/src/../../backtrace/src/backtrace/libunwind.rs:116:5
[INFO] [stdout]    1:     0x584c897938ba - std::backtrace_rs::backtrace::trace_unsynchronized::h76d4f1c9b0b875e3
[INFO] [stdout]                                at /rustc/90b35a6239c3d8bdabc530a6a0816f7ff89a0aaf/library/std/src/../../backtrace/src/backtrace/mod.rs:66:5
[INFO] [stdout]    2:     0x584c897938ba - std::sys::backtrace::_print_fmt::hc4546b8364a537c6
[INFO] [stdout]                                at /rustc/90b35a6239c3d8bdabc530a6a0816f7ff89a0aaf/library/std/src/sys/backtrace.rs:66:9
[INFO] [stdout]    3:     0x584c897938ba - <std::sys::backtrace::BacktraceLock::print::DisplayBacktrace as core::fmt::Display>::fmt::h5b6bd5631a6d1f6b
[INFO] [stdout]                                at /rustc/90b35a6239c3d8bdabc530a6a0816f7ff89a0aaf/library/std/src/sys/backtrace.rs:39:26
[INFO] [stdout]    4:     0x584c897b9383 - core::fmt::rt::Argument::fmt::h270f6602a2b96f62
[INFO] [stdout]                                at /rustc/90b35a6239c3d8bdabc530a6a0816f7ff89a0aaf/library/core/src/fmt/rt.rs:177:76
[INFO] [stdout]    5:     0x584c897b9383 - core::fmt::write::h7550c97b06c86515
[INFO] [stdout]                                at /rustc/90b35a6239c3d8bdabc530a6a0816f7ff89a0aaf/library/core/src/fmt/mod.rs:1186:21
[INFO] [stdout]    6:     0x584c89790633 - std::io::Write::write_fmt::h7b09c64fe0be9c84
[INFO] [stdout]                                at /rustc/90b35a6239c3d8bdabc530a6a0816f7ff89a0aaf/library/std/src/io/mod.rs:1839:15
[INFO] [stdout]    7:     0x584c89793702 - std::sys::backtrace::BacktraceLock::print::h2395ccd2c84ba3aa
[INFO] [stdout]                                at /rustc/90b35a6239c3d8bdabc530a6a0816f7ff89a0aaf/library/std/src/sys/backtrace.rs:42:9
[INFO] [stdout]    8:     0x584c897947ec - std::panicking::default_hook::{{closure}}::he19d4c7230e07961
[INFO] [stdout]                                at /rustc/90b35a6239c3d8bdabc530a6a0816f7ff89a0aaf/library/std/src/panicking.rs:268:22
[INFO] [stdout]    9:     0x584c89794632 - std::panicking::default_hook::hf614597d3c67bbdb
[INFO] [stdout]                                at /rustc/90b35a6239c3d8bdabc530a6a0816f7ff89a0aaf/library/std/src/panicking.rs:295:9
[INFO] [stdout]   10:     0x584c89794dc7 - std::panicking::rust_panic_with_hook::h8942133a8b252070
[INFO] [stdout]                                at /rustc/90b35a6239c3d8bdabc530a6a0816f7ff89a0aaf/library/std/src/panicking.rs:801:13
[INFO] [stdout]   11:     0x584c89794c5a - std::panicking::begin_panic_handler::{{closure}}::hb5f5963570096b29
[INFO] [stdout]                                at /rustc/90b35a6239c3d8bdabc530a6a0816f7ff89a0aaf/library/std/src/panicking.rs:674:13
[INFO] [stdout]   12:     0x584c89793d99 - std::sys::backtrace::__rust_end_short_backtrace::h6208cedc1922feda
[INFO] [stdout]                                at /rustc/90b35a6239c3d8bdabc530a6a0816f7ff89a0aaf/library/std/src/sys/backtrace.rs:170:18
[INFO] [stdout]   13:     0x584c897948ec - rust_begin_unwind
[INFO] [stdout]                                at /rustc/90b35a6239c3d8bdabc530a6a0816f7ff89a0aaf/library/std/src/panicking.rs:665:5
[INFO] [stdout]   14:     0x584c891e5a80 - core::panicking::panic_fmt::h0c3082644d1bf418
[INFO] [stdout]                                at /rustc/90b35a6239c3d8bdabc530a6a0816f7ff89a0aaf/library/core/src/panicking.rs:74:14
[INFO] [stdout]   15:     0x584c891e5f66 - core::result::unwrap_failed::hd20b4aa073bda1e2
[INFO] [stdout]                                at /rustc/90b35a6239c3d8bdabc530a6a0816f7ff89a0aaf/library/core/src/result.rs:1700:5
[INFO] [stdout]   16:     0x584c8921dbc3 - rust_out::main::{{closure}}::h23e0a6cdca3b38c2
[INFO] [stdout]   17:     0x584c89209855 - tokio::runtime::park::CachedParkThread::block_on::{{closure}}::h8c4d73074f8ccb3d
[INFO] [stdout]   18:     0x584c89208bac - tokio::runtime::park::CachedParkThread::block_on::h8e1c04d64cb90cb3
[INFO] [stdout]   19:     0x584c8920ae15 - tokio::runtime::context::blocking::BlockingRegionGuard::block_on::hdc43877f8040b91c
[INFO] [stdout]   20:     0x584c8920b366 - tokio::runtime::scheduler::multi_thread::MultiThread::block_on::{{closure}}::ha56acef5b961fbb2
[INFO] [stdout]   21:     0x584c8920a187 - tokio::runtime::context::runtime::enter_runtime::hb26d1e8e025b5453
[INFO] [stdout]   22:     0x584c8920b2c8 - tokio::runtime::scheduler::multi_thread::MultiThread::block_on::h7296fda667f6a7a6
[INFO] [stdout]   23:     0x584c8920b019 - tokio::runtime::runtime::Runtime::block_on_inner::h8d6e8f946cbe3a3c
[INFO] [stdout]   24:     0x584c8920b1dc - tokio::runtime::runtime::Runtime::block_on::h3357f3d3f6da3d73
[INFO] [stdout]   25:     0x584c8921da3c - rust_out::main::h86d391cc11b8a827
[INFO] [stdout]   26:     0x584c891fd1c3 - core::ops::function::FnOnce::call_once::hd1e0b33d350e8c2e
[INFO] [stdout]   27:     0x584c891fb346 - std::sys::backtrace::__rust_begin_short_backtrace::hb7c4fd168269da08
[INFO] [stdout]   28:     0x584c891fb149 - std::rt::lang_start::{{closure}}::h7630186e3858a44d
[INFO] [stdout]   29:     0x584c8978bbbe - core::ops::function::impls::<impl core::ops::function::FnOnce<A> for &F>::call_once::hfdb85f4ee94732d3
[INFO] [stdout]                                at /rustc/90b35a6239c3d8bdabc530a6a0816f7ff89a0aaf/library/core/src/ops/function.rs:284:13
[INFO] [stdout]   30:     0x584c8978bbbe - std::panicking::try::do_call::h6e577310f330cbef
[INFO] [stdout]                                at /rustc/90b35a6239c3d8bdabc530a6a0816f7ff89a0aaf/library/std/src/panicking.rs:557:40
[INFO] [stdout]   31:     0x584c8978bbbe - std::panicking::try::ha588d438267d2645
[INFO] [stdout]                                at /rustc/90b35a6239c3d8bdabc530a6a0816f7ff89a0aaf/library/std/src/panicking.rs:520:19
[INFO] [stdout]   32:     0x584c8978bbbe - std::panic::catch_unwind::h429fda1e025f26d9
[INFO] [stdout]                                at /rustc/90b35a6239c3d8bdabc530a6a0816f7ff89a0aaf/library/std/src/panic.rs:358:14
[INFO] [stdout]   33:     0x584c8978bbbe - std::rt::lang_start_internal::{{closure}}::h7b731265e841c4bf
[INFO] [stdout]                                at /rustc/90b35a6239c3d8bdabc530a6a0816f7ff89a0aaf/library/std/src/rt.rs:174:48
[INFO] [stdout]   34:     0x584c8978bbbe - std::panicking::try::do_call::hc0f6a675b7ae5a36
[INFO] [stdout]                                at /rustc/90b35a6239c3d8bdabc530a6a0816f7ff89a0aaf/library/std/src/panicking.rs:557:40
[INFO] [stdout]   35:     0x584c8978bbbe - std::panicking::try::h4c93b7ff0671f1ff
[INFO] [stdout]                                at /rustc/90b35a6239c3d8bdabc530a6a0816f7ff89a0aaf/library/std/src/panicking.rs:520:19
[INFO] [stdout]   36:     0x584c8978bbbe - std::panic::catch_unwind::hcc1e154961d16ce6
[INFO] [stdout]                                at /rustc/90b35a6239c3d8bdabc530a6a0816f7ff89a0aaf/library/std/src/panic.rs:358:14
[INFO] [stdout]   37:     0x584c8978bbbe - std::rt::lang_start_internal::h1c66660c99c8424c
[INFO] [stdout]                                at /rustc/90b35a6239c3d8bdabc530a6a0816f7ff89a0aaf/library/std/src/rt.rs:174:20
[INFO] [stdout]   38:     0x584c891fb127 - std::rt::lang_start::hcdb31f4834f76b8c
[INFO] [stdout]   39:     0x584c8921e035 - main
[INFO] [stdout]   40:     0x79dc109b0d90 - <unknown>
[INFO] [stdout]   41:     0x79dc109b0e40 - __libc_start_main
[INFO] [stdout]   42:     0x584c891e6565 - _start
[INFO] [stdout]   43:                0x0 - <unknown>
[INFO] [stdout] 
[INFO] [stdout] 
[INFO] [stdout] 
[INFO] [stdout] failures:
[INFO] [stdout]     src/../README.md - (line 109)
[INFO] [stdout]     src/../README.md - (line 125)
[INFO] [stdout]     src/../README.md - (line 139)
[INFO] [stdout]     src/../README.md - (line 164)
[INFO] [stdout]     src/../README.md - (line 214)
[INFO] [stdout]     src/../README.md - (line 257)
[INFO] [stdout]     src/../README.md - (line 26)
[INFO] [stdout]     src/../README.md - (line 305)
[INFO] [stdout]     src/../README.md - (line 332)
[INFO] [stdout]     src/../README.md - (line 348)
[INFO] [stdout]     src/../README.md - (line 367)
[INFO] [stdout]     src/../README.md - (line 385)
[INFO] [stdout]     src/../README.md - (line 400)
[INFO] [stdout]     src/../README.md - (line 420)
[INFO] [stdout]     src/../README.md - (line 448)
[INFO] [stdout]     src/../README.md - (line 462)
[INFO] [stdout]     src/../README.md - (line 477)
[INFO] [stdout]     src/../README.md - (line 512)
[INFO] [stdout]     src/../README.md - (line 527)
[INFO] [stdout]     src/../README.md - (line 544)
[INFO] [stdout]     src/../README.md - (line 556)
[INFO] [stdout]     src/../README.md - (line 561)
[INFO] [stdout]     src/../README.md - (line 566)
[INFO] [stdout]     src/../README.md - (line 577)
[INFO] [stdout]     src/../README.md - (line 617)
[INFO] [stdout]     src/builder.rs - builder::FrameworkBuilder<D,T,E>::after (line 155)
[INFO] [stdout]     src/builder.rs - builder::FrameworkBuilder<D,T,E>::before (line 124)
[INFO] [stdout]     src/builder.rs - builder::FrameworkBuilder<D,T,E>::command (line 185)
[INFO] [stdout] 
[INFO] [stdout] test result: FAILED. 4 passed; 28 failed; 0 ignored; 0 measured; 0 filtered out; finished in 4.75s
[INFO] [stdout] 
[INFO] [stderr] error: doctest failed, to rerun pass `--doc`
[INFO] running `Command { std: "docker" "inspect" "61ac7f9c15b68d2b14385ce6fb23308c29a1da240d70b7783109a8c937b51ed2", kill_on_drop: false }`
[INFO] running `Command { std: "docker" "rm" "-f" "61ac7f9c15b68d2b14385ce6fb23308c29a1da240d70b7783109a8c937b51ed2", kill_on_drop: false }`
[INFO] [stdout] 61ac7f9c15b68d2b14385ce6fb23308c29a1da240d70b7783109a8c937b51ed2
