[INFO] fetching crate zenity-dialog 0.3.6...
[INFO] testing zenity-dialog-0.3.6 against 1.83.0 for beta-1.84.0-4-retry
[INFO] extracting crate zenity-dialog 0.3.6 into /workspace/builds/worker-6-tc1/source
[INFO] validating manifest of crates.io crate zenity-dialog 0.3.6 on toolchain 1.83.0
[INFO] running `Command { std: CARGO_HOME="/workspace/cargo-home" RUSTUP_HOME="/workspace/rustup-home" "/workspace/cargo-home/bin/cargo" "+1.83.0" "metadata" "--manifest-path" "Cargo.toml" "--no-deps", kill_on_drop: false }`
[INFO] started tweaking crates.io crate zenity-dialog 0.3.6
[INFO] finished tweaking crates.io crate zenity-dialog 0.3.6
[INFO] tweaked toml for crates.io crate zenity-dialog 0.3.6 written to /workspace/builds/worker-6-tc1/source/Cargo.toml
[INFO] crate crates.io crate zenity-dialog 0.3.6 already has a lockfile, it will not be regenerated
[INFO] running `Command { std: CARGO_HOME="/workspace/cargo-home" RUSTUP_HOME="/workspace/rustup-home" "/workspace/cargo-home/bin/cargo" "+1.83.0" "fetch" "--manifest-path" "Cargo.toml", kill_on_drop: false }`
[INFO] [stderr] warning: no edition set: defaulting to the 2015 edition while the latest is 2021
[INFO] running `Command { std: "docker" "create" "-v" "/var/lib/crater-agent-workspace/builds/worker-6-tc1/target:/opt/rustwide/target:rw,Z" "-v" "/var/lib/crater-agent-workspace/builds/worker-6-tc1/source:/opt/rustwide/workdir:ro,Z" "-v" "/var/lib/crater-agent-workspace/cargo-home:/opt/rustwide/cargo-home:ro,Z" "-v" "/var/lib/crater-agent-workspace/rustup-home:/opt/rustwide/rustup-home:ro,Z" "-e" "SOURCE_DIR=/opt/rustwide/workdir" "-e" "CARGO_TARGET_DIR=/opt/rustwide/target" "-e" "CARGO_HOME=/opt/rustwide/cargo-home" "-e" "RUSTUP_HOME=/opt/rustwide/rustup-home" "-w" "/opt/rustwide/workdir" "-m" "1610612736" "--user" "0:0" "--network" "none" "ghcr.io/rust-lang/crates-build-env/linux@sha256:f3a9d4ad9d972b27faf3965f35b62e55ba32bbce8f20bc8fe909558a86702fde" "/opt/rustwide/cargo-home/bin/cargo" "+1.83.0" "metadata" "--no-deps" "--format-version=1", kill_on_drop: false }`
[INFO] [stdout] 1cbcc014916f3c61956445680fa5eb5aa672a5fccb31557b89acc8e3fdde2c4a
[INFO] running `Command { std: "docker" "start" "-a" "1cbcc014916f3c61956445680fa5eb5aa672a5fccb31557b89acc8e3fdde2c4a", kill_on_drop: false }`
[INFO] running `Command { std: "docker" "inspect" "1cbcc014916f3c61956445680fa5eb5aa672a5fccb31557b89acc8e3fdde2c4a", kill_on_drop: false }`
[INFO] running `Command { std: "docker" "rm" "-f" "1cbcc014916f3c61956445680fa5eb5aa672a5fccb31557b89acc8e3fdde2c4a", kill_on_drop: false }`
[INFO] [stdout] 1cbcc014916f3c61956445680fa5eb5aa672a5fccb31557b89acc8e3fdde2c4a
[INFO] running `Command { std: "docker" "create" "-v" "/var/lib/crater-agent-workspace/builds/worker-6-tc1/target:/opt/rustwide/target:rw,Z" "-v" "/var/lib/crater-agent-workspace/builds/worker-6-tc1/source:/opt/rustwide/workdir:ro,Z" "-v" "/var/lib/crater-agent-workspace/cargo-home:/opt/rustwide/cargo-home:ro,Z" "-v" "/var/lib/crater-agent-workspace/rustup-home:/opt/rustwide/rustup-home:ro,Z" "-e" "SOURCE_DIR=/opt/rustwide/workdir" "-e" "CARGO_TARGET_DIR=/opt/rustwide/target" "-e" "CARGO_INCREMENTAL=0" "-e" "RUST_BACKTRACE=full" "-e" "RUSTFLAGS=--cap-lints=warn" "-e" "RUSTDOCFLAGS=--cap-lints=warn" "-e" "CARGO_HOME=/opt/rustwide/cargo-home" "-e" "RUSTUP_HOME=/opt/rustwide/rustup-home" "-w" "/opt/rustwide/workdir" "-m" "1610612736" "--user" "0:0" "--network" "none" "ghcr.io/rust-lang/crates-build-env/linux@sha256:f3a9d4ad9d972b27faf3965f35b62e55ba32bbce8f20bc8fe909558a86702fde" "/opt/rustwide/cargo-home/bin/cargo" "+1.83.0" "build" "--frozen" "--message-format=json", kill_on_drop: false }`
[INFO] [stdout] f04475634e9986982f9bbe8401b2435f78a544cf9b3609510ed71ec73bb47704
[INFO] running `Command { std: "docker" "start" "-a" "f04475634e9986982f9bbe8401b2435f78a544cf9b3609510ed71ec73bb47704", kill_on_drop: false }`
[INFO] [stderr] warning: no edition set: defaulting to the 2015 edition while the latest is 2021
[INFO] [stderr]    Compiling proc-macro2 v1.0.84
[INFO] [stderr]    Compiling unicode-ident v1.0.12
[INFO] [stderr]    Compiling anyhow v1.0.86
[INFO] [stderr]    Compiling thiserror v1.0.61
[INFO] [stderr]    Compiling quote v1.0.36
[INFO] [stderr]    Compiling syn v2.0.66
[INFO] [stderr]    Compiling thiserror-impl v1.0.61
[INFO] [stderr]    Compiling zenity-dialog v0.3.6 (/opt/rustwide/workdir)
[INFO] [stderr]     Finished `dev` profile [unoptimized + debuginfo] target(s) in 6.37s
[INFO] running `Command { std: "docker" "inspect" "f04475634e9986982f9bbe8401b2435f78a544cf9b3609510ed71ec73bb47704", kill_on_drop: false }`
[INFO] running `Command { std: "docker" "rm" "-f" "f04475634e9986982f9bbe8401b2435f78a544cf9b3609510ed71ec73bb47704", kill_on_drop: false }`
[INFO] [stdout] f04475634e9986982f9bbe8401b2435f78a544cf9b3609510ed71ec73bb47704
[INFO] running `Command { std: "docker" "create" "-v" "/var/lib/crater-agent-workspace/builds/worker-6-tc1/target:/opt/rustwide/target:rw,Z" "-v" "/var/lib/crater-agent-workspace/builds/worker-6-tc1/source:/opt/rustwide/workdir:ro,Z" "-v" "/var/lib/crater-agent-workspace/cargo-home:/opt/rustwide/cargo-home:ro,Z" "-v" "/var/lib/crater-agent-workspace/rustup-home:/opt/rustwide/rustup-home:ro,Z" "-e" "SOURCE_DIR=/opt/rustwide/workdir" "-e" "CARGO_TARGET_DIR=/opt/rustwide/target" "-e" "CARGO_INCREMENTAL=0" "-e" "RUST_BACKTRACE=full" "-e" "RUSTFLAGS=--cap-lints=warn" "-e" "RUSTDOCFLAGS=--cap-lints=warn" "-e" "CARGO_HOME=/opt/rustwide/cargo-home" "-e" "RUSTUP_HOME=/opt/rustwide/rustup-home" "-w" "/opt/rustwide/workdir" "-m" "1610612736" "--user" "0:0" "--network" "none" "ghcr.io/rust-lang/crates-build-env/linux@sha256:f3a9d4ad9d972b27faf3965f35b62e55ba32bbce8f20bc8fe909558a86702fde" "/opt/rustwide/cargo-home/bin/cargo" "+1.83.0" "test" "--frozen" "--no-run" "--message-format=json", kill_on_drop: false }`
[INFO] [stdout] 2c230d97c77f2e505ecc2774e83ea7207bad7ab2a36d3eb719131fdf7413074d
[INFO] running `Command { std: "docker" "start" "-a" "2c230d97c77f2e505ecc2774e83ea7207bad7ab2a36d3eb719131fdf7413074d", kill_on_drop: false }`
[INFO] [stderr] warning: no edition set: defaulting to the 2015 edition while the latest is 2021
[INFO] [stderr]    Compiling zenity-dialog v0.3.6 (/opt/rustwide/workdir)
[INFO] [stderr]     Finished `test` profile [unoptimized + debuginfo] target(s) in 0.50s
[INFO] running `Command { std: "docker" "inspect" "2c230d97c77f2e505ecc2774e83ea7207bad7ab2a36d3eb719131fdf7413074d", kill_on_drop: false }`
[INFO] running `Command { std: "docker" "rm" "-f" "2c230d97c77f2e505ecc2774e83ea7207bad7ab2a36d3eb719131fdf7413074d", kill_on_drop: false }`
[INFO] [stdout] 2c230d97c77f2e505ecc2774e83ea7207bad7ab2a36d3eb719131fdf7413074d
[INFO] running `Command { std: "docker" "create" "-v" "/var/lib/crater-agent-workspace/builds/worker-6-tc1/target:/opt/rustwide/target:rw,Z" "-v" "/var/lib/crater-agent-workspace/builds/worker-6-tc1/source:/opt/rustwide/workdir:ro,Z" "-v" "/var/lib/crater-agent-workspace/cargo-home:/opt/rustwide/cargo-home:ro,Z" "-v" "/var/lib/crater-agent-workspace/rustup-home:/opt/rustwide/rustup-home:ro,Z" "-e" "SOURCE_DIR=/opt/rustwide/workdir" "-e" "CARGO_TARGET_DIR=/opt/rustwide/target" "-e" "CARGO_INCREMENTAL=0" "-e" "RUST_BACKTRACE=full" "-e" "RUSTFLAGS=--cap-lints=warn" "-e" "RUSTDOCFLAGS=--cap-lints=warn" "-e" "CARGO_HOME=/opt/rustwide/cargo-home" "-e" "RUSTUP_HOME=/opt/rustwide/rustup-home" "-w" "/opt/rustwide/workdir" "-m" "1610612736" "--user" "0:0" "--network" "none" "ghcr.io/rust-lang/crates-build-env/linux@sha256:f3a9d4ad9d972b27faf3965f35b62e55ba32bbce8f20bc8fe909558a86702fde" "/opt/rustwide/cargo-home/bin/cargo" "+1.83.0" "test" "--frozen", kill_on_drop: false }`
[INFO] [stdout] f5c47a373a79db891808c72a958c3fb2e3e6ebc0a25d6bcb0c55b2da9c996f49
[INFO] running `Command { std: "docker" "start" "-a" "f5c47a373a79db891808c72a958c3fb2e3e6ebc0a25d6bcb0c55b2da9c996f49", kill_on_drop: false }`
[INFO] [stderr] warning: no edition set: defaulting to the 2015 edition while the latest is 2021
[INFO] [stderr]     Finished `test` profile [unoptimized + debuginfo] target(s) in 0.02s
[INFO] [stderr]      Running unittests src/lib.rs (/opt/rustwide/target/debug/deps/zenity_dialog-db6836c3c04a7e62)
[INFO] [stdout] 
[INFO] [stdout] running 0 tests
[INFO] [stdout] 
[INFO] [stdout] test result: ok. 0 passed; 0 failed; 0 ignored; 0 measured; 0 filtered out; finished in 0.00s
[INFO] [stdout] 
[INFO] [stderr]    Doc-tests zenity_dialog
[INFO] [stdout] 
[INFO] [stdout] running 1 test
[INFO] [stdout] test src/./../README.md - (line 20) ... FAILED
[INFO] [stdout] 
[INFO] [stdout] failures:
[INFO] [stdout] 
[INFO] [stdout] ---- src/./../README.md - (line 20) stdout ----
[INFO] [stdout] error[E0433]: failed to resolve: use of undeclared crate or module `dialog`
[INFO] [stdout]  --> src/./../README.md:21:32
[INFO] [stdout]   |
[INFO] [stdout] 3 | let result = ZenityDialog::new(dialog::Error::default().with_text("An error happened!"))
[INFO] [stdout]   |                                ^^^^^^ use of undeclared crate or module `dialog`
[INFO] [stdout]   |
[INFO] [stdout] help: consider importing one of these items
[INFO] [stdout]   |
[INFO] [stdout] 2 + use std::error::Error;
[INFO] [stdout]   |
[INFO] [stdout] 2 + use std::fmt::Error;
[INFO] [stdout]   |
[INFO] [stdout] 2 + use std::io::Error;
[INFO] [stdout]   |
[INFO] [stdout] help: if you import `Error`, refer to it directly
[INFO] [stdout]   |
[INFO] [stdout] 3 - let result = ZenityDialog::new(dialog::Error::default().with_text("An error happened!"))
[INFO] [stdout] 3 + let result = ZenityDialog::new(Error::default().with_text("An error happened!"))
[INFO] [stdout]   |
[INFO] [stdout] 
[INFO] [stdout] error[E0433]: failed to resolve: use of undeclared type `ZenityDialog`
[INFO] [stdout]  --> src/./../README.md:21:14
[INFO] [stdout]   |
[INFO] [stdout] 3 | let result = ZenityDialog::new(dialog::Error::default().with_text("An error happened!"))
[INFO] [stdout]   |              ^^^^^^^^^^^^ use of undeclared type `ZenityDialog`
[INFO] [stdout] 
[INFO] [stdout] error[E0433]: failed to resolve: use of undeclared type `Icon`
[INFO] [stdout]  --> src/./../README.md:22:16
[INFO] [stdout]   |
[INFO] [stdout] 4 |     .with_icon(Icon::Error)
[INFO] [stdout]   |                ^^^^ use of undeclared type `Icon`
[INFO] [stdout] 
[INFO] [stdout] error[E0433]: failed to resolve: use of undeclared type `ZenityOutput`
[INFO] [stdout]   --> src/./../README.md:30:9
[INFO] [stdout]    |
[INFO] [stdout] 12 |         ZenityOutput::Unknown {
[INFO] [stdout]    |         ^^^^^^^^^^^^ use of undeclared type `ZenityOutput`
[INFO] [stdout] 
[INFO] [stdout] error[E0433]: failed to resolve: use of undeclared type `ZenityOutput`
[INFO] [stdout]   --> src/./../README.md:29:9
[INFO] [stdout]    |
[INFO] [stdout] 11 |         ZenityOutput::Rejected { .. } => println!("The user clicked the rejection response"),
[INFO] [stdout]    |         ^^^^^^^^^^^^ use of undeclared type `ZenityOutput`
[INFO] [stdout] 
[INFO] [stdout] error[E0433]: failed to resolve: use of undeclared type `ZenityOutput`
[INFO] [stdout]  --> src/./../README.md:26:9
[INFO] [stdout]   |
[INFO] [stdout] 8 |         ZenityOutput::Affirmed { .. } => {
[INFO] [stdout]   |         ^^^^^^^^^^^^ use of undeclared type `ZenityOutput`
[INFO] [stdout] 
[INFO] [stdout] error: aborting due to 6 previous errors
[INFO] [stdout] 
[INFO] [stdout] For more information about this error, try `rustc --explain E0433`.
[INFO] [stdout] Couldn't compile the test.
[INFO] [stdout] 
[INFO] [stdout] failures:
[INFO] [stdout]     src/./../README.md - (line 20)
[INFO] [stdout] 
[INFO] [stdout] test result: FAILED. 0 passed; 1 failed; 0 ignored; 0 measured; 0 filtered out; finished in 0.09s
[INFO] [stdout] 
[INFO] [stderr] error: doctest failed, to rerun pass `--doc`
[INFO] running `Command { std: "docker" "inspect" "f5c47a373a79db891808c72a958c3fb2e3e6ebc0a25d6bcb0c55b2da9c996f49", kill_on_drop: false }`
[INFO] running `Command { std: "docker" "rm" "-f" "f5c47a373a79db891808c72a958c3fb2e3e6ebc0a25d6bcb0c55b2da9c996f49", kill_on_drop: false }`
[INFO] [stdout] f5c47a373a79db891808c72a958c3fb2e3e6ebc0a25d6bcb0c55b2da9c996f49
