[INFO] fetching crate zasa_core 0.4.1...
[INFO] testing zasa_core-0.4.1 against 1.83.0 for beta-1.84.0-4-retry
[INFO] extracting crate zasa_core 0.4.1 into /workspace/builds/worker-3-tc1/source
[INFO] validating manifest of crates.io crate zasa_core 0.4.1 on toolchain 1.83.0
[INFO] running `Command { std: CARGO_HOME="/workspace/cargo-home" RUSTUP_HOME="/workspace/rustup-home" "/workspace/cargo-home/bin/cargo" "+1.83.0" "metadata" "--manifest-path" "Cargo.toml" "--no-deps", kill_on_drop: false }`
[INFO] started tweaking crates.io crate zasa_core 0.4.1
[INFO] removed 0 missing tests
[INFO] finished tweaking crates.io crate zasa_core 0.4.1
[INFO] tweaked toml for crates.io crate zasa_core 0.4.1 written to /workspace/builds/worker-3-tc1/source/Cargo.toml
[INFO] crate crates.io crate zasa_core 0.4.1 already has a lockfile, it will not be regenerated
[INFO] running `Command { std: CARGO_HOME="/workspace/cargo-home" RUSTUP_HOME="/workspace/rustup-home" "/workspace/cargo-home/bin/cargo" "+1.83.0" "fetch" "--manifest-path" "Cargo.toml", kill_on_drop: false }`
[INFO] running `Command { std: "docker" "create" "-v" "/var/lib/crater-agent-workspace/builds/worker-3-tc1/target:/opt/rustwide/target:rw,Z" "-v" "/var/lib/crater-agent-workspace/builds/worker-3-tc1/source:/opt/rustwide/workdir:ro,Z" "-v" "/var/lib/crater-agent-workspace/cargo-home:/opt/rustwide/cargo-home:ro,Z" "-v" "/var/lib/crater-agent-workspace/rustup-home:/opt/rustwide/rustup-home:ro,Z" "-e" "SOURCE_DIR=/opt/rustwide/workdir" "-e" "CARGO_TARGET_DIR=/opt/rustwide/target" "-e" "CARGO_HOME=/opt/rustwide/cargo-home" "-e" "RUSTUP_HOME=/opt/rustwide/rustup-home" "-w" "/opt/rustwide/workdir" "-m" "1610612736" "--user" "0:0" "--network" "none" "ghcr.io/rust-lang/crates-build-env/linux@sha256:f3a9d4ad9d972b27faf3965f35b62e55ba32bbce8f20bc8fe909558a86702fde" "/opt/rustwide/cargo-home/bin/cargo" "+1.83.0" "metadata" "--no-deps" "--format-version=1", kill_on_drop: false }`
[INFO] [stdout] eac69f39aae2f97db4e71360e4fa94622ad97ce6e0bbdc0337d68f8599fa03aa
[INFO] running `Command { std: "docker" "start" "-a" "eac69f39aae2f97db4e71360e4fa94622ad97ce6e0bbdc0337d68f8599fa03aa", kill_on_drop: false }`
[INFO] running `Command { std: "docker" "inspect" "eac69f39aae2f97db4e71360e4fa94622ad97ce6e0bbdc0337d68f8599fa03aa", kill_on_drop: false }`
[INFO] running `Command { std: "docker" "rm" "-f" "eac69f39aae2f97db4e71360e4fa94622ad97ce6e0bbdc0337d68f8599fa03aa", kill_on_drop: false }`
[INFO] [stdout] eac69f39aae2f97db4e71360e4fa94622ad97ce6e0bbdc0337d68f8599fa03aa
[INFO] running `Command { std: "docker" "create" "-v" "/var/lib/crater-agent-workspace/builds/worker-3-tc1/target:/opt/rustwide/target:rw,Z" "-v" "/var/lib/crater-agent-workspace/builds/worker-3-tc1/source:/opt/rustwide/workdir:ro,Z" "-v" "/var/lib/crater-agent-workspace/cargo-home:/opt/rustwide/cargo-home:ro,Z" "-v" "/var/lib/crater-agent-workspace/rustup-home:/opt/rustwide/rustup-home:ro,Z" "-e" "SOURCE_DIR=/opt/rustwide/workdir" "-e" "CARGO_TARGET_DIR=/opt/rustwide/target" "-e" "CARGO_INCREMENTAL=0" "-e" "RUST_BACKTRACE=full" "-e" "RUSTFLAGS=--cap-lints=warn" "-e" "RUSTDOCFLAGS=--cap-lints=warn" "-e" "CARGO_HOME=/opt/rustwide/cargo-home" "-e" "RUSTUP_HOME=/opt/rustwide/rustup-home" "-w" "/opt/rustwide/workdir" "-m" "1610612736" "--user" "0:0" "--network" "none" "ghcr.io/rust-lang/crates-build-env/linux@sha256:f3a9d4ad9d972b27faf3965f35b62e55ba32bbce8f20bc8fe909558a86702fde" "/opt/rustwide/cargo-home/bin/cargo" "+1.83.0" "build" "--frozen" "--message-format=json", kill_on_drop: false }`
[INFO] [stdout] a7938b212e03afad75d04d8d67cee228cb423a162826c59ee1e4508b06518879
[INFO] running `Command { std: "docker" "start" "-a" "a7938b212e03afad75d04d8d67cee228cb423a162826c59ee1e4508b06518879", kill_on_drop: false }`
[INFO] [stderr]    Compiling zasa_core v0.4.1 (/opt/rustwide/workdir)
[INFO] [stderr]     Finished `dev` profile [unoptimized + debuginfo] target(s) in 0.34s
[INFO] running `Command { std: "docker" "inspect" "a7938b212e03afad75d04d8d67cee228cb423a162826c59ee1e4508b06518879", kill_on_drop: false }`
[INFO] running `Command { std: "docker" "rm" "-f" "a7938b212e03afad75d04d8d67cee228cb423a162826c59ee1e4508b06518879", kill_on_drop: false }`
[INFO] [stdout] a7938b212e03afad75d04d8d67cee228cb423a162826c59ee1e4508b06518879
[INFO] running `Command { std: "docker" "create" "-v" "/var/lib/crater-agent-workspace/builds/worker-3-tc1/target:/opt/rustwide/target:rw,Z" "-v" "/var/lib/crater-agent-workspace/builds/worker-3-tc1/source:/opt/rustwide/workdir:ro,Z" "-v" "/var/lib/crater-agent-workspace/cargo-home:/opt/rustwide/cargo-home:ro,Z" "-v" "/var/lib/crater-agent-workspace/rustup-home:/opt/rustwide/rustup-home:ro,Z" "-e" "SOURCE_DIR=/opt/rustwide/workdir" "-e" "CARGO_TARGET_DIR=/opt/rustwide/target" "-e" "CARGO_INCREMENTAL=0" "-e" "RUST_BACKTRACE=full" "-e" "RUSTFLAGS=--cap-lints=warn" "-e" "RUSTDOCFLAGS=--cap-lints=warn" "-e" "CARGO_HOME=/opt/rustwide/cargo-home" "-e" "RUSTUP_HOME=/opt/rustwide/rustup-home" "-w" "/opt/rustwide/workdir" "-m" "1610612736" "--user" "0:0" "--network" "none" "ghcr.io/rust-lang/crates-build-env/linux@sha256:f3a9d4ad9d972b27faf3965f35b62e55ba32bbce8f20bc8fe909558a86702fde" "/opt/rustwide/cargo-home/bin/cargo" "+1.83.0" "test" "--frozen" "--no-run" "--message-format=json", kill_on_drop: false }`
[INFO] [stdout] b81905fd5d24b4f77fbbee06a920ebec14943c9f8a946aa876aac0917c7ee8f5
[INFO] running `Command { std: "docker" "start" "-a" "b81905fd5d24b4f77fbbee06a920ebec14943c9f8a946aa876aac0917c7ee8f5", kill_on_drop: false }`
[INFO] [stderr]    Compiling zasa_core v0.4.1 (/opt/rustwide/workdir)
[INFO] [stderr]     Finished `test` profile [unoptimized + debuginfo] target(s) in 0.49s
[INFO] running `Command { std: "docker" "inspect" "b81905fd5d24b4f77fbbee06a920ebec14943c9f8a946aa876aac0917c7ee8f5", kill_on_drop: false }`
[INFO] running `Command { std: "docker" "rm" "-f" "b81905fd5d24b4f77fbbee06a920ebec14943c9f8a946aa876aac0917c7ee8f5", kill_on_drop: false }`
[INFO] [stdout] b81905fd5d24b4f77fbbee06a920ebec14943c9f8a946aa876aac0917c7ee8f5
[INFO] running `Command { std: "docker" "create" "-v" "/var/lib/crater-agent-workspace/builds/worker-3-tc1/target:/opt/rustwide/target:rw,Z" "-v" "/var/lib/crater-agent-workspace/builds/worker-3-tc1/source:/opt/rustwide/workdir:ro,Z" "-v" "/var/lib/crater-agent-workspace/cargo-home:/opt/rustwide/cargo-home:ro,Z" "-v" "/var/lib/crater-agent-workspace/rustup-home:/opt/rustwide/rustup-home:ro,Z" "-e" "SOURCE_DIR=/opt/rustwide/workdir" "-e" "CARGO_TARGET_DIR=/opt/rustwide/target" "-e" "CARGO_INCREMENTAL=0" "-e" "RUST_BACKTRACE=full" "-e" "RUSTFLAGS=--cap-lints=warn" "-e" "RUSTDOCFLAGS=--cap-lints=warn" "-e" "CARGO_HOME=/opt/rustwide/cargo-home" "-e" "RUSTUP_HOME=/opt/rustwide/rustup-home" "-w" "/opt/rustwide/workdir" "-m" "1610612736" "--user" "0:0" "--network" "none" "ghcr.io/rust-lang/crates-build-env/linux@sha256:f3a9d4ad9d972b27faf3965f35b62e55ba32bbce8f20bc8fe909558a86702fde" "/opt/rustwide/cargo-home/bin/cargo" "+1.83.0" "test" "--frozen", kill_on_drop: false }`
[INFO] [stdout] 2112e9437ad6a81b912d07e2901ccf75dfd20ad39be53baef59989c27947090c
[INFO] running `Command { std: "docker" "start" "-a" "2112e9437ad6a81b912d07e2901ccf75dfd20ad39be53baef59989c27947090c", kill_on_drop: false }`
[INFO] [stderr]     Finished `test` profile [unoptimized + debuginfo] target(s) in 0.01s
[INFO] [stderr]      Running unittests src/lib.rs (/opt/rustwide/target/debug/deps/zasa_core-0d57d976befe9768)
[INFO] [stderr]      Running tests/parser_tests.rs (/opt/rustwide/target/debug/deps/parser_tests-5ba1201b7439b759)
[INFO] [stdout] 
[INFO] [stdout] running 0 tests
[INFO] [stdout] 
[INFO] [stdout] test result: ok. 0 passed; 0 failed; 0 ignored; 0 measured; 0 filtered out; finished in 0.00s
[INFO] [stdout] 
[INFO] [stdout] 
[INFO] [stdout] running 11 tests
[INFO] [stdout] test json_array_parsing ... ok
[INFO] [stdout] test json_bool_true_parsing ... ok
[INFO] [stdout] test json_null_parsing ... ok
[INFO] [stdout] test json_eot_array_parsing ... ok
[INFO] [stdout] test json_number_decimal_parsing ... ok
[INFO] [stdout] test json_number_negative_parsing ... ok
[INFO] [stdout] test json_object_parsing ... ok
[INFO] [stdout] test json_whitespace_test ... ok
[INFO] [stdout] test json_number_nodecimal_parsing ... ok
[INFO] [stdout] test json_string_parsing ... ok
[INFO] [stdout] test json_bool_false_parsing ... ok
[INFO] [stdout] 
[INFO] [stdout] test result: ok. 11 passed; 0 failed; 0 ignored; 0 measured; 0 filtered out; finished in 0.00s
[INFO] [stdout] 
[INFO] [stderr]    Doc-tests zasa_core
[INFO] [stdout] 
[INFO] [stdout] running 2 tests
[INFO] [stdout] test src/value.rs - value::denormalize (line 102) ... FAILED
[INFO] [stderr] error: doctest failed, to rerun pass `--doc`
[INFO] [stdout] test src/value.rs - value::normalize (line 88) ... FAILED
[INFO] [stdout] 
[INFO] [stdout] failures:
[INFO] [stdout] 
[INFO] [stdout] ---- src/value.rs - value::denormalize (line 102) stdout ----
[INFO] [stdout] error[E0412]: cannot find type `Value` in this scope
[INFO] [stdout]  --> src/value.rs:104:13
[INFO] [stdout]   |
[INFO] [stdout] 4 |    let res: Value = denormalize(value);
[INFO] [stdout]   |             ^^^^^ not found in this scope
[INFO] [stdout]   |
[INFO] [stdout] help: consider importing this enum
[INFO] [stdout]   |
[INFO] [stdout] 2 + use zasa_core::value::Value;
[INFO] [stdout]   |
[INFO] [stdout] 
[INFO] [stdout] error[E0425]: cannot find function `denormalize` in this scope
[INFO] [stdout]  --> src/value.rs:104:21
[INFO] [stdout]   |
[INFO] [stdout] 4 |    let res: Value = denormalize(value);
[INFO] [stdout]   |                     ^^^^^^^^^^^ not found in this scope
[INFO] [stdout]   |
[INFO] [stdout] help: consider importing this function
[INFO] [stdout]   |
[INFO] [stdout] 2 + use zasa_core::value::denormalize;
[INFO] [stdout]   |
[INFO] [stdout] 
[INFO] [stdout] error[E0433]: failed to resolve: use of undeclared type `Value`
[INFO] [stdout]  --> src/value.rs:105:20
[INFO] [stdout]   |
[INFO] [stdout] 5 |    assert_eq!(res, Value::Number(54.0));
[INFO] [stdout]   |                    ^^^^^ use of undeclared type `Value`
[INFO] [stdout]   |
[INFO] [stdout] help: consider importing this enum
[INFO] [stdout]   |
[INFO] [stdout] 2 + use zasa_core::value::Value;
[INFO] [stdout]   |
[INFO] [stdout] 
[INFO] [stdout] error: aborting due to 3 previous errors
[INFO] [stdout] 
[INFO] [stdout] Some errors have detailed explanations: E0412, E0425, E0433.
[INFO] [stdout] For more information about an error, try `rustc --explain E0412`.
[INFO] [stdout] Couldn't compile the test.
[INFO] [stdout] ---- src/value.rs - value::normalize (line 88) stdout ----
[INFO] [stdout] error[E0433]: failed to resolve: use of undeclared type `Value`
[INFO] [stdout]  --> src/value.rs:89:13
[INFO] [stdout]   |
[INFO] [stdout] 3 | let value = Value::Number(54.0);
[INFO] [stdout]   |             ^^^^^ use of undeclared type `Value`
[INFO] [stdout]   |
[INFO] [stdout] help: consider importing this enum
[INFO] [stdout]   |
[INFO] [stdout] 2 + use zasa_core::value::Value;
[INFO] [stdout]   |
[INFO] [stdout] 
[INFO] [stdout] error[E0425]: cannot find function `normalize` in this scope
[INFO] [stdout]  --> src/value.rs:90:19
[INFO] [stdout]   |
[INFO] [stdout] 4 |    let res: f64 = normalize(value).unwrap();
[INFO] [stdout]   |                   ^^^^^^^^^ not found in this scope
[INFO] [stdout]   |
[INFO] [stdout] help: consider importing this function
[INFO] [stdout]   |
[INFO] [stdout] 2 + use zasa_core::value::normalize;
[INFO] [stdout]   |
[INFO] [stdout] 
[INFO] [stdout] error: aborting due to 2 previous errors
[INFO] [stdout] 
[INFO] [stdout] Some errors have detailed explanations: E0425, E0433.
[INFO] [stdout] For more information about an error, try `rustc --explain E0425`.
[INFO] [stdout] Couldn't compile the test.
[INFO] [stdout] 
[INFO] [stdout] failures:
[INFO] [stdout]     src/value.rs - value::denormalize (line 102)
[INFO] [stdout]     src/value.rs - value::normalize (line 88)
[INFO] [stdout] 
[INFO] [stdout] test result: FAILED. 0 passed; 2 failed; 0 ignored; 0 measured; 0 filtered out; finished in 0.13s
[INFO] [stdout] 
[INFO] running `Command { std: "docker" "inspect" "2112e9437ad6a81b912d07e2901ccf75dfd20ad39be53baef59989c27947090c", kill_on_drop: false }`
[INFO] running `Command { std: "docker" "rm" "-f" "2112e9437ad6a81b912d07e2901ccf75dfd20ad39be53baef59989c27947090c", kill_on_drop: false }`
[INFO] [stdout] 2112e9437ad6a81b912d07e2901ccf75dfd20ad39be53baef59989c27947090c
