[INFO] fetching crate yrs 0.21.3...
[INFO] testing yrs-0.21.3 against 1.83.0 for beta-1.84.0-4-retry
[INFO] extracting crate yrs 0.21.3 into /workspace/builds/worker-3-tc1/source
[INFO] validating manifest of crates.io crate yrs 0.21.3 on toolchain 1.83.0
[INFO] running `Command { std: CARGO_HOME="/workspace/cargo-home" RUSTUP_HOME="/workspace/rustup-home" "/workspace/cargo-home/bin/cargo" "+1.83.0" "metadata" "--manifest-path" "Cargo.toml" "--no-deps", kill_on_drop: false }`
[INFO] started tweaking crates.io crate yrs 0.21.3
[INFO] finished tweaking crates.io crate yrs 0.21.3
[INFO] tweaked toml for crates.io crate yrs 0.21.3 written to /workspace/builds/worker-3-tc1/source/Cargo.toml
[INFO] running `Command { std: CARGO_HOME="/workspace/cargo-home" RUSTUP_HOME="/workspace/rustup-home" "/workspace/cargo-home/bin/cargo" "+1.83.0" "generate-lockfile" "--manifest-path" "Cargo.toml", kill_on_drop: false }`
[INFO] [stderr]     Updating crates.io index
[INFO] [stderr]      Locking 128 packages to latest compatible versions
[INFO] [stderr]       Adding proptest-derive v0.4.0 (available: v0.5.0)
[INFO] [stderr]       Adding thiserror v1.0.69 (available: v2.0.7)
[INFO] running `Command { std: CARGO_HOME="/workspace/cargo-home" RUSTUP_HOME="/workspace/rustup-home" "/workspace/cargo-home/bin/cargo" "+1.83.0" "fetch" "--manifest-path" "Cargo.toml", kill_on_drop: false }`
[INFO] [stderr]  Downloading crates ...
[INFO] [stderr]   Downloaded smallstr v0.3.0
[INFO] [stderr]   Downloaded assert_matches2 v0.1.2
[INFO] [stderr]   Downloaded wait-timeout v0.2.0
[INFO] [stderr]   Downloaded plotters-svg v0.3.7
[INFO] [stderr]   Downloaded str_indices v0.4.4
[INFO] [stderr]   Downloaded criterion-plot v0.5.0
[INFO] [stderr]   Downloaded rand_xorshift v0.3.0
[INFO] [stderr]   Downloaded rusty-fork v0.3.0
[INFO] [stderr]   Downloaded unarray v0.1.4
[INFO] [stderr]   Downloaded parking v2.2.1
[INFO] [stderr]   Downloaded oorandom v11.1.4
[INFO] [stderr]   Downloaded concurrent-queue v2.5.0
[INFO] [stderr]   Downloaded event-listener v5.3.1
[INFO] [stderr]   Downloaded half v2.4.1
[INFO] [stderr]   Downloaded arc-swap v1.7.1
[INFO] [stderr]   Downloaded cast v0.3.0
[INFO] [stderr]   Downloaded quick-error v1.2.3
[INFO] [stderr]   Downloaded plotters v0.3.7
[INFO] [stderr]   Downloaded itertools v0.10.5
[INFO] [stderr]   Downloaded criterion v0.5.1
[INFO] [stderr]   Downloaded proptest v1.5.0
[INFO] [stderr]   Downloaded proptest-derive v0.4.0
[INFO] [stderr]   Downloaded ciborium v0.2.2
[INFO] [stderr]   Downloaded plotters-backend v0.3.7
[INFO] [stderr]   Downloaded async-lock v3.4.0
[INFO] [stderr]   Downloaded tinytemplate v1.2.1
[INFO] [stderr]   Downloaded cmake v0.1.52
[INFO] [stderr]   Downloaded ropey v1.6.1
[INFO] [stderr]   Downloaded event-listener-strategy v0.5.3
[INFO] [stderr]   Downloaded anes v0.1.6
[INFO] [stderr]   Downloaded ciborium-ll v0.2.2
[INFO] [stderr]   Downloaded ciborium-io v0.2.2
[INFO] [stderr]   Downloaded libz-sys v1.1.20
[INFO] running `Command { std: "docker" "create" "-v" "/var/lib/crater-agent-workspace/builds/worker-3-tc1/target:/opt/rustwide/target:rw,Z" "-v" "/var/lib/crater-agent-workspace/builds/worker-3-tc1/source:/opt/rustwide/workdir:ro,Z" "-v" "/var/lib/crater-agent-workspace/cargo-home:/opt/rustwide/cargo-home:ro,Z" "-v" "/var/lib/crater-agent-workspace/rustup-home:/opt/rustwide/rustup-home:ro,Z" "-e" "SOURCE_DIR=/opt/rustwide/workdir" "-e" "CARGO_TARGET_DIR=/opt/rustwide/target" "-e" "CARGO_HOME=/opt/rustwide/cargo-home" "-e" "RUSTUP_HOME=/opt/rustwide/rustup-home" "-w" "/opt/rustwide/workdir" "-m" "1610612736" "--user" "0:0" "--network" "none" "ghcr.io/rust-lang/crates-build-env/linux@sha256:f3a9d4ad9d972b27faf3965f35b62e55ba32bbce8f20bc8fe909558a86702fde" "/opt/rustwide/cargo-home/bin/cargo" "+1.83.0" "metadata" "--no-deps" "--format-version=1", kill_on_drop: false }`
[INFO] [stdout] 6496c27934bc9b834ec297f3d3aaa7927b38e4431523b28bcac4cfd35de7ef3e
[INFO] running `Command { std: "docker" "start" "-a" "6496c27934bc9b834ec297f3d3aaa7927b38e4431523b28bcac4cfd35de7ef3e", kill_on_drop: false }`
[INFO] running `Command { std: "docker" "inspect" "6496c27934bc9b834ec297f3d3aaa7927b38e4431523b28bcac4cfd35de7ef3e", kill_on_drop: false }`
[INFO] running `Command { std: "docker" "rm" "-f" "6496c27934bc9b834ec297f3d3aaa7927b38e4431523b28bcac4cfd35de7ef3e", kill_on_drop: false }`
[INFO] [stdout] 6496c27934bc9b834ec297f3d3aaa7927b38e4431523b28bcac4cfd35de7ef3e
[INFO] running `Command { std: "docker" "create" "-v" "/var/lib/crater-agent-workspace/builds/worker-3-tc1/target:/opt/rustwide/target:rw,Z" "-v" "/var/lib/crater-agent-workspace/builds/worker-3-tc1/source:/opt/rustwide/workdir:ro,Z" "-v" "/var/lib/crater-agent-workspace/cargo-home:/opt/rustwide/cargo-home:ro,Z" "-v" "/var/lib/crater-agent-workspace/rustup-home:/opt/rustwide/rustup-home:ro,Z" "-e" "SOURCE_DIR=/opt/rustwide/workdir" "-e" "CARGO_TARGET_DIR=/opt/rustwide/target" "-e" "CARGO_INCREMENTAL=0" "-e" "RUST_BACKTRACE=full" "-e" "RUSTFLAGS=--cap-lints=warn" "-e" "RUSTDOCFLAGS=--cap-lints=warn" "-e" "CARGO_HOME=/opt/rustwide/cargo-home" "-e" "RUSTUP_HOME=/opt/rustwide/rustup-home" "-w" "/opt/rustwide/workdir" "-m" "1610612736" "--user" "0:0" "--network" "none" "ghcr.io/rust-lang/crates-build-env/linux@sha256:f3a9d4ad9d972b27faf3965f35b62e55ba32bbce8f20bc8fe909558a86702fde" "/opt/rustwide/cargo-home/bin/cargo" "+1.83.0" "build" "--frozen" "--message-format=json", kill_on_drop: false }`
[INFO] [stdout] 8e94e92107ba9d5a552c41553e95d9796833906a58782cfdee5fef016e8ecab8
[INFO] running `Command { std: "docker" "start" "-a" "8e94e92107ba9d5a552c41553e95d9796833906a58782cfdee5fef016e8ecab8", kill_on_drop: false }`
[INFO] [stderr]    Compiling libc v0.2.168
[INFO] [stderr]    Compiling parking v2.2.1
[INFO] [stderr]    Compiling lock_api v0.4.12
[INFO] [stderr]    Compiling serde v1.0.216
[INFO] [stderr]    Compiling smallvec v1.13.2
[INFO] [stderr]    Compiling memchr v2.7.4
[INFO] [stderr]    Compiling arc-swap v1.7.1
[INFO] [stderr]    Compiling fastrand v2.3.0
[INFO] [stderr]    Compiling syn v2.0.90
[INFO] [stderr]    Compiling concurrent-queue v2.5.0
[INFO] [stderr]    Compiling event-listener v5.3.1
[INFO] [stderr]    Compiling smallstr v0.3.0
[INFO] [stderr]    Compiling event-listener-strategy v0.5.3
[INFO] [stderr]    Compiling async-lock v3.4.0
[INFO] [stderr]    Compiling parking_lot_core v0.9.10
[INFO] [stderr]    Compiling dashmap v6.1.0
[INFO] [stderr]    Compiling serde_derive v1.0.216
[INFO] [stderr]    Compiling thiserror-impl v1.0.69
[INFO] [stderr]    Compiling async-trait v0.1.83
[INFO] [stderr]    Compiling thiserror v1.0.69
[INFO] [stderr]    Compiling serde_json v1.0.133
[INFO] [stderr]    Compiling yrs v0.21.3 (/opt/rustwide/workdir)
[INFO] [stdout] warning: unused import: `Transaction`
[INFO] [stdout]  --> src/doc.rs:6:34
[INFO] [stdout]   |
[INFO] [stdout] 6 | use crate::transaction::{Origin, Transaction, TransactionMut};
[INFO] [stdout]   |                                  ^^^^^^^^^^^
[INFO] [stdout]   |
[INFO] [stdout]   = note: `#[warn(unused_imports)]` on by default
[INFO] [stdout] 
[INFO] [stdout] 
[INFO] [stdout] warning: unused import: `ArrayRef`
[INFO] [stdout]   --> src/types/mod.rs:18:39
[INFO] [stdout]    |
[INFO] [stdout] 18 | use crate::types::array::{ArrayEvent, ArrayRef};
[INFO] [stdout]    |                                       ^^^^^^^^
[INFO] [stdout] 
[INFO] [stdout] 
[INFO] [stdout] warning: unused imports: `XmlElementRef` and `XmlTextRef`
[INFO] [stdout]   --> src/types/mod.rs:23:25
[INFO] [stdout]    |
[INFO] [stdout] 23 | use crate::types::xml::{XmlElementRef, XmlEvent, XmlTextEvent, XmlTextRef};
[INFO] [stdout]    |                         ^^^^^^^^^^^^^                          ^^^^^^^^^^
[INFO] [stdout] 
[INFO] [stdout] 
[INFO] [stdout] warning: value assigned to `left` is never read
[INFO] [stdout]    --> src/block.rs:286:17
[INFO] [stdout]     |
[INFO] [stdout] 286 |         let mut left = None;
[INFO] [stdout]     |                 ^^^^
[INFO] [stdout]     |
[INFO] [stdout]     = help: maybe it is overwritten before being read?
[INFO] [stdout]     = note: `#[warn(unused_assignments)]` on by default
[INFO] [stdout] 
[INFO] [stdout] 
[INFO] [stdout] warning: unused variable: `ptr`
[INFO] [stdout]    --> src/block.rs:728:25
[INFO] [stdout]     |
[INFO] [stdout] 728 |                     let ptr = if this.info.is_deleted() {
[INFO] [stdout]     |                         ^^^ help: if this is intentional, prefix it with an underscore: `_ptr`
[INFO] [stdout]     |
[INFO] [stdout]     = note: `#[warn(unused_variables)]` on by default
[INFO] [stdout] 
[INFO] [stdout] 
[INFO] [stdout] warning: variable does not need to be mutable
[INFO] [stdout]    --> src/block.rs:642:29
[INFO] [stdout]     |
[INFO] [stdout] 642 |                 if let Some(mut left) = this.left {
[INFO] [stdout]     |                             ----^^^^
[INFO] [stdout]     |                             |
[INFO] [stdout]     |                             help: remove this `mut`
[INFO] [stdout]     |
[INFO] [stdout]     = note: `#[warn(unused_mut)]` on by default
[INFO] [stdout] 
[INFO] [stdout] 
[INFO] [stdout] warning: variable `prev_start` is assigned to, but never used
[INFO] [stdout]    --> src/id_set.rs:173:29
[INFO] [stdout]     |
[INFO] [stdout] 173 |                     let mut prev_start = r.start;
[INFO] [stdout]     |                             ^^^^^^^^^^
[INFO] [stdout]     |
[INFO] [stdout]     = note: consider using `_prev_start` instead
[INFO] [stdout] 
[INFO] [stdout] 
[INFO] [stdout] warning: value assigned to `prev_start` is never read
[INFO] [stdout]    --> src/id_set.rs:179:25
[INFO] [stdout]     |
[INFO] [stdout] 179 |                         prev_start = r.start;
[INFO] [stdout]     |                         ^^^^^^^^^^
[INFO] [stdout]     |
[INFO] [stdout]     = help: maybe it is overwritten before being read?
[INFO] [stdout] 
[INFO] [stdout] 
[INFO] [stdout] warning: unused variable: `branch`
[INFO] [stdout]    --> src/update.rs:380:35
[INFO] [stdout]     |
[INFO] [stdout] 380 |                 ItemContent::Type(branch) => {
[INFO] [stdout]     |                                   ^^^^^^ help: if this is intentional, prefix it with an underscore: `_branch`
[INFO] [stdout] 
[INFO] [stdout] 
[INFO] [stdout] warning: method `clock_end` is never used
[INFO] [stdout]    --> src/block.rs:134:12
[INFO] [stdout]     |
[INFO] [stdout] 126 | impl BlockCell {
[INFO] [stdout]     | -------------- method in this implementation
[INFO] [stdout] ...
[INFO] [stdout] 134 |     pub fn clock_end(&self) -> u32 {
[INFO] [stdout]     |            ^^^^^^^^^
[INFO] [stdout]     |
[INFO] [stdout]     = note: `#[warn(dead_code)]` on by default
[INFO] [stdout] 
[INFO] [stdout] 
[INFO] [stdout] warning: associated items `with_capacity` and `get_block_mut` are never used
[INFO] [stdout]    --> src/block_store.rs:41:12
[INFO] [stdout]     |
[INFO] [stdout] 19  | impl ClientBlockList {
[INFO] [stdout]     | -------------------- associated items in this implementation
[INFO] [stdout] ...
[INFO] [stdout] 41  |     pub fn with_capacity(capacity: usize) -> Result<ClientBlockList, Error> {
[INFO] [stdout]     |            ^^^^^^^^^^^^^
[INFO] [stdout] ...
[INFO] [stdout] 102 |     fn get_block_mut(&mut self, clock: u32) -> Option<&mut BlockCell> {
[INFO] [stdout]     |        ^^^^^^^^^^^^^
[INFO] [stdout] 
[INFO] [stdout] 
[INFO] [stdout] warning: methods `contains`, `get_block_mut`, and `get_client_blocks_with_capacity_mut` are never used
[INFO] [stdout]    --> src/block_store.rs:218:12
[INFO] [stdout]     |
[INFO] [stdout] 211 | impl BlockStore {
[INFO] [stdout]     | --------------- methods in this implementation
[INFO] [stdout] ...
[INFO] [stdout] 218 |     pub fn contains(&self, id: &ID) -> bool {
[INFO] [stdout]     |            ^^^^^^^^
[INFO] [stdout] ...
[INFO] [stdout] 293 |     pub(crate) fn get_block_mut(&mut self, id: &ID) -> Option<&mut BlockCell> {
[INFO] [stdout]     |                   ^^^^^^^^^^^^^
[INFO] [stdout] ...
[INFO] [stdout] 349 |     pub(crate) fn get_client_blocks_with_capacity_mut(
[INFO] [stdout]     |                   ^^^^^^^^^^^^^^^^^^^^^^^^^^^^^^^^^^^
[INFO] [stdout] 
[INFO] [stdout] 
[INFO] [stdout] warning: struct `Blocks` is never constructed
[INFO] [stdout]    --> src/block_store.rs:414:19
[INFO] [stdout]     |
[INFO] [stdout] 414 | pub(crate) struct Blocks<'a> {
[INFO] [stdout]     |                   ^^^^^^
[INFO] [stdout] 
[INFO] [stdout] 
[INFO] [stdout] warning: associated function `new` is never used
[INFO] [stdout]    --> src/block_store.rs:420:8
[INFO] [stdout]     |
[INFO] [stdout] 419 | impl<'a> Blocks<'a> {
[INFO] [stdout]     | ------------------- associated function in this implementation
[INFO] [stdout] 420 |     fn new(update: &'a BlockStore) -> Self {
[INFO] [stdout]     |        ^^^
[INFO] [stdout] 
[INFO] [stdout] 
[INFO] [stdout] warning: associated function `from` is never used
[INFO] [stdout]    --> src/types/mod.rs:595:12
[INFO] [stdout]     |
[INFO] [stdout] 591 | / impl<'a, T: ReadTxn> Entries<'a, T, T>
[INFO] [stdout] 592 | | where
[INFO] [stdout] 593 | |     T: Borrow<T> + ReadTxn,
[INFO] [stdout]     | |___________________________- associated function in this implementation
[INFO] [stdout] 594 |   {
[INFO] [stdout] 595 |       pub fn from(source: &'a HashMap<Arc<str>, ItemPtr>, txn: T) -> Self {
[INFO] [stdout]     |              ^^^^
[INFO] [stdout] 
[INFO] [stdout] 
[INFO] [stdout] warning: struct `Iter` is never constructed
[INFO] [stdout]    --> src/types/mod.rs:625:19
[INFO] [stdout]     |
[INFO] [stdout] 625 | pub(crate) struct Iter<'a, T> {
[INFO] [stdout]     |                   ^^^^
[INFO] [stdout] 
[INFO] [stdout] 
[INFO] [stdout] warning: associated function `new` is never used
[INFO] [stdout]    --> src/types/mod.rs:631:8
[INFO] [stdout]     |
[INFO] [stdout] 630 | impl<'a, T: ReadTxn> Iter<'a, T> {
[INFO] [stdout]     | -------------------------------- associated function in this implementation
[INFO] [stdout] 631 |     fn new(ptr: Option<&'a ItemPtr>, txn: &'a T) -> Self {
[INFO] [stdout]     |        ^^^
[INFO] [stdout] 
[INFO] [stdout] 
[INFO] [stdout] warning: method `blocks` is never used
[INFO] [stdout]   --> src/update.rs:45:19
[INFO] [stdout]    |
[INFO] [stdout] 29 | impl UpdateBlocks {
[INFO] [stdout]    | ----------------- method in this implementation
[INFO] [stdout] ...
[INFO] [stdout] 45 |     pub(crate) fn blocks(&self) -> Blocks<'_> {
[INFO] [stdout]    |                   ^^^^^^
[INFO] [stdout] 
[INFO] [stdout] 
[INFO] [stdout] warning: method `is_empty` is never used
[INFO] [stdout]    --> src/update.rs:102:19
[INFO] [stdout]     |
[INFO] [stdout] 97  | impl Update {
[INFO] [stdout]     | ----------- method in this implementation
[INFO] [stdout] ...
[INFO] [stdout] 102 |     pub(crate) fn is_empty(&self) -> bool {
[INFO] [stdout]     |                   ^^^^^^^^
[INFO] [stdout] 
[INFO] [stdout] 
[INFO] [stdout] warning: method `into_block` is never used
[INFO] [stdout]    --> src/update.rs:888:12
[INFO] [stdout]     |
[INFO] [stdout] 812 | impl BlockCarrier {
[INFO] [stdout]     | ----------------- method in this implementation
[INFO] [stdout] ...
[INFO] [stdout] 888 |     pub fn into_block(self) -> Option<Box<Item>> {
[INFO] [stdout]     |            ^^^^^^^^^^
[INFO] [stdout] 
[INFO] [stdout] 
[INFO] [stdout] warning: struct `Blocks` is never constructed
[INFO] [stdout]     --> src/update.rs:1001:19
[INFO] [stdout]      |
[INFO] [stdout] 1001 | pub(crate) struct Blocks<'a> {
[INFO] [stdout]      |                   ^^^^^^
[INFO] [stdout] 
[INFO] [stdout] 
[INFO] [stdout] warning: associated function `new` is never used
[INFO] [stdout]     --> src/update.rs:1007:8
[INFO] [stdout]      |
[INFO] [stdout] 1006 | impl<'a> Blocks<'a> {
[INFO] [stdout]      | ------------------- associated function in this implementation
[INFO] [stdout] 1007 |     fn new(update: &'a UpdateBlocks) -> Self {
[INFO] [stdout]      |        ^^^
[INFO] [stdout] 
[INFO] [stdout] 
[INFO] [stdout] warning: methods `move_to`, `forward`, `backward`, and `values` are never used
[INFO] [stdout]    --> src/block_iter.rs:73:12
[INFO] [stdout]     |
[INFO] [stdout] 23  | impl BlockIter {
[INFO] [stdout]     | -------------- methods in this implementation
[INFO] [stdout] ...
[INFO] [stdout] 73  |     pub fn move_to(&mut self, index: u32, txn: &mut TransactionMut) {
[INFO] [stdout]     |            ^^^^^^^
[INFO] [stdout] ...
[INFO] [stdout] 99  |     pub fn forward<T: ReadTxn>(&mut self, txn: &T, len: u32) {
[INFO] [stdout]     |            ^^^^^^^
[INFO] [stdout] ...
[INFO] [stdout] 186 |     pub fn backward<T: ReadTxn>(&mut self, txn: &mut T, mut len: u32) {
[INFO] [stdout]     |            ^^^^^^^^
[INFO] [stdout] ...
[INFO] [stdout] 516 |     pub fn values<'a, 'txn, T: ReadTxn>(
[INFO] [stdout]     |            ^^^^^^
[INFO] [stdout] 
[INFO] [stdout] 
[INFO] [stdout] warning: associated function `new` is never used
[INFO] [stdout]    --> src/block_iter.rs:530:8
[INFO] [stdout]     |
[INFO] [stdout] 529 | impl<'a, 'txn> Values<'a, 'txn> {
[INFO] [stdout]     | ------------------------------- associated function in this implementation
[INFO] [stdout] 530 |     fn new(iter: &'a mut BlockIter, txn: &'txn mut TransactionMut<'txn>) -> Self {
[INFO] [stdout]     |        ^^^
[INFO] [stdout] 
[INFO] [stdout] 
[INFO] [stdout] warning: method `remove_at` is never used
[INFO] [stdout]    --> src/branch.rs:427:19
[INFO] [stdout]     |
[INFO] [stdout] 245 | impl Branch {
[INFO] [stdout]     | ----------- method in this implementation
[INFO] [stdout] ...
[INFO] [stdout] 427 |     pub(crate) fn remove_at(&self, txn: &mut TransactionMut, index: u32, len: u32) -> u32 {
[INFO] [stdout]     |                   ^^^^^^^^^
[INFO] [stdout] 
[INFO] [stdout] 
[INFO] [stdout] warning: associated function `new` is never used
[INFO] [stdout]    --> src/encoding/serde/de.rs:218:19
[INFO] [stdout]     |
[INFO] [stdout] 217 | impl<'a> AnyDeserializer<'a> {
[INFO] [stdout]     | ---------------------------- associated function in this implementation
[INFO] [stdout] 218 |     pub(crate) fn new(value: &'a Any) -> Self {
[INFO] [stdout]     |                   ^^^
[INFO] [stdout] 
[INFO] [stdout] 
[INFO] [stdout] warning: trait `BlockIterator` is never used
[INFO] [stdout]  --> src/iter.rs:7:18
[INFO] [stdout]   |
[INFO] [stdout] 7 | pub(crate) trait BlockIterator: TxnIterator<Item = ItemPtr> + Sized {
[INFO] [stdout]   |                  ^^^^^^^^^^^^^
[INFO] [stdout] 
[INFO] [stdout] 
[INFO] [stdout] warning: trait `BlockSliceIterator` is never used
[INFO] [stdout]   --> src/iter.rs:21:18
[INFO] [stdout]    |
[INFO] [stdout] 21 | pub(crate) trait BlockSliceIterator: TxnIterator<Item = ItemSlice> + Sized {
[INFO] [stdout]    |                  ^^^^^^^^^^^^^^^^^^
[INFO] [stdout] 
[INFO] [stdout] 
[INFO] [stdout] warning: associated function `new` is never used
[INFO] [stdout]    --> src/iter.rs:322:8
[INFO] [stdout]     |
[INFO] [stdout] 318 | / impl<I> RangeIter<I>
[INFO] [stdout] 319 | | where
[INFO] [stdout] 320 | |     I: TxnIterator<Item = ItemPtr>,
[INFO] [stdout]     | |___________________________________- associated function in this implementation
[INFO] [stdout] 321 |   {
[INFO] [stdout] 322 |       fn new(iter: I, start: StickyIndex, end: StickyIndex) -> Self {
[INFO] [stdout]     |          ^^^
[INFO] [stdout] 
[INFO] [stdout] 
[INFO] [stdout] warning: variant `Opened` is never constructed
[INFO] [stdout]    --> src/iter.rs:441:5
[INFO] [stdout]     |
[INFO] [stdout] 439 | enum RangeIterState {
[INFO] [stdout]     |      -------------- variant in this enum
[INFO] [stdout] 440 |     /// Ranged iterator position hasn't reach chosen ID range yet.
[INFO] [stdout] 441 |     Opened,
[INFO] [stdout]     |     ^^^^^^
[INFO] [stdout]     |
[INFO] [stdout]     = note: `RangeIterState` has derived impls for the traits `Clone` and `Debug`, but these are intentionally ignored during dead code analysis
[INFO] [stdout] 
[INFO] [stdout] 
[INFO] [stdout] warning: associated function `new` is never used
[INFO] [stdout]    --> src/iter.rs:456:8
[INFO] [stdout]     |
[INFO] [stdout] 455 | impl<I> Values<I> {
[INFO] [stdout]     | ----------------- associated function in this implementation
[INFO] [stdout] 456 |     fn new(iter: I) -> Self {
[INFO] [stdout]     |        ^^^
[INFO] [stdout] 
[INFO] [stdout] 
[INFO] [stdout] warning: methods `try_trim`, `contains_id`, `right`, and `left` are never used
[INFO] [stdout]    --> src/slice.rs:147:12
[INFO] [stdout]     |
[INFO] [stdout] 100 | impl ItemSlice {
[INFO] [stdout]     | -------------- methods in this implementation
[INFO] [stdout] ...
[INFO] [stdout] 147 |     pub fn try_trim(&mut self, from: &ID, to: &ID) -> bool {
[INFO] [stdout]     |            ^^^^^^^^
[INFO] [stdout] ...
[INFO] [stdout] 192 |     pub fn contains_id(&self, id: &ID) -> bool {
[INFO] [stdout]     |            ^^^^^^^^^^^
[INFO] [stdout] ...
[INFO] [stdout] 260 |     pub fn right(&self) -> Option<ItemSlice> {
[INFO] [stdout]     |            ^^^^^
[INFO] [stdout] ...
[INFO] [stdout] 280 |     pub fn left(&self) -> Option<ItemSlice> {
[INFO] [stdout]     |            ^^^^
[INFO] [stdout] 
[INFO] [stdout] 
[INFO] [stdout] warning: comparison is useless due to type limits
[INFO] [stdout]    --> src/block_iter.rs:430:12
[INFO] [stdout]     |
[INFO] [stdout] 430 |         if len < 0 {
[INFO] [stdout]     |            ^^^^^^^
[INFO] [stdout]     |
[INFO] [stdout]     = note: `#[warn(unused_comparisons)]` on by default
[INFO] [stdout] 
[INFO] [stdout] 
[INFO] [stdout] warning: types that do not implement `Drop` can still have drop glue, consider instead using `std::mem::needs_drop` to detect whether a type is trivially dropped
[INFO] [stdout]    --> src/observer.rs:280:33
[INFO] [stdout]     |
[INFO] [stdout] 280 | pub type Subscription = Arc<dyn Drop + 'static>;
[INFO] [stdout]     |                                 ^^^^
[INFO] [stdout]     |
[INFO] [stdout]     = note: `#[warn(dyn_drop)]` on by default
[INFO] [stdout] 
[INFO] [stdout] 
[INFO] [stderr]     Finished `dev` profile [unoptimized + debuginfo] target(s) in 8.70s
[INFO] running `Command { std: "docker" "inspect" "8e94e92107ba9d5a552c41553e95d9796833906a58782cfdee5fef016e8ecab8", kill_on_drop: false }`
[INFO] running `Command { std: "docker" "rm" "-f" "8e94e92107ba9d5a552c41553e95d9796833906a58782cfdee5fef016e8ecab8", kill_on_drop: false }`
[INFO] [stdout] 8e94e92107ba9d5a552c41553e95d9796833906a58782cfdee5fef016e8ecab8
[INFO] running `Command { std: "docker" "create" "-v" "/var/lib/crater-agent-workspace/builds/worker-3-tc1/target:/opt/rustwide/target:rw,Z" "-v" "/var/lib/crater-agent-workspace/builds/worker-3-tc1/source:/opt/rustwide/workdir:ro,Z" "-v" "/var/lib/crater-agent-workspace/cargo-home:/opt/rustwide/cargo-home:ro,Z" "-v" "/var/lib/crater-agent-workspace/rustup-home:/opt/rustwide/rustup-home:ro,Z" "-e" "SOURCE_DIR=/opt/rustwide/workdir" "-e" "CARGO_TARGET_DIR=/opt/rustwide/target" "-e" "CARGO_INCREMENTAL=0" "-e" "RUST_BACKTRACE=full" "-e" "RUSTFLAGS=--cap-lints=warn" "-e" "RUSTDOCFLAGS=--cap-lints=warn" "-e" "CARGO_HOME=/opt/rustwide/cargo-home" "-e" "RUSTUP_HOME=/opt/rustwide/rustup-home" "-w" "/opt/rustwide/workdir" "-m" "1610612736" "--user" "0:0" "--network" "none" "ghcr.io/rust-lang/crates-build-env/linux@sha256:f3a9d4ad9d972b27faf3965f35b62e55ba32bbce8f20bc8fe909558a86702fde" "/opt/rustwide/cargo-home/bin/cargo" "+1.83.0" "test" "--frozen" "--no-run" "--message-format=json", kill_on_drop: false }`
[INFO] [stdout] 8aad44bf5d6472730b1da913120e8c33d178f800ffbcf9c1ba00f3f89d6ea3cd
[INFO] running `Command { std: "docker" "start" "-a" "8aad44bf5d6472730b1da913120e8c33d178f800ffbcf9c1ba00f3f89d6ea3cd", kill_on_drop: false }`
[INFO] [stderr]    Compiling libm v0.2.11
[INFO] [stderr]    Compiling cc v1.2.4
[INFO] [stderr]    Compiling num-traits v0.2.19
[INFO] [stderr]    Compiling byteorder v1.5.0
[INFO] [stderr]    Compiling rustix v0.38.42
[INFO] [stderr]    Compiling regex-syntax v0.8.5
[INFO] [stderr]    Compiling either v1.13.0
[INFO] [stderr]    Compiling linux-raw-sys v0.4.14
[INFO] [stderr]    Compiling bitflags v2.6.0
[INFO] [stderr]    Compiling pkg-config v0.3.31
[INFO] [stderr]    Compiling getrandom v0.2.15
[INFO] [stderr]    Compiling crossbeam-epoch v0.9.18
[INFO] [stderr]    Compiling zerocopy-derive v0.7.35
[INFO] [stderr]    Compiling rayon-core v1.12.1
[INFO] [stderr]    Compiling half v2.4.1
[INFO] [stderr]    Compiling anstyle v1.0.10
[INFO] [stderr]    Compiling rand_core v0.6.4
[INFO] [stderr]    Compiling clap_lex v0.7.4
[INFO] [stderr]    Compiling plotters-backend v0.3.7
[INFO] [stderr]    Compiling ciborium-io v0.2.2
[INFO] [stderr]    Compiling syn v1.0.109
[INFO] [stderr]    Compiling crossbeam-deque v0.8.5
[INFO] [stderr]    Compiling ciborium-ll v0.2.2
[INFO] [stderr]    Compiling itertools v0.10.5
[INFO] [stderr]    Compiling clap_builder v4.5.23
[INFO] [stderr]    Compiling wait-timeout v0.2.0
[INFO] [stderr]    Compiling quick-error v1.2.3
[INFO] [stderr]    Compiling plotters-svg v0.3.7
[INFO] [stderr]    Compiling same-file v1.0.6
[INFO] [stderr]    Compiling bit-vec v0.6.3
[INFO] [stderr]    Compiling cast v0.3.0
[INFO] [stderr]    Compiling ciborium v0.2.2
[INFO] [stderr]    Compiling walkdir v2.5.0
[INFO] [stderr]    Compiling rand_xorshift v0.3.0
[INFO] [stderr]    Compiling bit-set v0.5.3
[INFO] [stderr]    Compiling tinytemplate v1.2.1
[INFO] [stderr]    Compiling is-terminal v0.4.13
[INFO] [stderr]    Compiling crc32fast v1.4.2
[INFO] [stderr]    Compiling lazy_static v1.5.0
[INFO] [stderr]    Compiling str_indices v0.4.4
[INFO] [stderr]    Compiling unarray v0.1.4
[INFO] [stderr]    Compiling anes v0.1.6
[INFO] [stderr]    Compiling cmake v0.1.52
[INFO] [stderr]    Compiling rayon v1.10.0
[INFO] [stderr]    Compiling oorandom v11.1.4
[INFO] [stderr]    Compiling ropey v1.6.1
[INFO] [stderr]    Compiling assert_matches2 v0.1.2
[INFO] [stdout] warning: unused import: `Transaction`
[INFO] [stdout]  --> src/doc.rs:6:34
[INFO] [stdout]   |
[INFO] [stdout] 6 | use crate::transaction::{Origin, Transaction, TransactionMut};
[INFO] [stdout]   |                                  ^^^^^^^^^^^
[INFO] [stdout]   |
[INFO] [stdout]   = note: `#[warn(unused_imports)]` on by default
[INFO] [stdout] 
[INFO] [stdout] 
[INFO] [stdout] warning: unused import: `ArrayRef`
[INFO] [stdout]   --> src/types/mod.rs:18:39
[INFO] [stdout]    |
[INFO] [stdout] 18 | use crate::types::array::{ArrayEvent, ArrayRef};
[INFO] [stdout]    |                                       ^^^^^^^^
[INFO] [stdout] 
[INFO] [stdout] 
[INFO] [stdout] warning: unused imports: `XmlElementRef` and `XmlTextRef`
[INFO] [stdout]   --> src/types/mod.rs:23:25
[INFO] [stdout]    |
[INFO] [stdout] 23 | use crate::types::xml::{XmlElementRef, XmlEvent, XmlTextEvent, XmlTextRef};
[INFO] [stdout]    |                         ^^^^^^^^^^^^^                          ^^^^^^^^^^
[INFO] [stdout] 
[INFO] [stdout] 
[INFO] [stdout] warning: value assigned to `left` is never read
[INFO] [stdout]    --> src/block.rs:286:17
[INFO] [stdout]     |
[INFO] [stdout] 286 |         let mut left = None;
[INFO] [stdout]     |                 ^^^^
[INFO] [stdout]     |
[INFO] [stdout]     = help: maybe it is overwritten before being read?
[INFO] [stdout]     = note: `#[warn(unused_assignments)]` on by default
[INFO] [stdout] 
[INFO] [stdout] 
[INFO] [stdout] warning: unused variable: `ptr`
[INFO] [stdout]    --> src/block.rs:728:25
[INFO] [stdout]     |
[INFO] [stdout] 728 |                     let ptr = if this.info.is_deleted() {
[INFO] [stdout]     |                         ^^^ help: if this is intentional, prefix it with an underscore: `_ptr`
[INFO] [stdout]     |
[INFO] [stdout]     = note: `#[warn(unused_variables)]` on by default
[INFO] [stdout] 
[INFO] [stdout] 
[INFO] [stdout] warning: variable does not need to be mutable
[INFO] [stdout]    --> src/block.rs:642:29
[INFO] [stdout]     |
[INFO] [stdout] 642 |                 if let Some(mut left) = this.left {
[INFO] [stdout]     |                             ----^^^^
[INFO] [stdout]     |                             |
[INFO] [stdout]     |                             help: remove this `mut`
[INFO] [stdout]     |
[INFO] [stdout]     = note: `#[warn(unused_mut)]` on by default
[INFO] [stdout] 
[INFO] [stdout] 
[INFO] [stdout] warning: variable `prev_start` is assigned to, but never used
[INFO] [stdout]    --> src/id_set.rs:173:29
[INFO] [stdout]     |
[INFO] [stdout] 173 |                     let mut prev_start = r.start;
[INFO] [stdout]     |                             ^^^^^^^^^^
[INFO] [stdout]     |
[INFO] [stdout]     = note: consider using `_prev_start` instead
[INFO] [stdout] 
[INFO] [stdout] 
[INFO] [stdout] warning: value assigned to `prev_start` is never read
[INFO] [stdout]    --> src/id_set.rs:179:25
[INFO] [stdout]     |
[INFO] [stdout] 179 |                         prev_start = r.start;
[INFO] [stdout]     |                         ^^^^^^^^^^
[INFO] [stdout]     |
[INFO] [stdout]     = help: maybe it is overwritten before being read?
[INFO] [stdout] 
[INFO] [stdout] 
[INFO] [stdout] warning: unused variable: `branch`
[INFO] [stdout]    --> src/update.rs:380:35
[INFO] [stdout]     |
[INFO] [stdout] 380 |                 ItemContent::Type(branch) => {
[INFO] [stdout]     |                                   ^^^^^^ help: if this is intentional, prefix it with an underscore: `_branch`
[INFO] [stdout] 
[INFO] [stdout] 
[INFO] [stdout] warning: method `clock_end` is never used
[INFO] [stdout]    --> src/block.rs:134:12
[INFO] [stdout]     |
[INFO] [stdout] 126 | impl BlockCell {
[INFO] [stdout]     | -------------- method in this implementation
[INFO] [stdout] ...
[INFO] [stdout] 134 |     pub fn clock_end(&self) -> u32 {
[INFO] [stdout]     |            ^^^^^^^^^
[INFO] [stdout]     |
[INFO] [stdout]     = note: `#[warn(dead_code)]` on by default
[INFO] [stdout] 
[INFO] [stdout] 
[INFO] [stdout] warning: associated items `with_capacity` and `get_block_mut` are never used
[INFO] [stdout]    --> src/block_store.rs:41:12
[INFO] [stdout]     |
[INFO] [stdout] 19  | impl ClientBlockList {
[INFO] [stdout]     | -------------------- associated items in this implementation
[INFO] [stdout] ...
[INFO] [stdout] 41  |     pub fn with_capacity(capacity: usize) -> Result<ClientBlockList, Error> {
[INFO] [stdout]     |            ^^^^^^^^^^^^^
[INFO] [stdout] ...
[INFO] [stdout] 102 |     fn get_block_mut(&mut self, clock: u32) -> Option<&mut BlockCell> {
[INFO] [stdout]     |        ^^^^^^^^^^^^^
[INFO] [stdout] 
[INFO] [stdout] 
[INFO] [stdout] warning: methods `contains`, `get_block_mut`, and `get_client_blocks_with_capacity_mut` are never used
[INFO] [stdout]    --> src/block_store.rs:218:12
[INFO] [stdout]     |
[INFO] [stdout] 211 | impl BlockStore {
[INFO] [stdout]     | --------------- methods in this implementation
[INFO] [stdout] ...
[INFO] [stdout] 218 |     pub fn contains(&self, id: &ID) -> bool {
[INFO] [stdout]     |            ^^^^^^^^
[INFO] [stdout] ...
[INFO] [stdout] 293 |     pub(crate) fn get_block_mut(&mut self, id: &ID) -> Option<&mut BlockCell> {
[INFO] [stdout]     |                   ^^^^^^^^^^^^^
[INFO] [stdout] ...
[INFO] [stdout] 349 |     pub(crate) fn get_client_blocks_with_capacity_mut(
[INFO] [stdout]     |                   ^^^^^^^^^^^^^^^^^^^^^^^^^^^^^^^^^^^
[INFO] [stdout] 
[INFO] [stdout] 
[INFO] [stdout] warning: struct `Blocks` is never constructed
[INFO] [stdout]    --> src/block_store.rs:414:19
[INFO] [stdout]     |
[INFO] [stdout] 414 | pub(crate) struct Blocks<'a> {
[INFO] [stdout]     |                   ^^^^^^
[INFO] [stdout] 
[INFO] [stdout] 
[INFO] [stdout] warning: associated function `new` is never used
[INFO] [stdout]    --> src/block_store.rs:420:8
[INFO] [stdout]     |
[INFO] [stdout] 419 | impl<'a> Blocks<'a> {
[INFO] [stdout]     | ------------------- associated function in this implementation
[INFO] [stdout] 420 |     fn new(update: &'a BlockStore) -> Self {
[INFO] [stdout]     |        ^^^
[INFO] [stdout] 
[INFO] [stdout] 
[INFO] [stdout] warning: associated function `from` is never used
[INFO] [stdout]    --> src/types/mod.rs:595:12
[INFO] [stdout]     |
[INFO] [stdout] 591 | / impl<'a, T: ReadTxn> Entries<'a, T, T>
[INFO] [stdout] 592 | | where
[INFO] [stdout] 593 | |     T: Borrow<T> + ReadTxn,
[INFO] [stdout]     | |___________________________- associated function in this implementation
[INFO] [stdout] 594 |   {
[INFO] [stdout] 595 |       pub fn from(source: &'a HashMap<Arc<str>, ItemPtr>, txn: T) -> Self {
[INFO] [stdout]     |              ^^^^
[INFO] [stdout] 
[INFO] [stdout] 
[INFO] [stdout] warning: struct `Iter` is never constructed
[INFO] [stdout]    --> src/types/mod.rs:625:19
[INFO] [stdout]     |
[INFO] [stdout] 625 | pub(crate) struct Iter<'a, T> {
[INFO] [stdout]     |                   ^^^^
[INFO] [stdout] 
[INFO] [stdout] 
[INFO] [stdout] warning: associated function `new` is never used
[INFO] [stdout]    --> src/types/mod.rs:631:8
[INFO] [stdout]     |
[INFO] [stdout] 630 | impl<'a, T: ReadTxn> Iter<'a, T> {
[INFO] [stdout]     | -------------------------------- associated function in this implementation
[INFO] [stdout] 631 |     fn new(ptr: Option<&'a ItemPtr>, txn: &'a T) -> Self {
[INFO] [stdout]     |        ^^^
[INFO] [stdout] 
[INFO] [stdout] 
[INFO] [stdout] warning: method `blocks` is never used
[INFO] [stdout]   --> src/update.rs:45:19
[INFO] [stdout]    |
[INFO] [stdout] 29 | impl UpdateBlocks {
[INFO] [stdout]    | ----------------- method in this implementation
[INFO] [stdout] ...
[INFO] [stdout] 45 |     pub(crate) fn blocks(&self) -> Blocks<'_> {
[INFO] [stdout]    |                   ^^^^^^
[INFO] [stdout] 
[INFO] [stdout] 
[INFO] [stdout] warning: method `is_empty` is never used
[INFO] [stdout]    --> src/update.rs:102:19
[INFO] [stdout]     |
[INFO] [stdout] 97  | impl Update {
[INFO] [stdout]     | ----------- method in this implementation
[INFO] [stdout] ...
[INFO] [stdout] 102 |     pub(crate) fn is_empty(&self) -> bool {
[INFO] [stdout]     |                   ^^^^^^^^
[INFO] [stdout] 
[INFO] [stdout] 
[INFO] [stdout] warning: method `into_block` is never used
[INFO] [stdout]    --> src/update.rs:888:12
[INFO] [stdout]     |
[INFO] [stdout] 812 | impl BlockCarrier {
[INFO] [stdout]     | ----------------- method in this implementation
[INFO] [stdout] ...
[INFO] [stdout] 888 |     pub fn into_block(self) -> Option<Box<Item>> {
[INFO] [stdout]     |            ^^^^^^^^^^
[INFO] [stdout] 
[INFO] [stdout] 
[INFO] [stdout] warning: struct `Blocks` is never constructed
[INFO] [stdout]     --> src/update.rs:1001:19
[INFO] [stdout]      |
[INFO] [stdout] 1001 | pub(crate) struct Blocks<'a> {
[INFO] [stdout]      |                   ^^^^^^
[INFO] [stdout] 
[INFO] [stdout] 
[INFO] [stdout] warning: associated function `new` is never used
[INFO] [stdout]     --> src/update.rs:1007:8
[INFO] [stdout]      |
[INFO] [stdout] 1006 | impl<'a> Blocks<'a> {
[INFO] [stdout]      | ------------------- associated function in this implementation
[INFO] [stdout] 1007 |     fn new(update: &'a UpdateBlocks) -> Self {
[INFO] [stdout]      |        ^^^
[INFO] [stdout] 
[INFO] [stdout] 
[INFO] [stdout] warning: methods `move_to`, `forward`, `backward`, and `values` are never used
[INFO] [stdout]    --> src/block_iter.rs:73:12
[INFO] [stdout]     |
[INFO] [stdout] 23  | impl BlockIter {
[INFO] [stdout]     | -------------- methods in this implementation
[INFO] [stdout] ...
[INFO] [stdout] 73  |     pub fn move_to(&mut self, index: u32, txn: &mut TransactionMut) {
[INFO] [stdout]     |            ^^^^^^^
[INFO] [stdout] ...
[INFO] [stdout] 99  |     pub fn forward<T: ReadTxn>(&mut self, txn: &T, len: u32) {
[INFO] [stdout]     |            ^^^^^^^
[INFO] [stdout] ...
[INFO] [stdout] 186 |     pub fn backward<T: ReadTxn>(&mut self, txn: &mut T, mut len: u32) {
[INFO] [stdout]     |            ^^^^^^^^
[INFO] [stdout] ...
[INFO] [stdout] 516 |     pub fn values<'a, 'txn, T: ReadTxn>(
[INFO] [stdout]     |            ^^^^^^
[INFO] [stdout] 
[INFO] [stdout] 
[INFO] [stdout] warning: associated function `new` is never used
[INFO] [stdout]    --> src/block_iter.rs:530:8
[INFO] [stdout]     |
[INFO] [stdout] 529 | impl<'a, 'txn> Values<'a, 'txn> {
[INFO] [stdout]     | ------------------------------- associated function in this implementation
[INFO] [stdout] 530 |     fn new(iter: &'a mut BlockIter, txn: &'txn mut TransactionMut<'txn>) -> Self {
[INFO] [stdout]     |        ^^^
[INFO] [stdout] 
[INFO] [stdout] 
[INFO] [stdout] warning: method `remove_at` is never used
[INFO] [stdout]    --> src/branch.rs:427:19
[INFO] [stdout]     |
[INFO] [stdout] 245 | impl Branch {
[INFO] [stdout]     | ----------- method in this implementation
[INFO] [stdout] ...
[INFO] [stdout] 427 |     pub(crate) fn remove_at(&self, txn: &mut TransactionMut, index: u32, len: u32) -> u32 {
[INFO] [stdout]     |                   ^^^^^^^^^
[INFO] [stdout] 
[INFO] [stdout] 
[INFO] [stdout] warning: associated function `new` is never used
[INFO] [stdout]    --> src/encoding/serde/de.rs:218:19
[INFO] [stdout]     |
[INFO] [stdout] 217 | impl<'a> AnyDeserializer<'a> {
[INFO] [stdout]     | ---------------------------- associated function in this implementation
[INFO] [stdout] 218 |     pub(crate) fn new(value: &'a Any) -> Self {
[INFO] [stdout]     |                   ^^^
[INFO] [stdout] 
[INFO] [stdout] 
[INFO] [stdout] warning: trait `BlockIterator` is never used
[INFO] [stdout]  --> src/iter.rs:7:18
[INFO] [stdout]   |
[INFO] [stdout] 7 | pub(crate) trait BlockIterator: TxnIterator<Item = ItemPtr> + Sized {
[INFO] [stdout]   |                  ^^^^^^^^^^^^^
[INFO] [stdout] 
[INFO] [stdout] 
[INFO] [stdout] warning: trait `BlockSliceIterator` is never used
[INFO] [stdout]   --> src/iter.rs:21:18
[INFO] [stdout]    |
[INFO] [stdout] 21 | pub(crate) trait BlockSliceIterator: TxnIterator<Item = ItemSlice> + Sized {
[INFO] [stdout]    |                  ^^^^^^^^^^^^^^^^^^
[INFO] [stdout] 
[INFO] [stdout] 
[INFO] [stdout] warning: associated function `new` is never used
[INFO] [stdout]    --> src/iter.rs:322:8
[INFO] [stdout]     |
[INFO] [stdout] 318 | / impl<I> RangeIter<I>
[INFO] [stdout] 319 | | where
[INFO] [stdout] 320 | |     I: TxnIterator<Item = ItemPtr>,
[INFO] [stdout]     | |___________________________________- associated function in this implementation
[INFO] [stdout] 321 |   {
[INFO] [stdout] 322 |       fn new(iter: I, start: StickyIndex, end: StickyIndex) -> Self {
[INFO] [stdout]     |          ^^^
[INFO] [stdout] 
[INFO] [stdout] 
[INFO] [stdout] warning: variant `Opened` is never constructed
[INFO] [stdout]    --> src/iter.rs:441:5
[INFO] [stdout]     |
[INFO] [stdout] 439 | enum RangeIterState {
[INFO] [stdout]     |      -------------- variant in this enum
[INFO] [stdout] 440 |     /// Ranged iterator position hasn't reach chosen ID range yet.
[INFO] [stdout] 441 |     Opened,
[INFO] [stdout]     |     ^^^^^^
[INFO] [stdout]     |
[INFO] [stdout]     = note: `RangeIterState` has derived impls for the traits `Clone` and `Debug`, but these are intentionally ignored during dead code analysis
[INFO] [stdout] 
[INFO] [stdout] 
[INFO] [stdout] warning: associated function `new` is never used
[INFO] [stdout]    --> src/iter.rs:456:8
[INFO] [stdout]     |
[INFO] [stdout] 455 | impl<I> Values<I> {
[INFO] [stdout]     | ----------------- associated function in this implementation
[INFO] [stdout] 456 |     fn new(iter: I) -> Self {
[INFO] [stdout]     |        ^^^
[INFO] [stdout] 
[INFO] [stdout] 
[INFO] [stdout] warning: methods `try_trim`, `contains_id`, `right`, and `left` are never used
[INFO] [stdout]    --> src/slice.rs:147:12
[INFO] [stdout]     |
[INFO] [stdout] 100 | impl ItemSlice {
[INFO] [stdout]     | -------------- methods in this implementation
[INFO] [stdout] ...
[INFO] [stdout] 147 |     pub fn try_trim(&mut self, from: &ID, to: &ID) -> bool {
[INFO] [stdout]     |            ^^^^^^^^
[INFO] [stdout] ...
[INFO] [stdout] 192 |     pub fn contains_id(&self, id: &ID) -> bool {
[INFO] [stdout]     |            ^^^^^^^^^^^
[INFO] [stdout] ...
[INFO] [stdout] 260 |     pub fn right(&self) -> Option<ItemSlice> {
[INFO] [stdout]     |            ^^^^^
[INFO] [stdout] ...
[INFO] [stdout] 280 |     pub fn left(&self) -> Option<ItemSlice> {
[INFO] [stdout]     |            ^^^^
[INFO] [stdout] 
[INFO] [stdout] 
[INFO] [stdout] warning: comparison is useless due to type limits
[INFO] [stdout]    --> src/block_iter.rs:430:12
[INFO] [stdout]     |
[INFO] [stdout] 430 |         if len < 0 {
[INFO] [stdout]     |            ^^^^^^^
[INFO] [stdout]     |
[INFO] [stdout]     = note: `#[warn(unused_comparisons)]` on by default
[INFO] [stdout] 
[INFO] [stdout] 
[INFO] [stdout] warning: types that do not implement `Drop` can still have drop glue, consider instead using `std::mem::needs_drop` to detect whether a type is trivially dropped
[INFO] [stdout]    --> src/observer.rs:280:33
[INFO] [stdout]     |
[INFO] [stdout] 280 | pub type Subscription = Arc<dyn Drop + 'static>;
[INFO] [stdout]     |                                 ^^^^
[INFO] [stdout]     |
[INFO] [stdout]     = note: `#[warn(dyn_drop)]` on by default
[INFO] [stdout] 
[INFO] [stdout] 
[INFO] [stderr]    Compiling zerocopy v0.7.35
[INFO] [stderr]    Compiling libz-sys v1.1.20
[INFO] [stderr]    Compiling plotters v0.3.7
[INFO] [stderr]    Compiling criterion-plot v0.5.0
[INFO] [stderr]    Compiling ppv-lite86 v0.2.20
[INFO] [stderr]    Compiling clap v4.5.23
[INFO] [stderr]    Compiling regex-automata v0.4.9
[INFO] [stderr]    Compiling rand_chacha v0.3.1
[INFO] [stderr]    Compiling tempfile v3.14.0
[INFO] [stderr]    Compiling rusty-fork v0.3.0
[INFO] [stderr]    Compiling rand v0.8.5
[INFO] [stderr]    Compiling proptest v1.5.0
[INFO] [stderr]    Compiling regex v1.11.1
[INFO] [stderr]    Compiling criterion v0.5.1
[INFO] [stderr]    Compiling proptest-derive v0.4.0
[INFO] [stderr]    Compiling flate2 v1.0.35
[INFO] [stderr]    Compiling yrs v0.21.3 (/opt/rustwide/workdir)
[INFO] [stdout] warning: unused import: `Transaction`
[INFO] [stdout]  --> src/doc.rs:6:34
[INFO] [stdout]   |
[INFO] [stdout] 6 | use crate::transaction::{Origin, Transaction, TransactionMut};
[INFO] [stdout]   |                                  ^^^^^^^^^^^
[INFO] [stdout]   |
[INFO] [stdout]   = note: `#[warn(unused_imports)]` on by default
[INFO] [stdout] 
[INFO] [stdout] 
[INFO] [stdout] warning: unused import: `GC`
[INFO] [stdout]     --> src/doc.rs:1037:48
[INFO] [stdout]      |
[INFO] [stdout] 1037 |     use crate::block::{BlockCell, ItemContent, GC};
[INFO] [stdout]      |                                                ^^
[INFO] [stdout] 
[INFO] [stdout] 
[INFO] [stdout] warning: unused imports: `BranchPtr` and `Branch`
[INFO] [stdout]     --> src/doc.rs:1038:25
[INFO] [stdout]      |
[INFO] [stdout] 1038 |     use crate::branch::{Branch, BranchPtr};
[INFO] [stdout]      |                         ^^^^^^  ^^^^^^^^^
[INFO] [stdout] 
[INFO] [stdout] 
[INFO] [stdout] warning: unused imports: `BranchID` and `SharedRef`
[INFO] [stdout]     --> src/doc.rs:1046:49
[INFO] [stdout]      |
[INFO] [stdout] 1046 |         any, Any, Array, ArrayPrelim, ArrayRef, BranchID, DeleteSet, Doc, GetString, Map,
[INFO] [stdout]      |                                                 ^^^^^^^^
[INFO] [stdout] 1047 |         MapPrelim, MapRef, OffsetKind, Options, SharedRef, StateVector, Subscription, Text,
[INFO] [stdout]      |                                                 ^^^^^^^^^
[INFO] [stdout] 
[INFO] [stdout] 
[INFO] [stdout] warning: unused import: `ArrayRef`
[INFO] [stdout]   --> src/types/mod.rs:18:39
[INFO] [stdout]    |
[INFO] [stdout] 18 | use crate::types::array::{ArrayEvent, ArrayRef};
[INFO] [stdout]    |                                       ^^^^^^^^
[INFO] [stdout] 
[INFO] [stdout] 
[INFO] [stdout] warning: unused imports: `XmlElementRef` and `XmlTextRef`
[INFO] [stdout]   --> src/types/mod.rs:23:25
[INFO] [stdout]    |
[INFO] [stdout] 23 | use crate::types::xml::{XmlElementRef, XmlEvent, XmlTextEvent, XmlTextRef};
[INFO] [stdout]    |                         ^^^^^^^^^^^^^                          ^^^^^^^^^^
[INFO] [stdout] 
[INFO] [stdout] 
[INFO] [stdout] warning: unused import: `WriteTxn`
[INFO] [stdout]     --> src/update.rs:1097:72
[INFO] [stdout]      |
[INFO] [stdout] 1097 |         Doc, GetString, Options, ReadTxn, StateVector, Text, Transact, WriteTxn, XmlFragment,
[INFO] [stdout]      |                                                                        ^^^^^^^^
[INFO] [stdout] 
[INFO] [stdout] 
[INFO] [stdout] warning: value assigned to `left` is never read
[INFO] [stdout]    --> src/block.rs:286:17
[INFO] [stdout]     |
[INFO] [stdout] 286 |         let mut left = None;
[INFO] [stdout]     |                 ^^^^
[INFO] [stdout]     |
[INFO] [stdout]     = help: maybe it is overwritten before being read?
[INFO] [stdout]     = note: `#[warn(unused_assignments)]` on by default
[INFO] [stdout] 
[INFO] [stdout] 
[INFO] [stdout] warning: unused variable: `ptr`
[INFO] [stdout]    --> src/block.rs:728:25
[INFO] [stdout]     |
[INFO] [stdout] 728 |                     let ptr = if this.info.is_deleted() {
[INFO] [stdout]     |                         ^^^ help: if this is intentional, prefix it with an underscore: `_ptr`
[INFO] [stdout]     |
[INFO] [stdout]     = note: `#[warn(unused_variables)]` on by default
[INFO] [stdout] 
[INFO] [stdout] 
[INFO] [stdout] warning: variable does not need to be mutable
[INFO] [stdout]    --> src/block.rs:642:29
[INFO] [stdout]     |
[INFO] [stdout] 642 |                 if let Some(mut left) = this.left {
[INFO] [stdout]     |                             ----^^^^
[INFO] [stdout]     |                             |
[INFO] [stdout]     |                             help: remove this `mut`
[INFO] [stdout]     |
[INFO] [stdout]     = note: `#[warn(unused_mut)]` on by default
[INFO] [stdout] 
[INFO] [stdout] 
[INFO] [stdout] warning: variable `prev_start` is assigned to, but never used
[INFO] [stdout]    --> src/id_set.rs:173:29
[INFO] [stdout]     |
[INFO] [stdout] 173 |                     let mut prev_start = r.start;
[INFO] [stdout]     |                             ^^^^^^^^^^
[INFO] [stdout]     |
[INFO] [stdout]     = note: consider using `_prev_start` instead
[INFO] [stdout] 
[INFO] [stdout] 
[INFO] [stdout] warning: value assigned to `prev_start` is never read
[INFO] [stdout]    --> src/id_set.rs:179:25
[INFO] [stdout]     |
[INFO] [stdout] 179 |                         prev_start = r.start;
[INFO] [stdout]     |                         ^^^^^^^^^^
[INFO] [stdout]     |
[INFO] [stdout]     = help: maybe it is overwritten before being read?
[INFO] [stdout] 
[INFO] [stdout] 
[INFO] [stdout] warning: unused variable: `branch`
[INFO] [stdout]    --> src/update.rs:380:35
[INFO] [stdout]     |
[INFO] [stdout] 380 |                 ItemContent::Type(branch) => {
[INFO] [stdout]     |                                   ^^^^^^ help: if this is intentional, prefix it with an underscore: `_branch`
[INFO] [stdout] 
[INFO] [stdout] 
[INFO] [stdout] warning: variable does not need to be mutable
[INFO] [stdout]     --> src/update.rs:1369:13
[INFO] [stdout]      |
[INFO] [stdout] 1369 |         let mut updates = Arc::new(Mutex::new(vec![]));
[INFO] [stdout]      |             ----^^^^^^^
[INFO] [stdout]      |             |
[INFO] [stdout]      |             help: remove this `mut`
[INFO] [stdout] 
[INFO] [stdout] 
[INFO] [stdout] warning: method `clock_end` is never used
[INFO] [stdout]    --> src/block.rs:134:12
[INFO] [stdout]     |
[INFO] [stdout] 126 | impl BlockCell {
[INFO] [stdout]     | -------------- method in this implementation
[INFO] [stdout] ...
[INFO] [stdout] 134 |     pub fn clock_end(&self) -> u32 {
[INFO] [stdout]     |            ^^^^^^^^^
[INFO] [stdout]     |
[INFO] [stdout]     = note: `#[warn(dead_code)]` on by default
[INFO] [stdout] 
[INFO] [stdout] 
[INFO] [stdout] warning: associated items `with_capacity` and `get_block_mut` are never used
[INFO] [stdout]    --> src/block_store.rs:41:12
[INFO] [stdout]     |
[INFO] [stdout] 19  | impl ClientBlockList {
[INFO] [stdout]     | -------------------- associated items in this implementation
[INFO] [stdout] ...
[INFO] [stdout] 41  |     pub fn with_capacity(capacity: usize) -> Result<ClientBlockList, Error> {
[INFO] [stdout]     |            ^^^^^^^^^^^^^
[INFO] [stdout] ...
[INFO] [stdout] 102 |     fn get_block_mut(&mut self, clock: u32) -> Option<&mut BlockCell> {
[INFO] [stdout]     |        ^^^^^^^^^^^^^
[INFO] [stdout] 
[INFO] [stdout] 
[INFO] [stdout] warning: methods `contains`, `get_block_mut`, and `get_client_blocks_with_capacity_mut` are never used
[INFO] [stdout]    --> src/block_store.rs:218:12
[INFO] [stdout]     |
[INFO] [stdout] 211 | impl BlockStore {
[INFO] [stdout]     | --------------- methods in this implementation
[INFO] [stdout] ...
[INFO] [stdout] 218 |     pub fn contains(&self, id: &ID) -> bool {
[INFO] [stdout]     |            ^^^^^^^^
[INFO] [stdout] ...
[INFO] [stdout] 293 |     pub(crate) fn get_block_mut(&mut self, id: &ID) -> Option<&mut BlockCell> {
[INFO] [stdout]     |                   ^^^^^^^^^^^^^
[INFO] [stdout] ...
[INFO] [stdout] 349 |     pub(crate) fn get_client_blocks_with_capacity_mut(
[INFO] [stdout]     |                   ^^^^^^^^^^^^^^^^^^^^^^^^^^^^^^^^^^^
[INFO] [stdout] 
[INFO] [stdout] 
[INFO] [stdout] warning: struct `Blocks` is never constructed
[INFO] [stdout]    --> src/block_store.rs:414:19
[INFO] [stdout]     |
[INFO] [stdout] 414 | pub(crate) struct Blocks<'a> {
[INFO] [stdout]     |                   ^^^^^^
[INFO] [stdout] 
[INFO] [stdout] 
[INFO] [stdout] warning: associated function `new` is never used
[INFO] [stdout]    --> src/block_store.rs:420:8
[INFO] [stdout]     |
[INFO] [stdout] 419 | impl<'a> Blocks<'a> {
[INFO] [stdout]     | ------------------- associated function in this implementation
[INFO] [stdout] 420 |     fn new(update: &'a BlockStore) -> Self {
[INFO] [stdout]     |        ^^^
[INFO] [stdout] 
[INFO] [stdout] 
[INFO] [stdout] warning: associated function `from` is never used
[INFO] [stdout]    --> src/types/mod.rs:595:12
[INFO] [stdout]     |
[INFO] [stdout] 591 | / impl<'a, T: ReadTxn> Entries<'a, T, T>
[INFO] [stdout] 592 | | where
[INFO] [stdout] 593 | |     T: Borrow<T> + ReadTxn,
[INFO] [stdout]     | |___________________________- associated function in this implementation
[INFO] [stdout] 594 |   {
[INFO] [stdout] 595 |       pub fn from(source: &'a HashMap<Arc<str>, ItemPtr>, txn: T) -> Self {
[INFO] [stdout]     |              ^^^^
[INFO] [stdout] 
[INFO] [stdout] 
[INFO] [stdout] warning: struct `Iter` is never constructed
[INFO] [stdout]    --> src/types/mod.rs:625:19
[INFO] [stdout]     |
[INFO] [stdout] 625 | pub(crate) struct Iter<'a, T> {
[INFO] [stdout]     |                   ^^^^
[INFO] [stdout] 
[INFO] [stdout] 
[INFO] [stdout] warning: associated function `new` is never used
[INFO] [stdout]    --> src/types/mod.rs:631:8
[INFO] [stdout]     |
[INFO] [stdout] 630 | impl<'a, T: ReadTxn> Iter<'a, T> {
[INFO] [stdout]     | -------------------------------- associated function in this implementation
[INFO] [stdout] 631 |     fn new(ptr: Option<&'a ItemPtr>, txn: &'a T) -> Self {
[INFO] [stdout]     |        ^^^
[INFO] [stdout] 
[INFO] [stdout] 
[INFO] [stdout] warning: method `is_empty` is never used
[INFO] [stdout]    --> src/update.rs:102:19
[INFO] [stdout]     |
[INFO] [stdout] 97  | impl Update {
[INFO] [stdout]     | ----------- method in this implementation
[INFO] [stdout] ...
[INFO] [stdout] 102 |     pub(crate) fn is_empty(&self) -> bool {
[INFO] [stdout]     |                   ^^^^^^^^
[INFO] [stdout] 
[INFO] [stdout] 
[INFO] [stdout] warning: method `into_block` is never used
[INFO] [stdout]    --> src/update.rs:888:12
[INFO] [stdout]     |
[INFO] [stdout] 812 | impl BlockCarrier {
[INFO] [stdout]     | ----------------- method in this implementation
[INFO] [stdout] ...
[INFO] [stdout] 888 |     pub fn into_block(self) -> Option<Box<Item>> {
[INFO] [stdout]     |            ^^^^^^^^^^
[INFO] [stdout] 
[INFO] [stdout] 
[INFO] [stdout] warning: methods `move_to`, `forward`, `backward`, and `values` are never used
[INFO] [stdout]    --> src/block_iter.rs:73:12
[INFO] [stdout]     |
[INFO] [stdout] 23  | impl BlockIter {
[INFO] [stdout]     | -------------- methods in this implementation
[INFO] [stdout] ...
[INFO] [stdout] 73  |     pub fn move_to(&mut self, index: u32, txn: &mut TransactionMut) {
[INFO] [stdout]     |            ^^^^^^^
[INFO] [stdout] ...
[INFO] [stdout] 99  |     pub fn forward<T: ReadTxn>(&mut self, txn: &T, len: u32) {
[INFO] [stdout]     |            ^^^^^^^
[INFO] [stdout] ...
[INFO] [stdout] 186 |     pub fn backward<T: ReadTxn>(&mut self, txn: &mut T, mut len: u32) {
[INFO] [stdout]     |            ^^^^^^^^
[INFO] [stdout] ...
[INFO] [stdout] 516 |     pub fn values<'a, 'txn, T: ReadTxn>(
[INFO] [stdout]     |            ^^^^^^
[INFO] [stdout] 
[INFO] [stdout] 
[INFO] [stdout] warning: associated function `new` is never used
[INFO] [stdout]    --> src/block_iter.rs:530:8
[INFO] [stdout]     |
[INFO] [stdout] 529 | impl<'a, 'txn> Values<'a, 'txn> {
[INFO] [stdout]     | ------------------------------- associated function in this implementation
[INFO] [stdout] 530 |     fn new(iter: &'a mut BlockIter, txn: &'txn mut TransactionMut<'txn>) -> Self {
[INFO] [stdout]     |        ^^^
[INFO] [stdout] 
[INFO] [stdout] 
[INFO] [stdout] warning: method `remove_at` is never used
[INFO] [stdout]    --> src/branch.rs:427:19
[INFO] [stdout]     |
[INFO] [stdout] 245 | impl Branch {
[INFO] [stdout]     | ----------- method in this implementation
[INFO] [stdout] ...
[INFO] [stdout] 427 |     pub(crate) fn remove_at(&self, txn: &mut TransactionMut, index: u32, len: u32) -> u32 {
[INFO] [stdout]     |                   ^^^^^^^^^
[INFO] [stdout] 
[INFO] [stdout] 
[INFO] [stdout] warning: associated function `new` is never used
[INFO] [stdout]    --> src/encoding/serde/de.rs:218:19
[INFO] [stdout]     |
[INFO] [stdout] 217 | impl<'a> AnyDeserializer<'a> {
[INFO] [stdout]     | ---------------------------- associated function in this implementation
[INFO] [stdout] 218 |     pub(crate) fn new(value: &'a Any) -> Self {
[INFO] [stdout]     |                   ^^^
[INFO] [stdout] 
[INFO] [stdout] 
[INFO] [stdout] warning: methods `try_trim`, `contains_id`, `right`, and `left` are never used
[INFO] [stdout]    --> src/slice.rs:147:12
[INFO] [stdout]     |
[INFO] [stdout] 100 | impl ItemSlice {
[INFO] [stdout]     | -------------- methods in this implementation
[INFO] [stdout] ...
[INFO] [stdout] 147 |     pub fn try_trim(&mut self, from: &ID, to: &ID) -> bool {
[INFO] [stdout]     |            ^^^^^^^^
[INFO] [stdout] ...
[INFO] [stdout] 192 |     pub fn contains_id(&self, id: &ID) -> bool {
[INFO] [stdout]     |            ^^^^^^^^^^^
[INFO] [stdout] ...
[INFO] [stdout] 260 |     pub fn right(&self) -> Option<ItemSlice> {
[INFO] [stdout]     |            ^^^^^
[INFO] [stdout] ...
[INFO] [stdout] 280 |     pub fn left(&self) -> Option<ItemSlice> {
[INFO] [stdout]     |            ^^^^
[INFO] [stdout] 
[INFO] [stdout] 
[INFO] [stdout] warning: comparison is useless due to type limits
[INFO] [stdout]    --> src/block_iter.rs:430:12
[INFO] [stdout]     |
[INFO] [stdout] 430 |         if len < 0 {
[INFO] [stdout]     |            ^^^^^^^
[INFO] [stdout]     |
[INFO] [stdout]     = note: `#[warn(unused_comparisons)]` on by default
[INFO] [stdout] 
[INFO] [stdout] 
[INFO] [stdout] warning: non-local `impl` definition, `impl` blocks should be written at the same level as their item
[INFO] [stdout]   --> src/encoding/mod.rs:44:21
[INFO] [stdout]    |
[INFO] [stdout] 44 |     #[derive(Debug, proptest_derive::Arbitrary)]
[INFO] [stdout]    |                     ^-------------------------
[INFO] [stdout]    |                     |
[INFO] [stdout]    |                     `Arbitrary` is not local
[INFO] [stdout]    |                     move the `impl` block outside of this constant `_IMPL_ARBITRARY_FOR_EncodingTypes`
[INFO] [stdout] 45 |     enum EncodingTypes {
[INFO] [stdout]    |          ------------- `EncodingTypes` is not local
[INFO] [stdout]    |
[INFO] [stdout]    = note: the derive macro `proptest_derive::Arbitrary` defines the non-local `impl`, and may need to be changed
[INFO] [stdout]    = note: the derive macro `proptest_derive::Arbitrary` may come from an old version of the `proptest_derive` crate, try updating your dependency with `cargo update -p proptest_derive`
[INFO] [stdout]    = note: an `impl` is never scoped, even when it is nested inside an item, as it may impact type checking outside of that item, which can be the case if neither the trait or the self type are at the same nesting level as the `impl`
[INFO] [stdout]    = note: items in an anonymous const item (`const _: () = { ... }`) are treated as in the same scope as the anonymous const's declaration for the purpose of this lint
[INFO] [stdout]    = note: `#[warn(non_local_definitions)]` on by default
[INFO] [stdout]    = note: this warning originates in the derive macro `proptest_derive::Arbitrary` (in Nightly builds, run with -Z macro-backtrace for more info)
[INFO] [stdout] 
[INFO] [stdout] 
[INFO] [stdout] warning: types that do not implement `Drop` can still have drop glue, consider instead using `std::mem::needs_drop` to detect whether a type is trivially dropped
[INFO] [stdout]    --> src/observer.rs:280:33
[INFO] [stdout]     |
[INFO] [stdout] 280 | pub type Subscription = Arc<dyn Drop + 'static>;
[INFO] [stdout]     |                                 ^^^^
[INFO] [stdout]     |
[INFO] [stdout]     = note: `#[warn(dyn_drop)]` on by default
[INFO] [stdout] 
[INFO] [stdout] 
[INFO] [stderr]     Finished `test` profile [unoptimized + debuginfo] target(s) in 14.17s
[INFO] running `Command { std: "docker" "inspect" "8aad44bf5d6472730b1da913120e8c33d178f800ffbcf9c1ba00f3f89d6ea3cd", kill_on_drop: false }`
[INFO] running `Command { std: "docker" "rm" "-f" "8aad44bf5d6472730b1da913120e8c33d178f800ffbcf9c1ba00f3f89d6ea3cd", kill_on_drop: false }`
[INFO] [stdout] 8aad44bf5d6472730b1da913120e8c33d178f800ffbcf9c1ba00f3f89d6ea3cd
[INFO] running `Command { std: "docker" "create" "-v" "/var/lib/crater-agent-workspace/builds/worker-3-tc1/target:/opt/rustwide/target:rw,Z" "-v" "/var/lib/crater-agent-workspace/builds/worker-3-tc1/source:/opt/rustwide/workdir:ro,Z" "-v" "/var/lib/crater-agent-workspace/cargo-home:/opt/rustwide/cargo-home:ro,Z" "-v" "/var/lib/crater-agent-workspace/rustup-home:/opt/rustwide/rustup-home:ro,Z" "-e" "SOURCE_DIR=/opt/rustwide/workdir" "-e" "CARGO_TARGET_DIR=/opt/rustwide/target" "-e" "CARGO_INCREMENTAL=0" "-e" "RUST_BACKTRACE=full" "-e" "RUSTFLAGS=--cap-lints=warn" "-e" "RUSTDOCFLAGS=--cap-lints=warn" "-e" "CARGO_HOME=/opt/rustwide/cargo-home" "-e" "RUSTUP_HOME=/opt/rustwide/rustup-home" "-w" "/opt/rustwide/workdir" "-m" "1610612736" "--user" "0:0" "--network" "none" "ghcr.io/rust-lang/crates-build-env/linux@sha256:f3a9d4ad9d972b27faf3965f35b62e55ba32bbce8f20bc8fe909558a86702fde" "/opt/rustwide/cargo-home/bin/cargo" "+1.83.0" "test" "--frozen", kill_on_drop: false }`
[INFO] [stdout] 34797ff482a520f7e9b0b4ade8485e30726916d722a6b5ec071d0d568c95ac30
[INFO] running `Command { std: "docker" "start" "-a" "34797ff482a520f7e9b0b4ade8485e30726916d722a6b5ec071d0d568c95ac30", kill_on_drop: false }`
[INFO] [stderr] warning: unused import: `Transaction`
[INFO] [stderr]  --> src/doc.rs:6:34
[INFO] [stderr]   |
[INFO] [stderr] 6 | use crate::transaction::{Origin, Transaction, TransactionMut};
[INFO] [stderr]   |                                  ^^^^^^^^^^^
[INFO] [stderr]   |
[INFO] [stderr]   = note: `#[warn(unused_imports)]` on by default
[INFO] [stderr] 
[INFO] [stderr] warning: unused import: `ArrayRef`
[INFO] [stderr]   --> src/types/mod.rs:18:39
[INFO] [stderr]    |
[INFO] [stderr] 18 | use crate::types::array::{ArrayEvent, ArrayRef};
[INFO] [stderr]    |                                       ^^^^^^^^
[INFO] [stderr] 
[INFO] [stderr] warning: unused imports: `XmlElementRef` and `XmlTextRef`
[INFO] [stderr]   --> src/types/mod.rs:23:25
[INFO] [stderr]    |
[INFO] [stderr] 23 | use crate::types::xml::{XmlElementRef, XmlEvent, XmlTextEvent, XmlTextRef};
[INFO] [stderr]    |                         ^^^^^^^^^^^^^                          ^^^^^^^^^^
[INFO] [stderr] 
[INFO] [stderr] warning: value assigned to `left` is never read
[INFO] [stderr]    --> src/block.rs:286:17
[INFO] [stderr]     |
[INFO] [stderr] 286 |         let mut left = None;
[INFO] [stderr]     |                 ^^^^
[INFO] [stderr]     |
[INFO] [stderr]     = help: maybe it is overwritten before being read?
[INFO] [stderr]     = note: `#[warn(unused_assignments)]` on by default
[INFO] [stderr] 
[INFO] [stderr] warning: unused variable: `ptr`
[INFO] [stderr]    --> src/block.rs:728:25
[INFO] [stderr]     |
[INFO] [stderr] 728 |                     let ptr = if this.info.is_deleted() {
[INFO] [stderr]     |                         ^^^ help: if this is intentional, prefix it with an underscore: `_ptr`
[INFO] [stderr]     |
[INFO] [stderr]     = note: `#[warn(unused_variables)]` on by default
[INFO] [stderr] 
[INFO] [stderr] warning: variable does not need to be mutable
[INFO] [stderr]    --> src/block.rs:642:29
[INFO] [stderr]     |
[INFO] [stderr] 642 |                 if let Some(mut left) = this.left {
[INFO] [stderr]     |                             ----^^^^
[INFO] [stderr]     |                             |
[INFO] [stderr]     |                             help: remove this `mut`
[INFO] [stderr]     |
[INFO] [stderr]     = note: `#[warn(unused_mut)]` on by default
[INFO] [stderr] 
[INFO] [stderr] warning: variable `prev_start` is assigned to, but never used
[INFO] [stderr]    --> src/id_set.rs:173:29
[INFO] [stderr]     |
[INFO] [stderr] 173 |                     let mut prev_start = r.start;
[INFO] [stderr]     |                             ^^^^^^^^^^
[INFO] [stderr]     |
[INFO] [stderr]     = note: consider using `_prev_start` instead
[INFO] [stderr] 
[INFO] [stderr] warning: value assigned to `prev_start` is never read
[INFO] [stderr]    --> src/id_set.rs:179:25
[INFO] [stderr]     |
[INFO] [stderr] 179 |                         prev_start = r.start;
[INFO] [stderr]     |                         ^^^^^^^^^^
[INFO] [stderr]     |
[INFO] [stderr]     = help: maybe it is overwritten before being read?
[INFO] [stderr] 
[INFO] [stderr] warning: unused variable: `branch`
[INFO] [stderr]    --> src/update.rs:380:35
[INFO] [stderr]     |
[INFO] [stderr] 380 |                 ItemContent::Type(branch) => {
[INFO] [stderr]     |                                   ^^^^^^ help: if this is intentional, prefix it with an underscore: `_branch`
[INFO] [stderr] 
[INFO] [stderr] warning: method `clock_end` is never used
[INFO] [stderr]    --> src/block.rs:134:12
[INFO] [stderr]     |
[INFO] [stderr] 126 | impl BlockCell {
[INFO] [stderr]     | -------------- method in this implementation
[INFO] [stderr] ...
[INFO] [stderr] 134 |     pub fn clock_end(&self) -> u32 {
[INFO] [stderr]     |            ^^^^^^^^^
[INFO] [stderr]     |
[INFO] [stderr]     = note: `#[warn(dead_code)]` on by default
[INFO] [stderr] 
[INFO] [stderr] warning: associated items `with_capacity` and `get_block_mut` are never used
[INFO] [stderr]    --> src/block_store.rs:41:12
[INFO] [stderr]     |
[INFO] [stderr] 19  | impl ClientBlockList {
[INFO] [stderr]     | -------------------- associated items in this implementation
[INFO] [stderr] ...
[INFO] [stderr] 41  |     pub fn with_capacity(capacity: usize) -> Result<ClientBlockList, Error> {
[INFO] [stderr]     |            ^^^^^^^^^^^^^
[INFO] [stderr] ...
[INFO] [stderr] 102 |     fn get_block_mut(&mut self, clock: u32) -> Option<&mut BlockCell> {
[INFO] [stderr]     |        ^^^^^^^^^^^^^
[INFO] [stderr] 
[INFO] [stderr] warning: methods `contains`, `get_block_mut`, and `get_client_blocks_with_capacity_mut` are never used
[INFO] [stderr]    --> src/block_store.rs:218:12
[INFO] [stderr]     |
[INFO] [stderr] 211 | impl BlockStore {
[INFO] [stderr]     | --------------- methods in this implementation
[INFO] [stderr] ...
[INFO] [stderr] 218 |     pub fn contains(&self, id: &ID) -> bool {
[INFO] [stderr]     |            ^^^^^^^^
[INFO] [stderr] ...
[INFO] [stderr] 293 |     pub(crate) fn get_block_mut(&mut self, id: &ID) -> Option<&mut BlockCell> {
[INFO] [stderr]     |                   ^^^^^^^^^^^^^
[INFO] [stderr] ...
[INFO] [stderr] 349 |     pub(crate) fn get_client_blocks_with_capacity_mut(
[INFO] [stderr]     |                   ^^^^^^^^^^^^^^^^^^^^^^^^^^^^^^^^^^^
[INFO] [stderr] 
[INFO] [stderr] warning: struct `Blocks` is never constructed
[INFO] [stderr]    --> src/block_store.rs:414:19
[INFO] [stderr]     |
[INFO] [stderr] 414 | pub(crate) struct Blocks<'a> {
[INFO] [stderr]     |                   ^^^^^^
[INFO] [stderr] 
[INFO] [stderr] warning: associated function `new` is never used
[INFO] [stderr]    --> src/block_store.rs:420:8
[INFO] [stderr]     |
[INFO] [stderr] 419 | impl<'a> Blocks<'a> {
[INFO] [stderr]     | ------------------- associated function in this implementation
[INFO] [stderr] 420 |     fn new(update: &'a BlockStore) -> Self {
[INFO] [stderr]     |        ^^^
[INFO] [stderr] 
[INFO] [stderr] warning: associated function `from` is never used
[INFO] [stderr]    --> src/types/mod.rs:595:12
[INFO] [stderr]     |
[INFO] [stderr] 591 | / impl<'a, T: ReadTxn> Entries<'a, T, T>
[INFO] [stderr] 592 | | where
[INFO] [stderr] 593 | |     T: Borrow<T> + ReadTxn,
[INFO] [stderr]     | |___________________________- associated function in this implementation
[INFO] [stderr] 594 |   {
[INFO] [stderr] 595 |       pub fn from(source: &'a HashMap<Arc<str>, ItemPtr>, txn: T) -> Self {
[INFO] [stderr]     |              ^^^^
[INFO] [stderr] 
[INFO] [stderr] warning: struct `Iter` is never constructed
[INFO] [stderr]    --> src/types/mod.rs:625:19
[INFO] [stderr]     |
[INFO] [stderr] 625 | pub(crate) struct Iter<'a, T> {
[INFO] [stderr]     |                   ^^^^
[INFO] [stderr] 
[INFO] [stderr] warning: associated function `new` is never used
[INFO] [stderr]    --> src/types/mod.rs:631:8
[INFO] [stderr]     |
[INFO] [stderr] 630 | impl<'a, T: ReadTxn> Iter<'a, T> {
[INFO] [stderr]     | -------------------------------- associated function in this implementation
[INFO] [stderr] 631 |     fn new(ptr: Option<&'a ItemPtr>, txn: &'a T) -> Self {
[INFO] [stderr]     |        ^^^
[INFO] [stderr] 
[INFO] [stderr] warning: method `blocks` is never used
[INFO] [stderr]   --> src/update.rs:45:19
[INFO] [stderr]    |
[INFO] [stderr] 29 | impl UpdateBlocks {
[INFO] [stderr]    | ----------------- method in this implementation
[INFO] [stderr] ...
[INFO] [stderr] 45 |     pub(crate) fn blocks(&self) -> Blocks<'_> {
[INFO] [stderr]    |                   ^^^^^^
[INFO] [stderr] 
[INFO] [stderr] warning: method `is_empty` is never used
[INFO] [stderr]    --> src/update.rs:102:19
[INFO] [stderr]     |
[INFO] [stderr] 97  | impl Update {
[INFO] [stderr]     | ----------- method in this implementation
[INFO] [stderr] ...
[INFO] [stderr] 102 |     pub(crate) fn is_empty(&self) -> bool {
[INFO] [stderr]     |                   ^^^^^^^^
[INFO] [stderr] 
[INFO] [stderr] warning: method `into_block` is never used
[INFO] [stderr]    --> src/update.rs:888:12
[INFO] [stderr]     |
[INFO] [stderr] 812 | impl BlockCarrier {
[INFO] [stderr]     | ----------------- method in this implementation
[INFO] [stderr] ...
[INFO] [stderr] 888 |     pub fn into_block(self) -> Option<Box<Item>> {
[INFO] [stderr]     |            ^^^^^^^^^^
[INFO] [stderr] 
[INFO] [stderr] warning: struct `Blocks` is never constructed
[INFO] [stderr]     --> src/update.rs:1001:19
[INFO] [stderr]      |
[INFO] [stderr] 1001 | pub(crate) struct Blocks<'a> {
[INFO] [stderr]      |                   ^^^^^^
[INFO] [stderr] 
[INFO] [stderr] warning: associated function `new` is never used
[INFO] [stderr]     --> src/update.rs:1007:8
[INFO] [stderr]      |
[INFO] [stderr] 1006 | impl<'a> Blocks<'a> {
[INFO] [stderr]      | ------------------- associated function in this implementation
[INFO] [stderr] 1007 |     fn new(update: &'a UpdateBlocks) -> Self {
[INFO] [stderr]      |        ^^^
[INFO] [stderr] 
[INFO] [stderr] warning: methods `move_to`, `forward`, `backward`, and `values` are never used
[INFO] [stderr]    --> src/block_iter.rs:73:12
[INFO] [stderr]     |
[INFO] [stderr] 23  | impl BlockIter {
[INFO] [stderr]     | -------------- methods in this implementation
[INFO] [stderr] ...
[INFO] [stderr] 73  |     pub fn move_to(&mut self, index: u32, txn: &mut TransactionMut) {
[INFO] [stderr]     |            ^^^^^^^
[INFO] [stderr] ...
[INFO] [stderr] 99  |     pub fn forward<T: ReadTxn>(&mut self, txn: &T, len: u32) {
[INFO] [stderr]     |            ^^^^^^^
[INFO] [stderr] ...
[INFO] [stderr] 186 |     pub fn backward<T: ReadTxn>(&mut self, txn: &mut T, mut len: u32) {
[INFO] [stderr]     |            ^^^^^^^^
[INFO] [stderr] ...
[INFO] [stderr] 516 |     pub fn values<'a, 'txn, T: ReadTxn>(
[INFO] [stderr]     |            ^^^^^^
[INFO] [stderr] 
[INFO] [stderr] warning: associated function `new` is never used
[INFO] [stderr]    --> src/block_iter.rs:530:8
[INFO] [stderr]     |
[INFO] [stderr] 529 | impl<'a, 'txn> Values<'a, 'txn> {
[INFO] [stderr]     | ------------------------------- associated function in this implementation
[INFO] [stderr] 530 |     fn new(iter: &'a mut BlockIter, txn: &'txn mut TransactionMut<'txn>) -> Self {
[INFO] [stderr]     |        ^^^
[INFO] [stderr] 
[INFO] [stderr] warning: method `remove_at` is never used
[INFO] [stderr]    --> src/branch.rs:427:19
[INFO] [stderr]     |
[INFO] [stderr] 245 | impl Branch {
[INFO] [stderr]     | ----------- method in this implementation
[INFO] [stderr] ...
[INFO] [stderr] 427 |     pub(crate) fn remove_at(&self, txn: &mut TransactionMut, index: u32, len: u32) -> u32 {
[INFO] [stderr]     |                   ^^^^^^^^^
[INFO] [stderr] 
[INFO] [stderr] warning: associated function `new` is never used
[INFO] [stderr]    --> src/encoding/serde/de.rs:218:19
[INFO] [stderr]     |
[INFO] [stderr] 217 | impl<'a> AnyDeserializer<'a> {
[INFO] [stderr]     | ---------------------------- associated function in this implementation
[INFO] [stderr] 218 |     pub(crate) fn new(value: &'a Any) -> Self {
[INFO] [stderr]     |                   ^^^
[INFO] [stderr] 
[INFO] [stderr] warning: trait `BlockIterator` is never used
[INFO] [stderr]  --> src/iter.rs:7:18
[INFO] [stderr]   |
[INFO] [stderr] 7 | pub(crate) trait BlockIterator: TxnIterator<Item = ItemPtr> + Sized {
[INFO] [stderr]   |                  ^^^^^^^^^^^^^
[INFO] [stderr] 
[INFO] [stderr] warning: trait `BlockSliceIterator` is never used
[INFO] [stderr]   --> src/iter.rs:21:18
[INFO] [stderr]    |
[INFO] [stderr] 21 | pub(crate) trait BlockSliceIterator: TxnIterator<Item = ItemSlice> + Sized {
[INFO] [stderr]    |                  ^^^^^^^^^^^^^^^^^^
[INFO] [stderr] 
[INFO] [stderr] warning: associated function `new` is never used
[INFO] [stderr]    --> src/iter.rs:322:8
[INFO] [stderr]     |
[INFO] [stderr] 318 | / impl<I> RangeIter<I>
[INFO] [stderr] 319 | | where
[INFO] [stderr] 320 | |     I: TxnIterator<Item = ItemPtr>,
[INFO] [stderr]     | |___________________________________- associated function in this implementation
[INFO] [stderr] 321 |   {
[INFO] [stderr] 322 |       fn new(iter: I, start: StickyIndex, end: StickyIndex) -> Self {
[INFO] [stderr]     |          ^^^
[INFO] [stderr] 
[INFO] [stderr] warning: variant `Opened` is never constructed
[INFO] [stderr]    --> src/iter.rs:441:5
[INFO] [stderr]     |
[INFO] [stderr] 439 | enum RangeIterState {
[INFO] [stderr]     |      -------------- variant in this enum
[INFO] [stderr] 440 |     /// Ranged iterator position hasn't reach chosen ID range yet.
[INFO] [stderr] 441 |     Opened,
[INFO] [stderr]     |     ^^^^^^
[INFO] [stderr]     |
[INFO] [stderr]     = note: `RangeIterState` has derived impls for the traits `Clone` and `Debug`, but these are intentionally ignored during dead code analysis
[INFO] [stderr] 
[INFO] [stderr] warning: associated function `new` is never used
[INFO] [stderr]    --> src/iter.rs:456:8
[INFO] [stderr]     |
[INFO] [stderr] 455 | impl<I> Values<I> {
[INFO] [stderr]     | ----------------- associated function in this implementation
[INFO] [stderr] 456 |     fn new(iter: I) -> Self {
[INFO] [stderr]     |        ^^^
[INFO] [stderr] 
[INFO] [stderr] warning: methods `try_trim`, `contains_id`, `right`, and `left` are never used
[INFO] [stderr]    --> src/slice.rs:147:12
[INFO] [stderr]     |
[INFO] [stderr] 100 | impl ItemSlice {
[INFO] [stderr]     | -------------- methods in this implementation
[INFO] [stderr] ...
[INFO] [stderr] 147 |     pub fn try_trim(&mut self, from: &ID, to: &ID) -> bool {
[INFO] [stderr]     |            ^^^^^^^^
[INFO] [stderr] ...
[INFO] [stderr] 192 |     pub fn contains_id(&self, id: &ID) -> bool {
[INFO] [stderr]     |            ^^^^^^^^^^^
[INFO] [stderr] ...
[INFO] [stderr] 260 |     pub fn right(&self) -> Option<ItemSlice> {
[INFO] [stderr]     |            ^^^^^
[INFO] [stderr] ...
[INFO] [stderr] 280 |     pub fn left(&self) -> Option<ItemSlice> {
[INFO] [stderr]     |            ^^^^
[INFO] [stderr] 
[INFO] [stderr] warning: comparison is useless due to type limits
[INFO] [stderr]    --> src/block_iter.rs:430:12
[INFO] [stderr]     |
[INFO] [stderr] 430 |         if len < 0 {
[INFO] [stderr]     |            ^^^^^^^
[INFO] [stderr]     |
[INFO] [stderr]     = note: `#[warn(unused_comparisons)]` on by default
[INFO] [stderr] 
[INFO] [stderr] warning: types that do not implement `Drop` can still have drop glue, consider instead using `std::mem::needs_drop` to detect whether a type is trivially dropped
[INFO] [stderr]    --> src/observer.rs:280:33
[INFO] [stderr]     |
[INFO] [stderr] 280 | pub type Subscription = Arc<dyn Drop + 'static>;
[INFO] [stderr]     |                                 ^^^^
[INFO] [stderr]     |
[INFO] [stderr]     = note: `#[warn(dyn_drop)]` on by default
[INFO] [stderr] 
[INFO] [stderr] warning: `yrs` (lib) generated 34 warnings (run `cargo fix --lib -p yrs` to apply 4 suggestions)
[INFO] [stderr] warning: unused import: `GC`
[INFO] [stderr]     --> src/doc.rs:1037:48
[INFO] [stderr]      |
[INFO] [stderr] 1037 |     use crate::block::{BlockCell, ItemContent, GC};
[INFO] [stderr]      |                                                ^^
[INFO] [stderr] 
[INFO] [stderr] warning: unused imports: `BranchPtr` and `Branch`
[INFO] [stderr]     --> src/doc.rs:1038:25
[INFO] [stderr]      |
[INFO] [stderr] 1038 |     use crate::branch::{Branch, BranchPtr};
[INFO] [stderr]      |                         ^^^^^^  ^^^^^^^^^
[INFO] [stderr] 
[INFO] [stderr] warning: unused imports: `BranchID` and `SharedRef`
[INFO] [stderr]     --> src/doc.rs:1046:49
[INFO] [stderr]      |
[INFO] [stderr] 1046 |         any, Any, Array, ArrayPrelim, ArrayRef, BranchID, DeleteSet, Doc, GetString, Map,
[INFO] [stderr]      |                                                 ^^^^^^^^
[INFO] [stderr] 1047 |         MapPrelim, MapRef, OffsetKind, Options, SharedRef, StateVector, Subscription, Text,
[INFO] [stderr]      |                                                 ^^^^^^^^^
[INFO] [stderr] 
[INFO] [stderr] warning: unused import: `WriteTxn`
[INFO] [stderr]     --> src/update.rs:1097:72
[INFO] [stderr]      |
[INFO] [stderr] 1097 |         Doc, GetString, Options, ReadTxn, StateVector, Text, Transact, WriteTxn, XmlFragment,
[INFO] [stderr]      |                                                                        ^^^^^^^^
[INFO] [stderr] 
[INFO] [stderr] warning: variable does not need to be mutable
[INFO] [stderr]     --> src/update.rs:1369:13
[INFO] [stderr]      |
[INFO] [stderr] 1369 |         let mut updates = Arc::new(Mutex::new(vec![]));
[INFO] [stderr]      |             ----^^^^^^^
[INFO] [stderr]      |             |
[INFO] [stderr]      |             help: remove this `mut`
[INFO] [stderr] 
[INFO] [stderr] warning: non-local `impl` definition, `impl` blocks should be written at the same level as their item
[INFO] [stderr]   --> src/encoding/mod.rs:44:21
[INFO] [stderr]    |
[INFO] [stderr] 44 |     #[derive(Debug, proptest_derive::Arbitrary)]
[INFO] [stderr]    |                     ^-------------------------
[INFO] [stderr]    |                     |
[INFO] [stderr]    |                     `Arbitrary` is not local
[INFO] [stderr]    |                     move the `impl` block outside of this constant `_IMPL_ARBITRARY_FOR_EncodingTypes`
[INFO] [stderr] 45 |     enum EncodingTypes {
[INFO] [stderr]    |          ------------- `EncodingTypes` is not local
[INFO] [stderr]    |
[INFO] [stderr]    = note: the derive macro `proptest_derive::Arbitrary` defines the non-local `impl`, and may need to be changed
[INFO] [stderr]    = note: the derive macro `proptest_derive::Arbitrary` may come from an old version of the `proptest_derive` crate, try updating your dependency with `cargo update -p proptest_derive`
[INFO] [stderr]    = note: an `impl` is never scoped, even when it is nested inside an item, as it may impact type checking outside of that item, which can be the case if neither the trait or the self type are at the same nesting level as the `impl`
[INFO] [stderr]    = note: items in an anonymous const item (`const _: () = { ... }`) are treated as in the same scope as the anonymous const's declaration for the purpose of this lint
[INFO] [stderr]    = note: `#[warn(non_local_definitions)]` on by default
[INFO] [stderr]    = note: this warning originates in the derive macro `proptest_derive::Arbitrary` (in Nightly builds, run with -Z macro-backtrace for more info)
[INFO] [stderr] 
[INFO] [stderr] warning: `yrs` (lib test) generated 32 warnings (26 duplicates) (run `cargo fix --lib -p yrs --tests` to apply 4 suggestions)
[INFO] [stderr]     Finished `test` profile [unoptimized + debuginfo] target(s) in 0.12s
[INFO] [stderr]      Running unittests src/lib.rs (/opt/rustwide/target/debug/deps/yrs-cce585d14b3bfdaf)
[INFO] [stdout] 
[INFO] [stdout] running 263 tests
[INFO] [stdout] test atomic::test::init_get ... ok
[INFO] [stdout] test alt::test::encode_state_vector_compatibility_v1 ... ok
[INFO] [stdout] test alt::test::diff_updates_compatibility_v1 ... ok
[INFO] [stdout] test alt::test::merge_updates_compatibility_v1 ... ok
[INFO] [stdout] test alt::test::merge_updates_compatibility_v1_2 ... ok
[INFO] [stdout] test atomic::test::update ... ok
[INFO] [stdout] test block::test::splittable_string_push_str ... ok
[INFO] [stdout] test block::test::splittable_string_split_str ... ok
[INFO] [stdout] test block::test::splittable_string_len ... ok
[INFO] [stdout] test doc::test::apply_update_basic_v1 ... ok
[INFO] [stdout] test doc::test::apply_snapshot_updates ... ok
[INFO] [stdout] test doc::test::apply_update_basic_v2 ... ok
[INFO] [stdout] test doc::test::encode_basic ... ok
[INFO] [stdout] test doc::test::force_gc ... ok
[INFO] [stdout] test doc::test::check_liveness ... ok
[INFO] [stdout] test doc::test::integrate ... ok
[INFO] [stdout] test doc::test::encoding_buffer_overflow_errors ... ok
[INFO] [stdout] test doc::test::observe_transaction_cleanup ... ok
[INFO] [stdout] test doc::test::snapshot_non_splitting_text ... ok
[INFO] [stdout] test doc::test::snapshots_splitting_text ... ok
[INFO] [stdout] test doc::test::root_refs ... ok
[INFO] [stdout] test doc::test::out_of_order_updates ... ok
[INFO] [stdout] test doc::test::incremental_observe_update ... ok
[INFO] [stdout] test doc::test::integrate_block_with_parent_gc ... ok
[INFO] [stdout] test doc::test::to_json ... ok
[INFO] [stdout] test doc::test::pending_update_integration ... ok
[INFO] [stdout] test doc::test::on_update ... ok
[INFO] [stdout] test encoding::serde::de::test::test_any_deserializer_int_does_not_fit_error ... ok
[INFO] [stdout] test doc::test::subdoc_load_edge_cases ... ok
[INFO] [stdout] test doc::test::observe_after_transaction ... ok
[INFO] [stdout] test encoding::serde::de::test::test_any_deserializer_nested_array ... ok
[INFO] [stdout] test encoding::serde::de::test::test_any_deserializer_many_fields ... ok
[INFO] [stdout] test encoding::serde::de::test::test_any_deserializer_multiple_borrows ... ok
[INFO] [stdout] test encoding::serde::de::test::test_any_deserializer_type_mismatch_error ... ok
[INFO] [stdout] test encoding::serde::de::test::test_deserialize_any_from_bool ... ok
[INFO] [stdout] test doc::test::ycrdt_issue_174 ... ok
[INFO] [stdout] test doc::test::partially_duplicated_update ... ok
[INFO] [stdout] test doc::test::ypy_issue_32 ... ok
[INFO] [stdout] test encoding::serde::de::test::test_any_deserializer_undefined ... ok
[INFO] [stdout] test encoding::serde::de::test::test_deserialize_any_from_map ... ok
[INFO] [stdout] test doc::test::subdoc ... ok
[INFO] [stdout] test encoding::serde::de::test::test_deserialize_any_from_int ... ok
[INFO] [stdout] test encoding::serde::de::test::test_deserialize_any_from_null ... ok
[INFO] [stdout] test encoding::serde::de::test::test_deserialize_any_from_array ... ok
[INFO] [stdout] test doc::test::yrb_issue_45 ... ok
[INFO] [stdout] test encoding::serde::de::test::test_deserialize_any_from_float ... ok
[INFO] [stdout] test encoding::serde::de::test::test_deserialize_any_from_int_unrepresentable ... ok
[INFO] [stdout] test encoding::serde::ser::test::test_any_serializer_nested_array ... ok
[INFO] [stdout] test encoding::serde::ser::test::test_any_serializer_newtype_u64_within_bounds ... ok
[INFO] [stdout] test encoding::serde::ser::test::test_any_serializer_non_string_keys_error ... ok
[INFO] [stdout] test encoding::serde::de::test::test_deserialize_any_from_nested_map ... ok
[INFO] [stdout] test encoding::serde::ser::test::test_any_serializer_many_fields ... ok
[INFO] [stdout] test encoding::serde::de::test::test_deserialize_any_from_string ... ok
[INFO] [stdout] test doc::test::subdoc_auto_load_edge_cases ... ok
[INFO] [stdout] test encoding::serde::ser::test::test_any_serializer_u64_error ... ok
[INFO] [stdout] test encoding::serde::de::test::test_deserialize_any_to_any ... ok
[INFO] [stdout] test encoding::serde::ser::test::test_serialize_any_to_array ... ok
[INFO] [stdout] test encoding::serde::ser::test::test_serialize_any_to_bool ... ok
[INFO] [stdout] test encoding::serde::ser::test::test_serialize_any_to_any ... ok
[INFO] [stdout] test encoding::serde::ser::test::test_serialize_any_to_buffer ... ok
[INFO] [stdout] test encoding::serde::ser::test::test_serialize_any_to_float ... ok
[INFO] [stdout] test encoding::serde::ser::test::test_serialize_any_to_complex_map ... ok
[INFO] [stdout] test encoding::serde::ser::test::test_serialize_any_to_int ... ok
[INFO] [stdout] test encoding::serde::ser::test::test_serialize_any_to_map ... ok
[INFO] [stdout] test encoding::serde::ser::test::test_serialize_any_to_null ... ok
[INFO] [stdout] test encoding::serde::ser::test::test_serialize_any_to_string ... ok
[INFO] [stdout] test encoding::serde::ser::test::test_serialize_any_to_undefined ... ok
[INFO] [stdout] test encoding::serde::test::json_any_array ... ok
[INFO] [stdout] test encoding::serde::test::any_is_serde_json_convertible ... ok
[INFO] [stdout] test encoding::serde::test::json_any_bool ... ok
[INFO] [stdout] test encoding::serde::test::json_any_null ... ok
[INFO] [stdout] test encoding::serde::test::json_any_map ... ok
[INFO] [stdout] test encoding::serde::test::json_any_number ... ok
[INFO] [stdout] test encoding::serde::test::json_any_string ... ok
[INFO] [stdout] test encoding::serde::test::test_enum_untagged_any_roundtrip ... ok
[INFO] [stdout] test encoding::serde::test::test_any_to_json_roundtrip ... ok
[INFO] [stdout] test encoding::serde::test::test_struct_any_roundtrip ... ok
[INFO] [stdout] test id_set::test::id_range_compact ... ok
[INFO] [stdout] test id_set::test::deleted_blocks2 ... ok
[INFO] [stdout] test id_set::test::id_range_contains ... ok
[INFO] [stdout] test id_set::test::id_range_encode_decode ... ok
[INFO] [stdout] test id_set::test::id_range_merge_continous ... ok
[INFO] [stdout] test id_set::test::id_range_invert ... ok
[INFO] [stdout] test id_set::test::id_range_push ... ok
[INFO] [stdout] test id_set::test::id_set_encode_decode ... ok
[INFO] [stdout] test id_set::test::deleted_blocks ... ok
[INFO] [stdout] test iter::test::range_bounded ... ok
[INFO] [stdout] test iter::test::move_last_elem_iter ... ok
[INFO] [stdout] test iter::test::move_1 ... ok
[INFO] [stdout] test iter::test::range_left_exclusive ... ok
[INFO] [stdout] test iter::test::move_2 ... ok
[INFO] [stdout] test iter::test::range_left_exclusive_2 ... ok
[INFO] [stdout] test iter::test::range_right_unbounded ... ok
[INFO] [stdout] test iter::test::move_cycles ... ok
[INFO] [stdout] test iter::test::range_left_unbounded ... ok
[INFO] [stdout] test iter::test::range_right_exclusive_2 ... ok
[INFO] [stdout] test iter::test::range_unbounded ... ok
[INFO] [stdout] test moving::test::sticky_index_case_2 ... ok
[INFO] [stdout] test iter::test::range_single_slice ... ok
[INFO] [stdout] test iter::test::range_right_exclusive ... ok
[INFO] [stdout] test moving::test::sticky_index_association_difference ... ok
[INFO] [stdout] test moving::test::sticky_index_case_1 ... ok
[INFO] [stdout] test moving::test::sticky_index_case_3 ... ok
[INFO] [stdout] test moving::test::sticky_index_case_4 ... ok
[INFO] [stdout] test moving::test::sticky_index_case_6 ... ok
[INFO] [stdout] test moving::test::sticky_index_case_5 ... ok
[INFO] [stdout] test observer::test::subscribers_predicate ... ok
[INFO] [stdout] test observer::test::subscribe_with_replaced_old_callback ... ok
[INFO] [stdout] test observer::test::subscription ... ok
[INFO] [stdout] test state_vector::test::ordering ... ok
[INFO] [stdout] test state_vector::test::ordering_missing_fields ... ok
[INFO] [stdout] test state_vector::test::ordering_one_of ... ok
[INFO] [stdout] test sync::protocol::test::protocol_init ... ok
[INFO] [stdout] test sync::protocol::test::protocol_awareness_sync ... ok
[INFO] [stdout] test tests::compatibility_tests::map_set ... ok
[INFO] [stdout] test sync::awareness::test::awareness_summary ... ok
[INFO] [stdout] test sync::protocol::test::message_encoding ... ok
[INFO] [stdout] test sync::protocol::test::protocol_sync_step_update ... ok
[INFO] [stdout] test tests::compatibility_tests::array_insert ... ok
[INFO] [stdout] test sync::awareness::test::awareness ... ok
[INFO] [stdout] test tests::compatibility_tests::state_vector ... ok
[INFO] [stdout] test sync::protocol::test::protocol_sync_steps ... ok
[INFO] [stdout] test tests::compatibility_tests::text_insert_delete ... ok
[INFO] [stdout] test tests::compatibility_tests::negative_zero_decoding_v2 ... ok
[INFO] [stdout] test tests::compatibility_tests::xml_fragment_insert ... ok
[INFO] [stdout] test tests::compatibility_tests::utf32_lib0_v2_decoding ... ok
[INFO] [stdout] test types::array::test::basic ... ok
[INFO] [stdout] test types::array::test::concurrent_insert_remove_with_3_conflicts ... ok
[INFO] [stdout] test observer::test::drop_subscription ... ok
[INFO] [stdout] test observer::test::unsubscribe ... ok
[INFO] [stdout] test types::array::test::concurrent_insert_with_3_conflicts ... ok
[INFO] [stdout] test types::array::test::get_at_removed_index ... ok
[INFO] [stdout] test types::array::test::insert ... ok
[INFO] [stdout] test observer::test::clean ... ok
[INFO] [stdout] test types::array::test::insert_3_elements_try_re_get ... ok
[INFO] [stdout] test types::array::test::insert_and_remove_events ... ok
[INFO] [stdout] test types::array::test::insert_and_remove_event_changes ... ok
[INFO] [stdout] test types::array::test::insert_empty_range ... ok
[INFO] [stdout] test types::array::test::insert_then_merge_delete_on_sync ... ok
[INFO] [stdout] test types::array::test::insertions_in_late_sync ... ok
[INFO] [stdout] test types::array::test::iter_array_containing_types ... ok
[INFO] [stdout] test types::array::test::len ... ok
[INFO] [stdout] test types::array::test::move_1 ... ok
[INFO] [stdout] test types::array::test::move_2 ... ok
[INFO] [stdout] test observer::test::drop_subscription2 ... ok
[INFO] [stdout] test types::array::test::move_cycles ... ok
[INFO] [stdout] test types::array::test::move_range_to ... ignored
[INFO] [stdout] test types::array::test::move_last_elem_iter ... ok
[INFO] [stdout] test observer::test::unsubscribe2 ... ok
[INFO] [stdout] test types::array::test::push_back ... ok
[INFO] [stdout] test types::array::test::push_front ... ok
[INFO] [stdout] test types::array::test::observe_deep_event_order ... ok
[INFO] [stdout] test types::array::test::remove_insert ... ok
[INFO] [stdout] test types::array::test::removals_in_late_sync ... ok
[INFO] [stdout] test types::array::test::target_on_local_and_remote ... ok
[INFO] [stdout] test types::map::test::get_as ... ok
[INFO] [stdout] test types::map::test::get_or_init ... ok
[INFO] [stdout] test types::map::test::map_basic ... ok
[INFO] [stdout] test types::map::test::insert_and_remove_events ... ok
[INFO] [stdout] test types::map::test::map_clear ... ok
[INFO] [stdout] test types::map::test::map_get_set ... ok
[INFO] [stdout] test types::array::test::fuzzy_test_6 ... ok
[INFO] [stdout] test types::map::test::map_get_set_sync_with_conflicts ... ok
[INFO] [stdout] test types::map::test::map_clear_sync ... ok
[INFO] [stdout] test types::map::test::map_len_remove ... ok
[INFO] [stdout] test types::map::test::map_get_set_remove_with_3_way_conflicts ... ok
[INFO] [stdout] test types::map::test::map_get_set_with_3_way_conflicts ... ok
[INFO] [stdout] test types::map::test::try_update ... ok
[INFO] [stdout] test types::map::test::observe_deep ... ok
[INFO] [stdout] test types::text::test::append_mutli_character_blocks ... ok
[INFO] [stdout] test types::text::test::append_concurrent ... ok
[INFO] [stdout] test types::text::test::append_single_character_blocks ... ok
[INFO] [stdout] test types::text::test::concurrent_insert_delete ... ok
[INFO] [stdout] test types::text::test::delete_3_byte_character_from_middle_1 ... ok
[INFO] [stdout] test types::text::test::delete_3_byte_character_from_middle_2 ... ok
[INFO] [stdout] test types::text::test::delete_3_byte_character_from_middle_after_insert_and_format ... ok
[INFO] [stdout] test types::text::test::basic_format ... ok
[INFO] [stdout] test types::text::test::delete_4_byte_character_from_middle ... ok
[INFO] [stdout] test types::text::test::delete_multi_byte_character_from_middle_after_insert_and_format ... ok
[INFO] [stdout] test types::text::test::delete_multiple_blocks_with_slicing ... ok
[INFO] [stdout] test types::text::test::delete_multiple_whole_blocks ... ok
[INFO] [stdout] test types::text::test::delete_single_block_end ... ok
[INFO] [stdout] test types::text::test::delete_single_block_start ... ok
[INFO] [stdout] test types::text::test::delete_slice_of_block ... ok
[INFO] [stdout] test types::text::test::delta_snapshots ... ok
[INFO] [stdout] test types::text::test::delta_with_embeds ... ok
[INFO] [stdout] test types::text::test::delta_with_shared_ref ... ok
[INFO] [stdout] test types::text::test::diff_with_embedded_items ... ok
[INFO] [stdout] test types::text::test::empty_delta_chunks ... ok
[INFO] [stdout] test types::text::test::embed_with_attributes ... ok
[INFO] [stdout] test types::map::test::fuzzy_test_6 ... ok
[INFO] [stdout] test types::text::test::insert_after_delete ... ok
[INFO] [stdout] test types::text::test::insert_after_block ... ok
[INFO] [stdout] test types::text::test::insert_concurrent_in_the_middle ... ok
[INFO] [stdout] test types::text::test::insert_and_remove_event_changes ... ok
[INFO] [stdout] test types::text::test::insert_empty_string ... ok
[INFO] [stdout] test types::text::test::insert_concurrent_root ... ok
[INFO] [stdout] test types::text::test::insert_inside_of_block ... ok
[INFO] [stdout] test types::text::test::insert_empty_string_with_attributes ... ok
[INFO] [stdout] test types::text::test::insert_string_with_no_attribute ... ok
[INFO] [stdout] test types::text::test::issue_101 ... ok
[INFO] [stdout] test types::text::test::multiline_format ... ok
[INFO] [stdout] test types::text::test::observer ... ok
[INFO] [stdout] test types::text::test::prepend_mutli_character_blocks ... ok
[INFO] [stdout] test types::text::test::prepend_single_character_blocks ... ok
[INFO] [stdout] test types::text::test::snapshot_delete_after ... ok
[INFO] [stdout] test types::text::test::snapshots ... ok
[INFO] [stdout] test types::text::test::text_diff_adjacent ... ok
[INFO] [stdout] test types::text::test::text_remove_3_byte_range ... ok
[INFO] [stdout] test types::text::test::text_remove_4_byte_range ... ok
[INFO] [stdout] test types::text::test::yrs_delete ... ok
[INFO] [stdout] test types::text::test::fuzzy_test_3 ... ok
[INFO] [stdout] test types::xml::test::event_observers ... ok
[INFO] [stdout] test types::xml::test::format_attributes_decode_compatibility_v1 ... ok
[INFO] [stdout] test types::xml::test::format_attributes_decode_compatibility_v2 ... ok
[INFO] [stdout] test types::xml::test::insert_attribute ... ok
[INFO] [stdout] test types::xml::test::serialization ... ok
[INFO] [stdout] test types::xml::test::serialization_compatibility ... ok
[INFO] [stdout] test types::xml::test::siblings ... ok
[INFO] [stdout] test types::xml::test::text_attributes ... ok
[INFO] [stdout] test types::xml::test::tree_walker ... ok
[INFO] [stdout] test types::xml::test::xml_to_string ... ok
[INFO] [stdout] test types::xml::test::xml_to_string_2 ... ok
[INFO] [stdout] test undo::test::double_undo ... ok
[INFO] [stdout] test undo::test::consecutive_redo_bug ... ok
[INFO] [stdout] test undo::test::github_issue_345 ... ok
[INFO] [stdout] test undo::test::github_issue_345_part_2 ... ok
[INFO] [stdout] test undo::test::issue_371 ... ok
[INFO] [stdout] test undo::test::issue_371_2 ... ok
[INFO] [stdout] test undo::test::issue_380 ... ok
[INFO] [stdout] test undo::test::special_deletion_case ... ok
[INFO] [stdout] test undo::test::nested_undo ... ok
[INFO] [stdout] test undo::test::undo_block_bug ... ok
[INFO] [stdout] test undo::test::undo_array ... ok
[INFO] [stdout] test undo::test::undo_events ... ok
[INFO] [stdout] test undo::test::undo_delete_text_format ... ok
[INFO] [stdout] test undo::test::undo_in_embed ... ok
[INFO] [stdout] test undo::test::undo_map ... ok
[INFO] [stdout] test undo::test::undo_text ... ok
[INFO] [stdout] test undo::test::undo_until_change_performed ... ok
[INFO] [stdout] test undo::test::undo_xml ... ok
[INFO] [stdout] test undo::test::undo_xml_bug ... ok
[INFO] [stdout] test update::test::merge_pending_updates ... ok
[INFO] [stdout] test update::test::test_duplicate_updates ... ok
[INFO] [stdout] test update::test::test_multiple_clients_in_one_update ... ok
[INFO] [stdout] test update::test::update_decode ... ok
[INFO] [stdout] test update::test::test_v2_encoding_of_fragmented_delete_set ... ok
[INFO] [stdout] test update::test::update_lower_bound ... ok
[INFO] [stdout] test tests::compatibility_tests::test_medium_data_set ... FAILED
[INFO] [stdout] test update::test::update_merge ... ok
[INFO] [stdout] test tests::compatibility_tests::test_small_data_set ... FAILED
[INFO] [stdout] test tests::edit_traces_tests::edit_trace_automerge ... FAILED
[INFO] [stdout] test tests::edit_traces_tests::edit_trace_friendsforever ... FAILED
[INFO] [stdout] test tests::edit_traces_tests::edit_trace_rustcode ... FAILED
[INFO] [stdout] test tests::edit_traces_tests::edit_trace_sephblog1 ... FAILED
[INFO] [stdout] test tests::edit_traces_tests::edit_trace_sveltecomponent ... FAILED
[INFO] [stdout] test types::array::test::fuzzy_test_300 ... ok
[INFO] [stdout] test encoding::test::encoding_prop ... ok
[INFO] [stdout] test types::map::test::multi_threading ... ok
[INFO] [stdout] test types::array::test::multi_threading ... ok
[INFO] [stdout] test types::text::test::multi_threading ... ok
[INFO] [stdout] test transact::test::multi_thread_transact_mut ... ok
[INFO] [stdout] test encoding::test::encoding_any_prop ... ok
[INFO] [stdout] 
[INFO] [stdout] failures:
[INFO] [stdout] 
[INFO] [stdout] ---- tests::compatibility_tests::test_medium_data_set stdout ----
[INFO] [stdout] thread 'tests::compatibility_tests::test_medium_data_set' panicked at src/tests/compatibility_tests.rs:439:58:
[INFO] [stdout] called `Result::unwrap()` on an `Err` value: Os { code: 2, kind: NotFound, message: "No such file or directory" }
[INFO] [stdout] stack backtrace:
[INFO] [stdout]    0:     0x5bde70f7121a - std::backtrace_rs::backtrace::libunwind::trace::h5a5b8284f2d0c266
[INFO] [stdout]                                at /rustc/90b35a6239c3d8bdabc530a6a0816f7ff89a0aaf/library/std/src/../../backtrace/src/backtrace/libunwind.rs:116:5
[INFO] [stdout]    1:     0x5bde70f7121a - std::backtrace_rs::backtrace::trace_unsynchronized::h76d4f1c9b0b875e3
[INFO] [stdout]                                at /rustc/90b35a6239c3d8bdabc530a6a0816f7ff89a0aaf/library/std/src/../../backtrace/src/backtrace/mod.rs:66:5
[INFO] [stdout]    2:     0x5bde70f7121a - std::sys::backtrace::_print_fmt::hc4546b8364a537c6
[INFO] [stdout]                                at /rustc/90b35a6239c3d8bdabc530a6a0816f7ff89a0aaf/library/std/src/sys/backtrace.rs:66:9
[INFO] [stdout]    3:     0x5bde70f7121a - <std::sys::backtrace::BacktraceLock::print::DisplayBacktrace as core::fmt::Display>::fmt::h5b6bd5631a6d1f6b
[INFO] [stdout]                                at /rustc/90b35a6239c3d8bdabc530a6a0816f7ff89a0aaf/library/std/src/sys/backtrace.rs:39:26
[INFO] [stdout]    4:     0x5bde70f99313 - core::fmt::rt::Argument::fmt::h270f6602a2b96f62
[INFO] [stdout]                                at /rustc/90b35a6239c3d8bdabc530a6a0816f7ff89a0aaf/library/core/src/fmt/rt.rs:177:76
[INFO] [stdout]    5:     0x5bde70f99313 - core::fmt::write::h7550c97b06c86515
[INFO] [stdout]                                at /rustc/90b35a6239c3d8bdabc530a6a0816f7ff89a0aaf/library/core/src/fmt/mod.rs:1186:21
[INFO] [stdout]    6:     0x5bde70f6dae3 - std::io::Write::write_fmt::h509ff860e5956e5e
[INFO] [stdout]                                at /rustc/90b35a6239c3d8bdabc530a6a0816f7ff89a0aaf/library/std/src/io/mod.rs:1839:15
[INFO] [stdout]    7:     0x5bde70f71062 - std::sys::backtrace::BacktraceLock::print::h2395ccd2c84ba3aa
[INFO] [stdout]                                at /rustc/90b35a6239c3d8bdabc530a6a0816f7ff89a0aaf/library/std/src/sys/backtrace.rs:42:9
[INFO] [stdout]    8:     0x5bde70f7267a - std::panicking::default_hook::{{closure}}::he19d4c7230e07961
[INFO] [stdout]                                at /rustc/90b35a6239c3d8bdabc530a6a0816f7ff89a0aaf/library/std/src/panicking.rs:268:22
[INFO] [stdout]    9:     0x5bde70f72484 - std::panicking::default_hook::hf614597d3c67bbdb
[INFO] [stdout]                                at /rustc/90b35a6239c3d8bdabc530a6a0816f7ff89a0aaf/library/std/src/panicking.rs:292:9
[INFO] [stdout]   10:     0x5bde70d96de9 - <alloc::boxed::Box<F,A> as core::ops::function::Fn<Args>>::call::h39b51ce4599c23d1
[INFO] [stdout]                                at /rustc/90b35a6239c3d8bdabc530a6a0816f7ff89a0aaf/library/alloc/src/boxed.rs:2468:9
[INFO] [stdout]   11:     0x5bde70d96de9 - test::test_main::{{closure}}::he977ae839a582784
[INFO] [stdout]                                at /rustc/90b35a6239c3d8bdabc530a6a0816f7ff89a0aaf/library/test/src/lib.rs:133:21
[INFO] [stdout]   12:     0x5bde70f72d18 - <alloc::boxed::Box<F,A> as core::ops::function::Fn<Args>>::call::h9455091b6b06f9fb
[INFO] [stdout]                                at /rustc/90b35a6239c3d8bdabc530a6a0816f7ff89a0aaf/library/alloc/src/boxed.rs:2468:9
[INFO] [stdout]   13:     0x5bde70f72d18 - std::panicking::rust_panic_with_hook::h8942133a8b252070
[INFO] [stdout]                                at /rustc/90b35a6239c3d8bdabc530a6a0816f7ff89a0aaf/library/std/src/panicking.rs:809:13
[INFO] [stdout]   14:     0x5bde70f72ada - std::panicking::begin_panic_handler::{{closure}}::hb5f5963570096b29
[INFO] [stdout]                                at /rustc/90b35a6239c3d8bdabc530a6a0816f7ff89a0aaf/library/std/src/panicking.rs:674:13
[INFO] [stdout]   15:     0x5bde70f716f9 - std::sys::backtrace::__rust_end_short_backtrace::h6208cedc1922feda
[INFO] [stdout]                                at /rustc/90b35a6239c3d8bdabc530a6a0816f7ff89a0aaf/library/std/src/sys/backtrace.rs:170:18
[INFO] [stdout]   16:     0x5bde70f7276c - rust_begin_unwind
[INFO] [stdout]                                at /rustc/90b35a6239c3d8bdabc530a6a0816f7ff89a0aaf/library/std/src/panicking.rs:665:5
[INFO] [stdout]   17:     0x5bde7093d280 - core::panicking::panic_fmt::h0c3082644d1bf418
[INFO] [stdout]                                at /rustc/90b35a6239c3d8bdabc530a6a0816f7ff89a0aaf/library/core/src/panicking.rs:74:14
[INFO] [stdout]   18:     0x5bde7093d706 - core::result::unwrap_failed::hd20b4aa073bda1e2
[INFO] [stdout]                                at /rustc/90b35a6239c3d8bdabc530a6a0816f7ff89a0aaf/library/core/src/result.rs:1700:5
[INFO] [stdout]   19:     0x5bde70ca8c3e - core::result::Result<T,E>::unwrap::h729493bc2520f619
[INFO] [stdout]                                at /rustc/90b35a6239c3d8bdabc530a6a0816f7ff89a0aaf/library/core/src/result.rs:1104:23
[INFO] [stdout]   20:     0x5bde70ca8c3e - yrs::tests::compatibility_tests::test_data_set::h225325c17cb5b0ca
[INFO] [stdout]                                at /opt/rustwide/workdir/src/tests/compatibility_tests.rs:439:41
[INFO] [stdout]   21:     0x5bde70ccfd92 - yrs::tests::compatibility_tests::test_medium_data_set::h2466291799962e7a
[INFO] [stdout]                                at /opt/rustwide/workdir/src/tests/compatibility_tests.rs:434:5
[INFO] [stdout]   22:     0x5bde70ccfd67 - yrs::tests::compatibility_tests::test_medium_data_set::{{closure}}::hb283ea53e31c7324
[INFO] [stdout]                                at /opt/rustwide/workdir/src/tests/compatibility_tests.rs:433:26
[INFO] [stdout]   23:     0x5bde70c0a206 - core::ops::function::FnOnce::call_once::h28570adaa21adabc
[INFO] [stdout]                                at /rustc/90b35a6239c3d8bdabc530a6a0816f7ff89a0aaf/library/core/src/ops/function.rs:250:5
[INFO] [stdout]   24:     0x5bde70d9b7ab - core::ops::function::FnOnce::call_once::h109cf8051a59b34e
[INFO] [stdout]                                at /rustc/90b35a6239c3d8bdabc530a6a0816f7ff89a0aaf/library/core/src/ops/function.rs:250:5
[INFO] [stdout]   25:     0x5bde70d9b7ab - test::__rust_begin_short_backtrace::hf4fff89d377446ba
[INFO] [stdout]                                at /rustc/90b35a6239c3d8bdabc530a6a0816f7ff89a0aaf/library/test/src/lib.rs:621:18
[INFO] [stdout]   26:     0x5bde70d9afe7 - test::run_test_in_process::{{closure}}::h0e39181dd7ee5a43
[INFO] [stdout]                                at /rustc/90b35a6239c3d8bdabc530a6a0816f7ff89a0aaf/library/test/src/lib.rs:644:60
[INFO] [stdout]   27:     0x5bde70d9afe7 - <core::panic::unwind_safe::AssertUnwindSafe<F> as core::ops::function::FnOnce<()>>::call_once::hc5a66a30f0bdfd1f
[INFO] [stdout]                                at /rustc/90b35a6239c3d8bdabc530a6a0816f7ff89a0aaf/library/core/src/panic/unwind_safe.rs:272:9
[INFO] [stdout]   28:     0x5bde70d9afe7 - std::panicking::try::do_call::h873b7cf639554a5e
[INFO] [stdout]                                at /rustc/90b35a6239c3d8bdabc530a6a0816f7ff89a0aaf/library/std/src/panicking.rs:557:40
[INFO] [stdout]   29:     0x5bde70d9afe7 - std::panicking::try::hdb19862fad9c8bd1
[INFO] [stdout]                                at /rustc/90b35a6239c3d8bdabc530a6a0816f7ff89a0aaf/library/std/src/panicking.rs:520:19
[INFO] [stdout]   30:     0x5bde70d9afe7 - std::panic::catch_unwind::h281fe732d236d260
[INFO] [stdout]                                at /rustc/90b35a6239c3d8bdabc530a6a0816f7ff89a0aaf/library/std/src/panic.rs:358:14
[INFO] [stdout]   31:     0x5bde70d9afe7 - test::run_test_in_process::h949b6df8457ed338
[INFO] [stdout]                                at /rustc/90b35a6239c3d8bdabc530a6a0816f7ff89a0aaf/library/test/src/lib.rs:644:27
[INFO] [stdout]   32:     0x5bde70d9afe7 - test::run_test::{{closure}}::h52c556a6d4740e10
[INFO] [stdout]                                at /rustc/90b35a6239c3d8bdabc530a6a0816f7ff89a0aaf/library/test/src/lib.rs:565:43
[INFO] [stdout]   33:     0x5bde70d602c4 - test::run_test::{{closure}}::h4237f6381c45ccb9
[INFO] [stdout]                                at /rustc/90b35a6239c3d8bdabc530a6a0816f7ff89a0aaf/library/test/src/lib.rs:595:41
[INFO] [stdout]   34:     0x5bde70d602c4 - std::sys::backtrace::__rust_begin_short_backtrace::h505c97a579eca628
[INFO] [stdout]                                at /rustc/90b35a6239c3d8bdabc530a6a0816f7ff89a0aaf/library/std/src/sys/backtrace.rs:154:18
[INFO] [stdout]   35:     0x5bde70d6398e - std::thread::Builder::spawn_unchecked_::{{closure}}::{{closure}}::h9e86b2e2bc107ea3
[INFO] [stdout]                                at /rustc/90b35a6239c3d8bdabc530a6a0816f7ff89a0aaf/library/std/src/thread/mod.rs:538:17
[INFO] [stdout]   36:     0x5bde70d6398e - <core::panic::unwind_safe::AssertUnwindSafe<F> as core::ops::function::FnOnce<()>>::call_once::h8b06ddb275ff4a25
[INFO] [stdout]                                at /rustc/90b35a6239c3d8bdabc530a6a0816f7ff89a0aaf/library/core/src/panic/unwind_safe.rs:272:9
[INFO] [stdout]   37:     0x5bde70d6398e - std::panicking::try::do_call::hb26ecd7cd9a9355d
[INFO] [stdout]                                at /rustc/90b35a6239c3d8bdabc530a6a0816f7ff89a0aaf/library/std/src/panicking.rs:557:40
[INFO] [stdout]   38:     0x5bde70d6398e - std::panicking::try::h8ddeca9d705f9069
[INFO] [stdout]                                at /rustc/90b35a6239c3d8bdabc530a6a0816f7ff89a0aaf/library/std/src/panicking.rs:520:19
[INFO] [stdout]   39:     0x5bde70d6398e - std::panic::catch_unwind::h49e1c33078844c46
[INFO] [stdout]                                at /rustc/90b35a6239c3d8bdabc530a6a0816f7ff89a0aaf/library/std/src/panic.rs:358:14
[INFO] [stdout]   40:     0x5bde70d6398e - std::thread::Builder::spawn_unchecked_::{{closure}}::h6073db6ff56ad35d
[INFO] [stdout]                                at /rustc/90b35a6239c3d8bdabc530a6a0816f7ff89a0aaf/library/std/src/thread/mod.rs:537:30
[INFO] [stdout]   41:     0x5bde70d6398e - core::ops::function::FnOnce::call_once{{vtable.shim}}::h2c5a5f3779c774f1
[INFO] [stdout]                                at /rustc/90b35a6239c3d8bdabc530a6a0816f7ff89a0aaf/library/core/src/ops/function.rs:250:5
[INFO] [stdout]   42:     0x5bde70f76e5b - <alloc::boxed::Box<F,A> as core::ops::function::FnOnce<Args>>::call_once::hf75717d9f28faebf
[INFO] [stdout]                                at /rustc/90b35a6239c3d8bdabc530a6a0816f7ff89a0aaf/library/alloc/src/boxed.rs:2454:9
[INFO] [stdout]   43:     0x5bde70f76e5b - <alloc::boxed::Box<F,A> as core::ops::function::FnOnce<Args>>::call_once::h7bd883a5f3c5f3c1
[INFO] [stdout]                                at /rustc/90b35a6239c3d8bdabc530a6a0816f7ff89a0aaf/library/alloc/src/boxed.rs:2454:9
[INFO] [stdout]   44:     0x5bde70f76e5b - std::sys::pal::unix::thread::Thread::new::thread_start::hcc78f3943333fa94
[INFO] [stdout]                                at /rustc/90b35a6239c3d8bdabc530a6a0816f7ff89a0aaf/library/std/src/sys/pal/unix/thread.rs:105:17
[INFO] [stdout]   45:     0x7a61867d5ac3 - <unknown>
[INFO] [stdout]   46:     0x7a6186866a04 - clone
[INFO] [stdout]   47:                0x0 - <unknown>
[INFO] [stdout] 
[INFO] [stdout] ---- tests::compatibility_tests::test_small_data_set stdout ----
[INFO] [stdout] thread 'tests::compatibility_tests::test_small_data_set' panicked at src/tests/compatibility_tests.rs:439:58:
[INFO] [stdout] called `Result::unwrap()` on an `Err` value: Os { code: 2, kind: NotFound, message: "No such file or directory" }
[INFO] [stdout] stack backtrace:
[INFO] [stdout]    0:     0x5bde70f7121a - std::backtrace_rs::backtrace::libunwind::trace::h5a5b8284f2d0c266
[INFO] [stdout]                                at /rustc/90b35a6239c3d8bdabc530a6a0816f7ff89a0aaf/library/std/src/../../backtrace/src/backtrace/libunwind.rs:116:5
[INFO] [stdout]    1:     0x5bde70f7121a - std::backtrace_rs::backtrace::trace_unsynchronized::h76d4f1c9b0b875e3
[INFO] [stdout]                                at /rustc/90b35a6239c3d8bdabc530a6a0816f7ff89a0aaf/library/std/src/../../backtrace/src/backtrace/mod.rs:66:5
[INFO] [stdout]    2:     0x5bde70f7121a - std::sys::backtrace::_print_fmt::hc4546b8364a537c6
[INFO] [stdout]                                at /rustc/90b35a6239c3d8bdabc530a6a0816f7ff89a0aaf/library/std/src/sys/backtrace.rs:66:9
[INFO] [stdout]    3:     0x5bde70f7121a - <std::sys::backtrace::BacktraceLock::print::DisplayBacktrace as core::fmt::Display>::fmt::h5b6bd5631a6d1f6b
[INFO] [stdout]                                at /rustc/90b35a6239c3d8bdabc530a6a0816f7ff89a0aaf/library/std/src/sys/backtrace.rs:39:26
[INFO] [stdout]    4:     0x5bde70f99313 - core::fmt::rt::Argument::fmt::h270f6602a2b96f62
[INFO] [stdout]                                at /rustc/90b35a6239c3d8bdabc530a6a0816f7ff89a0aaf/library/core/src/fmt/rt.rs:177:76
[INFO] [stdout]    5:     0x5bde70f99313 - core::fmt::write::h7550c97b06c86515
[INFO] [stdout]                                at /rustc/90b35a6239c3d8bdabc530a6a0816f7ff89a0aaf/library/core/src/fmt/mod.rs:1186:21
[INFO] [stdout]    6:     0x5bde70f6dae3 - std::io::Write::write_fmt::h509ff860e5956e5e
[INFO] [stdout]                                at /rustc/90b35a6239c3d8bdabc530a6a0816f7ff89a0aaf/library/std/src/io/mod.rs:1839:15
[INFO] [stdout]    7:     0x5bde70f71062 - std::sys::backtrace::BacktraceLock::print::h2395ccd2c84ba3aa
[INFO] [stdout]                                at /rustc/90b35a6239c3d8bdabc530a6a0816f7ff89a0aaf/library/std/src/sys/backtrace.rs:42:9
[INFO] [stdout]    8:     0x5bde70f7267a - std::panicking::default_hook::{{closure}}::he19d4c7230e07961
[INFO] [stdout]                                at /rustc/90b35a6239c3d8bdabc530a6a0816f7ff89a0aaf/library/std/src/panicking.rs:268:22
[INFO] [stdout]    9:     0x5bde70f72484 - std::panicking::default_hook::hf614597d3c67bbdb
[INFO] [stdout]                                at /rustc/90b35a6239c3d8bdabc530a6a0816f7ff89a0aaf/library/std/src/panicking.rs:292:9
[INFO] [stdout]   10:     0x5bde70d96de9 - <alloc::boxed::Box<F,A> as core::ops::function::Fn<Args>>::call::h39b51ce4599c23d1
[INFO] [stdout]                                at /rustc/90b35a6239c3d8bdabc530a6a0816f7ff89a0aaf/library/alloc/src/boxed.rs:2468:9
[INFO] [stdout]   11:     0x5bde70d96de9 - test::test_main::{{closure}}::he977ae839a582784
[INFO] [stdout]                                at /rustc/90b35a6239c3d8bdabc530a6a0816f7ff89a0aaf/library/test/src/lib.rs:133:21
[INFO] [stdout]   12:     0x5bde70f72d18 - <alloc::boxed::Box<F,A> as core::ops::function::Fn<Args>>::call::h9455091b6b06f9fb
[INFO] [stdout]                                at /rustc/90b35a6239c3d8bdabc530a6a0816f7ff89a0aaf/library/alloc/src/boxed.rs:2468:9
[INFO] [stdout]   13:     0x5bde70f72d18 - std::panicking::rust_panic_with_hook::h8942133a8b252070
[INFO] [stdout]                                at /rustc/90b35a6239c3d8bdabc530a6a0816f7ff89a0aaf/library/std/src/panicking.rs:809:13
[INFO] [stdout]   14:     0x5bde70f72ada - std::panicking::begin_panic_handler::{{closure}}::hb5f5963570096b29
[INFO] [stdout]                                at /rustc/90b35a6239c3d8bdabc530a6a0816f7ff89a0aaf/library/std/src/panicking.rs:674:13
[INFO] [stdout]   15:     0x5bde70f716f9 - std::sys::backtrace::__rust_end_short_backtrace::h6208cedc1922feda
[INFO] [stdout]                                at /rustc/90b35a6239c3d8bdabc530a6a0816f7ff89a0aaf/library/std/src/sys/backtrace.rs:170:18
[INFO] [stdout]   16:     0x5bde70f7276c - rust_begin_unwind
[INFO] [stdout]                                at /rustc/90b35a6239c3d8bdabc530a6a0816f7ff89a0aaf/library/std/src/panicking.rs:665:5
[INFO] [stdout]   17:     0x5bde7093d280 - core::panicking::panic_fmt::h0c3082644d1bf418
[INFO] [stdout]                                at /rustc/90b35a6239c3d8bdabc530a6a0816f7ff89a0aaf/library/core/src/panicking.rs:74:14
[INFO] [stdout]   18:     0x5bde7093d706 - core::result::unwrap_failed::hd20b4aa073bda1e2
[INFO] [stdout]                                at /rustc/90b35a6239c3d8bdabc530a6a0816f7ff89a0aaf/library/core/src/result.rs:1700:5
[INFO] [stdout]   19:     0x5bde70ca8c3e - core::result::Result<T,E>::unwrap::h729493bc2520f619
[INFO] [stdout]                                at /rustc/90b35a6239c3d8bdabc530a6a0816f7ff89a0aaf/library/core/src/result.rs:1104:23
[INFO] [stdout]   20:     0x5bde70ca8c3e - yrs::tests::compatibility_tests::test_data_set::h225325c17cb5b0ca
[INFO] [stdout]                                at /opt/rustwide/workdir/src/tests/compatibility_tests.rs:439:41
[INFO] [stdout]   21:     0x5bde70ccfd42 - yrs::tests::compatibility_tests::test_small_data_set::hd4f65f3dfe00ccfc
[INFO] [stdout]                                at /opt/rustwide/workdir/src/tests/compatibility_tests.rs:429:5
[INFO] [stdout]   22:     0x5bde70ccfd17 - yrs::tests::compatibility_tests::test_small_data_set::{{closure}}::hd69787d2cf0d9a9d
[INFO] [stdout]                                at /opt/rustwide/workdir/src/tests/compatibility_tests.rs:428:25
[INFO] [stdout]   23:     0x5bde70c0e026 - core::ops::function::FnOnce::call_once::h921b0294c0e565cc
[INFO] [stdout]                                at /rustc/90b35a6239c3d8bdabc530a6a0816f7ff89a0aaf/library/core/src/ops/function.rs:250:5
[INFO] [stdout]   24:     0x5bde70d9b7ab - core::ops::function::FnOnce::call_once::h109cf8051a59b34e
[INFO] [stdout]                                at /rustc/90b35a6239c3d8bdabc530a6a0816f7ff89a0aaf/library/core/src/ops/function.rs:250:5
[INFO] [stdout]   25:     0x5bde70d9b7ab - test::__rust_begin_short_backtrace::hf4fff89d377446ba
[INFO] [stdout]                                at /rustc/90b35a6239c3d8bdabc530a6a0816f7ff89a0aaf/library/test/src/lib.rs:621:18
[INFO] [stdout]   26:     0x5bde70d9afe7 - test::run_test_in_process::{{closure}}::h0e39181dd7ee5a43
[INFO] [stdout]                                at /rustc/90b35a6239c3d8bdabc530a6a0816f7ff89a0aaf/library/test/src/lib.rs:644:60
[INFO] [stdout]   27:     0x5bde70d9afe7 - <core::panic::unwind_safe::AssertUnwindSafe<F> as core::ops::function::FnOnce<()>>::call_once::hc5a66a30f0bdfd1f
[INFO] [stdout]                                at /rustc/90b35a6239c3d8bdabc530a6a0816f7ff89a0aaf/library/core/src/panic/unwind_safe.rs:272:9
[INFO] [stdout]   28:     0x5bde70d9afe7 - std::panicking::try::do_call::h873b7cf639554a5e
[INFO] [stdout]                                at /rustc/90b35a6239c3d8bdabc530a6a0816f7ff89a0aaf/library/std/src/panicking.rs:557:40
[INFO] [stdout]   29:     0x5bde70d9afe7 - std::panicking::try::hdb19862fad9c8bd1
[INFO] [stdout]                                at /rustc/90b35a6239c3d8bdabc530a6a0816f7ff89a0aaf/library/std/src/panicking.rs:520:19
[INFO] [stdout]   30:     0x5bde70d9afe7 - std::panic::catch_unwind::h281fe732d236d260
[INFO] [stdout]                                at /rustc/90b35a6239c3d8bdabc530a6a0816f7ff89a0aaf/library/std/src/panic.rs:358:14
[INFO] [stdout]   31:     0x5bde70d9afe7 - test::run_test_in_process::h949b6df8457ed338
[INFO] [stdout]                                at /rustc/90b35a6239c3d8bdabc530a6a0816f7ff89a0aaf/library/test/src/lib.rs:644:27
[INFO] [stdout]   32:     0x5bde70d9afe7 - test::run_test::{{closure}}::h52c556a6d4740e10
[INFO] [stdout]                                at /rustc/90b35a6239c3d8bdabc530a6a0816f7ff89a0aaf/library/test/src/lib.rs:565:43
[INFO] [stdout]   33:     0x5bde70d602c4 - test::run_test::{{closure}}::h4237f6381c45ccb9
[INFO] [stdout]                                at /rustc/90b35a6239c3d8bdabc530a6a0816f7ff89a0aaf/library/test/src/lib.rs:595:41
[INFO] [stdout]   34:     0x5bde70d602c4 - std::sys::backtrace::__rust_begin_short_backtrace::h505c97a579eca628
[INFO] [stdout]                                at /rustc/90b35a6239c3d8bdabc530a6a0816f7ff89a0aaf/library/std/src/sys/backtrace.rs:154:18
[INFO] [stdout]   35:     0x5bde70d6398e - std::thread::Builder::spawn_unchecked_::{{closure}}::{{closure}}::h9e86b2e2bc107ea3
[INFO] [stdout]                                at /rustc/90b35a6239c3d8bdabc530a6a0816f7ff89a0aaf/library/std/src/thread/mod.rs:538:17
[INFO] [stdout]   36:     0x5bde70d6398e - <core::panic::unwind_safe::AssertUnwindSafe<F> as core::ops::function::FnOnce<()>>::call_once::h8b06ddb275ff4a25
[INFO] [stdout]                                at /rustc/90b35a6239c3d8bdabc530a6a0816f7ff89a0aaf/library/core/src/panic/unwind_safe.rs:272:9
[INFO] [stdout]   37:     0x5bde70d6398e - std::panicking::try::do_call::hb26ecd7cd9a9355d
[INFO] [stdout]                                at /rustc/90b35a6239c3d8bdabc530a6a0816f7ff89a0aaf/library/std/src/panicking.rs:557:40
[INFO] [stdout]   38:     0x5bde70d6398e - std::panicking::try::h8ddeca9d705f9069
[INFO] [stdout]                                at /rustc/90b35a6239c3d8bdabc530a6a0816f7ff89a0aaf/library/std/src/panicking.rs:520:19
[INFO] [stdout]   39:     0x5bde70d6398e - std::panic::catch_unwind::h49e1c33078844c46
[INFO] [stdout]                                at /rustc/90b35a6239c3d8bdabc530a6a0816f7ff89a0aaf/library/std/src/panic.rs:358:14
[INFO] [stdout]   40:     0x5bde70d6398e - std::thread::Builder::spawn_unchecked_::{{closure}}::h6073db6ff56ad35d
[INFO] [stdout]                                at /rustc/90b35a6239c3d8bdabc530a6a0816f7ff89a0aaf/library/std/src/thread/mod.rs:537:30
[INFO] [stdout]   41:     0x5bde70d6398e - core::ops::function::FnOnce::call_once{{vtable.shim}}::h2c5a5f3779c774f1
[INFO] [stdout]                                at /rustc/90b35a6239c3d8bdabc530a6a0816f7ff89a0aaf/library/core/src/ops/function.rs:250:5
[INFO] [stdout]   42:     0x5bde70f76e5b - <alloc::boxed::Box<F,A> as core::ops::function::FnOnce<Args>>::call_once::hf75717d9f28faebf
[INFO] [stdout]                                at /rustc/90b35a6239c3d8bdabc530a6a0816f7ff89a0aaf/library/alloc/src/boxed.rs:2454:9
[INFO] [stdout]   43:     0x5bde70f76e5b - <alloc::boxed::Box<F,A> as core::ops::function::FnOnce<Args>>::call_once::h7bd883a5f3c5f3c1
[INFO] [stdout]                                at /rustc/90b35a6239c3d8bdabc530a6a0816f7ff89a0aaf/library/alloc/src/boxed.rs:2454:9
[INFO] [stdout]   44:     0x5bde70f76e5b - std::sys::pal::unix::thread::Thread::new::thread_start::hcc78f3943333fa94
[INFO] [stdout]                                at /rustc/90b35a6239c3d8bdabc530a6a0816f7ff89a0aaf/library/std/src/sys/pal/unix/thread.rs:105:17
[INFO] [stdout]   45:     0x7a61867d5ac3 - <unknown>
[INFO] [stdout]   46:     0x7a6186866a04 - clone
[INFO] [stdout]   47:                0x0 - <unknown>
[INFO] [stdout] 
[INFO] [stdout] ---- tests::edit_traces_tests::edit_trace_automerge stdout ----
[INFO] [stdout] thread 'tests::edit_traces_tests::edit_trace_automerge' panicked at src/tests/edit_traces.rs:100:37:
[INFO] [stdout] called `Result::unwrap()` on an `Err` value: Os { code: 2, kind: NotFound, message: "No such file or directory" }
[INFO] [stdout] stack backtrace:
[INFO] [stdout]    0:     0x5bde70f7121a - std::backtrace_rs::backtrace::libunwind::trace::h5a5b8284f2d0c266
[INFO] [stdout]                                at /rustc/90b35a6239c3d8bdabc530a6a0816f7ff89a0aaf/library/std/src/../../backtrace/src/backtrace/libunwind.rs:116:5
[INFO] [stdout]    1:     0x5bde70f7121a - std::backtrace_rs::backtrace::trace_unsynchronized::h76d4f1c9b0b875e3
[INFO] [stdout]                                at /rustc/90b35a6239c3d8bdabc530a6a0816f7ff89a0aaf/library/std/src/../../backtrace/src/backtrace/mod.rs:66:5
[INFO] [stdout]    2:     0x5bde70f7121a - std::sys::backtrace::_print_fmt::hc4546b8364a537c6
[INFO] [stdout]                                at /rustc/90b35a6239c3d8bdabc530a6a0816f7ff89a0aaf/library/std/src/sys/backtrace.rs:66:9
[INFO] [stdout]    3:     0x5bde70f7121a - <std::sys::backtrace::BacktraceLock::print::DisplayBacktrace as core::fmt::Display>::fmt::h5b6bd5631a6d1f6b
[INFO] [stdout]                                at /rustc/90b35a6239c3d8bdabc530a6a0816f7ff89a0aaf/library/std/src/sys/backtrace.rs:39:26
[INFO] [stdout]    4:     0x5bde70f99313 - core::fmt::rt::Argument::fmt::h270f6602a2b96f62
[INFO] [stdout]                                at /rustc/90b35a6239c3d8bdabc530a6a0816f7ff89a0aaf/library/core/src/fmt/rt.rs:177:76
[INFO] [stdout]    5:     0x5bde70f99313 - core::fmt::write::h7550c97b06c86515
[INFO] [stdout]                                at /rustc/90b35a6239c3d8bdabc530a6a0816f7ff89a0aaf/library/core/src/fmt/mod.rs:1186:21
[INFO] [stdout]    6:     0x5bde70f6dae3 - std::io::Write::write_fmt::h509ff860e5956e5e
[INFO] [stdout]                                at /rustc/90b35a6239c3d8bdabc530a6a0816f7ff89a0aaf/library/std/src/io/mod.rs:1839:15
[INFO] [stdout]    7:     0x5bde70f71062 - std::sys::backtrace::BacktraceLock::print::h2395ccd2c84ba3aa
[INFO] [stdout]                                at /rustc/90b35a6239c3d8bdabc530a6a0816f7ff89a0aaf/library/std/src/sys/backtrace.rs:42:9
[INFO] [stdout]    8:     0x5bde70f7267a - std::panicking::default_hook::{{closure}}::he19d4c7230e07961
[INFO] [stdout]                                at /rustc/90b35a6239c3d8bdabc530a6a0816f7ff89a0aaf/library/std/src/panicking.rs:268:22
[INFO] [stdout]    9:     0x5bde70f72484 - std::panicking::default_hook::hf614597d3c67bbdb
[INFO] [stdout]                                at /rustc/90b35a6239c3d8bdabc530a6a0816f7ff89a0aaf/library/std/src/panicking.rs:292:9
[INFO] [stdout]   10:     0x5bde70d96de9 - <alloc::boxed::Box<F,A> as core::ops::function::Fn<Args>>::call::h39b51ce4599c23d1
[INFO] [stdout]                                at /rustc/90b35a6239c3d8bdabc530a6a0816f7ff89a0aaf/library/alloc/src/boxed.rs:2468:9
[INFO] [stdout]   11:     0x5bde70d96de9 - test::test_main::{{closure}}::he977ae839a582784
[INFO] [stdout]                                at /rustc/90b35a6239c3d8bdabc530a6a0816f7ff89a0aaf/library/test/src/lib.rs:133:21
[INFO] [stdout]   12:     0x5bde70f72d18 - <alloc::boxed::Box<F,A> as core::ops::function::Fn<Args>>::call::h9455091b6b06f9fb
[INFO] [stdout]                                at /rustc/90b35a6239c3d8bdabc530a6a0816f7ff89a0aaf/library/alloc/src/boxed.rs:2468:9
[INFO] [stdout]   13:     0x5bde70f72d18 - std::panicking::rust_panic_with_hook::h8942133a8b252070
[INFO] [stdout]                                at /rustc/90b35a6239c3d8bdabc530a6a0816f7ff89a0aaf/library/std/src/panicking.rs:809:13
[INFO] [stdout]   14:     0x5bde70f72ada - std::panicking::begin_panic_handler::{{closure}}::hb5f5963570096b29
[INFO] [stdout]                                at /rustc/90b35a6239c3d8bdabc530a6a0816f7ff89a0aaf/library/std/src/panicking.rs:674:13
[INFO] [stdout]   15:     0x5bde70f716f9 - std::sys::backtrace::__rust_end_short_backtrace::h6208cedc1922feda
[INFO] [stdout]                                at /rustc/90b35a6239c3d8bdabc530a6a0816f7ff89a0aaf/library/std/src/sys/backtrace.rs:170:18
[INFO] [stdout]   16:     0x5bde70f7276c - rust_begin_unwind
[INFO] [stdout]                                at /rustc/90b35a6239c3d8bdabc530a6a0816f7ff89a0aaf/library/std/src/panicking.rs:665:5
[INFO] [stdout]   17:     0x5bde7093d280 - core::panicking::panic_fmt::h0c3082644d1bf418
[INFO] [stdout]                                at /rustc/90b35a6239c3d8bdabc530a6a0816f7ff89a0aaf/library/core/src/panicking.rs:74:14
[INFO] [stdout]   18:     0x5bde7093d706 - core::result::unwrap_failed::hd20b4aa073bda1e2
[INFO] [stdout]                                at /rustc/90b35a6239c3d8bdabc530a6a0816f7ff89a0aaf/library/core/src/result.rs:1700:5
[INFO] [stdout]   19:     0x5bde70caa16f - core::result::Result<T,E>::unwrap::h729493bc2520f619
[INFO] [stdout]                                at /rustc/90b35a6239c3d8bdabc530a6a0816f7ff89a0aaf/library/core/src/result.rs:1104:23
[INFO] [stdout]   20:     0x5bde70caa16f - yrs::tests::edit_traces::load_testing_data::h3c80887273f4b55e
[INFO] [stdout]                                at /opt/rustwide/workdir/src/tests/edit_traces.rs:100:16
[INFO] [stdout]   21:     0x5bde70a22042 - yrs::tests::edit_traces_tests::test_editing_trace::hf35d7b573b203e0b
[INFO] [stdout]                                at /opt/rustwide/workdir/src/tests/edit_traces_tests.rs:31:16
[INFO] [stdout]   22:     0x5bde70a23992 - yrs::tests::edit_traces_tests::edit_trace_automerge::h2f4b93a2af90b591
[INFO] [stdout]                                at /opt/rustwide/workdir/src/tests/edit_traces_tests.rs:7:5
[INFO] [stdout]   23:     0x5bde70a23967 - yrs::tests::edit_traces_tests::edit_trace_automerge::{{closure}}::hfb1ec503c91796dc
[INFO] [stdout]                                at /opt/rustwide/workdir/src/tests/edit_traces_tests.rs:6:26
[INFO] [stdout]   24:     0x5bde70c0e2c6 - core::ops::function::FnOnce::call_once::h9859c17a32482a0f
[INFO] [stdout]                                at /rustc/90b35a6239c3d8bdabc530a6a0816f7ff89a0aaf/library/core/src/ops/function.rs:250:5
[INFO] [stdout]   25:     0x5bde70d9b7ab - core::ops::function::FnOnce::call_once::h109cf8051a59b34e
[INFO] [stdout]                                at /rustc/90b35a6239c3d8bdabc530a6a0816f7ff89a0aaf/library/core/src/ops/function.rs:250:5
[INFO] [stdout]   26:     0x5bde70d9b7ab - test::__rust_begin_short_backtrace::hf4fff89d377446ba
[INFO] [stdout]                                at /rustc/90b35a6239c3d8bdabc530a6a0816f7ff89a0aaf/library/test/src/lib.rs:621:18
[INFO] [stdout]   27:     0x5bde70d9afe7 - test::run_test_in_process::{{closure}}::h0e39181dd7ee5a43
[INFO] [stdout]                                at /rustc/90b35a6239c3d8bdabc530a6a0816f7ff89a0aaf/library/test/src/lib.rs:644:60
[INFO] [stdout]   28:     0x5bde70d9afe7 - <core::panic::unwind_safe::AssertUnwindSafe<F> as core::ops::function::FnOnce<()>>::call_once::hc5a66a30f0bdfd1f
[INFO] [stdout]                                at /rustc/90b35a6239c3d8bdabc530a6a0816f7ff89a0aaf/library/core/src/panic/unwind_safe.rs:272:9
[INFO] [stdout]   29:     0x5bde70d9afe7 - std::panicking::try::do_call::h873b7cf639554a5e
[INFO] [stdout]                                at /rustc/90b35a6239c3d8bdabc530a6a0816f7ff89a0aaf/library/std/src/panicking.rs:557:40
[INFO] [stdout]   30:     0x5bde70d9afe7 - std::panicking::try::hdb19862fad9c8bd1
[INFO] [stdout]                                at /rustc/90b35a6239c3d8bdabc530a6a0816f7ff89a0aaf/library/std/src/panicking.rs:520:19
[INFO] [stdout]   31:     0x5bde70d9afe7 - std::panic::catch_unwind::h281fe732d236d260
[INFO] [stdout]                                at /rustc/90b35a6239c3d8bdabc530a6a0816f7ff89a0aaf/library/std/src/panic.rs:358:14
[INFO] [stdout]   32:     0x5bde70d9afe7 - test::run_test_in_process::h949b6df8457ed338
[INFO] [stdout]                                at /rustc/90b35a6239c3d8bdabc530a6a0816f7ff89a0aaf/library/test/src/lib.rs:644:27
[INFO] [stdout]   33:     0x5bde70d9afe7 - test::run_test::{{closure}}::h52c556a6d4740e10
[INFO] [stdout]                                at /rustc/90b35a6239c3d8bdabc530a6a0816f7ff89a0aaf/library/test/src/lib.rs:565:43
[INFO] [stdout]   34:     0x5bde70d602c4 - test::run_test::{{closure}}::h4237f6381c45ccb9
[INFO] [stdout]                                at /rustc/90b35a6239c3d8bdabc530a6a0816f7ff89a0aaf/library/test/src/lib.rs:595:41
[INFO] [stdout]   35:     0x5bde70d602c4 - std::sys::backtrace::__rust_begin_short_backtrace::h505c97a579eca628
[INFO] [stdout]                                at /rustc/90b35a6239c3d8bdabc530a6a0816f7ff89a0aaf/library/std/src/sys/backtrace.rs:154:18
[INFO] [stdout]   36:     0x5bde70d6398e - std::thread::Builder::spawn_unchecked_::{{closure}}::{{closure}}::h9e86b2e2bc107ea3
[INFO] [stdout]                                at /rustc/90b35a6239c3d8bdabc530a6a0816f7ff89a0aaf/library/std/src/thread/mod.rs:538:17
[INFO] [stdout]   37:     0x5bde70d6398e - <core::panic::unwind_safe::AssertUnwindSafe<F> as core::ops::function::FnOnce<()>>::call_once::h8b06ddb275ff4a25
[INFO] [stdout]                                at /rustc/90b35a6239c3d8bdabc530a6a0816f7ff89a0aaf/library/core/src/panic/unwind_safe.rs:272:9
[INFO] [stdout]   38:     0x5bde70d6398e - std::panicking::try::do_call::hb26ecd7cd9a9355d
[INFO] [stdout]                                at /rustc/90b35a6239c3d8bdabc530a6a0816f7ff89a0aaf/library/std/src/panicking.rs:557:40
[INFO] [stdout]   39:     0x5bde70d6398e - std::panicking::try::h8ddeca9d705f9069
[INFO] [stdout]                                at /rustc/90b35a6239c3d8bdabc530a6a0816f7ff89a0aaf/library/std/src/panicking.rs:520:19
[INFO] [stdout]   40:     0x5bde70d6398e - std::panic::catch_unwind::h49e1c33078844c46
[INFO] [stdout]                                at /rustc/90b35a6239c3d8bdabc530a6a0816f7ff89a0aaf/library/std/src/panic.rs:358:14
[INFO] [stdout]   41:     0x5bde70d6398e - std::thread::Builder::spawn_unchecked_::{{closure}}::h6073db6ff56ad35d
[INFO] [stdout]                                at /rustc/90b35a6239c3d8bdabc530a6a0816f7ff89a0aaf/library/std/src/thread/mod.rs:537:30
[INFO] [stdout]   42:     0x5bde70d6398e - core::ops::function::FnOnce::call_once{{vtable.shim}}::h2c5a5f3779c774f1
[INFO] [stdout]                                at /rustc/90b35a6239c3d8bdabc530a6a0816f7ff89a0aaf/library/core/src/ops/function.rs:250:5
[INFO] [stdout]   43:     0x5bde70f76e5b - <alloc::boxed::Box<F,A> as core::ops::function::FnOnce<Args>>::call_once::hf75717d9f28faebf
[INFO] [stdout]                                at /rustc/90b35a6239c3d8bdabc530a6a0816f7ff89a0aaf/library/alloc/src/boxed.rs:2454:9
[INFO] [stdout]   44:     0x5bde70f76e5b - <alloc::boxed::Box<F,A> as core::ops::function::FnOnce<Args>>::call_once::h7bd883a5f3c5f3c1
[INFO] [stdout]                                at /rustc/90b35a6239c3d8bdabc530a6a0816f7ff89a0aaf/library/alloc/src/boxed.rs:2454:9
[INFO] [stdout]   45:     0x5bde70f76e5b - std::sys::pal::unix::thread::Thread::new::thread_start::hcc78f3943333fa94
[INFO] [stdout]                                at /rustc/90b35a6239c3d8bdabc530a6a0816f7ff89a0aaf/library/std/src/sys/pal/unix/thread.rs:105:17
[INFO] [stdout]   46:     0x7a61867d5ac3 - <unknown>
[INFO] [stdout]   47:     0x7a6186866a04 - clone
[INFO] [stdout]   48:                0x0 - <unknown>
[INFO] [stdout] 
[INFO] [stdout] ---- tests::edit_traces_tests::edit_trace_friendsforever stdout ----
[INFO] [stdout] thread 'tests::edit_traces_tests::edit_trace_friendsforever' panicked at src/tests/edit_traces.rs:100:37:
[INFO] [stdout] called `Result::unwrap()` on an `Err` value: Os { code: 2, kind: NotFound, message: "No such file or directory" }
[INFO] [stdout] stack backtrace:
[INFO] [stdout]    0:     0x5bde70f7121a - std::backtrace_rs::backtrace::libunwind::trace::h5a5b8284f2d0c266
[INFO] [stdout]                                at /rustc/90b35a6239c3d8bdabc530a6a0816f7ff89a0aaf/library/std/src/../../backtrace/src/backtrace/libunwind.rs:116:5
[INFO] [stdout]    1:     0x5bde70f7121a - std::backtrace_rs::backtrace::trace_unsynchronized::h76d4f1c9b0b875e3
[INFO] [stdout]                                at /rustc/90b35a6239c3d8bdabc530a6a0816f7ff89a0aaf/library/std/src/../../backtrace/src/backtrace/mod.rs:66:5
[INFO] [stdout]    2:     0x5bde70f7121a - std::sys::backtrace::_print_fmt::hc4546b8364a537c6
[INFO] [stdout]                                at /rustc/90b35a6239c3d8bdabc530a6a0816f7ff89a0aaf/library/std/src/sys/backtrace.rs:66:9
[INFO] [stdout]    3:     0x5bde70f7121a - <std::sys::backtrace::BacktraceLock::print::DisplayBacktrace as core::fmt::Display>::fmt::h5b6bd5631a6d1f6b
[INFO] [stdout]                                at /rustc/90b35a6239c3d8bdabc530a6a0816f7ff89a0aaf/library/std/src/sys/backtrace.rs:39:26
[INFO] [stdout]    4:     0x5bde70f99313 - core::fmt::rt::Argument::fmt::h270f6602a2b96f62
[INFO] [stdout]                                at /rustc/90b35a6239c3d8bdabc530a6a0816f7ff89a0aaf/library/core/src/fmt/rt.rs:177:76
[INFO] [stdout]    5:     0x5bde70f99313 - core::fmt::write::h7550c97b06c86515
[INFO] [stdout]                                at /rustc/90b35a6239c3d8bdabc530a6a0816f7ff89a0aaf/library/core/src/fmt/mod.rs:1186:21
[INFO] [stdout]    6:     0x5bde70f6dae3 - std::io::Write::write_fmt::h509ff860e5956e5e
[INFO] [stdout]                                at /rustc/90b35a6239c3d8bdabc530a6a0816f7ff89a0aaf/library/std/src/io/mod.rs:1839:15
[INFO] [stdout]    7:     0x5bde70f71062 - std::sys::backtrace::BacktraceLock::print::h2395ccd2c84ba3aa
[INFO] [stdout]                                at /rustc/90b35a6239c3d8bdabc530a6a0816f7ff89a0aaf/library/std/src/sys/backtrace.rs:42:9
[INFO] [stdout]    8:     0x5bde70f7267a - std::panicking::default_hook::{{closure}}::he19d4c7230e07961
[INFO] [stdout]                                at /rustc/90b35a6239c3d8bdabc530a6a0816f7ff89a0aaf/library/std/src/panicking.rs:268:22
[INFO] [stdout]    9:     0x5bde70f72484 - std::panicking::default_hook::hf614597d3c67bbdb
[INFO] [stdout]                                at /rustc/90b35a6239c3d8bdabc530a6a0816f7ff89a0aaf/library/std/src/panicking.rs:292:9
[INFO] [stdout]   10:     0x5bde70d96de9 - <alloc::boxed::Box<F,A> as core::ops::function::Fn<Args>>::call::h39b51ce4599c23d1
[INFO] [stdout]                                at /rustc/90b35a6239c3d8bdabc530a6a0816f7ff89a0aaf/library/alloc/src/boxed.rs:2468:9
[INFO] [stdout]   11:     0x5bde70d96de9 - test::test_main::{{closure}}::he977ae839a582784
[INFO] [stdout]                                at /rustc/90b35a6239c3d8bdabc530a6a0816f7ff89a0aaf/library/test/src/lib.rs:133:21
[INFO] [stdout]   12:     0x5bde70f72d18 - <alloc::boxed::Box<F,A> as core::ops::function::Fn<Args>>::call::h9455091b6b06f9fb
[INFO] [stdout]                                at /rustc/90b35a6239c3d8bdabc530a6a0816f7ff89a0aaf/library/alloc/src/boxed.rs:2468:9
[INFO] [stdout]   13:     0x5bde70f72d18 - std::panicking::rust_panic_with_hook::h8942133a8b252070
[INFO] [stdout]                                at /rustc/90b35a6239c3d8bdabc530a6a0816f7ff89a0aaf/library/std/src/panicking.rs:809:13
[INFO] [stdout]   14:     0x5bde70f72ada - std::panicking::begin_panic_handler::{{closure}}::hb5f5963570096b29
[INFO] [stdout]                                at /rustc/90b35a6239c3d8bdabc530a6a0816f7ff89a0aaf/library/std/src/panicking.rs:674:13
[INFO] [stdout]   15:     0x5bde70f716f9 - std::sys::backtrace::__rust_end_short_backtrace::h6208cedc1922feda
[INFO] [stdout]                                at /rustc/90b35a6239c3d8bdabc530a6a0816f7ff89a0aaf/library/std/src/sys/backtrace.rs:170:18
[INFO] [stdout]   16:     0x5bde70f7276c - rust_begin_unwind
[INFO] [stdout]                                at /rustc/90b35a6239c3d8bdabc530a6a0816f7ff89a0aaf/library/std/src/panicking.rs:665:5
[INFO] [stdout]   17:     0x5bde7093d280 - core::panicking::panic_fmt::h0c3082644d1bf418
[INFO] [stdout]                                at /rustc/90b35a6239c3d8bdabc530a6a0816f7ff89a0aaf/library/core/src/panicking.rs:74:14
[INFO] [stdout]   18:     0x5bde7093d706 - core::result::unwrap_failed::hd20b4aa073bda1e2
[INFO] [stdout]                                at /rustc/90b35a6239c3d8bdabc530a6a0816f7ff89a0aaf/library/core/src/result.rs:1700:5
[INFO] [stdout]   19:     0x5bde70caa16f - core::result::Result<T,E>::unwrap::h729493bc2520f619
[INFO] [stdout]                                at /rustc/90b35a6239c3d8bdabc530a6a0816f7ff89a0aaf/library/core/src/result.rs:1104:23
[INFO] [stdout]   20:     0x5bde70caa16f - yrs::tests::edit_traces::load_testing_data::h3c80887273f4b55e
[INFO] [stdout]                                at /opt/rustwide/workdir/src/tests/edit_traces.rs:100:16
[INFO] [stdout]   21:     0x5bde70a22042 - yrs::tests::edit_traces_tests::test_editing_trace::hf35d7b573b203e0b
[INFO] [stdout]                                at /opt/rustwide/workdir/src/tests/edit_traces_tests.rs:31:16
[INFO] [stdout]   22:     0x5bde70a239e2 - yrs::tests::edit_traces_tests::edit_trace_friendsforever::hfb20b8551ae04491
[INFO] [stdout]                                at /opt/rustwide/workdir/src/tests/edit_traces_tests.rs:12:5
[INFO] [stdout]   23:     0x5bde70a239b7 - yrs::tests::edit_traces_tests::edit_trace_friendsforever::{{closure}}::hc7af6e1fbc51da8a
[INFO] [stdout]                                at /opt/rustwide/workdir/src/tests/edit_traces_tests.rs:11:31
[INFO] [stdout]   24:     0x5bde70c0b036 - core::ops::function::FnOnce::call_once::h44fbb9654bad40e9
[INFO] [stdout]                                at /rustc/90b35a6239c3d8bdabc530a6a0816f7ff89a0aaf/library/core/src/ops/function.rs:250:5
[INFO] [stdout]   25:     0x5bde70d9b7ab - core::ops::function::FnOnce::call_once::h109cf8051a59b34e
[INFO] [stdout]                                at /rustc/90b35a6239c3d8bdabc530a6a0816f7ff89a0aaf/library/core/src/ops/function.rs:250:5
[INFO] [stdout]   26:     0x5bde70d9b7ab - test::__rust_begin_short_backtrace::hf4fff89d377446ba
[INFO] [stdout]                                at /rustc/90b35a6239c3d8bdabc530a6a0816f7ff89a0aaf/library/test/src/lib.rs:621:18
[INFO] [stdout]   27:     0x5bde70d9afe7 - test::run_test_in_process::{{closure}}::h0e39181dd7ee5a43
[INFO] [stdout]                                at /rustc/90b35a6239c3d8bdabc530a6a0816f7ff89a0aaf/library/test/src/lib.rs:644:60
[INFO] [stdout]   28:     0x5bde70d9afe7 - <core::panic::unwind_safe::AssertUnwindSafe<F> as core::ops::function::FnOnce<()>>::call_once::hc5a66a30f0bdfd1f
[INFO] [stdout]                                at /rustc/90b35a6239c3d8bdabc530a6a0816f7ff89a0aaf/library/core/src/panic/unwind_safe.rs:272:9
[INFO] [stdout]   29:     0x5bde70d9afe7 - std::panicking::try::do_call::h873b7cf639554a5e
[INFO] [stdout]                                at /rustc/90b35a6239c3d8bdabc530a6a0816f7ff89a0aaf/library/std/src/panicking.rs:557:40
[INFO] [stdout]   30:     0x5bde70d9afe7 - std::panicking::try::hdb19862fad9c8bd1
[INFO] [stdout]                                at /rustc/90b35a6239c3d8bdabc530a6a0816f7ff89a0aaf/library/std/src/panicking.rs:520:19
[INFO] [stdout]   31:     0x5bde70d9afe7 - std::panic::catch_unwind::h281fe732d236d260
[INFO] [stdout]                                at /rustc/90b35a6239c3d8bdabc530a6a0816f7ff89a0aaf/library/std/src/panic.rs:358:14
[INFO] [stdout]   32:     0x5bde70d9afe7 - test::run_test_in_process::h949b6df8457ed338
[INFO] [stdout]                                at /rustc/90b35a6239c3d8bdabc530a6a0816f7ff89a0aaf/library/test/src/lib.rs:644:27
[INFO] [stdout]   33:     0x5bde70d9afe7 - test::run_test::{{closure}}::h52c556a6d4740e10
[INFO] [stdout]                                at /rustc/90b35a6239c3d8bdabc530a6a0816f7ff89a0aaf/library/test/src/lib.rs:565:43
[INFO] [stdout]   34:     0x5bde70d602c4 - test::run_test::{{closure}}::h4237f6381c45ccb9
[INFO] [stdout]                                at /rustc/90b35a6239c3d8bdabc530a6a0816f7ff89a0aaf/library/test/src/lib.rs:595:41
[INFO] [stdout]   35:     0x5bde70d602c4 - std::sys::backtrace::__rust_begin_short_backtrace::h505c97a579eca628
[INFO] [stdout]                                at /rustc/90b35a6239c3d8bdabc530a6a0816f7ff89a0aaf/library/std/src/sys/backtrace.rs:154:18
[INFO] [stdout]   36:     0x5bde70d6398e - std::thread::Builder::spawn_unchecked_::{{closure}}::{{closure}}::h9e86b2e2bc107ea3
[INFO] [stdout]                                at /rustc/90b35a6239c3d8bdabc530a6a0816f7ff89a0aaf/library/std/src/thread/mod.rs:538:17
[INFO] [stdout]   37:     0x5bde70d6398e - <core::panic::unwind_safe::AssertUnwindSafe<F> as core::ops::function::FnOnce<()>>::call_once::h8b06ddb275ff4a25
[INFO] [stdout]                                at /rustc/90b35a6239c3d8bdabc530a6a0816f7ff89a0aaf/library/core/src/panic/unwind_safe.rs:272:9
[INFO] [stdout]   38:     0x5bde70d6398e - std::panicking::try::do_call::hb26ecd7cd9a9355d
[INFO] [stdout]                                at /rustc/90b35a6239c3d8bdabc530a6a0816f7ff89a0aaf/library/std/src/panicking.rs:557:40
[INFO] [stdout]   39:     0x5bde70d6398e - std::panicking::try::h8ddeca9d705f9069
[INFO] [stdout]                                at /rustc/90b35a6239c3d8bdabc530a6a0816f7ff89a0aaf/library/std/src/panicking.rs:520:19
[INFO] [stdout]   40:     0x5bde70d6398e - std::panic::catch_unwind::h49e1c33078844c46
[INFO] [stdout]                                at /rustc/90b35a6239c3d8bdabc530a6a0816f7ff89a0aaf/library/std/src/panic.rs:358:14
[INFO] [stdout]   41:     0x5bde70d6398e - std::thread::Builder::spawn_unchecked_::{{closure}}::h6073db6ff56ad35d
[INFO] [stdout]                                at /rustc/90b35a6239c3d8bdabc530a6a0816f7ff89a0aaf/library/std/src/thread/mod.rs:537:30
[INFO] [stdout]   42:     0x5bde70d6398e - core::ops::function::FnOnce::call_once{{vtable.shim}}::h2c5a5f3779c774f1
[INFO] [stdout]                                at /rustc/90b35a6239c3d8bdabc530a6a0816f7ff89a0aaf/library/core/src/ops/function.rs:250:5
[INFO] [stdout]   43:     0x5bde70f76e5b - <alloc::boxed::Box<F,A> as core::ops::function::FnOnce<Args>>::call_once::hf75717d9f28faebf
[INFO] [stdout]                                at /rustc/90b35a6239c3d8bdabc530a6a0816f7ff89a0aaf/library/alloc/src/boxed.rs:2454:9
[INFO] [stdout]   44:     0x5bde70f76e5b - <alloc::boxed::Box<F,A> as core::ops::function::FnOnce<Args>>::call_once::h7bd883a5f3c5f3c1
[INFO] [stdout]                                at /rustc/90b35a6239c3d8bdabc530a6a0816f7ff89a0aaf/library/alloc/src/boxed.rs:2454:9
[INFO] [stdout]   45:     0x5bde70f76e5b - std::sys::pal::unix::thread::Thread::new::thread_start::hcc78f3943333fa94
[INFO] [stdout]                                at /rustc/90b35a6239c3d8bdabc530a6a0816f7ff89a0aaf/library/std/src/sys/pal/unix/thread.rs:105:17
[INFO] [stdout]   46:     0x7a61867d5ac3 - <unknown>
[INFO] [stdout]   47:     0x7a6186866a04 - clone
[INFO] [stdout]   48:                0x0 - <unknown>
[INFO] [stdout] 
[INFO] [stdout] ---- tests::edit_traces_tests::edit_trace_rustcode stdout ----
[INFO] [stdout] thread 'tests::edit_traces_tests::edit_trace_rustcode' panicked at src/tests/edit_traces.rs:100:37:
[INFO] [stdout] called `Result::unwrap()` on an `Err` value: Os { code: 2, kind: NotFound, message: "No such file or directory" }
[INFO] [stdout] stack backtrace:
[INFO] [stdout]    0:     0x5bde70f7121a - std::backtrace_rs::backtrace::libunwind::trace::h5a5b8284f2d0c266
[INFO] [stdout]                                at /rustc/90b35a6239c3d8bdabc530a6a0816f7ff89a0aaf/library/std/src/../../backtrace/src/backtrace/libunwind.rs:116:5
[INFO] [stdout]    1:     0x5bde70f7121a - std::backtrace_rs::backtrace::trace_unsynchronized::h76d4f1c9b0b875e3
[INFO] [stdout]                                at /rustc/90b35a6239c3d8bdabc530a6a0816f7ff89a0aaf/library/std/src/../../backtrace/src/backtrace/mod.rs:66:5
[INFO] [stdout]    2:     0x5bde70f7121a - std::sys::backtrace::_print_fmt::hc4546b8364a537c6
[INFO] [stdout]                                at /rustc/90b35a6239c3d8bdabc530a6a0816f7ff89a0aaf/library/std/src/sys/backtrace.rs:66:9
[INFO] [stdout]    3:     0x5bde70f7121a - <std::sys::backtrace::BacktraceLock::print::DisplayBacktrace as core::fmt::Display>::fmt::h5b6bd5631a6d1f6b
[INFO] [stdout]                                at /rustc/90b35a6239c3d8bdabc530a6a0816f7ff89a0aaf/library/std/src/sys/backtrace.rs:39:26
[INFO] [stdout]    4:     0x5bde70f99313 - core::fmt::rt::Argument::fmt::h270f6602a2b96f62
[INFO] [stdout]                                at /rustc/90b35a6239c3d8bdabc530a6a0816f7ff89a0aaf/library/core/src/fmt/rt.rs:177:76
[INFO] [stdout]    5:     0x5bde70f99313 - core::fmt::write::h7550c97b06c86515
[INFO] [stdout]                                at /rustc/90b35a6239c3d8bdabc530a6a0816f7ff89a0aaf/library/core/src/fmt/mod.rs:1186:21
[INFO] [stdout]    6:     0x5bde70f6dae3 - std::io::Write::write_fmt::h509ff860e5956e5e
[INFO] [stdout]                                at /rustc/90b35a6239c3d8bdabc530a6a0816f7ff89a0aaf/library/std/src/io/mod.rs:1839:15
[INFO] [stdout]    7:     0x5bde70f71062 - std::sys::backtrace::BacktraceLock::print::h2395ccd2c84ba3aa
[INFO] [stdout]                                at /rustc/90b35a6239c3d8bdabc530a6a0816f7ff89a0aaf/library/std/src/sys/backtrace.rs:42:9
[INFO] [stdout]    8:     0x5bde70f7267a - std::panicking::default_hook::{{closure}}::he19d4c7230e07961
[INFO] [stdout]                                at /rustc/90b35a6239c3d8bdabc530a6a0816f7ff89a0aaf/library/std/src/panicking.rs:268:22
[INFO] [stdout]    9:     0x5bde70f72484 - std::panicking::default_hook::hf614597d3c67bbdb
[INFO] [stdout]                                at /rustc/90b35a6239c3d8bdabc530a6a0816f7ff89a0aaf/library/std/src/panicking.rs:292:9
[INFO] [stdout]   10:     0x5bde70d96de9 - <alloc::boxed::Box<F,A> as core::ops::function::Fn<Args>>::call::h39b51ce4599c23d1
[INFO] [stdout]                                at /rustc/90b35a6239c3d8bdabc530a6a0816f7ff89a0aaf/library/alloc/src/boxed.rs:2468:9
[INFO] [stdout]   11:     0x5bde70d96de9 - test::test_main::{{closure}}::he977ae839a582784
[INFO] [stdout]                                at /rustc/90b35a6239c3d8bdabc530a6a0816f7ff89a0aaf/library/test/src/lib.rs:133:21
[INFO] [stdout]   12:     0x5bde70f72d18 - <alloc::boxed::Box<F,A> as core::ops::function::Fn<Args>>::call::h9455091b6b06f9fb
[INFO] [stdout]                                at /rustc/90b35a6239c3d8bdabc530a6a0816f7ff89a0aaf/library/alloc/src/boxed.rs:2468:9
[INFO] [stdout]   13:     0x5bde70f72d18 - std::panicking::rust_panic_with_hook::h8942133a8b252070
[INFO] [stdout]                                at /rustc/90b35a6239c3d8bdabc530a6a0816f7ff89a0aaf/library/std/src/panicking.rs:809:13
[INFO] [stdout]   14:     0x5bde70f72ada - std::panicking::begin_panic_handler::{{closure}}::hb5f5963570096b29
[INFO] [stdout]                                at /rustc/90b35a6239c3d8bdabc530a6a0816f7ff89a0aaf/library/std/src/panicking.rs:674:13
[INFO] [stdout]   15:     0x5bde70f716f9 - std::sys::backtrace::__rust_end_short_backtrace::h6208cedc1922feda
[INFO] [stdout]                                at /rustc/90b35a6239c3d8bdabc530a6a0816f7ff89a0aaf/library/std/src/sys/backtrace.rs:170:18
[INFO] [stdout]   16:     0x5bde70f7276c - rust_begin_unwind
[INFO] [stdout]                                at /rustc/90b35a6239c3d8bdabc530a6a0816f7ff89a0aaf/library/std/src/panicking.rs:665:5
[INFO] [stdout]   17:     0x5bde7093d280 - core::panicking::panic_fmt::h0c3082644d1bf418
[INFO] [stdout]                                at /rustc/90b35a6239c3d8bdabc530a6a0816f7ff89a0aaf/library/core/src/panicking.rs:74:14
[INFO] [stdout]   18:     0x5bde7093d706 - core::result::unwrap_failed::hd20b4aa073bda1e2
[INFO] [stdout]                                at /rustc/90b35a6239c3d8bdabc530a6a0816f7ff89a0aaf/library/core/src/result.rs:1700:5
[INFO] [stdout]   19:     0x5bde70caa16f - core::result::Result<T,E>::unwrap::h729493bc2520f619
[INFO] [stdout]                                at /rustc/90b35a6239c3d8bdabc530a6a0816f7ff89a0aaf/library/core/src/result.rs:1104:23
[INFO] [stdout]   20:     0x5bde70caa16f - yrs::tests::edit_traces::load_testing_data::h3c80887273f4b55e
[INFO] [stdout]                                at /opt/rustwide/workdir/src/tests/edit_traces.rs:100:16
[INFO] [stdout]   21:     0x5bde70a22042 - yrs::tests::edit_traces_tests::test_editing_trace::hf35d7b573b203e0b
[INFO] [stdout]                                at /opt/rustwide/workdir/src/tests/edit_traces_tests.rs:31:16
[INFO] [stdout]   22:     0x5bde70a23ad2 - yrs::tests::edit_traces_tests::edit_trace_rustcode::he0df7c17808aff03
[INFO] [stdout]                                at /opt/rustwide/workdir/src/tests/edit_traces_tests.rs:27:5
[INFO] [stdout]   23:     0x5bde70a23aa7 - yrs::tests::edit_traces_tests::edit_trace_rustcode::{{closure}}::hf8927511cc690a8e
[INFO] [stdout]                                at /opt/rustwide/workdir/src/tests/edit_traces_tests.rs:26:25
[INFO] [stdout]   24:     0x5bde70c0c9f6 - core::ops::function::FnOnce::call_once::h6ac32bbcb1cfc953
[INFO] [stdout]                                at /rustc/90b35a6239c3d8bdabc530a6a0816f7ff89a0aaf/library/core/src/ops/function.rs:250:5
[INFO] [stdout]   25:     0x5bde70d9b7ab - core::ops::function::FnOnce::call_once::h109cf8051a59b34e
[INFO] [stdout]                                at /rustc/90b35a6239c3d8bdabc530a6a0816f7ff89a0aaf/library/core/src/ops/function.rs:250:5
[INFO] [stdout]   26:     0x5bde70d9b7ab - test::__rust_begin_short_backtrace::hf4fff89d377446ba
[INFO] [stdout]                                at /rustc/90b35a6239c3d8bdabc530a6a0816f7ff89a0aaf/library/test/src/lib.rs:621:18
[INFO] [stdout]   27:     0x5bde70d9afe7 - test::run_test_in_process::{{closure}}::h0e39181dd7ee5a43
[INFO] [stdout]                                at /rustc/90b35a6239c3d8bdabc530a6a0816f7ff89a0aaf/library/test/src/lib.rs:644:60
[INFO] [stdout]   28:     0x5bde70d9afe7 - <core::panic::unwind_safe::AssertUnwindSafe<F> as core::ops::function::FnOnce<()>>::call_once::hc5a66a30f0bdfd1f
[INFO] [stdout]                                at /rustc/90b35a6239c3d8bdabc530a6a0816f7ff89a0aaf/library/core/src/panic/unwind_safe.rs:272:9
[INFO] [stdout]   29:     0x5bde70d9afe7 - std::panicking::try::do_call::h873b7cf639554a5e
[INFO] [stdout]                                at /rustc/90b35a6239c3d8bdabc530a6a0816f7ff89a0aaf/library/std/src/panicking.rs:557:40
[INFO] [stdout]   30:     0x5bde70d9afe7 - std::panicking::try::hdb19862fad9c8bd1
[INFO] [stdout]                                at /rustc/90b35a6239c3d8bdabc530a6a0816f7ff89a0aaf/library/std/src/panicking.rs:520:19
[INFO] [stdout]   31:     0x5bde70d9afe7 - std::panic::catch_unwind::h281fe732d236d260
[INFO] [stdout]                                at /rustc/90b35a6239c3d8bdabc530a6a0816f7ff89a0aaf/library/std/src/panic.rs:358:14
[INFO] [stdout]   32:     0x5bde70d9afe7 - test::run_test_in_process::h949b6df8457ed338
[INFO] [stdout]                                at /rustc/90b35a6239c3d8bdabc530a6a0816f7ff89a0aaf/library/test/src/lib.rs:644:27
[INFO] [stdout]   33:     0x5bde70d9afe7 - test::run_test::{{closure}}::h52c556a6d4740e10
[INFO] [stdout]                                at /rustc/90b35a6239c3d8bdabc530a6a0816f7ff89a0aaf/library/test/src/lib.rs:565:43
[INFO] [stdout]   34:     0x5bde70d602c4 - test::run_test::{{closure}}::h4237f6381c45ccb9
[INFO] [stdout]                                at /rustc/90b35a6239c3d8bdabc530a6a0816f7ff89a0aaf/library/test/src/lib.rs:595:41
[INFO] [stdout]   35:     0x5bde70d602c4 - std::sys::backtrace::__rust_begin_short_backtrace::h505c97a579eca628
[INFO] [stdout]                                at /rustc/90b35a6239c3d8bdabc530a6a0816f7ff89a0aaf/library/std/src/sys/backtrace.rs:154:18
[INFO] [stdout]   36:     0x5bde70d6398e - std::thread::Builder::spawn_unchecked_::{{closure}}::{{closure}}::h9e86b2e2bc107ea3
[INFO] [stdout]                                at /rustc/90b35a6239c3d8bdabc530a6a0816f7ff89a0aaf/library/std/src/thread/mod.rs:538:17
[INFO] [stdout]   37:     0x5bde70d6398e - <core::panic::unwind_safe::AssertUnwindSafe<F> as core::ops::function::FnOnce<()>>::call_once::h8b06ddb275ff4a25
[INFO] [stdout]                                at /rustc/90b35a6239c3d8bdabc530a6a0816f7ff89a0aaf/library/core/src/panic/unwind_safe.rs:272:9
[INFO] [stdout]   38:     0x5bde70d6398e - std::panicking::try::do_call::hb26ecd7cd9a9355d
[INFO] [stdout]                                at /rustc/90b35a6239c3d8bdabc530a6a0816f7ff89a0aaf/library/std/src/panicking.rs:557:40
[INFO] [stdout]   39:     0x5bde70d6398e - std::panicking::try::h8ddeca9d705f9069
[INFO] [stdout]                                at /rustc/90b35a6239c3d8bdabc530a6a0816f7ff89a0aaf/library/std/src/panicking.rs:520:19
[INFO] [stdout]   40:     0x5bde70d6398e - std::panic::catch_unwind::h49e1c33078844c46
[INFO] [stdout]                                at /rustc/90b35a6239c3d8bdabc530a6a0816f7ff89a0aaf/library/std/src/panic.rs:358:14
[INFO] [stdout]   41:     0x5bde70d6398e - std::thread::Builder::spawn_unchecked_::{{closure}}::h6073db6ff56ad35d
[INFO] [stdout]                                at /rustc/90b35a6239c3d8bdabc530a6a0816f7ff89a0aaf/library/std/src/thread/mod.rs:537:30
[INFO] [stdout]   42:     0x5bde70d6398e - core::ops::function::FnOnce::call_once{{vtable.shim}}::h2c5a5f3779c774f1
[INFO] [stdout]                                at /rustc/90b35a6239c3d8bdabc530a6a0816f7ff89a0aaf/library/core/src/ops/function.rs:250:5
[INFO] [stdout]   43:     0x5bde70f76e5b - <alloc::boxed::Box<F,A> as core::ops::function::FnOnce<Args>>::call_once::hf75717d9f28faebf
[INFO] [stdout]                                at /rustc/90b35a6239c3d8bdabc530a6a0816f7ff89a0aaf/library/alloc/src/boxed.rs:2454:9
[INFO] [stdout]   44:     0x5bde70f76e5b - <alloc::boxed::Box<F,A> as core::ops::function::FnOnce<Args>>::call_once::h7bd883a5f3c5f3c1
[INFO] [stdout]                                at /rustc/90b35a6239c3d8bdabc530a6a0816f7ff89a0aaf/library/alloc/src/boxed.rs:2454:9
[INFO] [stdout]   45:     0x5bde70f76e5b - std::sys::pal::unix::thread::Thread::new::thread_start::hcc78f3943333fa94
[INFO] [stdout]                                at /rustc/90b35a6239c3d8bdabc530a6a0816f7ff89a0aaf/library/std/src/sys/pal/unix/thread.rs:105:17
[INFO] [stdout]   46:     0x7a61867d5ac3 - <unknown>
[INFO] [stdout]   47:     0x7a6186866a04 - clone
[INFO] [stdout]   48:                0x0 - <unknown>
[INFO] [stdout] 
[INFO] [stdout] ---- tests::edit_traces_tests::edit_trace_sephblog1 stdout ----
[INFO] [stdout] thread 'tests::edit_traces_tests::edit_trace_sephblog1' panicked at src/tests/edit_traces.rs:100:37:
[INFO] [stdout] called `Result::unwrap()` on an `Err` value: Os { code: 2, kind: NotFound, message: "No such file or directory" }
[INFO] [stdout] stack backtrace:
[INFO] [stdout]    0:     0x5bde70f7121a - std::backtrace_rs::backtrace::libunwind::trace::h5a5b8284f2d0c266
[INFO] [stdout]                                at /rustc/90b35a6239c3d8bdabc530a6a0816f7ff89a0aaf/library/std/src/../../backtrace/src/backtrace/libunwind.rs:116:5
[INFO] [stdout]    1:     0x5bde70f7121a - std::backtrace_rs::backtrace::trace_unsynchronized::h76d4f1c9b0b875e3
[INFO] [stdout]                                at /rustc/90b35a6239c3d8bdabc530a6a0816f7ff89a0aaf/library/std/src/../../backtrace/src/backtrace/mod.rs:66:5
[INFO] [stdout]    2:     0x5bde70f7121a - std::sys::backtrace::_print_fmt::hc4546b8364a537c6
[INFO] [stdout]                                at /rustc/90b35a6239c3d8bdabc530a6a0816f7ff89a0aaf/library/std/src/sys/backtrace.rs:66:9
[INFO] [stdout]    3:     0x5bde70f7121a - <std::sys::backtrace::BacktraceLock::print::DisplayBacktrace as core::fmt::Display>::fmt::h5b6bd5631a6d1f6b
[INFO] [stdout]                                at /rustc/90b35a6239c3d8bdabc530a6a0816f7ff89a0aaf/library/std/src/sys/backtrace.rs:39:26
[INFO] [stdout]    4:     0x5bde70f99313 - core::fmt::rt::Argument::fmt::h270f6602a2b96f62
[INFO] [stdout]                                at /rustc/90b35a6239c3d8bdabc530a6a0816f7ff89a0aaf/library/core/src/fmt/rt.rs:177:76
[INFO] [stdout]    5:     0x5bde70f99313 - core::fmt::write::h7550c97b06c86515
[INFO] [stdout]                                at /rustc/90b35a6239c3d8bdabc530a6a0816f7ff89a0aaf/library/core/src/fmt/mod.rs:1186:21
[INFO] [stdout]    6:     0x5bde70f6dae3 - std::io::Write::write_fmt::h509ff860e5956e5e
[INFO] [stdout]                                at /rustc/90b35a6239c3d8bdabc530a6a0816f7ff89a0aaf/library/std/src/io/mod.rs:1839:15
[INFO] [stdout]    7:     0x5bde70f71062 - std::sys::backtrace::BacktraceLock::print::h2395ccd2c84ba3aa
[INFO] [stdout]                                at /rustc/90b35a6239c3d8bdabc530a6a0816f7ff89a0aaf/library/std/src/sys/backtrace.rs:42:9
[INFO] [stdout]    8:     0x5bde70f7267a - std::panicking::default_hook::{{closure}}::he19d4c7230e07961
[INFO] [stdout]                                at /rustc/90b35a6239c3d8bdabc530a6a0816f7ff89a0aaf/library/std/src/panicking.rs:268:22
[INFO] [stdout]    9:     0x5bde70f72484 - std::panicking::default_hook::hf614597d3c67bbdb
[INFO] [stdout]                                at /rustc/90b35a6239c3d8bdabc530a6a0816f7ff89a0aaf/library/std/src/panicking.rs:292:9
[INFO] [stdout]   10:     0x5bde70d96de9 - <alloc::boxed::Box<F,A> as core::ops::function::Fn<Args>>::call::h39b51ce4599c23d1
[INFO] [stdout]                                at /rustc/90b35a6239c3d8bdabc530a6a0816f7ff89a0aaf/library/alloc/src/boxed.rs:2468:9
[INFO] [stdout]   11:     0x5bde70d96de9 - test::test_main::{{closure}}::he977ae839a582784
[INFO] [stdout]                                at /rustc/90b35a6239c3d8bdabc530a6a0816f7ff89a0aaf/library/test/src/lib.rs:133:21
[INFO] [stdout]   12:     0x5bde70f72d18 - <alloc::boxed::Box<F,A> as core::ops::function::Fn<Args>>::call::h9455091b6b06f9fb
[INFO] [stdout]                                at /rustc/90b35a6239c3d8bdabc530a6a0816f7ff89a0aaf/library/alloc/src/boxed.rs:2468:9
[INFO] [stdout]   13:     0x5bde70f72d18 - std::panicking::rust_panic_with_hook::h8942133a8b252070
[INFO] [stdout]                                at /rustc/90b35a6239c3d8bdabc530a6a0816f7ff89a0aaf/library/std/src/panicking.rs:809:13
[INFO] [stdout]   14:     0x5bde70f72ada - std::panicking::begin_panic_handler::{{closure}}::hb5f5963570096b29
[INFO] [stdout]                                at /rustc/90b35a6239c3d8bdabc530a6a0816f7ff89a0aaf/library/std/src/panicking.rs:674:13
[INFO] [stdout]   15:     0x5bde70f716f9 - std::sys::backtrace::__rust_end_short_backtrace::h6208cedc1922feda
[INFO] [stdout]                                at /rustc/90b35a6239c3d8bdabc530a6a0816f7ff89a0aaf/library/std/src/sys/backtrace.rs:170:18
[INFO] [stdout]   16:     0x5bde70f7276c - rust_begin_unwind
[INFO] [stdout]                                at /rustc/90b35a6239c3d8bdabc530a6a0816f7ff89a0aaf/library/std/src/panicking.rs:665:5
[INFO] [stdout]   17:     0x5bde7093d280 - core::panicking::panic_fmt::h0c3082644d1bf418
[INFO] [stdout]                                at /rustc/90b35a6239c3d8bdabc530a6a0816f7ff89a0aaf/library/core/src/panicking.rs:74:14
[INFO] [stdout]   18:     0x5bde7093d706 - core::result::unwrap_failed::hd20b4aa073bda1e2
[INFO] [stdout]                                at /rustc/90b35a6239c3d8bdabc530a6a0816f7ff89a0aaf/library/core/src/result.rs:1700:5
[INFO] [stdout]   19:     0x5bde70caa16f - core::result::Result<T,E>::unwrap::h729493bc2520f619
[INFO] [stdout]                                at /rustc/90b35a6239c3d8bdabc530a6a0816f7ff89a0aaf/library/core/src/result.rs:1104:23
[INFO] [stdout]   20:     0x5bde70caa16f - yrs::tests::edit_traces::load_testing_data::h3c80887273f4b55e
[INFO] [stdout]                                at /opt/rustwide/workdir/src/tests/edit_traces.rs:100:16
[INFO] [stdout]   21:     0x5bde70a22042 - yrs::tests::edit_traces_tests::test_editing_trace::hf35d7b573b203e0b
[INFO] [stdout]                                at /opt/rustwide/workdir/src/tests/edit_traces_tests.rs:31:16
[INFO] [stdout]   22:     0x5bde70a23a32 - yrs::tests::edit_traces_tests::edit_trace_sephblog1::had91b315ad0050b6
[INFO] [stdout]                                at /opt/rustwide/workdir/src/tests/edit_traces_tests.rs:17:5
[INFO] [stdout]   23:     0x5bde70a23a07 - yrs::tests::edit_traces_tests::edit_trace_sephblog1::{{closure}}::h0ade99233d9836ec
[INFO] [stdout]                                at /opt/rustwide/workdir/src/tests/edit_traces_tests.rs:16:26
[INFO] [stdout]   24:     0x5bde70c09076 - core::ops::function::FnOnce::call_once::h1065a5b6b9e9037a
[INFO] [stdout]                                at /rustc/90b35a6239c3d8bdabc530a6a0816f7ff89a0aaf/library/core/src/ops/function.rs:250:5
[INFO] [stdout]   25:     0x5bde70d9b7ab - core::ops::function::FnOnce::call_once::h109cf8051a59b34e
[INFO] [stdout]                                at /rustc/90b35a6239c3d8bdabc530a6a0816f7ff89a0aaf/library/core/src/ops/function.rs:250:5
[INFO] [stdout]   26:     0x5bde70d9b7ab - test::__rust_begin_short_backtrace::hf4fff89d377446ba
[INFO] [stdout]                                at /rustc/90b35a6239c3d8bdabc530a6a0816f7ff89a0aaf/library/test/src/lib.rs:621:18
[INFO] [stdout]   27:     0x5bde70d9afe7 - test::run_test_in_process::{{closure}}::h0e39181dd7ee5a43
[INFO] [stdout]                                at /rustc/90b35a6239c3d8bdabc530a6a0816f7ff89a0aaf/library/test/src/lib.rs:644:60
[INFO] [stdout]   28:     0x5bde70d9afe7 - <core::panic::unwind_safe::AssertUnwindSafe<F> as core::ops::function::FnOnce<()>>::call_once::hc5a66a30f0bdfd1f
[INFO] [stdout]                                at /rustc/90b35a6239c3d8bdabc530a6a0816f7ff89a0aaf/library/core/src/panic/unwind_safe.rs:272:9
[INFO] [stdout]   29:     0x5bde70d9afe7 - std::panicking::try::do_call::h873b7cf639554a5e
[INFO] [stdout]                                at /rustc/90b35a6239c3d8bdabc530a6a0816f7ff89a0aaf/library/std/src/panicking.rs:557:40
[INFO] [stdout]   30:     0x5bde70d9afe7 - std::panicking::try::hdb19862fad9c8bd1
[INFO] [stdout]                                at /rustc/90b35a6239c3d8bdabc530a6a0816f7ff89a0aaf/library/std/src/panicking.rs:520:19
[INFO] [stdout]   31:     0x5bde70d9afe7 - std::panic::catch_unwind::h281fe732d236d260
[INFO] [stdout]                                at /rustc/90b35a6239c3d8bdabc530a6a0816f7ff89a0aaf/library/std/src/panic.rs:358:14
[INFO] [stdout]   32:     0x5bde70d9afe7 - test::run_test_in_process::h949b6df8457ed338
[INFO] [stdout]                                at /rustc/90b35a6239c3d8bdabc530a6a0816f7ff89a0aaf/library/test/src/lib.rs:644:27
[INFO] [stdout]   33:     0x5bde70d9afe7 - test::run_test::{{closure}}::h52c556a6d4740e10
[INFO] [stdout]                                at /rustc/90b35a6239c3d8bdabc530a6a0816f7ff89a0aaf/library/test/src/lib.rs:565:43
[INFO] [stdout]   34:     0x5bde70d602c4 - test::run_test::{{closure}}::h4237f6381c45ccb9
[INFO] [stdout]                                at /rustc/90b35a6239c3d8bdabc530a6a0816f7ff89a0aaf/library/test/src/lib.rs:595:41
[INFO] [stdout]   35:     0x5bde70d602c4 - std::sys::backtrace::__rust_begin_short_backtrace::h505c97a579eca628
[INFO] [stdout]                                at /rustc/90b35a6239c3d8bdabc530a6a0816f7ff89a0aaf/library/std/src/sys/backtrace.rs:154:18
[INFO] [stdout]   36:     0x5bde70d6398e - std::thread::Builder::spawn_unchecked_::{{closure}}::{{closure}}::h9e86b2e2bc107ea3
[INFO] [stdout]                                at /rustc/90b35a6239c3d8bdabc530a6a0816f7ff89a0aaf/library/std/src/thread/mod.rs:538:17
[INFO] [stdout]   37:     0x5bde70d6398e - <core::panic::unwind_safe::AssertUnwindSafe<F> as core::ops::function::FnOnce<()>>::call_once::h8b06ddb275ff4a25
[INFO] [stdout]                                at /rustc/90b35a6239c3d8bdabc530a6a0816f7ff89a0aaf/library/core/src/panic/unwind_safe.rs:272:9
[INFO] [stdout]   38:     0x5bde70d6398e - std::panicking::try::do_call::hb26ecd7cd9a9355d
[INFO] [stdout]                                at /rustc/90b35a6239c3d8bdabc530a6a0816f7ff89a0aaf/library/std/src/panicking.rs:557:40
[INFO] [stdout]   39:     0x5bde70d6398e - std::panicking::try::h8ddeca9d705f9069
[INFO] [stdout]                                at /rustc/90b35a6239c3d8bdabc530a6a0816f7ff89a0aaf/library/std/src/panicking.rs:520:19
[INFO] [stdout]   40:     0x5bde70d6398e - std::panic::catch_unwind::h49e1c33078844c46
[INFO] [stdout]                                at /rustc/90b35a6239c3d8bdabc530a6a0816f7ff89a0aaf/library/std/src/panic.rs:358:14
[INFO] [stdout]   41:     0x5bde70d6398e - std::thread::Builder::spawn_unchecked_::{{closure}}::h6073db6ff56ad35d
[INFO] [stdout]                                at /rustc/90b35a6239c3d8bdabc530a6a0816f7ff89a0aaf/library/std/src/thread/mod.rs:537:30
[INFO] [stdout]   42:     0x5bde70d6398e - core::ops::function::FnOnce::call_once{{vtable.shim}}::h2c5a5f3779c774f1
[INFO] [stdout]                                at /rustc/90b35a6239c3d8bdabc530a6a0816f7ff89a0aaf/library/core/src/ops/function.rs:250:5
[INFO] [stdout]   43:     0x5bde70f76e5b - <alloc::boxed::Box<F,A> as core::ops::function::FnOnce<Args>>::call_once::hf75717d9f28faebf
[INFO] [stdout]                                at /rustc/90b35a6239c3d8bdabc530a6a0816f7ff89a0aaf/library/alloc/src/boxed.rs:2454:9
[INFO] [stdout]   44:     0x5bde70f76e5b - <alloc::boxed::Box<F,A> as core::ops::function::FnOnce<Args>>::call_once::h7bd883a5f3c5f3c1
[INFO] [stdout]                                at /rustc/90b35a6239c3d8bdabc530a6a0816f7ff89a0aaf/library/alloc/src/boxed.rs:2454:9
[INFO] [stdout]   45:     0x5bde70f76e5b - std::sys::pal::unix::thread::Thread::new::thread_start::hcc78f3943333fa94
[INFO] [stdout]                                at /rustc/90b35a6239c3d8bdabc530a6a0816f7ff89a0aaf/library/std/src/sys/pal/unix/thread.rs:105:17
[INFO] [stdout]   46:     0x7a61867d5ac3 - <unknown>
[INFO] [stdout]   47:     0x7a6186866a04 - clone
[INFO] [stdout]   48:                0x0 - <unknown>
[INFO] [stdout] 
[INFO] [stdout] ---- tests::edit_traces_tests::edit_trace_sveltecomponent stdout ----
[INFO] [stdout] thread 'tests::edit_traces_tests::edit_trace_sveltecomponent' panicked at src/tests/edit_traces.rs:100:37:
[INFO] [stdout] called `Result::unwrap()` on an `Err` value: Os { code: 2, kind: NotFound, message: "No such file or directory" }
[INFO] [stdout] stack backtrace:
[INFO] [stdout]    0:     0x5bde70f7121a - std::backtrace_rs::backtrace::libunwind::trace::h5a5b8284f2d0c266
[INFO] [stdout]                                at /rustc/90b35a6239c3d8bdabc530a6a0816f7ff89a0aaf/library/std/src/../../backtrace/src/backtrace/libunwind.rs:116:5
[INFO] [stdout]    1:     0x5bde70f7121a - std::backtrace_rs::backtrace::trace_unsynchronized::h76d4f1c9b0b875e3
[INFO] [stdout]                                at /rustc/90b35a6239c3d8bdabc530a6a0816f7ff89a0aaf/library/std/src/../../backtrace/src/backtrace/mod.rs:66:5
[INFO] [stdout]    2:     0x5bde70f7121a - std::sys::backtrace::_print_fmt::hc4546b8364a537c6
[INFO] [stdout]                                at /rustc/90b35a6239c3d8bdabc530a6a0816f7ff89a0aaf/library/std/src/sys/backtrace.rs:66:9
[INFO] [stdout]    3:     0x5bde70f7121a - <std::sys::backtrace::BacktraceLock::print::DisplayBacktrace as core::fmt::Display>::fmt::h5b6bd5631a6d1f6b
[INFO] [stdout]                                at /rustc/90b35a6239c3d8bdabc530a6a0816f7ff89a0aaf/library/std/src/sys/backtrace.rs:39:26
[INFO] [stdout]    4:     0x5bde70f99313 - core::fmt::rt::Argument::fmt::h270f6602a2b96f62
[INFO] [stdout]                                at /rustc/90b35a6239c3d8bdabc530a6a0816f7ff89a0aaf/library/core/src/fmt/rt.rs:177:76
[INFO] [stdout]    5:     0x5bde70f99313 - core::fmt::write::h7550c97b06c86515
[INFO] [stdout]                                at /rustc/90b35a6239c3d8bdabc530a6a0816f7ff89a0aaf/library/core/src/fmt/mod.rs:1186:21
[INFO] [stdout]    6:     0x5bde70f6dae3 - std::io::Write::write_fmt::h509ff860e5956e5e
[INFO] [stdout]                                at /rustc/90b35a6239c3d8bdabc530a6a0816f7ff89a0aaf/library/std/src/io/mod.rs:1839:15
[INFO] [stdout]    7:     0x5bde70f71062 - std::sys::backtrace::BacktraceLock::print::h2395ccd2c84ba3aa
[INFO] [stdout]                                at /rustc/90b35a6239c3d8bdabc530a6a0816f7ff89a0aaf/library/std/src/sys/backtrace.rs:42:9
[INFO] [stdout]    8:     0x5bde70f7267a - std::panicking::default_hook::{{closure}}::he19d4c7230e07961
[INFO] [stdout]                                at /rustc/90b35a6239c3d8bdabc530a6a0816f7ff89a0aaf/library/std/src/panicking.rs:268:22
[INFO] [stdout]    9:     0x5bde70f72484 - std::panicking::default_hook::hf614597d3c67bbdb
[INFO] [stdout]                                at /rustc/90b35a6239c3d8bdabc530a6a0816f7ff89a0aaf/library/std/src/panicking.rs:292:9
[INFO] [stdout]   10:     0x5bde70d96de9 - <alloc::boxed::Box<F,A> as core::ops::function::Fn<Args>>::call::h39b51ce4599c23d1
[INFO] [stdout]                                at /rustc/90b35a6239c3d8bdabc530a6a0816f7ff89a0aaf/library/alloc/src/boxed.rs:2468:9
[INFO] [stdout]   11:     0x5bde70d96de9 - test::test_main::{{closure}}::he977ae839a582784
[INFO] [stdout]                                at /rustc/90b35a6239c3d8bdabc530a6a0816f7ff89a0aaf/library/test/src/lib.rs:133:21
[INFO] [stdout]   12:     0x5bde70f72d18 - <alloc::boxed::Box<F,A> as core::ops::function::Fn<Args>>::call::h9455091b6b06f9fb
[INFO] [stdout]                                at /rustc/90b35a6239c3d8bdabc530a6a0816f7ff89a0aaf/library/alloc/src/boxed.rs:2468:9
[INFO] [stdout]   13:     0x5bde70f72d18 - std::panicking::rust_panic_with_hook::h8942133a8b252070
[INFO] [stdout]                                at /rustc/90b35a6239c3d8bdabc530a6a0816f7ff89a0aaf/library/std/src/panicking.rs:809:13
[INFO] [stdout]   14:     0x5bde70f72ada - std::panicking::begin_panic_handler::{{closure}}::hb5f5963570096b29
[INFO] [stdout]                                at /rustc/90b35a6239c3d8bdabc530a6a0816f7ff89a0aaf/library/std/src/panicking.rs:674:13
[INFO] [stdout]   15:     0x5bde70f716f9 - std::sys::backtrace::__rust_end_short_backtrace::h6208cedc1922feda
[INFO] [stdout]                                at /rustc/90b35a6239c3d8bdabc530a6a0816f7ff89a0aaf/library/std/src/sys/backtrace.rs:170:18
[INFO] [stdout]   16:     0x5bde70f7276c - rust_begin_unwind
[INFO] [stdout]                                at /rustc/90b35a6239c3d8bdabc530a6a0816f7ff89a0aaf/library/std/src/panicking.rs:665:5
[INFO] [stdout]   17:     0x5bde7093d280 - core::panicking::panic_fmt::h0c3082644d1bf418
[INFO] [stdout]                                at /rustc/90b35a6239c3d8bdabc530a6a0816f7ff89a0aaf/library/core/src/panicking.rs:74:14
[INFO] [stdout]   18:     0x5bde7093d706 - core::result::unwrap_failed::hd20b4aa073bda1e2
[INFO] [stdout]                                at /rustc/90b35a6239c3d8bdabc530a6a0816f7ff89a0aaf/library/core/src/result.rs:1700:5
[INFO] [stdout]   19:     0x5bde70caa16f - core::result::Result<T,E>::unwrap::h729493bc2520f619
[INFO] [stdout]                                at /rustc/90b35a6239c3d8bdabc530a6a0816f7ff89a0aaf/library/core/src/result.rs:1104:23
[INFO] [stdout]   20:     0x5bde70caa16f - yrs::tests::edit_traces::load_testing_data::h3c80887273f4b55e
[INFO] [stdout]                                at /opt/rustwide/workdir/src/tests/edit_traces.rs:100:16
[INFO] [stdout]   21:     0x5bde70a22042 - yrs::tests::edit_traces_tests::test_editing_trace::hf35d7b573b203e0b
[INFO] [stdout]                                at /opt/rustwide/workdir/src/tests/edit_traces_tests.rs:31:16
[INFO] [stdout]   22:     0x5bde70a23a82 - yrs::tests::edit_traces_tests::edit_trace_sveltecomponent::h2d2a05cebf54fdbe
[INFO] [stdout]                                at /opt/rustwide/workdir/src/tests/edit_traces_tests.rs:22:5
[INFO] [stdout]   23:     0x5bde70a23a57 - yrs::tests::edit_traces_tests::edit_trace_sveltecomponent::{{closure}}::h1735530757461283
[INFO] [stdout]                                at /opt/rustwide/workdir/src/tests/edit_traces_tests.rs:21:32
[INFO] [stdout]   24:     0x5bde70c0cac6 - core::ops::function::FnOnce::call_once::h6caa965c7ff81cd5
[INFO] [stdout]                                at /rustc/90b35a6239c3d8bdabc530a6a0816f7ff89a0aaf/library/core/src/ops/function.rs:250:5
[INFO] [stdout]   25:     0x5bde70d9b7ab - core::ops::function::FnOnce::call_once::h109cf8051a59b34e
[INFO] [stdout]                                at /rustc/90b35a6239c3d8bdabc530a6a0816f7ff89a0aaf/library/core/src/ops/function.rs:250:5
[INFO] [stdout]   26:     0x5bde70d9b7ab - test::__rust_begin_short_backtrace::hf4fff89d377446ba
[INFO] [stdout]                                at /rustc/90b35a6239c3d8bdabc530a6a0816f7ff89a0aaf/library/test/src/lib.rs:621:18
[INFO] [stdout]   27:     0x5bde70d9afe7 - test::run_test_in_process::{{closure}}::h0e39181dd7ee5a43
[INFO] [stdout]                                at /rustc/90b35a6239c3d8bdabc530a6a0816f7ff89a0aaf/library/test/src/lib.rs:644:60
[INFO] [stdout]   28:     0x5bde70d9afe7 - <core::panic::unwind_safe::AssertUnwindSafe<F> as core::ops::function::FnOnce<()>>::call_once::hc5a66a30f0bdfd1f
[INFO] [stdout]                                at /rustc/90b35a6239c3d8bdabc530a6a0816f7ff89a0aaf/library/core/src/panic/unwind_safe.rs:272:9
[INFO] [stdout]   29:     0x5bde70d9afe7 - std::panicking::try::do_call::h873b7cf639554a5e
[INFO] [stdout]                                at /rustc/90b35a6239c3d8bdabc530a6a0816f7ff89a0aaf/library/std/src/panicking.rs:557:40
[INFO] [stdout]   30:     0x5bde70d9afe7 - std::panicking::try::hdb19862fad9c8bd1
[INFO] [stdout]                                at /rustc/90b35a6239c3d8bdabc530a6a0816f7ff89a0aaf/library/std/src/panicking.rs:520:19
[INFO] [stdout]   31:     0x5bde70d9afe7 - std::panic::catch_unwind::h281fe732d236d260
[INFO] [stdout]                                at /rustc/90b35a6239c3d8bdabc530a6a0816f7ff89a0aaf/library/std/src/panic.rs:358:14
[INFO] [stdout]   32:     0x5bde70d9afe7 - test::run_test_in_process::h949b6df8457ed338
[INFO] [stdout]                                at /rustc/90b35a6239c3d8bdabc530a6a0816f7ff89a0aaf/library/test/src/lib.rs:644:27
[INFO] [stdout]   33:     0x5bde70d9afe7 - test::run_test::{{closure}}::h52c556a6d4740e10
[INFO] [stdout]                                at /rustc/90b35a6239c3d8bdabc530a6a0816f7ff89a0aaf/library/test/src/lib.rs:565:43
[INFO] [stdout]   34:     0x5bde70d602c4 - test::run_test::{{closure}}::h4237f6381c45ccb9
[INFO] [stdout]                                at /rustc/90b35a6239c3d8bdabc530a6a0816f7ff89a0aaf/library/test/src/lib.rs:595:41
[INFO] [stdout]   35:     0x5bde70d602c4 - std::sys::backtrace::__rust_begin_short_backtrace::h505c97a579eca628
[INFO] [stdout]                                at /rustc/90b35a6239c3d8bdabc530a6a0816f7ff89a0aaf/library/std/src/sys/backtrace.rs:154:18
[INFO] [stdout]   36:     0x5bde70d6398e - std::thread::Builder::spawn_unchecked_::{{closure}}::{{closure}}::h9e86b2e2bc107ea3
[INFO] [stdout]                                at /rustc/90b35a6239c3d8bdabc530a6a0816f7ff89a0aaf/library/std/src/thread/mod.rs:538:17
[INFO] [stdout]   37:     0x5bde70d6398e - <core::panic::unwind_safe::AssertUnwindSafe<F> as core::ops::function::FnOnce<()>>::call_once::h8b06ddb275ff4a25
[INFO] [stdout]                                at /rustc/90b35a6239c3d8bdabc530a6a0816f7ff89a0aaf/library/core/src/panic/unwind_safe.rs:272:9
[INFO] [stdout]   38:     0x5bde70d6398e - std::panicking::try::do_call::hb26ecd7cd9a9355d
[INFO] [stdout]                                at /rustc/90b35a6239c3d8bdabc530a6a0816f7ff89a0aaf/library/std/src/panicking.rs:557:40
[INFO] [stdout]   39:     0x5bde70d6398e - std::panicking::try::h8ddeca9d705f9069
[INFO] [stdout]                                at /rustc/90b35a6239c3d8bdabc530a6a0816f7ff89a0aaf/library/std/src/panicking.rs:520:19
[INFO] [stdout]   40:     0x5bde70d6398e - std::panic::catch_unwind::h49e1c33078844c46
[INFO] [stdout]                                at /rustc/90b35a6239c3d8bdabc530a6a0816f7ff89a0aaf/library/std/src/panic.rs:358:14
[INFO] [stdout]   41:     0x5bde70d6398e - std::thread::Builder::spawn_unchecked_::{{closure}}::h6073db6ff56ad35d
[INFO] [stdout]                                at /rustc/90b35a6239c3d8bdabc530a6a0816f7ff89a0aaf/library/std/src/thread/mod.rs:537:30
[INFO] [stdout]   42:     0x5bde70d6398e - core::ops::function::FnOnce::call_once{{vtable.shim}}::h2c5a5f3779c774f1
[INFO] [stdout]                                at /rustc/90b35a6239c3d8bdabc530a6a0816f7ff89a0aaf/library/core/src/ops/function.rs:250:5
[INFO] [stdout]   43:     0x5bde70f76e5b - <alloc::boxed::Box<F,A> as core::ops::function::FnOnce<Args>>::call_once::hf75717d9f28faebf
[INFO] [stdout]                                at /rustc/90b35a6239c3d8bdabc530a6a0816f7ff89a0aaf/library/alloc/src/boxed.rs:2454:9
[INFO] [stdout]   44:     0x5bde70f76e5b - <alloc::boxed::Box<F,A> as core::ops::function::FnOnce<Args>>::call_once::h7bd883a5f3c5f3c1
[INFO] [stdout]                                at /rustc/90b35a6239c3d8bdabc530a6a0816f7ff89a0aaf/library/alloc/src/boxed.rs:2454:9
[INFO] [stdout]   45:     0x5bde70f76e5b - std::sys::pal::unix::thread::Thread::new::thread_start::hcc78f3943333fa94
[INFO] [stdout]                                at /rustc/90b35a6239c3d8bdabc530a6a0816f7ff89a0aaf/library/std/src/sys/pal/unix/thread.rs:105:17
[INFO] [stdout]   46:     0x7a61867d5ac3 - <unknown>
[INFO] [stdout]   47:     0x7a6186866a04 - clone
[INFO] [stdout]   48:                0x0 - <unknown>
[INFO] [stdout] 
[INFO] [stdout] 
[INFO] [stdout] failures:
[INFO] [stdout]     tests::compatibility_tests::test_medium_data_set
[INFO] [stdout]     tests::compatibility_tests::test_small_data_set
[INFO] [stdout]     tests::edit_traces_tests::edit_trace_automerge
[INFO] [stdout]     tests::edit_traces_tests::edit_trace_friendsforever
[INFO] [stdout]     tests::edit_traces_tests::edit_trace_rustcode
[INFO] [stdout]     tests::edit_traces_tests::edit_trace_sephblog1
[INFO] [stdout]     tests::edit_traces_tests::edit_trace_sveltecomponent
[INFO] [stdout] 
[INFO] [stdout] test result: FAILED. 255 passed; 7 failed; 1 ignored; 0 measured; 0 filtered out; finished in 0.61s
[INFO] [stdout] 
[INFO] [stderr] error: test failed, to rerun pass `--lib`
[INFO] running `Command { std: "docker" "inspect" "34797ff482a520f7e9b0b4ade8485e30726916d722a6b5ec071d0d568c95ac30", kill_on_drop: false }`
[INFO] running `Command { std: "docker" "rm" "-f" "34797ff482a520f7e9b0b4ade8485e30726916d722a6b5ec071d0d568c95ac30", kill_on_drop: false }`
[INFO] [stdout] 34797ff482a520f7e9b0b4ade8485e30726916d722a6b5ec071d0d568c95ac30
