[INFO] fetching crate youtube-music 2.3.0...
[INFO] testing youtube-music-2.3.0 against 1.83.0 for beta-1.84.0-4-retry
[INFO] extracting crate youtube-music 2.3.0 into /workspace/builds/worker-1-tc1/source
[INFO] validating manifest of crates.io crate youtube-music 2.3.0 on toolchain 1.83.0
[INFO] running `Command { std: CARGO_HOME="/workspace/cargo-home" RUSTUP_HOME="/workspace/rustup-home" "/workspace/cargo-home/bin/cargo" "+1.83.0" "metadata" "--manifest-path" "Cargo.toml" "--no-deps", kill_on_drop: false }`
[INFO] started tweaking crates.io crate youtube-music 2.3.0
[INFO] finished tweaking crates.io crate youtube-music 2.3.0
[INFO] tweaked toml for crates.io crate youtube-music 2.3.0 written to /workspace/builds/worker-1-tc1/source/Cargo.toml
[INFO] running `Command { std: CARGO_HOME="/workspace/cargo-home" RUSTUP_HOME="/workspace/rustup-home" "/workspace/cargo-home/bin/cargo" "+1.83.0" "generate-lockfile" "--manifest-path" "Cargo.toml", kill_on_drop: false }`
[INFO] [stderr]     Blocking waiting for file lock on package cache
[INFO] [stderr]     Updating crates.io index
[INFO] [stderr]     Blocking waiting for file lock on package cache
[INFO] [stderr]      Locking 154 packages to latest compatible versions
[INFO] [stderr]       Adding reqwest v0.11.27 (available: v0.12.9)
[INFO] running `Command { std: CARGO_HOME="/workspace/cargo-home" RUSTUP_HOME="/workspace/rustup-home" "/workspace/cargo-home/bin/cargo" "+1.83.0" "fetch" "--manifest-path" "Cargo.toml", kill_on_drop: false }`
[INFO] [stderr]     Blocking waiting for file lock on package cache
[INFO] [stderr]     Blocking waiting for file lock on package cache
[INFO] [stderr]  Downloading crates ...
[INFO] [stderr]   Downloaded pin-project-lite v0.2.15
[INFO] [stderr]   Downloaded signal-hook-registry v1.4.2
[INFO] [stderr]   Downloaded parking_lot_core v0.9.10
[INFO] [stderr]   Downloaded icu_provider_macros v1.5.0
[INFO] [stderr]   Downloaded sync_wrapper v0.1.2
[INFO] [stderr]   Downloaded write16 v1.0.0
[INFO] [stderr]   Downloaded zerofrom v0.1.5
[INFO] [stderr]   Downloaded tower-service v0.3.3
[INFO] [stderr]   Downloaded tokio-macros v2.4.0
[INFO] [stderr]   Downloaded utf16_iter v1.0.5
[INFO] [stderr]   Downloaded writeable v0.5.5
[INFO] [stderr]   Downloaded futures-core v0.3.31
[INFO] [stderr]   Downloaded futures-task v0.3.31
[INFO] [stderr]   Downloaded futures-channel v0.3.31
[INFO] [stderr]   Downloaded ipnet v2.10.1
[INFO] [stderr]   Downloaded openssl-sys v0.9.104
[INFO] [stderr]   Downloaded tracing-core v0.1.33
[INFO] [stderr]   Downloaded indexmap v2.7.0
[INFO] [stderr]   Downloaded hashbrown v0.15.2
[INFO] [stderr]   Downloaded idna v1.0.3
[INFO] [stderr]   Downloaded zerovec v0.10.4
[INFO] [stderr]   Downloaded futures-util v0.3.31
[INFO] [stderr]   Downloaded hyper v0.14.31
[INFO] [stderr]   Downloaded icu_properties_data v1.5.0
[INFO] [stderr]   Downloaded h2 v0.3.26
[INFO] [stderr]   Downloaded reqwest v0.11.27
[INFO] [stderr]   Downloaded openssl v0.10.68
[INFO] [stderr]   Downloaded gimli v0.31.1
[INFO] [stderr]   Downloaded serde_json v1.0.133
[INFO] [stderr]   Downloaded tokio-util v0.7.13
[INFO] [stderr]   Downloaded http v0.2.12
[INFO] [stderr]   Downloaded object v0.36.5
[INFO] [stderr]   Downloaded cc v1.2.4
[INFO] [stderr]   Downloaded security-framework v2.11.1
[INFO] [stderr]   Downloaded icu_collections v1.5.0
[INFO] [stderr]   Downloaded litemap v0.7.4
[INFO] [stderr]   Downloaded serde v1.0.216
[INFO] [stderr]   Downloaded mio v1.0.3
[INFO] [stderr]   Downloaded tracing v0.1.41
[INFO] [stderr]   Downloaded base64 v0.21.7
[INFO] [stderr]   Downloaded schannel v0.1.27
[INFO] [stderr]   Downloaded icu_properties v1.5.1
[INFO] [stderr]   Downloaded idna_adapter v1.2.0
[INFO] [stderr]   Downloaded url v2.5.4
[INFO] [stderr]   Downloaded serde_derive v1.0.216
[INFO] [stderr]   Downloaded backtrace v0.3.74
[INFO] [stderr]   Downloaded web-sys v0.3.76
[INFO] [stderr]   Downloaded bytes v1.9.0
[INFO] [stderr]   Downloaded security-framework-sys v2.12.1
[INFO] [stderr]   Downloaded icu_normalizer_data v1.5.0
[INFO] [stderr]   Downloaded icu_normalizer v1.5.0
[INFO] [stderr]   Downloaded icu_locid v1.5.0
[INFO] [stderr]   Downloaded icu_provider v1.5.0
[INFO] [stderr]   Downloaded miniz_oxide v0.8.0
[INFO] [stderr]   Downloaded tokio v1.42.0
[INFO] [stderr]   Downloaded core-foundation-sys v0.8.7
[INFO] [stderr]   Downloaded tempfile v3.14.0
[INFO] [stderr]   Downloaded native-tls v0.2.12
[INFO] [stderr]   Downloaded icu_locid_transform_data v1.5.0
[INFO] [stderr]   Downloaded displaydoc v0.2.5
[INFO] [stderr]   Downloaded addr2line v0.24.2
[INFO] [stderr]   Downloaded rustc-demangle v0.1.24
[INFO] [stderr]   Downloaded lock_api v0.4.12
[INFO] [stderr]   Downloaded redox_syscall v0.5.8
[INFO] [stderr]   Downloaded parking_lot v0.12.3
[INFO] [stderr]   Downloaded socket2 v0.5.8
[INFO] [stderr]   Downloaded futures-sink v0.3.31
[INFO] [stderr]   Downloaded httparse v1.9.5
[INFO] [stderr]   Downloaded icu_locid_transform v1.5.0
[INFO] [stderr]   Downloaded stable_deref_trait v1.2.0
[INFO] [stderr]   Downloaded yoke v0.7.5
[INFO] [stderr]   Downloaded zerovec-derive v0.10.3
[INFO] [stderr]   Downloaded utf8_iter v1.0.4
[INFO] [stderr]   Downloaded smallvec v1.13.2
[INFO] [stderr]   Downloaded shlex v1.3.0
[INFO] [stderr]   Downloaded pkg-config v0.3.31
[INFO] [stderr]   Downloaded fastrand v2.3.0
[INFO] [stderr]   Downloaded tinystr v0.7.6
[INFO] [stderr]   Downloaded yoke-derive v0.7.5
[INFO] [stderr]   Downloaded itoa v1.0.14
[INFO] [stderr]   Downloaded synstructure v0.13.1
[INFO] [stderr]   Downloaded zerofrom-derive v0.1.5
[INFO] [stderr]   Downloaded adler2 v2.0.0
[INFO] [stderr]   Downloaded wasm-bindgen-futures v0.4.49
[INFO] [stderr]   Downloaded encoding_rs v0.8.35
[INFO] running `Command { std: "docker" "create" "-v" "/var/lib/crater-agent-workspace/builds/worker-1-tc1/target:/opt/rustwide/target:rw,Z" "-v" "/var/lib/crater-agent-workspace/builds/worker-1-tc1/source:/opt/rustwide/workdir:ro,Z" "-v" "/var/lib/crater-agent-workspace/cargo-home:/opt/rustwide/cargo-home:ro,Z" "-v" "/var/lib/crater-agent-workspace/rustup-home:/opt/rustwide/rustup-home:ro,Z" "-e" "SOURCE_DIR=/opt/rustwide/workdir" "-e" "CARGO_TARGET_DIR=/opt/rustwide/target" "-e" "CARGO_HOME=/opt/rustwide/cargo-home" "-e" "RUSTUP_HOME=/opt/rustwide/rustup-home" "-w" "/opt/rustwide/workdir" "-m" "1610612736" "--user" "0:0" "--network" "none" "ghcr.io/rust-lang/crates-build-env/linux@sha256:f3a9d4ad9d972b27faf3965f35b62e55ba32bbce8f20bc8fe909558a86702fde" "/opt/rustwide/cargo-home/bin/cargo" "+1.83.0" "metadata" "--no-deps" "--format-version=1", kill_on_drop: false }`
[INFO] [stdout] 993ad679adf3cce5ef6bafeb552a6f044b35f87255e4a1d4998c3e42b66fb8df
[INFO] running `Command { std: "docker" "start" "-a" "993ad679adf3cce5ef6bafeb552a6f044b35f87255e4a1d4998c3e42b66fb8df", kill_on_drop: false }`
[INFO] running `Command { std: "docker" "inspect" "993ad679adf3cce5ef6bafeb552a6f044b35f87255e4a1d4998c3e42b66fb8df", kill_on_drop: false }`
[INFO] running `Command { std: "docker" "rm" "-f" "993ad679adf3cce5ef6bafeb552a6f044b35f87255e4a1d4998c3e42b66fb8df", kill_on_drop: false }`
[INFO] [stdout] 993ad679adf3cce5ef6bafeb552a6f044b35f87255e4a1d4998c3e42b66fb8df
[INFO] running `Command { std: "docker" "create" "-v" "/var/lib/crater-agent-workspace/builds/worker-1-tc1/target:/opt/rustwide/target:rw,Z" "-v" "/var/lib/crater-agent-workspace/builds/worker-1-tc1/source:/opt/rustwide/workdir:ro,Z" "-v" "/var/lib/crater-agent-workspace/cargo-home:/opt/rustwide/cargo-home:ro,Z" "-v" "/var/lib/crater-agent-workspace/rustup-home:/opt/rustwide/rustup-home:ro,Z" "-e" "SOURCE_DIR=/opt/rustwide/workdir" "-e" "CARGO_TARGET_DIR=/opt/rustwide/target" "-e" "CARGO_INCREMENTAL=0" "-e" "RUST_BACKTRACE=full" "-e" "RUSTFLAGS=--cap-lints=warn" "-e" "RUSTDOCFLAGS=--cap-lints=warn" "-e" "CARGO_HOME=/opt/rustwide/cargo-home" "-e" "RUSTUP_HOME=/opt/rustwide/rustup-home" "-w" "/opt/rustwide/workdir" "-m" "1610612736" "--user" "0:0" "--network" "none" "ghcr.io/rust-lang/crates-build-env/linux@sha256:f3a9d4ad9d972b27faf3965f35b62e55ba32bbce8f20bc8fe909558a86702fde" "/opt/rustwide/cargo-home/bin/cargo" "+1.83.0" "build" "--frozen" "--message-format=json", kill_on_drop: false }`
[INFO] [stdout] ddc4ee1636059aa84a3e8fed6ac777dac3a411572a3ea752589c1fd23150881b
[INFO] running `Command { std: "docker" "start" "-a" "ddc4ee1636059aa84a3e8fed6ac777dac3a411572a3ea752589c1fd23150881b", kill_on_drop: false }`
[INFO] [stderr]    Compiling proc-macro2 v1.0.92
[INFO] [stderr]    Compiling unicode-ident v1.0.14
[INFO] [stderr]    Compiling libc v0.2.168
[INFO] [stderr]    Compiling autocfg v1.4.0
[INFO] [stderr]    Compiling stable_deref_trait v1.2.0
[INFO] [stderr]    Compiling smallvec v1.13.2
[INFO] [stderr]    Compiling shlex v1.3.0
[INFO] [stderr]    Compiling pin-project-lite v0.2.15
[INFO] [stderr]    Compiling parking_lot_core v0.9.10
[INFO] [stderr]    Compiling pkg-config v0.3.31
[INFO] [stderr]    Compiling cc v1.2.4
[INFO] [stderr]    Compiling vcpkg v0.2.15
[INFO] [stderr]    Compiling lock_api v0.4.12
[INFO] [stderr]    Compiling once_cell v1.20.2
[INFO] [stderr]    Compiling writeable v0.5.5
[INFO] [stderr]    Compiling litemap v0.7.4
[INFO] [stderr]    Compiling scopeguard v1.2.0
[INFO] [stderr]    Compiling bytes v1.9.0
[INFO] [stderr]    Compiling itoa v1.0.14
[INFO] [stderr]    Compiling futures-core v0.3.31
[INFO] [stderr]    Compiling icu_locid_transform_data v1.5.0
[INFO] [stderr]    Compiling slab v0.4.9
[INFO] [stderr]    Compiling openssl v0.10.68
[INFO] [stderr]    Compiling fnv v1.0.7
[INFO] [stderr]    Compiling icu_properties_data v1.5.0
[INFO] [stderr]    Compiling quote v1.0.37
[INFO] [stderr]    Compiling foreign-types-shared v0.1.1
[INFO] [stderr]    Compiling foreign-types v0.3.2
[INFO] [stderr]    Compiling http v0.2.12
[INFO] [stderr]    Compiling tracing-core v0.1.33
[INFO] [stderr]    Compiling futures-task v0.3.31
[INFO] [stderr]    Compiling syn v2.0.90
[INFO] [stderr]    Compiling bitflags v2.6.0
[INFO] [stderr]    Compiling write16 v1.0.0
[INFO] [stderr]    Compiling serde v1.0.216
[INFO] [stderr]    Compiling icu_normalizer_data v1.5.0
[INFO] [stderr]    Compiling httparse v1.9.5
[INFO] [stderr]    Compiling utf16_iter v1.0.5
[INFO] [stderr]    Compiling mio v1.0.3
[INFO] [stderr]    Compiling socket2 v0.5.8
[INFO] [stderr]    Compiling signal-hook-registry v1.4.2
[INFO] [stderr]    Compiling parking_lot v0.12.3
[INFO] [stderr]    Compiling openssl-sys v0.9.104
[INFO] [stderr]    Compiling utf8_iter v1.0.4
[INFO] [stderr]    Compiling hashbrown v0.15.2
[INFO] [stderr]    Compiling native-tls v0.2.12
[INFO] [stderr]    Compiling futures-sink v0.3.31
[INFO] [stderr]    Compiling tracing v0.1.41
[INFO] [stderr]    Compiling futures-util v0.3.31
[INFO] [stderr]    Compiling openssl-probe v0.1.5
[INFO] [stderr]    Compiling percent-encoding v2.3.1
[INFO] [stderr]    Compiling try-lock v0.2.5
[INFO] [stderr]    Compiling log v0.4.22
[INFO] [stderr]    Compiling want v0.3.1
[INFO] [stderr]    Compiling form_urlencoded v1.2.1
[INFO] [stderr]    Compiling http-body v0.4.6
[INFO] [stderr]    Compiling futures-channel v0.3.31
[INFO] [stderr]    Compiling serde_json v1.0.133
[INFO] [stderr]    Compiling httpdate v1.0.3
[INFO] [stderr]    Compiling indexmap v2.7.0
[INFO] [stderr]    Compiling ryu v1.0.18
[INFO] [stderr]    Compiling tower-service v0.3.3
[INFO] [stderr]    Compiling memchr v2.7.4
[INFO] [stderr]    Compiling base64 v0.21.7
[INFO] [stderr]    Compiling encoding_rs v0.8.35
[INFO] [stderr]    Compiling rustls-pemfile v1.0.4
[INFO] [stderr]    Compiling ipnet v2.10.1
[INFO] [stderr]    Compiling sync_wrapper v0.1.2
[INFO] [stderr]    Compiling mime v0.3.17
[INFO] [stderr]    Compiling synstructure v0.13.1
[INFO] [stderr]    Compiling zerofrom-derive v0.1.5
[INFO] [stderr]    Compiling yoke-derive v0.7.5
[INFO] [stderr]    Compiling zerovec-derive v0.10.3
[INFO] [stderr]    Compiling displaydoc v0.2.5
[INFO] [stderr]    Compiling icu_provider_macros v1.5.0
[INFO] [stderr]    Compiling tokio-macros v2.4.0
[INFO] [stderr]    Compiling openssl-macros v0.1.1
[INFO] [stderr]    Compiling tokio v1.42.0
[INFO] [stderr]    Compiling serde_urlencoded v0.7.1
[INFO] [stderr]    Compiling zerofrom v0.1.5
[INFO] [stderr]    Compiling yoke v0.7.5
[INFO] [stderr]    Compiling zerovec v0.10.4
[INFO] [stderr]    Compiling tinystr v0.7.6
[INFO] [stderr]    Compiling icu_collections v1.5.0
[INFO] [stderr]    Compiling icu_locid v1.5.0
[INFO] [stderr]    Compiling icu_provider v1.5.0
[INFO] [stderr]    Compiling icu_locid_transform v1.5.0
[INFO] [stderr]    Compiling icu_properties v1.5.1
[INFO] [stderr]    Compiling tokio-util v0.7.13
[INFO] [stderr]    Compiling tokio-native-tls v0.3.1
[INFO] [stderr]    Compiling h2 v0.3.26
[INFO] [stderr]    Compiling icu_normalizer v1.5.0
[INFO] [stderr]    Compiling idna_adapter v1.2.0
[INFO] [stderr]    Compiling idna v1.0.3
[INFO] [stderr]    Compiling url v2.5.4
[INFO] [stderr]    Compiling hyper v0.14.31
[INFO] [stderr]    Compiling hyper-tls v0.5.0
[INFO] [stderr]    Compiling reqwest v0.11.27
[INFO] [stderr]    Compiling youtube-music v2.3.0 (/opt/rustwide/workdir)
[INFO] [stderr]     Finished `dev` profile [unoptimized + debuginfo] target(s) in 1m 16s
[INFO] running `Command { std: "docker" "inspect" "ddc4ee1636059aa84a3e8fed6ac777dac3a411572a3ea752589c1fd23150881b", kill_on_drop: false }`
[INFO] running `Command { std: "docker" "rm" "-f" "ddc4ee1636059aa84a3e8fed6ac777dac3a411572a3ea752589c1fd23150881b", kill_on_drop: false }`
[INFO] [stdout] ddc4ee1636059aa84a3e8fed6ac777dac3a411572a3ea752589c1fd23150881b
[INFO] running `Command { std: "docker" "create" "-v" "/var/lib/crater-agent-workspace/builds/worker-1-tc1/target:/opt/rustwide/target:rw,Z" "-v" "/var/lib/crater-agent-workspace/builds/worker-1-tc1/source:/opt/rustwide/workdir:ro,Z" "-v" "/var/lib/crater-agent-workspace/cargo-home:/opt/rustwide/cargo-home:ro,Z" "-v" "/var/lib/crater-agent-workspace/rustup-home:/opt/rustwide/rustup-home:ro,Z" "-e" "SOURCE_DIR=/opt/rustwide/workdir" "-e" "CARGO_TARGET_DIR=/opt/rustwide/target" "-e" "CARGO_INCREMENTAL=0" "-e" "RUST_BACKTRACE=full" "-e" "RUSTFLAGS=--cap-lints=warn" "-e" "RUSTDOCFLAGS=--cap-lints=warn" "-e" "CARGO_HOME=/opt/rustwide/cargo-home" "-e" "RUSTUP_HOME=/opt/rustwide/rustup-home" "-w" "/opt/rustwide/workdir" "-m" "1610612736" "--user" "0:0" "--network" "none" "ghcr.io/rust-lang/crates-build-env/linux@sha256:f3a9d4ad9d972b27faf3965f35b62e55ba32bbce8f20bc8fe909558a86702fde" "/opt/rustwide/cargo-home/bin/cargo" "+1.83.0" "test" "--frozen" "--no-run" "--message-format=json", kill_on_drop: false }`
[INFO] [stdout] 6e513547885a7873a450f6345c143ff76e8d1dd9ec5fe282b02464eba43a0ac3
[INFO] running `Command { std: "docker" "start" "-a" "6e513547885a7873a450f6345c143ff76e8d1dd9ec5fe282b02464eba43a0ac3", kill_on_drop: false }`
[INFO] [stderr]    Compiling youtube-music v2.3.0 (/opt/rustwide/workdir)
[INFO] [stderr]     Finished `test` profile [unoptimized + debuginfo] target(s) in 3.87s
[INFO] running `Command { std: "docker" "inspect" "6e513547885a7873a450f6345c143ff76e8d1dd9ec5fe282b02464eba43a0ac3", kill_on_drop: false }`
[INFO] running `Command { std: "docker" "rm" "-f" "6e513547885a7873a450f6345c143ff76e8d1dd9ec5fe282b02464eba43a0ac3", kill_on_drop: false }`
[INFO] [stdout] 6e513547885a7873a450f6345c143ff76e8d1dd9ec5fe282b02464eba43a0ac3
[INFO] running `Command { std: "docker" "create" "-v" "/var/lib/crater-agent-workspace/builds/worker-1-tc1/target:/opt/rustwide/target:rw,Z" "-v" "/var/lib/crater-agent-workspace/builds/worker-1-tc1/source:/opt/rustwide/workdir:ro,Z" "-v" "/var/lib/crater-agent-workspace/cargo-home:/opt/rustwide/cargo-home:ro,Z" "-v" "/var/lib/crater-agent-workspace/rustup-home:/opt/rustwide/rustup-home:ro,Z" "-e" "SOURCE_DIR=/opt/rustwide/workdir" "-e" "CARGO_TARGET_DIR=/opt/rustwide/target" "-e" "CARGO_INCREMENTAL=0" "-e" "RUST_BACKTRACE=full" "-e" "RUSTFLAGS=--cap-lints=warn" "-e" "RUSTDOCFLAGS=--cap-lints=warn" "-e" "CARGO_HOME=/opt/rustwide/cargo-home" "-e" "RUSTUP_HOME=/opt/rustwide/rustup-home" "-w" "/opt/rustwide/workdir" "-m" "1610612736" "--user" "0:0" "--network" "none" "ghcr.io/rust-lang/crates-build-env/linux@sha256:f3a9d4ad9d972b27faf3965f35b62e55ba32bbce8f20bc8fe909558a86702fde" "/opt/rustwide/cargo-home/bin/cargo" "+1.83.0" "test" "--frozen", kill_on_drop: false }`
[INFO] [stdout] 2284b70efc8bd2884ab24719ea2c1af2e6521f12d89b2c461d0b856891ed1de7
[INFO] running `Command { std: "docker" "start" "-a" "2284b70efc8bd2884ab24719ea2c1af2e6521f12d89b2c461d0b856891ed1de7", kill_on_drop: false }`
[INFO] [stderr]     Finished `test` profile [unoptimized + debuginfo] target(s) in 0.20s
[INFO] [stderr]      Running unittests src/lib.rs (/opt/rustwide/target/debug/deps/youtube_music-9dcf47b4d3f59799)
[INFO] [stdout] 
[INFO] [stdout] running 1 test
[INFO] [stdout] test main ... FAILED
[INFO] [stdout] 
[INFO] [stdout] failures:
[INFO] [stdout] 
[INFO] [stdout] ---- main stdout ----
[INFO] [stdout] thread 'main' panicked at src/lib.rs:19:39:
[INFO] [stdout] called `Result::unwrap()` on an `Err` value: reqwest::Error { kind: Request, url: Url { scheme: "https", cannot_be_a_base: false, username: "", password: None, host: Some(Domain("music.youtube.com")), port: None, path: "/", query: None, fragment: None }, source: hyper::Error(Connect, ConnectError("dns error", Custom { kind: Uncategorized, error: "failed to lookup address information: Temporary failure in name resolution" })) }
[INFO] [stdout] stack backtrace:
[INFO] [stdout]    0:     0x63698d72dc1a - std::backtrace_rs::backtrace::libunwind::trace::h5a5b8284f2d0c266
[INFO] [stdout]                                at /rustc/90b35a6239c3d8bdabc530a6a0816f7ff89a0aaf/library/std/src/../../backtrace/src/backtrace/libunwind.rs:116:5
[INFO] [stdout]    1:     0x63698d72dc1a - std::backtrace_rs::backtrace::trace_unsynchronized::h76d4f1c9b0b875e3
[INFO] [stdout]                                at /rustc/90b35a6239c3d8bdabc530a6a0816f7ff89a0aaf/library/std/src/../../backtrace/src/backtrace/mod.rs:66:5
[INFO] [stdout]    2:     0x63698d72dc1a - std::sys::backtrace::_print_fmt::hc4546b8364a537c6
[INFO] [stdout]                                at /rustc/90b35a6239c3d8bdabc530a6a0816f7ff89a0aaf/library/std/src/sys/backtrace.rs:66:9
[INFO] [stdout]    3:     0x63698d72dc1a - <std::sys::backtrace::BacktraceLock::print::DisplayBacktrace as core::fmt::Display>::fmt::h5b6bd5631a6d1f6b
[INFO] [stdout]                                at /rustc/90b35a6239c3d8bdabc530a6a0816f7ff89a0aaf/library/std/src/sys/backtrace.rs:39:26
[INFO] [stdout]    4:     0x63698d7560f3 - core::fmt::rt::Argument::fmt::h270f6602a2b96f62
[INFO] [stdout]                                at /rustc/90b35a6239c3d8bdabc530a6a0816f7ff89a0aaf/library/core/src/fmt/rt.rs:177:76
[INFO] [stdout]    5:     0x63698d7560f3 - core::fmt::write::h7550c97b06c86515
[INFO] [stdout]                                at /rustc/90b35a6239c3d8bdabc530a6a0816f7ff89a0aaf/library/core/src/fmt/mod.rs:1186:21
[INFO] [stdout]    6:     0x63698d72a283 - std::io::Write::write_fmt::h509ff860e5956e5e
[INFO] [stdout]                                at /rustc/90b35a6239c3d8bdabc530a6a0816f7ff89a0aaf/library/std/src/io/mod.rs:1839:15
[INFO] [stdout]    7:     0x63698d72da62 - std::sys::backtrace::BacktraceLock::print::h2395ccd2c84ba3aa
[INFO] [stdout]                                at /rustc/90b35a6239c3d8bdabc530a6a0816f7ff89a0aaf/library/std/src/sys/backtrace.rs:42:9
[INFO] [stdout]    8:     0x63698d72f07a - std::panicking::default_hook::{{closure}}::he19d4c7230e07961
[INFO] [stdout]                                at /rustc/90b35a6239c3d8bdabc530a6a0816f7ff89a0aaf/library/std/src/panicking.rs:268:22
[INFO] [stdout]    9:     0x63698d72ee84 - std::panicking::default_hook::hf614597d3c67bbdb
[INFO] [stdout]                                at /rustc/90b35a6239c3d8bdabc530a6a0816f7ff89a0aaf/library/std/src/panicking.rs:292:9
[INFO] [stdout]   10:     0x63698d28bd99 - <alloc::boxed::Box<F,A> as core::ops::function::Fn<Args>>::call::h39b51ce4599c23d1
[INFO] [stdout]                                at /rustc/90b35a6239c3d8bdabc530a6a0816f7ff89a0aaf/library/alloc/src/boxed.rs:2468:9
[INFO] [stdout]   11:     0x63698d28bd99 - test::test_main::{{closure}}::he977ae839a582784
[INFO] [stdout]                                at /rustc/90b35a6239c3d8bdabc530a6a0816f7ff89a0aaf/library/test/src/lib.rs:133:21
[INFO] [stdout]   12:     0x63698d72f718 - <alloc::boxed::Box<F,A> as core::ops::function::Fn<Args>>::call::h9455091b6b06f9fb
[INFO] [stdout]                                at /rustc/90b35a6239c3d8bdabc530a6a0816f7ff89a0aaf/library/alloc/src/boxed.rs:2468:9
[INFO] [stdout]   13:     0x63698d72f718 - std::panicking::rust_panic_with_hook::h8942133a8b252070
[INFO] [stdout]                                at /rustc/90b35a6239c3d8bdabc530a6a0816f7ff89a0aaf/library/std/src/panicking.rs:809:13
[INFO] [stdout]   14:     0x63698d72f4da - std::panicking::begin_panic_handler::{{closure}}::hb5f5963570096b29
[INFO] [stdout]                                at /rustc/90b35a6239c3d8bdabc530a6a0816f7ff89a0aaf/library/std/src/panicking.rs:674:13
[INFO] [stdout]   15:     0x63698d72e0f9 - std::sys::backtrace::__rust_end_short_backtrace::h6208cedc1922feda
[INFO] [stdout]                                at /rustc/90b35a6239c3d8bdabc530a6a0816f7ff89a0aaf/library/std/src/sys/backtrace.rs:170:18
[INFO] [stdout]   16:     0x63698d72f16c - rust_begin_unwind
[INFO] [stdout]                                at /rustc/90b35a6239c3d8bdabc530a6a0816f7ff89a0aaf/library/std/src/panicking.rs:665:5
[INFO] [stdout]   17:     0x63698d21e2a0 - core::panicking::panic_fmt::h0c3082644d1bf418
[INFO] [stdout]                                at /rustc/90b35a6239c3d8bdabc530a6a0816f7ff89a0aaf/library/core/src/panicking.rs:74:14
[INFO] [stdout]   18:     0x63698d21e786 - core::result::unwrap_failed::hd20b4aa073bda1e2
[INFO] [stdout]                                at /rustc/90b35a6239c3d8bdabc530a6a0816f7ff89a0aaf/library/core/src/result.rs:1700:5
[INFO] [stdout]   19:     0x63698d24e0f3 - core::result::Result<T,E>::unwrap::h6fb565e01c77513c
[INFO] [stdout]                                at /rustc/90b35a6239c3d8bdabc530a6a0816f7ff89a0aaf/library/core/src/result.rs:1104:23
[INFO] [stdout]   20:     0x63698d24e0f3 - youtube_music::main::{{closure}}::h4763b18db0252b0c
[INFO] [stdout]                                at /opt/rustwide/workdir/src/lib.rs:19:18
[INFO] [stdout]   21:     0x63698d22fe4f - tokio::runtime::park::CachedParkThread::block_on::{{closure}}::h47dcfb01fa9b4005
[INFO] [stdout]                                at /opt/rustwide/cargo-home/registry/src/index.crates.io-6f17d22bba15001f/tokio-1.42.0/src/runtime/park.rs:281:63
[INFO] [stdout]   22:     0x63698d22f05c - tokio::runtime::coop::with_budget::h9f3207e4281bdebb
[INFO] [stdout]                                at /opt/rustwide/cargo-home/registry/src/index.crates.io-6f17d22bba15001f/tokio-1.42.0/src/runtime/coop.rs:107:5
[INFO] [stdout]   23:     0x63698d22f05c - tokio::runtime::coop::budget::hd04fa404f28a30fe
[INFO] [stdout]                                at /opt/rustwide/cargo-home/registry/src/index.crates.io-6f17d22bba15001f/tokio-1.42.0/src/runtime/coop.rs:73:5
[INFO] [stdout]   24:     0x63698d22f05c - tokio::runtime::park::CachedParkThread::block_on::h1dbebe612a99f853
[INFO] [stdout]                                at /opt/rustwide/cargo-home/registry/src/index.crates.io-6f17d22bba15001f/tokio-1.42.0/src/runtime/park.rs:281:31
[INFO] [stdout]   25:     0x63698d240735 - tokio::runtime::context::blocking::BlockingRegionGuard::block_on::h25ba67bfafffd473
[INFO] [stdout]                                at /opt/rustwide/cargo-home/registry/src/index.crates.io-6f17d22bba15001f/tokio-1.42.0/src/runtime/context/blocking.rs:66:9
[INFO] [stdout]   26:     0x63698d234836 - tokio::runtime::scheduler::multi_thread::MultiThread::block_on::{{closure}}::hc768e0147ec87483
[INFO] [stdout]                                at /opt/rustwide/cargo-home/registry/src/index.crates.io-6f17d22bba15001f/tokio-1.42.0/src/runtime/scheduler/multi_thread/mod.rs:87:13
[INFO] [stdout]   27:     0x63698d23f95b - tokio::runtime::context::runtime::enter_runtime::h1770c715bacaf301
[INFO] [stdout]                                at /opt/rustwide/cargo-home/registry/src/index.crates.io-6f17d22bba15001f/tokio-1.42.0/src/runtime/context/runtime.rs:65:16
[INFO] [stdout]   28:     0x63698d2347a1 - tokio::runtime::scheduler::multi_thread::MultiThread::block_on::hf5932561de84ee49
[INFO] [stdout]                                at /opt/rustwide/cargo-home/registry/src/index.crates.io-6f17d22bba15001f/tokio-1.42.0/src/runtime/scheduler/multi_thread/mod.rs:86:9
[INFO] [stdout]   29:     0x63698d250e39 - tokio::runtime::runtime::Runtime::block_on_inner::hcd35fd014c7a88db
[INFO] [stdout]                                at /opt/rustwide/cargo-home/registry/src/index.crates.io-6f17d22bba15001f/tokio-1.42.0/src/runtime/runtime.rs:370:45
[INFO] [stdout]   30:     0x63698d25105f - tokio::runtime::runtime::Runtime::block_on::h139b3ee62e8c957a
[INFO] [stdout]                                at /opt/rustwide/cargo-home/registry/src/index.crates.io-6f17d22bba15001f/tokio-1.42.0/src/runtime/runtime.rs:342:13
[INFO] [stdout]   31:     0x63698d24dd4d - youtube_music::main::h93ba01871656f35c
[INFO] [stdout]                                at /opt/rustwide/workdir/src/lib.rs:30:5
[INFO] [stdout]   32:     0x63698d24dc17 - youtube_music::main::{{closure}}::h82122e42cf270918
[INFO] [stdout]                                at /opt/rustwide/workdir/src/lib.rs:18:16
[INFO] [stdout]   33:     0x63698d23d2b6 - core::ops::function::FnOnce::call_once::h348e34241931d78d
[INFO] [stdout]                                at /rustc/90b35a6239c3d8bdabc530a6a0816f7ff89a0aaf/library/core/src/ops/function.rs:250:5
[INFO] [stdout]   34:     0x63698d29075b - core::ops::function::FnOnce::call_once::h109cf8051a59b34e
[INFO] [stdout]                                at /rustc/90b35a6239c3d8bdabc530a6a0816f7ff89a0aaf/library/core/src/ops/function.rs:250:5
[INFO] [stdout]   35:     0x63698d29075b - test::__rust_begin_short_backtrace::hf4fff89d377446ba
[INFO] [stdout]                                at /rustc/90b35a6239c3d8bdabc530a6a0816f7ff89a0aaf/library/test/src/lib.rs:621:18
[INFO] [stdout]   36:     0x63698d28ff97 - test::run_test_in_process::{{closure}}::h0e39181dd7ee5a43
[INFO] [stdout]                                at /rustc/90b35a6239c3d8bdabc530a6a0816f7ff89a0aaf/library/test/src/lib.rs:644:60
[INFO] [stdout]   37:     0x63698d28ff97 - <core::panic::unwind_safe::AssertUnwindSafe<F> as core::ops::function::FnOnce<()>>::call_once::hc5a66a30f0bdfd1f
[INFO] [stdout]                                at /rustc/90b35a6239c3d8bdabc530a6a0816f7ff89a0aaf/library/core/src/panic/unwind_safe.rs:272:9
[INFO] [stdout]   38:     0x63698d28ff97 - std::panicking::try::do_call::h873b7cf639554a5e
[INFO] [stdout]                                at /rustc/90b35a6239c3d8bdabc530a6a0816f7ff89a0aaf/library/std/src/panicking.rs:557:40
[INFO] [stdout]   39:     0x63698d28ff97 - std::panicking::try::hdb19862fad9c8bd1
[INFO] [stdout]                                at /rustc/90b35a6239c3d8bdabc530a6a0816f7ff89a0aaf/library/std/src/panicking.rs:520:19
[INFO] [stdout]   40:     0x63698d28ff97 - std::panic::catch_unwind::h281fe732d236d260
[INFO] [stdout]                                at /rustc/90b35a6239c3d8bdabc530a6a0816f7ff89a0aaf/library/std/src/panic.rs:358:14
[INFO] [stdout]   41:     0x63698d28ff97 - test::run_test_in_process::h949b6df8457ed338
[INFO] [stdout]                                at /rustc/90b35a6239c3d8bdabc530a6a0816f7ff89a0aaf/library/test/src/lib.rs:644:27
[INFO] [stdout]   42:     0x63698d28ff97 - test::run_test::{{closure}}::h52c556a6d4740e10
[INFO] [stdout]                                at /rustc/90b35a6239c3d8bdabc530a6a0816f7ff89a0aaf/library/test/src/lib.rs:565:43
[INFO] [stdout]   43:     0x63698d255274 - test::run_test::{{closure}}::h4237f6381c45ccb9
[INFO] [stdout]                                at /rustc/90b35a6239c3d8bdabc530a6a0816f7ff89a0aaf/library/test/src/lib.rs:595:41
[INFO] [stdout]   44:     0x63698d255274 - std::sys::backtrace::__rust_begin_short_backtrace::h505c97a579eca628
[INFO] [stdout]                                at /rustc/90b35a6239c3d8bdabc530a6a0816f7ff89a0aaf/library/std/src/sys/backtrace.rs:154:18
[INFO] [stdout]   45:     0x63698d25893e - std::thread::Builder::spawn_unchecked_::{{closure}}::{{closure}}::h9e86b2e2bc107ea3
[INFO] [stdout]                                at /rustc/90b35a6239c3d8bdabc530a6a0816f7ff89a0aaf/library/std/src/thread/mod.rs:538:17
[INFO] [stdout]   46:     0x63698d25893e - <core::panic::unwind_safe::AssertUnwindSafe<F> as core::ops::function::FnOnce<()>>::call_once::h8b06ddb275ff4a25
[INFO] [stdout]                                at /rustc/90b35a6239c3d8bdabc530a6a0816f7ff89a0aaf/library/core/src/panic/unwind_safe.rs:272:9
[INFO] [stdout]   47:     0x63698d25893e - std::panicking::try::do_call::hb26ecd7cd9a9355d
[INFO] [stdout]                                at /rustc/90b35a6239c3d8bdabc530a6a0816f7ff89a0aaf/library/std/src/panicking.rs:557:40
[INFO] [stdout]   48:     0x63698d25893e - std::panicking::try::h8ddeca9d705f9069
[INFO] [stdout]                                at /rustc/90b35a6239c3d8bdabc530a6a0816f7ff89a0aaf/library/std/src/panicking.rs:520:19
[INFO] [stdout]   49:     0x63698d25893e - std::panic::catch_unwind::h49e1c33078844c46
[INFO] [stdout]                                at /rustc/90b35a6239c3d8bdabc530a6a0816f7ff89a0aaf/library/std/src/panic.rs:358:14
[INFO] [stdout]   50:     0x63698d25893e - std::thread::Builder::spawn_unchecked_::{{closure}}::h6073db6ff56ad35d
[INFO] [stdout]                                at /rustc/90b35a6239c3d8bdabc530a6a0816f7ff89a0aaf/library/std/src/thread/mod.rs:537:30
[INFO] [stdout]   51:     0x63698d25893e - core::ops::function::FnOnce::call_once{{vtable.shim}}::h2c5a5f3779c774f1
[INFO] [stdout]                                at /rustc/90b35a6239c3d8bdabc530a6a0816f7ff89a0aaf/library/core/src/ops/function.rs:250:5
[INFO] [stdout]   52:     0x63698d7339db - <alloc::boxed::Box<F,A> as core::ops::function::FnOnce<Args>>::call_once::hf75717d9f28faebf
[INFO] [stdout]                                at /rustc/90b35a6239c3d8bdabc530a6a0816f7ff89a0aaf/library/alloc/src/boxed.rs:2454:9
[INFO] [stdout]   53:     0x63698d7339db - <alloc::boxed::Box<F,A> as core::ops::function::FnOnce<Args>>::call_once::h7bd883a5f3c5f3c1
[INFO] [stdout]                                at /rustc/90b35a6239c3d8bdabc530a6a0816f7ff89a0aaf/library/alloc/src/boxed.rs:2454:9
[INFO] [stdout]   54:     0x63698d7339db - std::sys::pal::unix::thread::Thread::new::thread_start::hcc78f3943333fa94
[INFO] [stdout]                                at /rustc/90b35a6239c3d8bdabc530a6a0816f7ff89a0aaf/library/std/src/sys/pal/unix/thread.rs:105:17
[INFO] [stdout]   55:     0x7c0b6b832ac3 - <unknown>
[INFO] [stdout]   56:     0x7c0b6b8c3a04 - clone
[INFO] [stdout]   57:                0x0 - <unknown>
[INFO] [stdout] 
[INFO] [stdout] 
[INFO] [stdout] failures:
[INFO] [stdout]     main
[INFO] [stdout] 
[INFO] [stdout] test result: FAILED. 0 passed; 1 failed; 0 ignored; 0 measured; 0 filtered out; finished in 0.21s
[INFO] [stdout] 
[INFO] [stderr] error: test failed, to rerun pass `--lib`
[INFO] running `Command { std: "docker" "inspect" "2284b70efc8bd2884ab24719ea2c1af2e6521f12d89b2c461d0b856891ed1de7", kill_on_drop: false }`
[INFO] running `Command { std: "docker" "rm" "-f" "2284b70efc8bd2884ab24719ea2c1af2e6521f12d89b2c461d0b856891ed1de7", kill_on_drop: false }`
[INFO] [stdout] 2284b70efc8bd2884ab24719ea2c1af2e6521f12d89b2c461d0b856891ed1de7
