[INFO] fetching crate yoga-sys 0.2.3...
[INFO] testing yoga-sys-0.2.3 against 1.83.0 for beta-1.84.0-4-retry
[INFO] extracting crate yoga-sys 0.2.3 into /workspace/builds/worker-2-tc1/source
[INFO] validating manifest of crates.io crate yoga-sys 0.2.3 on toolchain 1.83.0
[INFO] running `Command { std: CARGO_HOME="/workspace/cargo-home" RUSTUP_HOME="/workspace/rustup-home" "/workspace/cargo-home/bin/cargo" "+1.83.0" "metadata" "--manifest-path" "Cargo.toml" "--no-deps", kill_on_drop: false }`
[INFO] started tweaking crates.io crate yoga-sys 0.2.3
[INFO] finished tweaking crates.io crate yoga-sys 0.2.3
[INFO] tweaked toml for crates.io crate yoga-sys 0.2.3 written to /workspace/builds/worker-2-tc1/source/Cargo.toml
[INFO] running `Command { std: CARGO_HOME="/workspace/cargo-home" RUSTUP_HOME="/workspace/rustup-home" "/workspace/cargo-home/bin/cargo" "+1.83.0" "generate-lockfile" "--manifest-path" "Cargo.toml", kill_on_drop: false }`
[INFO] [stderr]     Blocking waiting for file lock on package cache
[INFO] [stderr]     Updating crates.io index
[INFO] [stderr]     Blocking waiting for file lock on package cache
[INFO] [stderr]      Locking 45 packages to latest compatible versions
[INFO] running `Command { std: CARGO_HOME="/workspace/cargo-home" RUSTUP_HOME="/workspace/rustup-home" "/workspace/cargo-home/bin/cargo" "+1.83.0" "fetch" "--manifest-path" "Cargo.toml", kill_on_drop: false }`
[INFO] [stderr] warning: no edition set: defaulting to the 2015 edition while the latest is 2021
[INFO] [stderr]     Blocking waiting for file lock on package cache
[INFO] [stderr]     Blocking waiting for file lock on package cache
[INFO] [stderr]  Downloading crates ...
[INFO] [stderr]   Downloaded once_cell v1.20.2
[INFO] [stderr]   Downloaded fastrand v2.3.0
[INFO] [stderr]   Downloaded tempfile v3.14.0
[INFO] [stderr]   Downloaded cargo-platform v0.1.9
[INFO] [stderr]   Downloaded camino v1.1.9
[INFO] [stderr]   Downloaded bytecount v0.6.8
[INFO] [stderr]   Downloaded version_check v0.9.5
[INFO] [stderr]   Downloaded cc v1.2.4
[INFO] [stderr]   Downloaded pulldown-cmark v0.9.6
[INFO] [stderr]   Downloaded skeptic v0.13.7
[INFO] [stderr]   Downloaded cargo_metadata v0.14.2
[INFO] [stderr]   Downloaded unicase v2.8.0
[INFO] [stderr]   Downloaded errno v0.3.10
[INFO] [stderr]   Downloaded rustix v0.38.42
[INFO] running `Command { std: "docker" "create" "-v" "/var/lib/crater-agent-workspace/builds/worker-2-tc1/target:/opt/rustwide/target:rw,Z" "-v" "/var/lib/crater-agent-workspace/builds/worker-2-tc1/source:/opt/rustwide/workdir:ro,Z" "-v" "/var/lib/crater-agent-workspace/cargo-home:/opt/rustwide/cargo-home:ro,Z" "-v" "/var/lib/crater-agent-workspace/rustup-home:/opt/rustwide/rustup-home:ro,Z" "-e" "SOURCE_DIR=/opt/rustwide/workdir" "-e" "CARGO_TARGET_DIR=/opt/rustwide/target" "-e" "CARGO_HOME=/opt/rustwide/cargo-home" "-e" "RUSTUP_HOME=/opt/rustwide/rustup-home" "-w" "/opt/rustwide/workdir" "-m" "1610612736" "--user" "0:0" "--network" "none" "ghcr.io/rust-lang/crates-build-env/linux@sha256:f3a9d4ad9d972b27faf3965f35b62e55ba32bbce8f20bc8fe909558a86702fde" "/opt/rustwide/cargo-home/bin/cargo" "+1.83.0" "metadata" "--no-deps" "--format-version=1", kill_on_drop: false }`
[INFO] [stdout] c121702896fc1ef7ed5683ba5348bc192e8777a3d806881ec8a8fac6525456a7
[INFO] running `Command { std: "docker" "start" "-a" "c121702896fc1ef7ed5683ba5348bc192e8777a3d806881ec8a8fac6525456a7", kill_on_drop: false }`
[INFO] running `Command { std: "docker" "inspect" "c121702896fc1ef7ed5683ba5348bc192e8777a3d806881ec8a8fac6525456a7", kill_on_drop: false }`
[INFO] running `Command { std: "docker" "rm" "-f" "c121702896fc1ef7ed5683ba5348bc192e8777a3d806881ec8a8fac6525456a7", kill_on_drop: false }`
[INFO] [stdout] c121702896fc1ef7ed5683ba5348bc192e8777a3d806881ec8a8fac6525456a7
[INFO] running `Command { std: "docker" "create" "-v" "/var/lib/crater-agent-workspace/builds/worker-2-tc1/target:/opt/rustwide/target:rw,Z" "-v" "/var/lib/crater-agent-workspace/builds/worker-2-tc1/source:/opt/rustwide/workdir:ro,Z" "-v" "/var/lib/crater-agent-workspace/cargo-home:/opt/rustwide/cargo-home:ro,Z" "-v" "/var/lib/crater-agent-workspace/rustup-home:/opt/rustwide/rustup-home:ro,Z" "-e" "SOURCE_DIR=/opt/rustwide/workdir" "-e" "CARGO_TARGET_DIR=/opt/rustwide/target" "-e" "CARGO_INCREMENTAL=0" "-e" "RUST_BACKTRACE=full" "-e" "RUSTFLAGS=--cap-lints=warn" "-e" "RUSTDOCFLAGS=--cap-lints=warn" "-e" "CARGO_HOME=/opt/rustwide/cargo-home" "-e" "RUSTUP_HOME=/opt/rustwide/rustup-home" "-w" "/opt/rustwide/workdir" "-m" "1610612736" "--user" "0:0" "--network" "none" "ghcr.io/rust-lang/crates-build-env/linux@sha256:f3a9d4ad9d972b27faf3965f35b62e55ba32bbce8f20bc8fe909558a86702fde" "/opt/rustwide/cargo-home/bin/cargo" "+1.83.0" "build" "--frozen" "--message-format=json", kill_on_drop: false }`
[INFO] [stdout] 1e09b28db7fa7dac9e6c440a2ebb8343d7519ae429f091f7962e4f8ce17d462e
[INFO] running `Command { std: "docker" "start" "-a" "1e09b28db7fa7dac9e6c440a2ebb8343d7519ae429f091f7962e4f8ce17d462e", kill_on_drop: false }`
[INFO] [stderr] warning: no edition set: defaulting to the 2015 edition while the latest is 2021
[INFO] [stderr]    Compiling rustix v0.38.42
[INFO] [stderr]    Compiling version_check v0.9.5
[INFO] [stderr]    Compiling semver v1.0.24
[INFO] [stderr]    Compiling serde_json v1.0.133
[INFO] [stderr]    Compiling camino v1.1.9
[INFO] [stderr]    Compiling serde v1.0.216
[INFO] [stderr]    Compiling bitflags v2.6.0
[INFO] [stderr]    Compiling memchr v2.7.4
[INFO] [stderr]    Compiling linux-raw-sys v0.4.14
[INFO] [stderr]    Compiling itoa v1.0.14
[INFO] [stderr]    Compiling pulldown-cmark v0.9.6
[INFO] [stderr]    Compiling ryu v1.0.18
[INFO] [stderr]    Compiling error-chain v0.12.4
[INFO] [stderr]    Compiling unicase v2.8.0
[INFO] [stderr]    Compiling same-file v1.0.6
[INFO] [stderr]    Compiling cfg-if v1.0.0
[INFO] [stderr]    Compiling fastrand v2.3.0
[INFO] [stderr]    Compiling once_cell v1.20.2
[INFO] [stderr]    Compiling walkdir v2.5.0
[INFO] [stderr]    Compiling glob v0.3.1
[INFO] [stderr]    Compiling bytecount v0.6.8
[INFO] [stderr]    Compiling libc v0.2.168
[INFO] [stderr]    Compiling tempfile v3.14.0
[INFO] [stderr]    Compiling cargo-platform v0.1.9
[INFO] [stderr]    Compiling cargo_metadata v0.14.2
[INFO] [stderr]    Compiling skeptic v0.13.7
[INFO] [stderr]    Compiling yoga-sys v0.2.3 (/opt/rustwide/workdir)
[INFO] [stderr] warning: yoga-sys@0.2.3: c/YGNodeList.cpp: In function 'YGNodeList* YGNodeListNew(uint32_t)':
[INFO] [stderr] warning: yoga-sys@0.2.3: c/YGNodeList.cpp:22:7: warning: type qualifiers ignored on cast result type [-Wignored-qualifiers]
[INFO] [stderr] warning: yoga-sys@0.2.3:    22 |       (const YGNodeListRef)malloc(sizeof(struct YGNodeList));
[INFO] [stderr] warning: yoga-sys@0.2.3:       |       ^~~~~~~~~~~~~~~~~~~~~~~~~~~~~~~~~~~~~~~~~~~~~~~~~~~~~~
[INFO] [stderr] warning: yoga-sys@0.2.3: c/Yoga.cpp: In function 'YGNode* YGNodeNewWithConfig(YGConfigRef)':
[INFO] [stderr] warning: yoga-sys@0.2.3: c/Yoga.cpp:174:26: warning: type qualifiers ignored on cast result type [-Wignored-qualifiers]
[INFO] [stderr] warning: yoga-sys@0.2.3:   174 |   const YGNodeRef node = (const YGNodeRef)malloc(sizeof(YGNode));
[INFO] [stderr] warning: yoga-sys@0.2.3:       |                          ^~~~~~~~~~~~~~~~~~~~~~~~~~~~~~~~~~~~~~~
[INFO] [stderr] warning: yoga-sys@0.2.3: c/Yoga.cpp: In function 'YGNode* YGNodeClone(YGNodeRef)':
[INFO] [stderr] warning: yoga-sys@0.2.3: c/Yoga.cpp:193:26: warning: type qualifiers ignored on cast result type [-Wignored-qualifiers]
[INFO] [stderr] warning: yoga-sys@0.2.3:   193 |   const YGNodeRef node = (const YGNodeRef)malloc(sizeof(YGNode));
[INFO] [stderr] warning: yoga-sys@0.2.3:       |                          ^~~~~~~~~~~~~~~~~~~~~~~~~~~~~~~~~~~~~~~
[INFO] [stderr] warning: yoga-sys@0.2.3: c/Yoga.cpp: In function 'YGConfig* YGConfigNew()':
[INFO] [stderr] warning: yoga-sys@0.2.3: c/Yoga.cpp:268:30: warning: type qualifiers ignored on cast result type [-Wignored-qualifiers]
[INFO] [stderr] warning: yoga-sys@0.2.3:   268 |   const YGConfigRef config = (const YGConfigRef)malloc(sizeof(YGConfig));
[INFO] [stderr] warning: yoga-sys@0.2.3:       |                              ^~~~~~~~~~~~~~~~~~~~~~~~~~~~~~~~~~~~~~~~~~~
[INFO] [stderr]     Finished `dev` profile [unoptimized + debuginfo] target(s) in 21.64s
[INFO] running `Command { std: "docker" "inspect" "1e09b28db7fa7dac9e6c440a2ebb8343d7519ae429f091f7962e4f8ce17d462e", kill_on_drop: false }`
[INFO] running `Command { std: "docker" "rm" "-f" "1e09b28db7fa7dac9e6c440a2ebb8343d7519ae429f091f7962e4f8ce17d462e", kill_on_drop: false }`
[INFO] [stdout] 1e09b28db7fa7dac9e6c440a2ebb8343d7519ae429f091f7962e4f8ce17d462e
[INFO] running `Command { std: "docker" "create" "-v" "/var/lib/crater-agent-workspace/builds/worker-2-tc1/target:/opt/rustwide/target:rw,Z" "-v" "/var/lib/crater-agent-workspace/builds/worker-2-tc1/source:/opt/rustwide/workdir:ro,Z" "-v" "/var/lib/crater-agent-workspace/cargo-home:/opt/rustwide/cargo-home:ro,Z" "-v" "/var/lib/crater-agent-workspace/rustup-home:/opt/rustwide/rustup-home:ro,Z" "-e" "SOURCE_DIR=/opt/rustwide/workdir" "-e" "CARGO_TARGET_DIR=/opt/rustwide/target" "-e" "CARGO_INCREMENTAL=0" "-e" "RUST_BACKTRACE=full" "-e" "RUSTFLAGS=--cap-lints=warn" "-e" "RUSTDOCFLAGS=--cap-lints=warn" "-e" "CARGO_HOME=/opt/rustwide/cargo-home" "-e" "RUSTUP_HOME=/opt/rustwide/rustup-home" "-w" "/opt/rustwide/workdir" "-m" "1610612736" "--user" "0:0" "--network" "none" "ghcr.io/rust-lang/crates-build-env/linux@sha256:f3a9d4ad9d972b27faf3965f35b62e55ba32bbce8f20bc8fe909558a86702fde" "/opt/rustwide/cargo-home/bin/cargo" "+1.83.0" "test" "--frozen" "--no-run" "--message-format=json", kill_on_drop: false }`
[INFO] [stdout] ef23e40bf60c60c4041fb64cc6317e4459a122e6fa7cbb8641f52225d1256241
[INFO] running `Command { std: "docker" "start" "-a" "ef23e40bf60c60c4041fb64cc6317e4459a122e6fa7cbb8641f52225d1256241", kill_on_drop: false }`
[INFO] [stderr] warning: no edition set: defaulting to the 2015 edition while the latest is 2021
[INFO] [stderr]    Compiling serde v1.0.216
[INFO] [stderr]    Compiling serde_json v1.0.133
[INFO] [stderr]    Compiling rustix v0.38.42
[INFO] [stderr]    Compiling camino v1.1.9
[INFO] [stderr]    Compiling semver v1.0.24
[INFO] [stderr]    Compiling linux-raw-sys v0.4.14
[INFO] [stderr]    Compiling error-chain v0.12.4
[INFO] [stderr]    Compiling pulldown-cmark v0.9.6
[INFO] [stderr]    Compiling once_cell v1.20.2
[INFO] [stderr]    Compiling fastrand v2.3.0
[INFO] [stderr]    Compiling glob v0.3.1
[INFO] [stderr]    Compiling bytecount v0.6.8
[INFO] [stderr]    Compiling tempfile v3.14.0
[INFO] [stderr]    Compiling cargo-platform v0.1.9
[INFO] [stderr]    Compiling cargo_metadata v0.14.2
[INFO] [stderr]    Compiling skeptic v0.13.7
[INFO] [stderr]    Compiling yoga-sys v0.2.3 (/opt/rustwide/workdir)
[INFO] [stderr] warning: yoga-sys@0.2.3: c/YGNodeList.cpp: In function 'YGNodeList* YGNodeListNew(uint32_t)':
[INFO] [stderr] warning: yoga-sys@0.2.3: c/YGNodeList.cpp:22:7: warning: type qualifiers ignored on cast result type [-Wignored-qualifiers]
[INFO] [stderr] warning: yoga-sys@0.2.3:    22 |       (const YGNodeListRef)malloc(sizeof(struct YGNodeList));
[INFO] [stderr] warning: yoga-sys@0.2.3:       |       ^~~~~~~~~~~~~~~~~~~~~~~~~~~~~~~~~~~~~~~~~~~~~~~~~~~~~~
[INFO] [stderr] warning: yoga-sys@0.2.3: c/Yoga.cpp: In function 'YGNode* YGNodeNewWithConfig(YGConfigRef)':
[INFO] [stderr] warning: yoga-sys@0.2.3: c/Yoga.cpp:174:26: warning: type qualifiers ignored on cast result type [-Wignored-qualifiers]
[INFO] [stderr] warning: yoga-sys@0.2.3:   174 |   const YGNodeRef node = (const YGNodeRef)malloc(sizeof(YGNode));
[INFO] [stderr] warning: yoga-sys@0.2.3:       |                          ^~~~~~~~~~~~~~~~~~~~~~~~~~~~~~~~~~~~~~~
[INFO] [stderr] warning: yoga-sys@0.2.3: c/Yoga.cpp: In function 'YGNode* YGNodeClone(YGNodeRef)':
[INFO] [stderr] warning: yoga-sys@0.2.3: c/Yoga.cpp:193:26: warning: type qualifiers ignored on cast result type [-Wignored-qualifiers]
[INFO] [stderr] warning: yoga-sys@0.2.3:   193 |   const YGNodeRef node = (const YGNodeRef)malloc(sizeof(YGNode));
[INFO] [stderr] warning: yoga-sys@0.2.3:       |                          ^~~~~~~~~~~~~~~~~~~~~~~~~~~~~~~~~~~~~~~
[INFO] [stderr] warning: yoga-sys@0.2.3: c/Yoga.cpp: In function 'YGConfig* YGConfigNew()':
[INFO] [stderr] warning: yoga-sys@0.2.3: c/Yoga.cpp:268:30: warning: type qualifiers ignored on cast result type [-Wignored-qualifiers]
[INFO] [stderr] warning: yoga-sys@0.2.3:   268 |   const YGConfigRef config = (const YGConfigRef)malloc(sizeof(YGConfig));
[INFO] [stderr] warning: yoga-sys@0.2.3:       |                              ^~~~~~~~~~~~~~~~~~~~~~~~~~~~~~~~~~~~~~~~~~~
[INFO] [stdout] warning: dereferencing a null pointer
[INFO] [stdout]    --> src/ffi.rs:197:19
[INFO] [stdout]     |
[INFO] [stdout] 197 |         unsafe { &(*(0 as *const YGSize)).width as *const _ as usize },
[INFO] [stdout]     |                   ^^^^^^^^^^^^^^^^^^^^^^^ this code causes undefined behavior when executed
[INFO] [stdout]     |
[INFO] [stdout]     = note: `#[warn(deref_nullptr)]` on by default
[INFO] [stdout] 
[INFO] [stdout] 
[INFO] [stdout] warning: dereferencing a null pointer
[INFO] [stdout]    --> src/ffi.rs:207:19
[INFO] [stdout]     |
[INFO] [stdout] 207 |         unsafe { &(*(0 as *const YGSize)).height as *const _ as usize },
[INFO] [stdout]     |                   ^^^^^^^^^^^^^^^^^^^^^^^ this code causes undefined behavior when executed
[INFO] [stdout] 
[INFO] [stdout] 
[INFO] [stdout] warning: dereferencing a null pointer
[INFO] [stdout]    --> src/ffi.rs:236:19
[INFO] [stdout]     |
[INFO] [stdout] 236 |         unsafe { &(*(0 as *const YGValue)).value as *const _ as usize },
[INFO] [stdout]     |                   ^^^^^^^^^^^^^^^^^^^^^^^^ this code causes undefined behavior when executed
[INFO] [stdout] 
[INFO] [stdout] 
[INFO] [stdout] warning: dereferencing a null pointer
[INFO] [stdout]    --> src/ffi.rs:246:19
[INFO] [stdout]     |
[INFO] [stdout] 246 |         unsafe { &(*(0 as *const YGValue)).unit as *const _ as usize },
[INFO] [stdout]     |                   ^^^^^^^^^^^^^^^^^^^^^^^^ this code causes undefined behavior when executed
[INFO] [stdout] 
[INFO] [stdout] 
[INFO] [stdout] warning: dereferencing a null pointer
[INFO] [stdout]    --> src/ffi.rs:783:19
[INFO] [stdout]     |
[INFO] [stdout] 783 |         unsafe { &(*(0 as *const __va_list_tag)).gp_offset as *const _ as usize },
[INFO] [stdout]     |                   ^^^^^^^^^^^^^^^^^^^^^^^^^^^^^^ this code causes undefined behavior when executed
[INFO] [stdout] 
[INFO] [stdout] 
[INFO] [stdout] warning: dereferencing a null pointer
[INFO] [stdout]    --> src/ffi.rs:793:19
[INFO] [stdout]     |
[INFO] [stdout] 793 |         unsafe { &(*(0 as *const __va_list_tag)).fp_offset as *const _ as usize },
[INFO] [stdout]     |                   ^^^^^^^^^^^^^^^^^^^^^^^^^^^^^^ this code causes undefined behavior when executed
[INFO] [stdout] 
[INFO] [stdout] 
[INFO] [stdout] warning: dereferencing a null pointer
[INFO] [stdout]    --> src/ffi.rs:803:19
[INFO] [stdout]     |
[INFO] [stdout] 803 |         unsafe { &(*(0 as *const __va_list_tag)).overflow_arg_area as *const _ as usize },
[INFO] [stdout]     |                   ^^^^^^^^^^^^^^^^^^^^^^^^^^^^^^ this code causes undefined behavior when executed
[INFO] [stdout] 
[INFO] [stdout] 
[INFO] [stdout] warning: dereferencing a null pointer
[INFO] [stdout]    --> src/ffi.rs:813:19
[INFO] [stdout]     |
[INFO] [stdout] 813 |         unsafe { &(*(0 as *const __va_list_tag)).reg_save_area as *const _ as usize },
[INFO] [stdout]     |                   ^^^^^^^^^^^^^^^^^^^^^^^^^^^^^^ this code causes undefined behavior when executed
[INFO] [stdout] 
[INFO] [stdout] 
[INFO] [stderr]     Finished `test` profile [unoptimized + debuginfo] target(s) in 14.49s
[INFO] running `Command { std: "docker" "inspect" "ef23e40bf60c60c4041fb64cc6317e4459a122e6fa7cbb8641f52225d1256241", kill_on_drop: false }`
[INFO] running `Command { std: "docker" "rm" "-f" "ef23e40bf60c60c4041fb64cc6317e4459a122e6fa7cbb8641f52225d1256241", kill_on_drop: false }`
[INFO] [stdout] ef23e40bf60c60c4041fb64cc6317e4459a122e6fa7cbb8641f52225d1256241
[INFO] running `Command { std: "docker" "create" "-v" "/var/lib/crater-agent-workspace/builds/worker-2-tc1/target:/opt/rustwide/target:rw,Z" "-v" "/var/lib/crater-agent-workspace/builds/worker-2-tc1/source:/opt/rustwide/workdir:ro,Z" "-v" "/var/lib/crater-agent-workspace/cargo-home:/opt/rustwide/cargo-home:ro,Z" "-v" "/var/lib/crater-agent-workspace/rustup-home:/opt/rustwide/rustup-home:ro,Z" "-e" "SOURCE_DIR=/opt/rustwide/workdir" "-e" "CARGO_TARGET_DIR=/opt/rustwide/target" "-e" "CARGO_INCREMENTAL=0" "-e" "RUST_BACKTRACE=full" "-e" "RUSTFLAGS=--cap-lints=warn" "-e" "RUSTDOCFLAGS=--cap-lints=warn" "-e" "CARGO_HOME=/opt/rustwide/cargo-home" "-e" "RUSTUP_HOME=/opt/rustwide/rustup-home" "-w" "/opt/rustwide/workdir" "-m" "1610612736" "--user" "0:0" "--network" "none" "ghcr.io/rust-lang/crates-build-env/linux@sha256:f3a9d4ad9d972b27faf3965f35b62e55ba32bbce8f20bc8fe909558a86702fde" "/opt/rustwide/cargo-home/bin/cargo" "+1.83.0" "test" "--frozen", kill_on_drop: false }`
[INFO] [stdout] 0d2c2f5dee023d6db40dd21e6929d154ba1b47fa2139ffe4b1f58472fdb27a3a
[INFO] running `Command { std: "docker" "start" "-a" "0d2c2f5dee023d6db40dd21e6929d154ba1b47fa2139ffe4b1f58472fdb27a3a", kill_on_drop: false }`
[INFO] [stderr] warning: no edition set: defaulting to the 2015 edition while the latest is 2021
[INFO] [stderr] warning: yoga-sys@0.2.3: c/YGNodeList.cpp: In function 'YGNodeList* YGNodeListNew(uint32_t)':
[INFO] [stderr] warning: yoga-sys@0.2.3: c/YGNodeList.cpp:22:7: warning: type qualifiers ignored on cast result type [-Wignored-qualifiers]
[INFO] [stderr] warning: yoga-sys@0.2.3:    22 |       (const YGNodeListRef)malloc(sizeof(struct YGNodeList));
[INFO] [stderr] warning: yoga-sys@0.2.3:       |       ^~~~~~~~~~~~~~~~~~~~~~~~~~~~~~~~~~~~~~~~~~~~~~~~~~~~~~
[INFO] [stderr] warning: yoga-sys@0.2.3: c/Yoga.cpp: In function 'YGNode* YGNodeNewWithConfig(YGConfigRef)':
[INFO] [stderr] warning: yoga-sys@0.2.3: c/Yoga.cpp:174:26: warning: type qualifiers ignored on cast result type [-Wignored-qualifiers]
[INFO] [stderr] warning: yoga-sys@0.2.3:   174 |   const YGNodeRef node = (const YGNodeRef)malloc(sizeof(YGNode));
[INFO] [stderr] warning: yoga-sys@0.2.3:       |                          ^~~~~~~~~~~~~~~~~~~~~~~~~~~~~~~~~~~~~~~
[INFO] [stderr] warning: yoga-sys@0.2.3: c/Yoga.cpp: In function 'YGNode* YGNodeClone(YGNodeRef)':
[INFO] [stderr] warning: yoga-sys@0.2.3: c/Yoga.cpp:193:26: warning: type qualifiers ignored on cast result type [-Wignored-qualifiers]
[INFO] [stderr] warning: yoga-sys@0.2.3:   193 |   const YGNodeRef node = (const YGNodeRef)malloc(sizeof(YGNode));
[INFO] [stderr] warning: yoga-sys@0.2.3:       |                          ^~~~~~~~~~~~~~~~~~~~~~~~~~~~~~~~~~~~~~~
[INFO] [stderr] warning: yoga-sys@0.2.3: c/Yoga.cpp: In function 'YGConfig* YGConfigNew()':
[INFO] [stderr] warning: yoga-sys@0.2.3: c/Yoga.cpp:268:30: warning: type qualifiers ignored on cast result type [-Wignored-qualifiers]
[INFO] [stderr] warning: yoga-sys@0.2.3:   268 |   const YGConfigRef config = (const YGConfigRef)malloc(sizeof(YGConfig));
[INFO] [stderr] warning: yoga-sys@0.2.3:       |                              ^~~~~~~~~~~~~~~~~~~~~~~~~~~~~~~~~~~~~~~~~~~
[INFO] [stderr] warning: dereferencing a null pointer
[INFO] [stderr]    --> src/ffi.rs:197:19
[INFO] [stderr]     |
[INFO] [stderr] 197 |         unsafe { &(*(0 as *const YGSize)).width as *const _ as usize },
[INFO] [stderr]     |                   ^^^^^^^^^^^^^^^^^^^^^^^ this code causes undefined behavior when executed
[INFO] [stderr]     |
[INFO] [stderr]     = note: `#[warn(deref_nullptr)]` on by default
[INFO] [stderr] 
[INFO] [stderr] warning: dereferencing a null pointer
[INFO] [stderr]    --> src/ffi.rs:207:19
[INFO] [stderr]     |
[INFO] [stderr] 207 |         unsafe { &(*(0 as *const YGSize)).height as *const _ as usize },
[INFO] [stderr]     |                   ^^^^^^^^^^^^^^^^^^^^^^^ this code causes undefined behavior when executed
[INFO] [stderr] 
[INFO] [stderr] warning: dereferencing a null pointer
[INFO] [stderr]    --> src/ffi.rs:236:19
[INFO] [stderr]     |
[INFO] [stderr] 236 |         unsafe { &(*(0 as *const YGValue)).value as *const _ as usize },
[INFO] [stderr]     |                   ^^^^^^^^^^^^^^^^^^^^^^^^ this code causes undefined behavior when executed
[INFO] [stderr] 
[INFO] [stderr] warning: dereferencing a null pointer
[INFO] [stderr]    --> src/ffi.rs:246:19
[INFO] [stderr]     |
[INFO] [stderr] 246 |         unsafe { &(*(0 as *const YGValue)).unit as *const _ as usize },
[INFO] [stderr]     |                   ^^^^^^^^^^^^^^^^^^^^^^^^ this code causes undefined behavior when executed
[INFO] [stderr] 
[INFO] [stderr] warning: dereferencing a null pointer
[INFO] [stderr]    --> src/ffi.rs:783:19
[INFO] [stderr]     |
[INFO] [stderr] 783 |         unsafe { &(*(0 as *const __va_list_tag)).gp_offset as *const _ as usize },
[INFO] [stderr]     |                   ^^^^^^^^^^^^^^^^^^^^^^^^^^^^^^ this code causes undefined behavior when executed
[INFO] [stderr] 
[INFO] [stderr] warning: dereferencing a null pointer
[INFO] [stderr]    --> src/ffi.rs:793:19
[INFO] [stderr]     |
[INFO] [stderr] 793 |         unsafe { &(*(0 as *const __va_list_tag)).fp_offset as *const _ as usize },
[INFO] [stderr]     |                   ^^^^^^^^^^^^^^^^^^^^^^^^^^^^^^ this code causes undefined behavior when executed
[INFO] [stderr] 
[INFO] [stderr] warning: dereferencing a null pointer
[INFO] [stderr]    --> src/ffi.rs:803:19
[INFO] [stderr]     |
[INFO] [stderr] 803 |         unsafe { &(*(0 as *const __va_list_tag)).overflow_arg_area as *const _ as usize },
[INFO] [stderr]     |                   ^^^^^^^^^^^^^^^^^^^^^^^^^^^^^^ this code causes undefined behavior when executed
[INFO] [stderr] 
[INFO] [stderr] warning: dereferencing a null pointer
[INFO] [stderr]    --> src/ffi.rs:813:19
[INFO] [stderr]     |
[INFO] [stderr] 813 |         unsafe { &(*(0 as *const __va_list_tag)).reg_save_area as *const _ as usize },
[INFO] [stderr]     |                   ^^^^^^^^^^^^^^^^^^^^^^^^^^^^^^ this code causes undefined behavior when executed
[INFO] [stderr] 
[INFO] [stderr] warning: `yoga-sys` (lib test) generated 8 warnings
[INFO] [stderr]     Finished `test` profile [unoptimized + debuginfo] target(s) in 0.06s
[INFO] [stderr]      Running unittests src/lib.rs (/opt/rustwide/target/debug/deps/yoga_sys-f4a16af6fcc3dde0)
[INFO] [stdout] 
[INFO] [stdout] running 4 tests
[INFO] [stdout] test ffi::bindgen_test_layout___va_list_tag ... ok
[INFO] [stdout] test tests::basic_ygnode_test ... ok
[INFO] [stdout] test ffi::bindgen_test_layout_YGSize ... ok
[INFO] [stdout] test ffi::bindgen_test_layout_YGValue ... ok
[INFO] [stdout] 
[INFO] [stdout] test result: ok. 4 passed; 0 failed; 0 ignored; 0 measured; 0 filtered out; finished in 0.01s
[INFO] [stdout] 
[INFO] [stderr]      Running tests/skeptic.rs (/opt/rustwide/target/debug/deps/skeptic-c7b6b148f865a378)
[INFO] [stdout] 
[INFO] [stdout] running 1 test
[INFO] [stdout] test readme_sect_example_line_28 ... FAILED
[INFO] [stdout] 
[INFO] [stdout] failures:
[INFO] [stdout] 
[INFO] [stdout] ---- readme_sect_example_line_28 stdout ----
[INFO] [stdout] error[E0464]: multiple candidates for `rlib` dependency `yoga_sys` found
[INFO] [stdout]  --> /tmp/rust-skepticV4yDQM/test.rs:2:1
[INFO] [stdout]   |
[INFO] [stdout] 2 | extern crate yoga_sys;
[INFO] [stdout]   | ^^^^^^^^^^^^^^^^^^^^^^
[INFO] [stdout]   |
[INFO] [stdout]   = note: candidate #1: /opt/rustwide/target/debug/deps/libyoga_sys-1829aa2bbba115dc.rlib
[INFO] [stdout]   = note: candidate #2: /opt/rustwide/target/debug/deps/libyoga_sys-1ac8c4e9d00526a2.rlib
[INFO] [stdout] 
[INFO] [stdout] error[E0425]: cannot find function, tuple struct or tuple variant `YGNodeNew` in this scope
[INFO] [stdout]  --> /tmp/rust-skepticV4yDQM/test.rs:8:20
[INFO] [stdout]   |
[INFO] [stdout] 8 |         let root = YGNodeNew();
[INFO] [stdout]   |                    ^^^^^^^^^ not found in this scope
[INFO] [stdout] 
[INFO] [stdout] error[E0425]: cannot find function, tuple struct or tuple variant `YGNodeStyleSetWidth` in this scope
[INFO] [stdout]  --> /tmp/rust-skepticV4yDQM/test.rs:9:9
[INFO] [stdout]   |
[INFO] [stdout] 9 |         YGNodeStyleSetWidth(root, 500.);
[INFO] [stdout]   |         ^^^^^^^^^^^^^^^^^^^ not found in this scope
[INFO] [stdout] 
[INFO] [stdout] error[E0425]: cannot find function, tuple struct or tuple variant `YGNodeStyleSetHeight` in this scope
[INFO] [stdout]   --> /tmp/rust-skepticV4yDQM/test.rs:10:9
[INFO] [stdout]    |
[INFO] [stdout] 10 |         YGNodeStyleSetHeight(root, 120.);
[INFO] [stdout]    |         ^^^^^^^^^^^^^^^^^^^^ not found in this scope
[INFO] [stdout] 
[INFO] [stdout] error[E0433]: failed to resolve: use of undeclared type `YGFlexDirection`
[INFO] [stdout]   --> /tmp/rust-skepticV4yDQM/test.rs:11:43
[INFO] [stdout]    |
[INFO] [stdout] 11 |         YGNodeStyleSetFlexDirection(root, YGFlexDirection::YGFlexDirectionRow);
[INFO] [stdout]    |                                           ^^^^^^^^^^^^^^^ use of undeclared type `YGFlexDirection`
[INFO] [stdout] 
[INFO] [stdout] error[E0425]: cannot find function, tuple struct or tuple variant `YGNodeStyleSetFlexDirection` in this scope
[INFO] [stdout]   --> /tmp/rust-skepticV4yDQM/test.rs:11:9
[INFO] [stdout]    |
[INFO] [stdout] 11 |         YGNodeStyleSetFlexDirection(root, YGFlexDirection::YGFlexDirectionRow);
[INFO] [stdout]    |         ^^^^^^^^^^^^^^^^^^^^^^^^^^^ not found in this scope
[INFO] [stdout] 
[INFO] [stdout] error[E0433]: failed to resolve: use of undeclared type `YGEdge`
[INFO] [stdout]   --> /tmp/rust-skepticV4yDQM/test.rs:12:37
[INFO] [stdout]    |
[INFO] [stdout] 12 |         YGNodeStyleSetPadding(root, YGEdge::YGEdgeAll, 20.);
[INFO] [stdout]    |                                     ^^^^^^ use of undeclared type `YGEdge`
[INFO] [stdout] 
[INFO] [stdout] error[E0425]: cannot find function, tuple struct or tuple variant `YGNodeStyleSetPadding` in this scope
[INFO] [stdout]   --> /tmp/rust-skepticV4yDQM/test.rs:12:9
[INFO] [stdout]    |
[INFO] [stdout] 12 |         YGNodeStyleSetPadding(root, YGEdge::YGEdgeAll, 20.);
[INFO] [stdout]    |         ^^^^^^^^^^^^^^^^^^^^^ not found in this scope
[INFO] [stdout] 
[INFO] [stdout] error[E0425]: cannot find function, tuple struct or tuple variant `YGNodeNew` in this scope
[INFO] [stdout]   --> /tmp/rust-skepticV4yDQM/test.rs:14:21
[INFO] [stdout]    |
[INFO] [stdout] 14 |         let image = YGNodeNew();
[INFO] [stdout]    |                     ^^^^^^^^^ not found in this scope
[INFO] [stdout] 
[INFO] [stdout] error[E0425]: cannot find function, tuple struct or tuple variant `YGNodeStyleSetWidth` in this scope
[INFO] [stdout]   --> /tmp/rust-skepticV4yDQM/test.rs:15:9
[INFO] [stdout]    |
[INFO] [stdout] 15 |         YGNodeStyleSetWidth(image, 80.);
[INFO] [stdout]    |         ^^^^^^^^^^^^^^^^^^^ not found in this scope
[INFO] [stdout] 
[INFO] [stdout] error[E0433]: failed to resolve: use of undeclared type `YGEdge`
[INFO] [stdout]   --> /tmp/rust-skepticV4yDQM/test.rs:16:37
[INFO] [stdout]    |
[INFO] [stdout] 16 |         YGNodeStyleSetMargin(image, YGEdge::YGEdgeEnd, 20.);
[INFO] [stdout]    |                                     ^^^^^^ use of undeclared type `YGEdge`
[INFO] [stdout] 
[INFO] [stdout] error[E0425]: cannot find function, tuple struct or tuple variant `YGNodeStyleSetMargin` in this scope
[INFO] [stdout]   --> /tmp/rust-skepticV4yDQM/test.rs:16:9
[INFO] [stdout]    |
[INFO] [stdout] 16 |         YGNodeStyleSetMargin(image, YGEdge::YGEdgeEnd, 20.);
[INFO] [stdout]    |         ^^^^^^^^^^^^^^^^^^^^ not found in this scope
[INFO] [stdout] 
[INFO] [stdout] error[E0425]: cannot find function, tuple struct or tuple variant `YGNodeNew` in this scope
[INFO] [stdout]   --> /tmp/rust-skepticV4yDQM/test.rs:18:20
[INFO] [stdout]    |
[INFO] [stdout] 18 |         let text = YGNodeNew();
[INFO] [stdout]    |                    ^^^^^^^^^ not found in this scope
[INFO] [stdout] 
[INFO] [stdout] error[E0425]: cannot find function, tuple struct or tuple variant `YGNodeStyleSetHeight` in this scope
[INFO] [stdout]   --> /tmp/rust-skepticV4yDQM/test.rs:19:9
[INFO] [stdout]    |
[INFO] [stdout] 19 |         YGNodeStyleSetHeight(text, 25.);
[INFO] [stdout]    |         ^^^^^^^^^^^^^^^^^^^^ not found in this scope
[INFO] [stdout] 
[INFO] [stdout] error[E0433]: failed to resolve: use of undeclared type `YGAlign`
[INFO] [stdout]   --> /tmp/rust-skepticV4yDQM/test.rs:20:39
[INFO] [stdout]    |
[INFO] [stdout] 20 |         YGNodeStyleSetAlignSelf(text, YGAlign::YGAlignCenter);
[INFO] [stdout]    |                                       ^^^^^^^ use of undeclared type `YGAlign`
[INFO] [stdout] 
[INFO] [stdout] error[E0425]: cannot find function, tuple struct or tuple variant `YGNodeStyleSetAlignSelf` in this scope
[INFO] [stdout]   --> /tmp/rust-skepticV4yDQM/test.rs:20:9
[INFO] [stdout]    |
[INFO] [stdout] 20 |         YGNodeStyleSetAlignSelf(text, YGAlign::YGAlignCenter);
[INFO] [stdout]    |         ^^^^^^^^^^^^^^^^^^^^^^^ not found in this scope
[INFO] [stdout] 
[INFO] [stdout] error[E0425]: cannot find function, tuple struct or tuple variant `YGNodeStyleSetFlexGrow` in this scope
[INFO] [stdout]   --> /tmp/rust-skepticV4yDQM/test.rs:21:9
[INFO] [stdout]    |
[INFO] [stdout] 21 |         YGNodeStyleSetFlexGrow(text, 1.);
[INFO] [stdout]    |         ^^^^^^^^^^^^^^^^^^^^^^ not found in this scope
[INFO] [stdout] 
[INFO] [stdout] error[E0425]: cannot find function, tuple struct or tuple variant `YGNodeInsertChild` in this scope
[INFO] [stdout]   --> /tmp/rust-skepticV4yDQM/test.rs:23:9
[INFO] [stdout]    |
[INFO] [stdout] 23 |         YGNodeInsertChild(root, image, 0);
[INFO] [stdout]    |         ^^^^^^^^^^^^^^^^^ not found in this scope
[INFO] [stdout] 
[INFO] [stdout] error[E0425]: cannot find function, tuple struct or tuple variant `YGNodeInsertChild` in this scope
[INFO] [stdout]   --> /tmp/rust-skepticV4yDQM/test.rs:24:9
[INFO] [stdout]    |
[INFO] [stdout] 24 |         YGNodeInsertChild(root, text, 1);
[INFO] [stdout]    |         ^^^^^^^^^^^^^^^^^ not found in this scope
[INFO] [stdout] 
[INFO] [stdout] error[E0425]: cannot find function, tuple struct or tuple variant `YGNodeFreeRecursive` in this scope
[INFO] [stdout]   --> /tmp/rust-skepticV4yDQM/test.rs:26:9
[INFO] [stdout]    |
[INFO] [stdout] 26 |         YGNodeFreeRecursive(root);
[INFO] [stdout]    |         ^^^^^^^^^^^^^^^^^^^ not found in this scope
[INFO] [stdout] 
[INFO] [stdout] error: aborting due to 20 previous errors
[INFO] [stdout] 
[INFO] [stdout] Some errors have detailed explanations: E0425, E0433, E0464.
[INFO] [stdout] For more information about an error, try `rustc --explain E0425`.
[INFO] [stdout] thread 'readme_sect_example_line_28' panicked at /opt/rustwide/cargo-home/registry/src/index.crates.io-6f17d22bba15001f/skeptic-0.13.7/src/rt.rs:127:9:
[INFO] [stdout] Command failed:
[INFO] [stdout] "rustc" "/tmp/rust-skepticV4yDQM/test.rs" "--verbose" "--crate-type=bin" "--edition=2021" "-L" "/opt/rustwide/target/debug" "-L" "/opt/rustwide/target/debug/deps" "--target" "x86_64-unknown-linux-gnu" "-o" "/tmp/rust-skepticV4yDQM/out.exe"
[INFO] [stdout] stack backtrace:
[INFO] [stdout]    0:     0x5bc8424da34a - std::backtrace_rs::backtrace::libunwind::trace::h5a5b8284f2d0c266
[INFO] [stdout]                                at /rustc/90b35a6239c3d8bdabc530a6a0816f7ff89a0aaf/library/std/src/../../backtrace/src/backtrace/libunwind.rs:116:5
[INFO] [stdout]    1:     0x5bc8424da34a - std::backtrace_rs::backtrace::trace_unsynchronized::h76d4f1c9b0b875e3
[INFO] [stdout]                                at /rustc/90b35a6239c3d8bdabc530a6a0816f7ff89a0aaf/library/std/src/../../backtrace/src/backtrace/mod.rs:66:5
[INFO] [stdout]    2:     0x5bc8424da34a - std::sys::backtrace::_print_fmt::hc4546b8364a537c6
[INFO] [stdout]                                at /rustc/90b35a6239c3d8bdabc530a6a0816f7ff89a0aaf/library/std/src/sys/backtrace.rs:66:9
[INFO] [stdout]    3:     0x5bc8424da34a - <std::sys::backtrace::BacktraceLock::print::DisplayBacktrace as core::fmt::Display>::fmt::h5b6bd5631a6d1f6b
[INFO] [stdout]                                at /rustc/90b35a6239c3d8bdabc530a6a0816f7ff89a0aaf/library/std/src/sys/backtrace.rs:39:26
[INFO] [stdout]    4:     0x5bc8425014f3 - core::fmt::rt::Argument::fmt::h270f6602a2b96f62
[INFO] [stdout]                                at /rustc/90b35a6239c3d8bdabc530a6a0816f7ff89a0aaf/library/core/src/fmt/rt.rs:177:76
[INFO] [stdout]    5:     0x5bc8425014f3 - core::fmt::write::h7550c97b06c86515
[INFO] [stdout]                                at /rustc/90b35a6239c3d8bdabc530a6a0816f7ff89a0aaf/library/core/src/fmt/mod.rs:1186:21
[INFO] [stdout]    6:     0x5bc8424d7113 - std::io::Write::write_fmt::h509ff860e5956e5e
[INFO] [stdout]                                at /rustc/90b35a6239c3d8bdabc530a6a0816f7ff89a0aaf/library/std/src/io/mod.rs:1839:15
[INFO] [stdout]    7:     0x5bc8424da192 - std::sys::backtrace::BacktraceLock::print::h2395ccd2c84ba3aa
[INFO] [stdout]                                at /rustc/90b35a6239c3d8bdabc530a6a0816f7ff89a0aaf/library/std/src/sys/backtrace.rs:42:9
[INFO] [stdout]    8:     0x5bc8424db82a - std::panicking::default_hook::{{closure}}::he19d4c7230e07961
[INFO] [stdout]                                at /rustc/90b35a6239c3d8bdabc530a6a0816f7ff89a0aaf/library/std/src/panicking.rs:268:22
[INFO] [stdout]    9:     0x5bc8424db634 - std::panicking::default_hook::hf614597d3c67bbdb
[INFO] [stdout]                                at /rustc/90b35a6239c3d8bdabc530a6a0816f7ff89a0aaf/library/std/src/panicking.rs:292:9
[INFO] [stdout]   10:     0x5bc8423d8629 - <alloc::boxed::Box<F,A> as core::ops::function::Fn<Args>>::call::h39b51ce4599c23d1
[INFO] [stdout]                                at /rustc/90b35a6239c3d8bdabc530a6a0816f7ff89a0aaf/library/alloc/src/boxed.rs:2468:9
[INFO] [stdout]   11:     0x5bc8423d8629 - test::test_main::{{closure}}::he977ae839a582784
[INFO] [stdout]                                at /rustc/90b35a6239c3d8bdabc530a6a0816f7ff89a0aaf/library/test/src/lib.rs:133:21
[INFO] [stdout]   12:     0x5bc8424dbec8 - <alloc::boxed::Box<F,A> as core::ops::function::Fn<Args>>::call::h9455091b6b06f9fb
[INFO] [stdout]                                at /rustc/90b35a6239c3d8bdabc530a6a0816f7ff89a0aaf/library/alloc/src/boxed.rs:2468:9
[INFO] [stdout]   13:     0x5bc8424dbec8 - std::panicking::rust_panic_with_hook::h8942133a8b252070
[INFO] [stdout]                                at /rustc/90b35a6239c3d8bdabc530a6a0816f7ff89a0aaf/library/std/src/panicking.rs:809:13
[INFO] [stdout]   14:     0x5bc8424dbc8a - std::panicking::begin_panic_handler::{{closure}}::hb5f5963570096b29
[INFO] [stdout]                                at /rustc/90b35a6239c3d8bdabc530a6a0816f7ff89a0aaf/library/std/src/panicking.rs:674:13
[INFO] [stdout]   15:     0x5bc8424da829 - std::sys::backtrace::__rust_end_short_backtrace::h6208cedc1922feda
[INFO] [stdout]                                at /rustc/90b35a6239c3d8bdabc530a6a0816f7ff89a0aaf/library/std/src/sys/backtrace.rs:170:18
[INFO] [stdout]   16:     0x5bc8424db91c - rust_begin_unwind
[INFO] [stdout]                                at /rustc/90b35a6239c3d8bdabc530a6a0816f7ff89a0aaf/library/std/src/panicking.rs:665:5
[INFO] [stdout]   17:     0x5bc84239f150 - core::panicking::panic_fmt::h0c3082644d1bf418
[INFO] [stdout]                                at /rustc/90b35a6239c3d8bdabc530a6a0816f7ff89a0aaf/library/core/src/panicking.rs:74:14
[INFO] [stdout]   18:     0x5bc8423e5a81 - skeptic::rt::interpret_output::h9e3ef2a3aa21dc95
[INFO] [stdout]                                at /opt/rustwide/cargo-home/registry/src/index.crates.io-6f17d22bba15001f/skeptic-0.13.7/src/rt.rs:127:9
[INFO] [stdout]   19:     0x5bc8423e4a37 - skeptic::rt::handle_test::h77bd03d91eb8dd32
[INFO] [stdout]                                at /opt/rustwide/cargo-home/registry/src/index.crates.io-6f17d22bba15001f/skeptic-0.13.7/src/rt.rs:111:5
[INFO] [stdout]   20:     0x5bc8423e3c96 - skeptic::rt::run_test::hc7e6ec5662d41cad
[INFO] [stdout]                                at /opt/rustwide/cargo-home/registry/src/index.crates.io-6f17d22bba15001f/skeptic-0.13.7/src/rt.rs:25:5
[INFO] [stdout]   21:     0x5bc8423a02ee - skeptic::readme_sect_example_line_28::h6598be0330520b62
[INFO] [stdout]                                at /opt/rustwide/target/debug/build/yoga-sys-0e36a4fba088cd99/out/skeptic-tests.rs:32:5
[INFO] [stdout]   22:     0x5bc8423a0207 - skeptic::readme_sect_example_line_28::{{closure}}::h63ed899999610791
[INFO] [stdout]                                at /opt/rustwide/target/debug/build/yoga-sys-0e36a4fba088cd99/out/skeptic-tests.rs:2:41
[INFO] [stdout]   23:     0x5bc84239fd06 - core::ops::function::FnOnce::call_once::he4affe3918b8c971
[INFO] [stdout]                                at /rustc/90b35a6239c3d8bdabc530a6a0816f7ff89a0aaf/library/core/src/ops/function.rs:250:5
[INFO] [stdout]   24:     0x5bc8423dcfeb - core::ops::function::FnOnce::call_once::h109cf8051a59b34e
[INFO] [stdout]                                at /rustc/90b35a6239c3d8bdabc530a6a0816f7ff89a0aaf/library/core/src/ops/function.rs:250:5
[INFO] [stdout]   25:     0x5bc8423dcfeb - test::__rust_begin_short_backtrace::hf4fff89d377446ba
[INFO] [stdout]                                at /rustc/90b35a6239c3d8bdabc530a6a0816f7ff89a0aaf/library/test/src/lib.rs:621:18
[INFO] [stdout]   26:     0x5bc8423dc827 - test::run_test_in_process::{{closure}}::h0e39181dd7ee5a43
[INFO] [stdout]                                at /rustc/90b35a6239c3d8bdabc530a6a0816f7ff89a0aaf/library/test/src/lib.rs:644:60
[INFO] [stdout]   27:     0x5bc8423dc827 - <core::panic::unwind_safe::AssertUnwindSafe<F> as core::ops::function::FnOnce<()>>::call_once::hc5a66a30f0bdfd1f
[INFO] [stdout]                                at /rustc/90b35a6239c3d8bdabc530a6a0816f7ff89a0aaf/library/core/src/panic/unwind_safe.rs:272:9
[INFO] [stdout]   28:     0x5bc8423dc827 - std::panicking::try::do_call::h873b7cf639554a5e
[INFO] [stdout]                                at /rustc/90b35a6239c3d8bdabc530a6a0816f7ff89a0aaf/library/std/src/panicking.rs:557:40
[INFO] [stdout]   29:     0x5bc8423dc827 - std::panicking::try::hdb19862fad9c8bd1
[INFO] [stdout]                                at /rustc/90b35a6239c3d8bdabc530a6a0816f7ff89a0aaf/library/std/src/panicking.rs:520:19
[INFO] [stdout]   30:     0x5bc8423dc827 - std::panic::catch_unwind::h281fe732d236d260
[INFO] [stdout]                                at /rustc/90b35a6239c3d8bdabc530a6a0816f7ff89a0aaf/library/std/src/panic.rs:358:14
[INFO] [stdout]   31:     0x5bc8423dc827 - test::run_test_in_process::h949b6df8457ed338
[INFO] [stdout]                                at /rustc/90b35a6239c3d8bdabc530a6a0816f7ff89a0aaf/library/test/src/lib.rs:644:27
[INFO] [stdout]   32:     0x5bc8423dc827 - test::run_test::{{closure}}::h52c556a6d4740e10
[INFO] [stdout]                                at /rustc/90b35a6239c3d8bdabc530a6a0816f7ff89a0aaf/library/test/src/lib.rs:565:43
[INFO] [stdout]   33:     0x5bc8423a1b04 - test::run_test::{{closure}}::h4237f6381c45ccb9
[INFO] [stdout]                                at /rustc/90b35a6239c3d8bdabc530a6a0816f7ff89a0aaf/library/test/src/lib.rs:595:41
[INFO] [stdout]   34:     0x5bc8423a1b04 - std::sys::backtrace::__rust_begin_short_backtrace::h505c97a579eca628
[INFO] [stdout]                                at /rustc/90b35a6239c3d8bdabc530a6a0816f7ff89a0aaf/library/std/src/sys/backtrace.rs:154:18
[INFO] [stdout]   35:     0x5bc8423a51ce - std::thread::Builder::spawn_unchecked_::{{closure}}::{{closure}}::h9e86b2e2bc107ea3
[INFO] [stdout]                                at /rustc/90b35a6239c3d8bdabc530a6a0816f7ff89a0aaf/library/std/src/thread/mod.rs:538:17
[INFO] [stdout]   36:     0x5bc8423a51ce - <core::panic::unwind_safe::AssertUnwindSafe<F> as core::ops::function::FnOnce<()>>::call_once::h8b06ddb275ff4a25
[INFO] [stdout]                                at /rustc/90b35a6239c3d8bdabc530a6a0816f7ff89a0aaf/library/core/src/panic/unwind_safe.rs:272:9
[INFO] [stdout]   37:     0x5bc8423a51ce - std::panicking::try::do_call::hb26ecd7cd9a9355d
[INFO] [stdout]                                at /rustc/90b35a6239c3d8bdabc530a6a0816f7ff89a0aaf/library/std/src/panicking.rs:557:40
[INFO] [stdout]   38:     0x5bc8423a51ce - std::panicking::try::h8ddeca9d705f9069
[INFO] [stdout]                                at /rustc/90b35a6239c3d8bdabc530a6a0816f7ff89a0aaf/library/std/src/panicking.rs:520:19
[INFO] [stdout]   39:     0x5bc8423a51ce - std::panic::catch_unwind::h49e1c33078844c46
[INFO] [stdout]                                at /rustc/90b35a6239c3d8bdabc530a6a0816f7ff89a0aaf/library/std/src/panic.rs:358:14
[INFO] [stdout]   40:     0x5bc8423a51ce - std::thread::Builder::spawn_unchecked_::{{closure}}::h6073db6ff56ad35d
[INFO] [stdout]                                at /rustc/90b35a6239c3d8bdabc530a6a0816f7ff89a0aaf/library/std/src/thread/mod.rs:537:30
[INFO] [stdout]   41:     0x5bc8423a51ce - core::ops::function::FnOnce::call_once{{vtable.shim}}::h2c5a5f3779c774f1
[INFO] [stdout]                                at /rustc/90b35a6239c3d8bdabc530a6a0816f7ff89a0aaf/library/core/src/ops/function.rs:250:5
[INFO] [stdout]   42:     0x5bc8424e13eb - <alloc::boxed::Box<F,A> as core::ops::function::FnOnce<Args>>::call_once::hf75717d9f28faebf
[INFO] [stdout]                                at /rustc/90b35a6239c3d8bdabc530a6a0816f7ff89a0aaf/library/alloc/src/boxed.rs:2454:9
[INFO] [stdout]   43:     0x5bc8424e13eb - <alloc::boxed::Box<F,A> as core::ops::function::FnOnce<Args>>::call_once::h7bd883a5f3c5f3c1
[INFO] [stdout]                                at /rustc/90b35a6239c3d8bdabc530a6a0816f7ff89a0aaf/library/alloc/src/boxed.rs:2454:9
[INFO] [stdout]   44:     0x5bc8424e13eb - std::sys::pal::unix::thread::Thread::new::thread_start::hcc78f3943333fa94
[INFO] [stdout]                                at /rustc/90b35a6239c3d8bdabc530a6a0816f7ff89a0aaf/library/std/src/sys/pal/unix/thread.rs:105:17
[INFO] [stdout]   45:     0x7cea9d274ac3 - <unknown>
[INFO] [stdout]   46:     0x7cea9d305a04 - clone
[INFO] [stdout]   47:                0x0 - <unknown>
[INFO] [stdout] 
[INFO] [stdout] 
[INFO] [stdout] failures:
[INFO] [stdout]     readme_sect_example_line_28
[INFO] [stdout] 
[INFO] [stdout] test result: FAILED. 0 passed; 1 failed; 0 ignored; 0 measured; 0 filtered out; finished in 0.64s
[INFO] [stdout] 
[INFO] [stderr] error: test failed, to rerun pass `--test skeptic`
[INFO] running `Command { std: "docker" "inspect" "0d2c2f5dee023d6db40dd21e6929d154ba1b47fa2139ffe4b1f58472fdb27a3a", kill_on_drop: false }`
[INFO] running `Command { std: "docker" "rm" "-f" "0d2c2f5dee023d6db40dd21e6929d154ba1b47fa2139ffe4b1f58472fdb27a3a", kill_on_drop: false }`
[INFO] [stdout] 0d2c2f5dee023d6db40dd21e6929d154ba1b47fa2139ffe4b1f58472fdb27a3a
