[INFO] fetching crate yewdux 0.10.0...
[INFO] testing yewdux-0.10.0 against 1.83.0 for beta-1.84.0-4-retry
[INFO] extracting crate yewdux 0.10.0 into /workspace/builds/worker-1-tc1/source
[INFO] validating manifest of crates.io crate yewdux 0.10.0 on toolchain 1.83.0
[INFO] running `Command { std: CARGO_HOME="/workspace/cargo-home" RUSTUP_HOME="/workspace/rustup-home" "/workspace/cargo-home/bin/cargo" "+1.83.0" "metadata" "--manifest-path" "Cargo.toml" "--no-deps", kill_on_drop: false }`
[INFO] started tweaking crates.io crate yewdux 0.10.0
[INFO] finished tweaking crates.io crate yewdux 0.10.0
[INFO] tweaked toml for crates.io crate yewdux 0.10.0 written to /workspace/builds/worker-1-tc1/source/Cargo.toml
[INFO] running `Command { std: CARGO_HOME="/workspace/cargo-home" RUSTUP_HOME="/workspace/rustup-home" "/workspace/cargo-home/bin/cargo" "+1.83.0" "generate-lockfile" "--manifest-path" "Cargo.toml", kill_on_drop: false }`
[INFO] [stderr]     Updating crates.io index
[INFO] [stderr]      Locking 127 packages to latest compatible versions
[INFO] [stderr]       Adding thiserror v1.0.69 (available: v2.0.7)
[INFO] running `Command { std: CARGO_HOME="/workspace/cargo-home" RUSTUP_HOME="/workspace/rustup-home" "/workspace/cargo-home/bin/cargo" "+1.83.0" "fetch" "--manifest-path" "Cargo.toml", kill_on_drop: false }`
[INFO] [stderr]  Downloading crates ...
[INFO] [stderr]   Downloaded boolinator v2.4.0
[INFO] [stderr]   Downloaded yewdux-macros v0.10.0
[INFO] [stderr]   Downloaded pin-project v1.1.7
[INFO] [stderr]   Downloaded gloo-console v0.3.0
[INFO] [stderr]   Downloaded gloo-dialogs v0.1.1
[INFO] [stderr]   Downloaded gloo-history v0.1.5
[INFO] [stderr]   Downloaded gloo-timers v0.3.0
[INFO] [stderr]   Downloaded gloo-worker-macros v0.1.0
[INFO] [stderr]   Downloaded anymap v1.0.0-beta.2
[INFO] [stderr]   Downloaded gloo-net v0.4.0
[INFO] [stderr]   Downloaded proc-macro-crate v1.3.1
[INFO] [stderr]   Downloaded toml_edit v0.19.15
[INFO] [stderr]   Downloaded gloo-worker v0.4.0
[INFO] [stderr]   Downloaded implicit-clone v0.4.9
[INFO] [stderr]   Downloaded gloo-file v0.2.3
[INFO] [stderr]   Downloaded serde-wasm-bindgen v0.5.0
[INFO] [stderr]   Downloaded gloo-net v0.3.1
[INFO] [stderr]   Downloaded winnow v0.5.40
[INFO] [stderr]   Downloaded anymap2 v0.13.0
[INFO] [stderr]   Downloaded gloo-worker v0.2.1
[INFO] [stderr]   Downloaded gloo-dialogs v0.2.0
[INFO] [stderr]   Downloaded gloo-events v0.2.0
[INFO] [stderr]   Downloaded serde-wasm-bindgen v0.6.5
[INFO] [stderr]   Downloaded gloo-history v0.2.2
[INFO] [stderr]   Downloaded gloo v0.10.0
[INFO] [stderr]   Downloaded implicit-clone-derive v0.1.1
[INFO] [stderr]   Downloaded gloo-events v0.1.2
[INFO] [stderr]   Downloaded gloo v0.8.1
[INFO] [stderr]   Downloaded gloo-timers v0.2.6
[INFO] [stderr]   Downloaded gloo-console v0.2.3
[INFO] [stderr]   Downloaded gloo-utils v0.1.7
[INFO] [stderr]   Downloaded gloo-render v0.1.1
[INFO] [stderr]   Downloaded gloo-storage v0.2.2
[INFO] [stderr]   Downloaded pin-project-internal v1.1.7
[INFO] [stderr]   Downloaded console_error_panic_hook v0.1.7
[INFO] [stderr]   Downloaded pinned v0.1.0
[INFO] [stderr]   Downloaded yew-macro v0.21.0
[INFO] [stderr]   Downloaded yew v0.21.0
[INFO] [stderr]   Downloaded gloo-file v0.3.0
[INFO] [stderr]   Downloaded gloo-render v0.2.0
[INFO] [stderr]   Downloaded gloo-storage v0.3.0
[INFO] [stderr]   Downloaded gloo-utils v0.2.0
[INFO] [stderr]   Downloaded tokio-stream v0.1.17
[INFO] [stderr]   Downloaded prokio v0.1.0
[INFO] running `Command { std: "docker" "create" "-v" "/var/lib/crater-agent-workspace/builds/worker-1-tc1/target:/opt/rustwide/target:rw,Z" "-v" "/var/lib/crater-agent-workspace/builds/worker-1-tc1/source:/opt/rustwide/workdir:ro,Z" "-v" "/var/lib/crater-agent-workspace/cargo-home:/opt/rustwide/cargo-home:ro,Z" "-v" "/var/lib/crater-agent-workspace/rustup-home:/opt/rustwide/rustup-home:ro,Z" "-e" "SOURCE_DIR=/opt/rustwide/workdir" "-e" "CARGO_TARGET_DIR=/opt/rustwide/target" "-e" "CARGO_HOME=/opt/rustwide/cargo-home" "-e" "RUSTUP_HOME=/opt/rustwide/rustup-home" "-w" "/opt/rustwide/workdir" "-m" "1610612736" "--user" "0:0" "--network" "none" "ghcr.io/rust-lang/crates-build-env/linux@sha256:f3a9d4ad9d972b27faf3965f35b62e55ba32bbce8f20bc8fe909558a86702fde" "/opt/rustwide/cargo-home/bin/cargo" "+1.83.0" "metadata" "--no-deps" "--format-version=1", kill_on_drop: false }`
[INFO] [stdout] 8102047289f63efb7a37818651ec5a0577e72965b43868936d2d5e389cea51a3
[INFO] running `Command { std: "docker" "start" "-a" "8102047289f63efb7a37818651ec5a0577e72965b43868936d2d5e389cea51a3", kill_on_drop: false }`
[INFO] running `Command { std: "docker" "inspect" "8102047289f63efb7a37818651ec5a0577e72965b43868936d2d5e389cea51a3", kill_on_drop: false }`
[INFO] running `Command { std: "docker" "rm" "-f" "8102047289f63efb7a37818651ec5a0577e72965b43868936d2d5e389cea51a3", kill_on_drop: false }`
[INFO] [stdout] 8102047289f63efb7a37818651ec5a0577e72965b43868936d2d5e389cea51a3
[INFO] running `Command { std: "docker" "create" "-v" "/var/lib/crater-agent-workspace/builds/worker-1-tc1/target:/opt/rustwide/target:rw,Z" "-v" "/var/lib/crater-agent-workspace/builds/worker-1-tc1/source:/opt/rustwide/workdir:ro,Z" "-v" "/var/lib/crater-agent-workspace/cargo-home:/opt/rustwide/cargo-home:ro,Z" "-v" "/var/lib/crater-agent-workspace/rustup-home:/opt/rustwide/rustup-home:ro,Z" "-e" "SOURCE_DIR=/opt/rustwide/workdir" "-e" "CARGO_TARGET_DIR=/opt/rustwide/target" "-e" "CARGO_INCREMENTAL=0" "-e" "RUST_BACKTRACE=full" "-e" "RUSTFLAGS=--cap-lints=warn" "-e" "RUSTDOCFLAGS=--cap-lints=warn" "-e" "CARGO_HOME=/opt/rustwide/cargo-home" "-e" "RUSTUP_HOME=/opt/rustwide/rustup-home" "-w" "/opt/rustwide/workdir" "-m" "1610612736" "--user" "0:0" "--network" "none" "ghcr.io/rust-lang/crates-build-env/linux@sha256:f3a9d4ad9d972b27faf3965f35b62e55ba32bbce8f20bc8fe909558a86702fde" "/opt/rustwide/cargo-home/bin/cargo" "+1.83.0" "build" "--frozen" "--message-format=json", kill_on_drop: false }`
[INFO] [stdout] 9af64e9b40583e42d202574aa5e8fe919e2c0146c11f6850bdd630654e1d5bd5
[INFO] running `Command { std: "docker" "start" "-a" "9af64e9b40583e42d202574aa5e8fe919e2c0146c11f6850bdd630654e1d5bd5", kill_on_drop: false }`
[INFO] [stderr]    Compiling syn v2.0.90
[INFO] [stderr]    Compiling wasm-bindgen-shared v0.2.99
[INFO] [stderr]    Compiling log v0.4.22
[INFO] [stderr]    Compiling bumpalo v3.16.0
[INFO] [stderr]    Compiling wasm-bindgen v0.2.99
[INFO] [stderr]    Compiling serde v1.0.216
[INFO] [stderr]    Compiling thiserror v1.0.69
[INFO] [stderr]    Compiling hashbrown v0.15.2
[INFO] [stderr]    Compiling rustversion v1.0.18
[INFO] [stderr]    Compiling futures-io v0.3.31
[INFO] [stderr]    Compiling proc-macro-error-attr v1.0.4
[INFO] [stderr]    Compiling toml_datetime v0.6.8
[INFO] [stderr]    Compiling syn v1.0.109
[INFO] [stderr]    Compiling winnow v0.5.40
[INFO] [stderr]    Compiling proc-macro-error v1.0.4
[INFO] [stderr]    Compiling percent-encoding v2.3.1
[INFO] [stderr]    Compiling libc v0.2.168
[INFO] [stderr]    Compiling form_urlencoded v1.2.1
[INFO] [stderr]    Compiling ident_case v1.0.1
[INFO] [stderr]    Compiling strsim v0.11.1
[INFO] [stderr]    Compiling bytes v1.9.0
[INFO] [stderr]    Compiling prettyplease v0.2.25
[INFO] [stderr]    Compiling tokio v1.42.0
[INFO] [stderr]    Compiling tracing-core v0.1.33
[INFO] [stderr]    Compiling boolinator v2.4.0
[INFO] [stderr]    Compiling anymap v1.0.0-beta.2
[INFO] [stderr]    Compiling http v0.2.12
[INFO] [stderr]    Compiling indexmap v2.7.0
[INFO] [stderr]    Compiling num_cpus v1.16.0
[INFO] [stderr]    Compiling toml_edit v0.19.15
[INFO] [stderr]    Compiling tokio-stream v0.1.17
[INFO] [stderr]    Compiling wasm-bindgen-backend v0.2.99
[INFO] [stderr]    Compiling darling_core v0.20.10
[INFO] [stderr]    Compiling serde_derive v1.0.216
[INFO] [stderr]    Compiling thiserror-impl v1.0.69
[INFO] [stderr]    Compiling futures-macro v0.3.31
[INFO] [stderr]    Compiling pin-project-internal v1.1.7
[INFO] [stderr]    Compiling tracing-attributes v0.1.28
[INFO] [stderr]    Compiling implicit-clone-derive v0.1.1
[INFO] [stderr]    Compiling yew-macro v0.21.0
[INFO] [stderr]    Compiling proc-macro-crate v1.3.1
[INFO] [stderr]    Compiling wasm-bindgen-macro-support v0.2.99
[INFO] [stderr]    Compiling implicit-clone v0.4.9
[INFO] [stderr]    Compiling gloo-worker-macros v0.1.0
[INFO] [stderr]    Compiling futures-util v0.3.31
[INFO] [stderr]    Compiling darling_macro v0.20.10
[INFO] [stderr]    Compiling pin-project v1.1.7
[INFO] [stderr]    Compiling wasm-bindgen-macro v0.2.99
[INFO] [stderr]    Compiling tracing v0.1.41
[INFO] [stderr]    Compiling darling v0.20.10
[INFO] [stderr]    Compiling yewdux-macros v0.10.0
[INFO] [stderr]    Compiling js-sys v0.3.76
[INFO] [stderr]    Compiling console_error_panic_hook v0.1.7
[INFO] [stderr]    Compiling futures v0.3.31
[INFO] [stderr]    Compiling pinned v0.1.0
[INFO] [stderr]    Compiling prokio v0.1.0
[INFO] [stderr]    Compiling serde_json v1.0.133
[INFO] [stderr]    Compiling bincode v1.3.3
[INFO] [stderr]    Compiling serde_urlencoded v0.7.1
[INFO] [stderr]    Compiling web-sys v0.3.76
[INFO] [stderr]    Compiling wasm-bindgen-futures v0.4.49
[INFO] [stderr]    Compiling serde-wasm-bindgen v0.6.5
[INFO] [stderr]    Compiling gloo-timers v0.3.0
[INFO] [stderr]    Compiling gloo-utils v0.2.0
[INFO] [stderr]    Compiling gloo-events v0.2.0
[INFO] [stderr]    Compiling gloo-render v0.2.0
[INFO] [stderr]    Compiling gloo-dialogs v0.2.0
[INFO] [stderr]    Compiling gloo-net v0.4.0
[INFO] [stderr]    Compiling gloo-worker v0.4.0
[INFO] [stderr]    Compiling gloo-storage v0.3.0
[INFO] [stderr]    Compiling gloo-console v0.3.0
[INFO] [stderr]    Compiling gloo-history v0.2.2
[INFO] [stderr]    Compiling gloo-file v0.3.0
[INFO] [stderr]    Compiling gloo v0.10.0
[INFO] [stderr]    Compiling yew v0.21.0
[INFO] [stderr]    Compiling yewdux v0.10.0 (/opt/rustwide/workdir)
[INFO] [stderr]     Finished `dev` profile [unoptimized + debuginfo] target(s) in 18.78s
[INFO] [stderr] warning: the following packages contain code that will be rejected by a future version of Rust: anymap v1.0.0-beta.2
[INFO] [stderr] note: to see what the problems were, use the option `--future-incompat-report`, or run `cargo report future-incompatibilities --id 1`
[INFO] running `Command { std: "docker" "inspect" "9af64e9b40583e42d202574aa5e8fe919e2c0146c11f6850bdd630654e1d5bd5", kill_on_drop: false }`
[INFO] running `Command { std: "docker" "rm" "-f" "9af64e9b40583e42d202574aa5e8fe919e2c0146c11f6850bdd630654e1d5bd5", kill_on_drop: false }`
[INFO] [stdout] 9af64e9b40583e42d202574aa5e8fe919e2c0146c11f6850bdd630654e1d5bd5
[INFO] running `Command { std: "docker" "create" "-v" "/var/lib/crater-agent-workspace/builds/worker-1-tc1/target:/opt/rustwide/target:rw,Z" "-v" "/var/lib/crater-agent-workspace/builds/worker-1-tc1/source:/opt/rustwide/workdir:ro,Z" "-v" "/var/lib/crater-agent-workspace/cargo-home:/opt/rustwide/cargo-home:ro,Z" "-v" "/var/lib/crater-agent-workspace/rustup-home:/opt/rustwide/rustup-home:ro,Z" "-e" "SOURCE_DIR=/opt/rustwide/workdir" "-e" "CARGO_TARGET_DIR=/opt/rustwide/target" "-e" "CARGO_INCREMENTAL=0" "-e" "RUST_BACKTRACE=full" "-e" "RUSTFLAGS=--cap-lints=warn" "-e" "RUSTDOCFLAGS=--cap-lints=warn" "-e" "CARGO_HOME=/opt/rustwide/cargo-home" "-e" "RUSTUP_HOME=/opt/rustwide/rustup-home" "-w" "/opt/rustwide/workdir" "-m" "1610612736" "--user" "0:0" "--network" "none" "ghcr.io/rust-lang/crates-build-env/linux@sha256:f3a9d4ad9d972b27faf3965f35b62e55ba32bbce8f20bc8fe909558a86702fde" "/opt/rustwide/cargo-home/bin/cargo" "+1.83.0" "test" "--frozen" "--no-run" "--message-format=json", kill_on_drop: false }`
[INFO] [stdout] 6758d0cb938d34a9ce316000bb5caa87084a99f927030689b2fd7073d8d22976
[INFO] running `Command { std: "docker" "start" "-a" "6758d0cb938d34a9ce316000bb5caa87084a99f927030689b2fd7073d8d22976", kill_on_drop: false }`
[INFO] [stderr]    Compiling yewdux v0.10.0 (/opt/rustwide/workdir)
[INFO] [stderr]     Finished `test` profile [unoptimized + debuginfo] target(s) in 1.18s
[INFO] [stderr] warning: the following packages contain code that will be rejected by a future version of Rust: anymap v1.0.0-beta.2
[INFO] [stderr] note: to see what the problems were, use the option `--future-incompat-report`, or run `cargo report future-incompatibilities --id 1`
[INFO] running `Command { std: "docker" "inspect" "6758d0cb938d34a9ce316000bb5caa87084a99f927030689b2fd7073d8d22976", kill_on_drop: false }`
[INFO] running `Command { std: "docker" "rm" "-f" "6758d0cb938d34a9ce316000bb5caa87084a99f927030689b2fd7073d8d22976", kill_on_drop: false }`
[INFO] [stdout] 6758d0cb938d34a9ce316000bb5caa87084a99f927030689b2fd7073d8d22976
[INFO] running `Command { std: "docker" "create" "-v" "/var/lib/crater-agent-workspace/builds/worker-1-tc1/target:/opt/rustwide/target:rw,Z" "-v" "/var/lib/crater-agent-workspace/builds/worker-1-tc1/source:/opt/rustwide/workdir:ro,Z" "-v" "/var/lib/crater-agent-workspace/cargo-home:/opt/rustwide/cargo-home:ro,Z" "-v" "/var/lib/crater-agent-workspace/rustup-home:/opt/rustwide/rustup-home:ro,Z" "-e" "SOURCE_DIR=/opt/rustwide/workdir" "-e" "CARGO_TARGET_DIR=/opt/rustwide/target" "-e" "CARGO_INCREMENTAL=0" "-e" "RUST_BACKTRACE=full" "-e" "RUSTFLAGS=--cap-lints=warn" "-e" "RUSTDOCFLAGS=--cap-lints=warn" "-e" "CARGO_HOME=/opt/rustwide/cargo-home" "-e" "RUSTUP_HOME=/opt/rustwide/rustup-home" "-w" "/opt/rustwide/workdir" "-m" "1610612736" "--user" "0:0" "--network" "none" "ghcr.io/rust-lang/crates-build-env/linux@sha256:f3a9d4ad9d972b27faf3965f35b62e55ba32bbce8f20bc8fe909558a86702fde" "/opt/rustwide/cargo-home/bin/cargo" "+1.83.0" "test" "--frozen", kill_on_drop: false }`
[INFO] [stdout] 8ce3dbd46fd21ad99390551ecc7accf0c0c55e1ad768e1ada0fe8b790538dd20
[INFO] running `Command { std: "docker" "start" "-a" "8ce3dbd46fd21ad99390551ecc7accf0c0c55e1ad768e1ada0fe8b790538dd20", kill_on_drop: false }`
[INFO] [stderr]     Finished `test` profile [unoptimized + debuginfo] target(s) in 0.08s
[INFO] [stderr] warning: the following packages contain code that will be rejected by a future version of Rust: anymap v1.0.0-beta.2
[INFO] [stderr] note: to see what the problems were, use the option `--future-incompat-report`, or run `cargo report future-incompatibilities --id 1`
[INFO] [stderr]      Running unittests src/lib.rs (/opt/rustwide/target/debug/deps/yewdux-9c2c2c6b00eb2c35)
[INFO] [stdout] 
[INFO] [stdout] running 36 tests
[INFO] [stdout] test context::tests::can_access_other_store_for_new_of_current_store ... ok
[INFO] [stdout] test context::tests::store_new_is_only_called_once ... ok
[INFO] [stdout] test dispatch::tests::apply_changes_value ... ok
[INFO] [stdout] test dispatch::tests::apply_no_clone ... ok
[INFO] [stdout] test dispatch::tests::dispatch_apply_callback_works ... ok
[INFO] [stdout] test dispatch::tests::dispatch_clone_and_original_unsubscribe_when_both_dropped ... ok
[INFO] [stdout] test dispatch::tests::dispatch_apply_works ... ok
[INFO] [stdout] test dispatch::tests::dispatch_reduce_callback_with_works ... ok
[INFO] [stdout] test dispatch::tests::dispatch_reduce_callback_works ... ok
[INFO] [stdout] test dispatch::tests::dispatch_reduce_mut_callback_with_works ... ok
[INFO] [stdout] test dispatch::tests::dispatch_reduce_mut_callback_works ... ok
[INFO] [stdout] test dispatch::tests::dispatch_reduce_mut_works ... ok
[INFO] [stdout] test dispatch::tests::dispatch_reduce_works ... ok
[INFO] [stdout] test dispatch::tests::dispatch_set_callback_works ... ok
[INFO] [stdout] test dispatch::tests::dispatch_set_works ... ok
[INFO] [stdout] test dispatch::tests::dispatch_unsubscribes_when_dropped ... ok
[INFO] [stdout] test dispatch::tests::reduce_changes_value ... ok
[INFO] [stdout] test dispatch::tests::reduce_does_not_require_static ... ok
[INFO] [stdout] test dispatch::tests::reduce_mut_changes_value ... ok
[INFO] [stdout] test dispatch::tests::reduce_mut_does_not_require_static ... ok
[INFO] [stdout] test dispatch::tests::set_changes_value ... ok
[INFO] [stdout] test dispatch::tests::subscriber_is_not_notified_when_state_is_same ... ok
[INFO] [stdout] test dispatch::tests::subscriber_is_notified ... ok
[INFO] [stdout] test listener::tests::can_init_listener_from_store ... ok
[INFO] [stdout] test listener::tests::listener_is_called ... ok
[INFO] [stdout] test listener::tests::listener_is_replaced ... ok
[INFO] [stdout] test listener::tests::listener_of_different_type_is_not_replaced ... ok
[INFO] [stdout] test mrc::tests::can_wrap_store_with_mrc ... ok
[INFO] [stdout] test subscriber::tests::can_modify_state_inside_on_changed ... ok
[INFO] [stdout] test mrc::tests::subscriber_is_notified_on_with_mut ... ok
[INFO] [stdout] test mrc::tests::subscriber_is_notified_on_borrow_mut ... ok
[INFO] [stdout] test subscriber::tests::subscriber_is_notified_after_leak ... ok
[INFO] [stdout] test subscriber::tests::subscriber_is_notified_on_subscribe ... ok
[INFO] [stdout] test subscriber::tests::unsubscribe_removes_from_list ... ok
[INFO] [stdout] test subscriber::tests::subscribe_adds_to_list ... ok
[INFO] [stdout] test subscriber::tests::subscriber_id_unsubscribes_when_dropped ... ok
[INFO] [stdout] 
[INFO] [stdout] test result: ok. 36 passed; 0 failed; 0 ignored; 0 measured; 0 filtered out; finished in 0.00s
[INFO] [stdout] 
[INFO] [stderr]    Doc-tests yewdux
[INFO] [stdout] 
[INFO] [stdout] running 19 tests
[INFO] [stdout] test src/dispatch.rs - dispatch::Dispatch<S>::apply_callback (line 218) ... FAILED
[INFO] [stdout] test src/dispatch.rs - dispatch::Dispatch<S>::reduce_mut (line 396) ... FAILED
[INFO] [stdout] test src/dispatch.rs - dispatch (line 3) ... FAILED
[INFO] [stdout] test src/dispatch.rs - dispatch::Dispatch<S>::set (line 260) ... FAILED
[INFO] [stdout] test src/dispatch.rs - dispatch::Dispatch<S>::subscribe (line 108) ... FAILED
[INFO] [stdout] test src/dispatch.rs - dispatch::Dispatch<S>::reduce (line 311) ... FAILED
[INFO] [stdout] test src/dispatch.rs - dispatch::Dispatch<S>::reduce_mut_callback (line 424) ... FAILED
[INFO] [stdout] test src/dispatch.rs - dispatch::Dispatch<S>::apply (line 187) ... FAILED
[INFO] [stdout] test src/dispatch.rs - dispatch::Dispatch<S>::reduce_mut_callback_with (line 456) ... FAILED
[INFO] [stdout] test src/dispatch.rs - dispatch::Dispatch<S>::reduce_callback (line 332) ... FAILED
[INFO] [stdout] test src/dispatch.rs - dispatch::Dispatch<S>::reduce_callback_with (line 361) ... FAILED
[INFO] [stdout] test src/functional.rs - functional::use_store (line 29) ... ok
[INFO] [stdout] test src/functional.rs - functional::use_selector (line 74) ... ok
[INFO] [stdout] test src/functional.rs - functional::use_selector_with_deps (line 124) ... ok
[INFO] [stdout] test src/dispatch.rs - dispatch::Dispatch<S>::set_callback (line 278) ... ok
[INFO] [stdout] test src/lib.rs - (line 9) ... ok
[INFO] [stdout] test src/store.rs - store::Reducer (line 20) ... ok
[INFO] [stdout] test src/context.rs - context::Context (line 40) ... ok
[INFO] [stdout] test src/mrc.rs - mrc (line 5) ... ok
[INFO] [stdout] 
[INFO] [stdout] failures:
[INFO] [stdout] 
[INFO] [stdout] ---- src/dispatch.rs - dispatch::Dispatch<S>::apply_callback (line 218) stdout ----
[INFO] [stdout] error[E0599]: no function or associated item named `global` found for struct `yewdux::Dispatch` in the current scope
[INFO] [stdout]   --> src/dispatch.rs:239:35
[INFO] [stdout]    |
[INFO] [stdout] 23 | let dispatch = Dispatch::<State>::global();
[INFO] [stdout]    |                                   ^^^^^^ function or associated item not found in `Dispatch<State>`
[INFO] [stdout]    |
[INFO] [stdout] note: if you're trying to build a new `yewdux::Dispatch<State>`, consider using `yewdux::Dispatch::<S>::new` which returns `yewdux::Dispatch<_>`
[INFO] [stdout]   --> /opt/rustwide/workdir/src/dispatch.rs:61:5
[INFO] [stdout]    |
[INFO] [stdout] 61 |     pub fn new(cx: &Context) -> Self {
[INFO] [stdout]    |     ^^^^^^^^^^^^^^^^^^^^^^^^^^^^^^^^
[INFO] [stdout] 
[INFO] [stdout] error: aborting due to 1 previous error
[INFO] [stdout] 
[INFO] [stdout] For more information about this error, try `rustc --explain E0599`.
[INFO] [stdout] Couldn't compile the test.
[INFO] [stdout] ---- src/dispatch.rs - dispatch::Dispatch<S>::reduce_mut (line 396) stdout ----
[INFO] [stdout] error[E0599]: no function or associated item named `global` found for struct `yewdux::Dispatch` in the current scope
[INFO] [stdout]   --> src/dispatch.rs:405:35
[INFO] [stdout]    |
[INFO] [stdout] 11 | let dispatch = Dispatch::<State>::global();
[INFO] [stdout]    |                                   ^^^^^^ function or associated item not found in `Dispatch<State>`
[INFO] [stdout]    |
[INFO] [stdout] note: if you're trying to build a new `yewdux::Dispatch<State>`, consider using `yewdux::Dispatch::<S>::new` which returns `yewdux::Dispatch<_>`
[INFO] [stdout]   --> /opt/rustwide/workdir/src/dispatch.rs:61:5
[INFO] [stdout]    |
[INFO] [stdout] 61 |     pub fn new(cx: &Context) -> Self {
[INFO] [stdout]    |     ^^^^^^^^^^^^^^^^^^^^^^^^^^^^^^^^
[INFO] [stdout] 
[INFO] [stdout] error: aborting due to 1 previous error
[INFO] [stdout] 
[INFO] [stdout] For more information about this error, try `rustc --explain E0599`.
[INFO] [stdout] Couldn't compile the test.
[INFO] [stdout] ---- src/dispatch.rs - dispatch (line 3) stdout ----
[INFO] [stdout] error[E0599]: no function or associated item named `global` found for struct `yewdux::Dispatch` in the current scope
[INFO] [stdout]   --> src/dispatch.rs:12:35
[INFO] [stdout]    |
[INFO] [stdout] 12 | let dispatch = Dispatch::<State>::global();
[INFO] [stdout]    |                                   ^^^^^^ function or associated item not found in `Dispatch<State>`
[INFO] [stdout]    |
[INFO] [stdout] note: if you're trying to build a new `yewdux::Dispatch<State>`, consider using `yewdux::Dispatch::<S>::new` which returns `yewdux::Dispatch<_>`
[INFO] [stdout]   --> /opt/rustwide/workdir/src/dispatch.rs:61:5
[INFO] [stdout]    |
[INFO] [stdout] 61 |     pub fn new(cx: &Context) -> Self {
[INFO] [stdout]    |     ^^^^^^^^^^^^^^^^^^^^^^^^^^^^^^^^
[INFO] [stdout] 
[INFO] [stdout] error: aborting due to 1 previous error
[INFO] [stdout] 
[INFO] [stdout] For more information about this error, try `rustc --explain E0599`.
[INFO] [stdout] Couldn't compile the test.
[INFO] [stdout] ---- src/dispatch.rs - dispatch::Dispatch<S>::set (line 260) stdout ----
[INFO] [stdout] error[E0599]: no function or associated item named `global` found for struct `yewdux::Dispatch` in the current scope
[INFO] [stdout]   --> src/dispatch.rs:269:35
[INFO] [stdout]    |
[INFO] [stdout] 11 | let dispatch = Dispatch::<State>::global();
[INFO] [stdout]    |                                   ^^^^^^ function or associated item not found in `Dispatch<State>`
[INFO] [stdout]    |
[INFO] [stdout] note: if you're trying to build a new `yewdux::Dispatch<State>`, consider using `yewdux::Dispatch::<S>::new` which returns `yewdux::Dispatch<_>`
[INFO] [stdout]   --> /opt/rustwide/workdir/src/dispatch.rs:61:5
[INFO] [stdout]    |
[INFO] [stdout] 61 |     pub fn new(cx: &Context) -> Self {
[INFO] [stdout]    |     ^^^^^^^^^^^^^^^^^^^^^^^^^^^^^^^^
[INFO] [stdout] 
[INFO] [stdout] error: aborting due to 1 previous error
[INFO] [stdout] 
[INFO] [stdout] For more information about this error, try `rustc --explain E0599`.
[INFO] [stdout] Couldn't compile the test.
[INFO] [stdout] ---- src/dispatch.rs - dispatch::Dispatch<S>::subscribe (line 108) stdout ----
[INFO] [stdout] error[E0599]: no function or associated item named `global` found for struct `yewdux::Dispatch` in the current scope
[INFO] [stdout]   --> src/dispatch.rs:138:34
[INFO] [stdout]    |
[INFO] [stdout] 33 |         let dispatch = Dispatch::global().subscribe(on_change);
[INFO] [stdout]    |                                  ^^^^^^ function or associated item not found in `Dispatch<_>`
[INFO] [stdout]    |
[INFO] [stdout] note: if you're trying to build a new `yewdux::Dispatch<_>`, consider using `yewdux::Dispatch::<S>::new` which returns `yewdux::Dispatch<_>`
[INFO] [stdout]   --> /opt/rustwide/workdir/src/dispatch.rs:61:5
[INFO] [stdout]    |
[INFO] [stdout] 61 |     pub fn new(cx: &Context) -> Self {
[INFO] [stdout]    |     ^^^^^^^^^^^^^^^^^^^^^^^^^^^^^^^^
[INFO] [stdout] 
[INFO] [stdout] error: aborting due to 1 previous error
[INFO] [stdout] 
[INFO] [stdout] For more information about this error, try `rustc --explain E0599`.
[INFO] [stdout] Couldn't compile the test.
[INFO] [stdout] ---- src/dispatch.rs - dispatch::Dispatch<S>::reduce (line 311) stdout ----
[INFO] [stdout] error[E0599]: no function or associated item named `global` found for struct `yewdux::Dispatch` in the current scope
[INFO] [stdout]   --> src/dispatch.rs:320:35
[INFO] [stdout]    |
[INFO] [stdout] 11 | let dispatch = Dispatch::<State>::global();
[INFO] [stdout]    |                                   ^^^^^^ function or associated item not found in `Dispatch<State>`
[INFO] [stdout]    |
[INFO] [stdout] note: if you're trying to build a new `yewdux::Dispatch<State>`, consider using `yewdux::Dispatch::<S>::new` which returns `yewdux::Dispatch<_>`
[INFO] [stdout]   --> /opt/rustwide/workdir/src/dispatch.rs:61:5
[INFO] [stdout]    |
[INFO] [stdout] 61 |     pub fn new(cx: &Context) -> Self {
[INFO] [stdout]    |     ^^^^^^^^^^^^^^^^^^^^^^^^^^^^^^^^
[INFO] [stdout] 
[INFO] [stdout] error: aborting due to 1 previous error
[INFO] [stdout] 
[INFO] [stdout] For more information about this error, try `rustc --explain E0599`.
[INFO] [stdout] Couldn't compile the test.
[INFO] [stdout] ---- src/dispatch.rs - dispatch::Dispatch<S>::reduce_mut_callback (line 424) stdout ----
[INFO] [stdout] error[E0599]: no function or associated item named `global` found for struct `yewdux::Dispatch` in the current scope
[INFO] [stdout]   --> src/dispatch.rs:433:35
[INFO] [stdout]    |
[INFO] [stdout] 11 | let dispatch = Dispatch::<State>::global();
[INFO] [stdout]    |                                   ^^^^^^ function or associated item not found in `Dispatch<State>`
[INFO] [stdout]    |
[INFO] [stdout] note: if you're trying to build a new `yewdux::Dispatch<State>`, consider using `yewdux::Dispatch::<S>::new` which returns `yewdux::Dispatch<_>`
[INFO] [stdout]   --> /opt/rustwide/workdir/src/dispatch.rs:61:5
[INFO] [stdout]    |
[INFO] [stdout] 61 |     pub fn new(cx: &Context) -> Self {
[INFO] [stdout]    |     ^^^^^^^^^^^^^^^^^^^^^^^^^^^^^^^^
[INFO] [stdout] 
[INFO] [stdout] error: aborting due to 1 previous error
[INFO] [stdout] 
[INFO] [stdout] For more information about this error, try `rustc --explain E0599`.
[INFO] [stdout] Couldn't compile the test.
[INFO] [stdout] ---- src/dispatch.rs - dispatch::Dispatch<S>::apply (line 187) stdout ----
[INFO] [stdout] error[E0599]: no function or associated item named `global` found for struct `yewdux::Dispatch` in the current scope
[INFO] [stdout]   --> src/dispatch.rs:208:35
[INFO] [stdout]    |
[INFO] [stdout] 23 | let dispatch = Dispatch::<State>::global();
[INFO] [stdout]    |                                   ^^^^^^ function or associated item not found in `Dispatch<State>`
[INFO] [stdout]    |
[INFO] [stdout] note: if you're trying to build a new `yewdux::Dispatch<State>`, consider using `yewdux::Dispatch::<S>::new` which returns `yewdux::Dispatch<_>`
[INFO] [stdout]   --> /opt/rustwide/workdir/src/dispatch.rs:61:5
[INFO] [stdout]    |
[INFO] [stdout] 61 |     pub fn new(cx: &Context) -> Self {
[INFO] [stdout]    |     ^^^^^^^^^^^^^^^^^^^^^^^^^^^^^^^^
[INFO] [stdout] 
[INFO] [stdout] error: aborting due to 1 previous error
[INFO] [stdout] 
[INFO] [stdout] For more information about this error, try `rustc --explain E0599`.
[INFO] [stdout] Couldn't compile the test.
[INFO] [stdout] ---- src/dispatch.rs - dispatch::Dispatch<S>::reduce_mut_callback_with (line 456) stdout ----
[INFO] [stdout] error[E0599]: no function or associated item named `global` found for struct `yewdux::Dispatch` in the current scope
[INFO] [stdout]   --> src/dispatch.rs:465:35
[INFO] [stdout]    |
[INFO] [stdout] 11 | let dispatch = Dispatch::<State>::global();
[INFO] [stdout]    |                                   ^^^^^^ function or associated item not found in `Dispatch<State>`
[INFO] [stdout]    |
[INFO] [stdout] note: if you're trying to build a new `yewdux::Dispatch<State>`, consider using `yewdux::Dispatch::<S>::new` which returns `yewdux::Dispatch<_>`
[INFO] [stdout]   --> /opt/rustwide/workdir/src/dispatch.rs:61:5
[INFO] [stdout]    |
[INFO] [stdout] 61 |     pub fn new(cx: &Context) -> Self {
[INFO] [stdout]    |     ^^^^^^^^^^^^^^^^^^^^^^^^^^^^^^^^
[INFO] [stdout] 
[INFO] [stdout] error: aborting due to 1 previous error
[INFO] [stdout] 
[INFO] [stdout] For more information about this error, try `rustc --explain E0599`.
[INFO] [stdout] Couldn't compile the test.
[INFO] [stdout] ---- src/dispatch.rs - dispatch::Dispatch<S>::reduce_callback (line 332) stdout ----
[INFO] [stdout] error[E0599]: no function or associated item named `global` found for struct `yewdux::Dispatch` in the current scope
[INFO] [stdout]   --> src/dispatch.rs:341:35
[INFO] [stdout]    |
[INFO] [stdout] 11 | let dispatch = Dispatch::<State>::global();
[INFO] [stdout]    |                                   ^^^^^^ function or associated item not found in `Dispatch<State>`
[INFO] [stdout]    |
[INFO] [stdout] note: if you're trying to build a new `yewdux::Dispatch<State>`, consider using `yewdux::Dispatch::<S>::new` which returns `yewdux::Dispatch<_>`
[INFO] [stdout]   --> /opt/rustwide/workdir/src/dispatch.rs:61:5
[INFO] [stdout]    |
[INFO] [stdout] 61 |     pub fn new(cx: &Context) -> Self {
[INFO] [stdout]    |     ^^^^^^^^^^^^^^^^^^^^^^^^^^^^^^^^
[INFO] [stdout] 
[INFO] [stdout] error: aborting due to 1 previous error
[INFO] [stdout] 
[INFO] [stdout] For more information about this error, try `rustc --explain E0599`.
[INFO] [stdout] Couldn't compile the test.
[INFO] [stdout] ---- src/dispatch.rs - dispatch::Dispatch<S>::reduce_callback_with (line 361) stdout ----
[INFO] [stdout] error[E0599]: no function or associated item named `global` found for struct `yewdux::Dispatch` in the current scope
[INFO] [stdout]   --> src/dispatch.rs:370:35
[INFO] [stdout]    |
[INFO] [stdout] 11 | let dispatch = Dispatch::<State>::global();
[INFO] [stdout]    |                                   ^^^^^^ function or associated item not found in `Dispatch<State>`
[INFO] [stdout]    |
[INFO] [stdout] note: if you're trying to build a new `yewdux::Dispatch<State>`, consider using `yewdux::Dispatch::<S>::new` which returns `yewdux::Dispatch<_>`
[INFO] [stdout]   --> /opt/rustwide/workdir/src/dispatch.rs:61:5
[INFO] [stdout]    |
[INFO] [stdout] 61 |     pub fn new(cx: &Context) -> Self {
[INFO] [stdout]    |     ^^^^^^^^^^^^^^^^^^^^^^^^^^^^^^^^
[INFO] [stdout] 
[INFO] [stdout] error: aborting due to 1 previous error
[INFO] [stdout] 
[INFO] [stdout] For more information about this error, try `rustc --explain E0599`.
[INFO] [stdout] Couldn't compile the test.
[INFO] [stdout] 
[INFO] [stdout] failures:
[INFO] [stdout]     src/dispatch.rs - dispatch (line 3)
[INFO] [stdout]     src/dispatch.rs - dispatch::Dispatch<S>::apply (line 187)
[INFO] [stdout]     src/dispatch.rs - dispatch::Dispatch<S>::apply_callback (line 218)
[INFO] [stdout]     src/dispatch.rs - dispatch::Dispatch<S>::reduce (line 311)
[INFO] [stdout]     src/dispatch.rs - dispatch::Dispatch<S>::reduce_callback (line 332)
[INFO] [stdout]     src/dispatch.rs - dispatch::Dispatch<S>::reduce_callback_with (line 361)
[INFO] [stdout]     src/dispatch.rs - dispatch::Dispatch<S>::reduce_mut (line 396)
[INFO] [stdout]     src/dispatch.rs - dispatch::Dispatch<S>::reduce_mut_callback (line 424)
[INFO] [stdout]     src/dispatch.rs - dispatch::Dispatch<S>::reduce_mut_callback_with (line 456)
[INFO] [stdout]     src/dispatch.rs - dispatch::Dispatch<S>::set (line 260)
[INFO] [stdout]     src/dispatch.rs - dispatch::Dispatch<S>::subscribe (line 108)
[INFO] [stdout] 
[INFO] [stdout] test result: FAILED. 8 passed; 11 failed; 0 ignored; 0 measured; 0 filtered out; finished in 0.59s
[INFO] [stdout] 
[INFO] [stderr] error: doctest failed, to rerun pass `--doc`
[INFO] running `Command { std: "docker" "inspect" "8ce3dbd46fd21ad99390551ecc7accf0c0c55e1ad768e1ada0fe8b790538dd20", kill_on_drop: false }`
[INFO] running `Command { std: "docker" "rm" "-f" "8ce3dbd46fd21ad99390551ecc7accf0c0c55e1ad768e1ada0fe8b790538dd20", kill_on_drop: false }`
[INFO] [stdout] 8ce3dbd46fd21ad99390551ecc7accf0c0c55e1ad768e1ada0fe8b790538dd20
