[INFO] fetching crate yew-interop-macro 0.3.0...
[INFO] testing yew-interop-macro-0.3.0 against beta-2024-12-08 for beta-1.84.0-4-retry
[INFO] extracting crate yew-interop-macro 0.3.0 into /workspace/builds/worker-1-tc2/source
[INFO] validating manifest of crates.io crate yew-interop-macro 0.3.0 on toolchain beta-2024-12-08
[INFO] running `Command { std: CARGO_HOME="/workspace/cargo-home" RUSTUP_HOME="/workspace/rustup-home" "/workspace/cargo-home/bin/cargo" "+beta-2024-12-08" "metadata" "--manifest-path" "Cargo.toml" "--no-deps", kill_on_drop: false }`
[INFO] started tweaking crates.io crate yew-interop-macro 0.3.0
[INFO] finished tweaking crates.io crate yew-interop-macro 0.3.0
[INFO] tweaked toml for crates.io crate yew-interop-macro 0.3.0 written to /workspace/builds/worker-1-tc2/source/Cargo.toml
[INFO] running `Command { std: CARGO_HOME="/workspace/cargo-home" RUSTUP_HOME="/workspace/rustup-home" "/workspace/cargo-home/bin/cargo" "+beta-2024-12-08" "generate-lockfile" "--manifest-path" "Cargo.toml", kill_on_drop: false }`
[INFO] [stderr]     Updating crates.io index
[INFO] [stderr]      Locking 81 packages to latest compatible versions
[INFO] [stderr]       Adding itertools v0.10.5 (available: v0.13.0)
[INFO] [stderr]       Adding syn v1.0.109 (available: v2.0.90)
[INFO] [stderr]       Adding yew v0.19.3 (available: v0.21.0)
[INFO] running `Command { std: CARGO_HOME="/workspace/cargo-home" RUSTUP_HOME="/workspace/rustup-home" "/workspace/cargo-home/bin/cargo" "+beta-2024-12-08" "fetch" "--manifest-path" "Cargo.toml", kill_on_drop: false }`
[INFO] running `Command { std: "docker" "create" "-v" "/var/lib/crater-agent-workspace/builds/worker-1-tc2/target:/opt/rustwide/target:rw,Z" "-v" "/var/lib/crater-agent-workspace/builds/worker-1-tc2/source:/opt/rustwide/workdir:ro,Z" "-v" "/var/lib/crater-agent-workspace/cargo-home:/opt/rustwide/cargo-home:ro,Z" "-v" "/var/lib/crater-agent-workspace/rustup-home:/opt/rustwide/rustup-home:ro,Z" "-e" "SOURCE_DIR=/opt/rustwide/workdir" "-e" "CARGO_TARGET_DIR=/opt/rustwide/target" "-e" "CARGO_HOME=/opt/rustwide/cargo-home" "-e" "RUSTUP_HOME=/opt/rustwide/rustup-home" "-w" "/opt/rustwide/workdir" "-m" "1610612736" "--user" "0:0" "--network" "none" "ghcr.io/rust-lang/crates-build-env/linux@sha256:f3a9d4ad9d972b27faf3965f35b62e55ba32bbce8f20bc8fe909558a86702fde" "/opt/rustwide/cargo-home/bin/cargo" "+beta-2024-12-08" "metadata" "--no-deps" "--format-version=1", kill_on_drop: false }`
[INFO] [stdout] 56f2c9b2851650dba3cd7deee09fed77f9f12d31ea00db8e6d606446de4336ad
[INFO] running `Command { std: "docker" "start" "-a" "56f2c9b2851650dba3cd7deee09fed77f9f12d31ea00db8e6d606446de4336ad", kill_on_drop: false }`
[INFO] running `Command { std: "docker" "inspect" "56f2c9b2851650dba3cd7deee09fed77f9f12d31ea00db8e6d606446de4336ad", kill_on_drop: false }`
[INFO] running `Command { std: "docker" "rm" "-f" "56f2c9b2851650dba3cd7deee09fed77f9f12d31ea00db8e6d606446de4336ad", kill_on_drop: false }`
[INFO] [stdout] 56f2c9b2851650dba3cd7deee09fed77f9f12d31ea00db8e6d606446de4336ad
[INFO] running `Command { std: "docker" "create" "-v" "/var/lib/crater-agent-workspace/builds/worker-1-tc2/target:/opt/rustwide/target:rw,Z" "-v" "/var/lib/crater-agent-workspace/builds/worker-1-tc2/source:/opt/rustwide/workdir:ro,Z" "-v" "/var/lib/crater-agent-workspace/cargo-home:/opt/rustwide/cargo-home:ro,Z" "-v" "/var/lib/crater-agent-workspace/rustup-home:/opt/rustwide/rustup-home:ro,Z" "-e" "SOURCE_DIR=/opt/rustwide/workdir" "-e" "CARGO_TARGET_DIR=/opt/rustwide/target" "-e" "CARGO_INCREMENTAL=0" "-e" "RUST_BACKTRACE=full" "-e" "RUSTFLAGS=--cap-lints=warn" "-e" "RUSTDOCFLAGS=--cap-lints=warn" "-e" "CARGO_HOME=/opt/rustwide/cargo-home" "-e" "RUSTUP_HOME=/opt/rustwide/rustup-home" "-w" "/opt/rustwide/workdir" "-m" "1610612736" "--user" "0:0" "--network" "none" "ghcr.io/rust-lang/crates-build-env/linux@sha256:f3a9d4ad9d972b27faf3965f35b62e55ba32bbce8f20bc8fe909558a86702fde" "/opt/rustwide/cargo-home/bin/cargo" "+beta-2024-12-08" "build" "--frozen" "--message-format=json", kill_on_drop: false }`
[INFO] [stdout] 0dffbb626620d33c32bbe78e8af57df594a15ffe90af14ac3539fb8c8af84b5f
[INFO] running `Command { std: "docker" "start" "-a" "0dffbb626620d33c32bbe78e8af57df594a15ffe90af14ac3539fb8c8af84b5f", kill_on_drop: false }`
[INFO] [stderr]    Compiling proc-macro2 v1.0.92
[INFO] [stderr]    Compiling unicode-ident v1.0.14
[INFO] [stderr]    Compiling stable_deref_trait v1.2.0
[INFO] [stderr]    Compiling writeable v0.5.5
[INFO] [stderr]    Compiling litemap v0.7.4
[INFO] [stderr]    Compiling icu_locid_transform_data v1.5.0
[INFO] [stderr]    Compiling icu_properties_data v1.5.0
[INFO] [stderr]    Compiling icu_normalizer_data v1.5.0
[INFO] [stderr]    Compiling write16 v1.0.0
[INFO] [stderr]    Compiling smallvec v1.13.2
[INFO] [stderr]    Compiling utf8_iter v1.0.4
[INFO] [stderr]    Compiling utf16_iter v1.0.5
[INFO] [stderr]    Compiling percent-encoding v2.3.1
[INFO] [stderr]    Compiling syn v1.0.109
[INFO] [stderr]    Compiling either v1.13.0
[INFO] [stderr]    Compiling yew-interop-core v0.2.0
[INFO] [stderr]    Compiling form_urlencoded v1.2.1
[INFO] [stderr]    Compiling itertools v0.10.5
[INFO] [stderr]    Compiling quote v1.0.37
[INFO] [stderr]    Compiling syn v2.0.90
[INFO] [stderr]    Compiling synstructure v0.13.1
[INFO] [stderr]    Compiling zerovec-derive v0.10.3
[INFO] [stderr]    Compiling displaydoc v0.2.5
[INFO] [stderr]    Compiling icu_provider_macros v1.5.0
[INFO] [stderr]    Compiling zerofrom-derive v0.1.5
[INFO] [stderr]    Compiling yoke-derive v0.7.5
[INFO] [stderr]    Compiling zerofrom v0.1.5
[INFO] [stderr]    Compiling yoke v0.7.5
[INFO] [stderr]    Compiling zerovec v0.10.4
[INFO] [stderr]    Compiling tinystr v0.7.6
[INFO] [stderr]    Compiling icu_collections v1.5.0
[INFO] [stderr]    Compiling icu_locid v1.5.0
[INFO] [stderr]    Compiling icu_provider v1.5.0
[INFO] [stderr]    Compiling icu_locid_transform v1.5.0
[INFO] [stderr]    Compiling icu_properties v1.5.1
[INFO] [stderr]    Compiling icu_normalizer v1.5.0
[INFO] [stderr]    Compiling idna_adapter v1.2.0
[INFO] [stderr]    Compiling idna v1.0.3
[INFO] [stderr]    Compiling url v2.5.4
[INFO] [stderr]    Compiling yew-interop-macro v0.3.0 (/opt/rustwide/workdir)
[INFO] [stdout] warning: trait `ExprExt` is never used
[INFO] [stdout]    --> src/lib.rs:613:7
[INFO] [stdout]     |
[INFO] [stdout] 613 | trait ExprExt {
[INFO] [stdout]     |       ^^^^^^^
[INFO] [stdout]     |
[INFO] [stdout]     = note: `#[warn(dead_code)]` on by default
[INFO] [stdout] 
[INFO] [stdout] 
[INFO] [stderr]     Finished `dev` profile [unoptimized + debuginfo] target(s) in 18.93s
[INFO] running `Command { std: "docker" "inspect" "0dffbb626620d33c32bbe78e8af57df594a15ffe90af14ac3539fb8c8af84b5f", kill_on_drop: false }`
[INFO] running `Command { std: "docker" "rm" "-f" "0dffbb626620d33c32bbe78e8af57df594a15ffe90af14ac3539fb8c8af84b5f", kill_on_drop: false }`
[INFO] [stdout] 0dffbb626620d33c32bbe78e8af57df594a15ffe90af14ac3539fb8c8af84b5f
[INFO] running `Command { std: "docker" "create" "-v" "/var/lib/crater-agent-workspace/builds/worker-1-tc2/target:/opt/rustwide/target:rw,Z" "-v" "/var/lib/crater-agent-workspace/builds/worker-1-tc2/source:/opt/rustwide/workdir:ro,Z" "-v" "/var/lib/crater-agent-workspace/cargo-home:/opt/rustwide/cargo-home:ro,Z" "-v" "/var/lib/crater-agent-workspace/rustup-home:/opt/rustwide/rustup-home:ro,Z" "-e" "SOURCE_DIR=/opt/rustwide/workdir" "-e" "CARGO_TARGET_DIR=/opt/rustwide/target" "-e" "CARGO_INCREMENTAL=0" "-e" "RUST_BACKTRACE=full" "-e" "RUSTFLAGS=--cap-lints=warn" "-e" "RUSTDOCFLAGS=--cap-lints=warn" "-e" "CARGO_HOME=/opt/rustwide/cargo-home" "-e" "RUSTUP_HOME=/opt/rustwide/rustup-home" "-w" "/opt/rustwide/workdir" "-m" "1610612736" "--user" "0:0" "--network" "none" "ghcr.io/rust-lang/crates-build-env/linux@sha256:f3a9d4ad9d972b27faf3965f35b62e55ba32bbce8f20bc8fe909558a86702fde" "/opt/rustwide/cargo-home/bin/cargo" "+beta-2024-12-08" "test" "--frozen" "--no-run" "--message-format=json", kill_on_drop: false }`
[INFO] [stdout] e89ac7f2e33bd44ff631dbc37a4dc3c77c0b91fce7b35eb528cac39167a30f5c
[INFO] running `Command { std: "docker" "start" "-a" "e89ac7f2e33bd44ff631dbc37a4dc3c77c0b91fce7b35eb528cac39167a30f5c", kill_on_drop: false }`
[INFO] [stderr]    Compiling wasm-bindgen-shared v0.2.99
[INFO] [stderr]    Compiling log v0.4.22
[INFO] [stderr]    Compiling bumpalo v3.16.0
[INFO] [stderr]    Compiling wasm-bindgen v0.2.99
[INFO] [stderr]    Compiling once_cell v1.20.2
[INFO] [stderr]    Compiling cfg-if v1.0.0
[INFO] [stderr]    Compiling version_check v0.9.5
[INFO] [stderr]    Compiling serde v1.0.216
[INFO] [stderr]    Compiling autocfg v1.4.0
[INFO] [stderr]    Compiling serde_json v1.0.133
[INFO] [stderr]    Compiling itoa v1.0.14
[INFO] [stderr]    Compiling memchr v2.7.4
[INFO] [stderr]    Compiling syn v1.0.109
[INFO] [stderr]    Compiling ryu v1.0.18
[INFO] [stderr]    Compiling syn v2.0.90
[INFO] [stderr]    Compiling thiserror v1.0.69
[INFO] [stderr]    Compiling hashbrown v0.12.3
[INFO] [stderr]    Compiling boolinator v2.4.0
[INFO] [stderr]    Compiling lazy_static v1.5.0
[INFO] [stderr]    Compiling scoped-tls-hkt v0.1.5
[INFO] [stderr]    Compiling proc-macro-error-attr v1.0.4
[INFO] [stderr]    Compiling proc-macro-error v1.0.4
[INFO] [stderr]    Compiling slab v0.4.9
[INFO] [stderr]    Compiling indexmap v1.9.3
[INFO] [stderr]    Compiling yew-macro v0.19.3
[INFO] [stderr]    Compiling wasm-bindgen-backend v0.2.99
[INFO] [stderr]    Compiling synstructure v0.13.1
[INFO] [stderr]    Compiling zerofrom-derive v0.1.5
[INFO] [stderr]    Compiling yoke-derive v0.7.5
[INFO] [stderr]    Compiling zerovec-derive v0.10.3
[INFO] [stderr]    Compiling displaydoc v0.2.5
[INFO] [stderr]    Compiling icu_provider_macros v1.5.0
[INFO] [stderr]    Compiling serde_derive v1.0.216
[INFO] [stderr]    Compiling thiserror-impl v1.0.69
[INFO] [stderr]    Compiling wasm-bindgen-macro-support v0.2.99
[INFO] [stderr]    Compiling zerofrom v0.1.5
[INFO] [stderr]    Compiling yoke v0.7.5
[INFO] [stderr]    Compiling wasm-bindgen-macro v0.2.99
[INFO] [stderr]    Compiling zerovec v0.10.4
[INFO] [stderr]    Compiling tinystr v0.7.6
[INFO] [stderr]    Compiling icu_collections v1.5.0
[INFO] [stderr]    Compiling icu_locid v1.5.0
[INFO] [stderr]    Compiling js-sys v0.3.76
[INFO] [stderr]    Compiling console_error_panic_hook v0.1.7
[INFO] [stderr]    Compiling icu_provider v1.5.0
[INFO] [stderr]    Compiling icu_locid_transform v1.5.0
[INFO] [stderr]    Compiling icu_properties v1.5.1
[INFO] [stderr]    Compiling icu_normalizer v1.5.0
[INFO] [stderr]    Compiling web-sys v0.3.76
[INFO] [stderr]    Compiling gloo-timers v0.2.6
[INFO] [stderr]    Compiling wasm-bindgen-futures v0.4.49
[INFO] [stderr]    Compiling idna_adapter v1.2.0
[INFO] [stderr]    Compiling idna v1.0.3
[INFO] [stderr]    Compiling url v2.5.4
[INFO] [stderr]    Compiling yew-interop-macro v0.3.0 (/opt/rustwide/workdir)
[INFO] [stdout] warning: trait `ExprExt` is never used
[INFO] [stdout]    --> src/lib.rs:613:7
[INFO] [stdout]     |
[INFO] [stdout] 613 | trait ExprExt {
[INFO] [stdout]     |       ^^^^^^^
[INFO] [stdout]     |
[INFO] [stdout]     = note: `#[warn(dead_code)]` on by default
[INFO] [stdout] 
[INFO] [stdout] 
[INFO] [stderr]    Compiling gloo-utils v0.1.7
[INFO] [stderr]    Compiling gloo-events v0.1.2
[INFO] [stderr]    Compiling gloo-render v0.1.1
[INFO] [stderr]    Compiling gloo-dialogs v0.1.1
[INFO] [stderr]    Compiling gloo-console v0.2.3
[INFO] [stderr]    Compiling gloo-storage v0.2.2
[INFO] [stderr]    Compiling gloo-file v0.2.3
[INFO] [stderr]    Compiling gloo v0.4.2
[INFO] [stderr]    Compiling yew v0.19.3
[INFO] [stdout] warning: trait `ExprExt` is never used
[INFO] [stdout]    --> src/lib.rs:613:7
[INFO] [stdout]     |
[INFO] [stdout] 613 | trait ExprExt {
[INFO] [stdout]     |       ^^^^^^^
[INFO] [stdout]     |
[INFO] [stdout]     = note: `#[warn(dead_code)]` on by default
[INFO] [stdout] 
[INFO] [stdout] 
[INFO] [stderr]     Finished `test` profile [unoptimized + debuginfo] target(s) in 27.05s
[INFO] running `Command { std: "docker" "inspect" "e89ac7f2e33bd44ff631dbc37a4dc3c77c0b91fce7b35eb528cac39167a30f5c", kill_on_drop: false }`
[INFO] running `Command { std: "docker" "rm" "-f" "e89ac7f2e33bd44ff631dbc37a4dc3c77c0b91fce7b35eb528cac39167a30f5c", kill_on_drop: false }`
[INFO] [stdout] e89ac7f2e33bd44ff631dbc37a4dc3c77c0b91fce7b35eb528cac39167a30f5c
[INFO] running `Command { std: "docker" "create" "-v" "/var/lib/crater-agent-workspace/builds/worker-1-tc2/target:/opt/rustwide/target:rw,Z" "-v" "/var/lib/crater-agent-workspace/builds/worker-1-tc2/source:/opt/rustwide/workdir:ro,Z" "-v" "/var/lib/crater-agent-workspace/cargo-home:/opt/rustwide/cargo-home:ro,Z" "-v" "/var/lib/crater-agent-workspace/rustup-home:/opt/rustwide/rustup-home:ro,Z" "-e" "SOURCE_DIR=/opt/rustwide/workdir" "-e" "CARGO_TARGET_DIR=/opt/rustwide/target" "-e" "CARGO_INCREMENTAL=0" "-e" "RUST_BACKTRACE=full" "-e" "RUSTFLAGS=--cap-lints=warn" "-e" "RUSTDOCFLAGS=--cap-lints=warn" "-e" "CARGO_HOME=/opt/rustwide/cargo-home" "-e" "RUSTUP_HOME=/opt/rustwide/rustup-home" "-w" "/opt/rustwide/workdir" "-m" "1610612736" "--user" "0:0" "--network" "none" "ghcr.io/rust-lang/crates-build-env/linux@sha256:f3a9d4ad9d972b27faf3965f35b62e55ba32bbce8f20bc8fe909558a86702fde" "/opt/rustwide/cargo-home/bin/cargo" "+beta-2024-12-08" "test" "--frozen", kill_on_drop: false }`
[INFO] [stdout] 2a7313e0064e7e6f9ad746e0326093644ff6512b0bc007ca3a578f0106cb5d69
[INFO] running `Command { std: "docker" "start" "-a" "2a7313e0064e7e6f9ad746e0326093644ff6512b0bc007ca3a578f0106cb5d69", kill_on_drop: false }`
[INFO] [stderr] warning: trait `ExprExt` is never used
[INFO] [stderr]    --> src/lib.rs:613:7
[INFO] [stderr]     |
[INFO] [stderr] 613 | trait ExprExt {
[INFO] [stderr]     |       ^^^^^^^
[INFO] [stderr]     |
[INFO] [stderr]     = note: `#[warn(dead_code)]` on by default
[INFO] [stderr] 
[INFO] [stderr] warning: `yew-interop-macro` (lib) generated 1 warning
[INFO] [stderr] warning: `yew-interop-macro` (lib test) generated 1 warning (1 duplicate)
[INFO] [stderr]     Finished `test` profile [unoptimized + debuginfo] target(s) in 0.11s
[INFO] [stderr]      Running unittests src/lib.rs (/opt/rustwide/target/debug/deps/yew_interop_macro-2515a5028a12926f)
[INFO] [stderr]    Doc-tests yew_interop_macro
[INFO] [stdout] 
[INFO] [stdout] running 0 tests
[INFO] [stdout] 
[INFO] [stdout] test result: ok. 0 passed; 0 failed; 0 ignored; 0 measured; 0 filtered out; finished in 0.00s
[INFO] [stdout] 
[INFO] [stdout] 
[INFO] [stdout] running 5 tests
[INFO] [stdout] test src/lib.rs - declare_resources (line 127) ... FAILED
[INFO] [stdout] test src/lib.rs - declare_resources (line 136) ... FAILED
[INFO] [stdout] test src/lib.rs - declare_resources (line 160) ... FAILED
[INFO] [stdout] test src/lib.rs - declare_resources (line 215) ... FAILED
[INFO] [stdout] test src/lib.rs - declare_resources (line 192) ... ok
[INFO] [stdout] 
[INFO] [stdout] failures:
[INFO] [stdout] 
[INFO] [stdout] ---- src/lib.rs - declare_resources (line 127) stdout ----
[INFO] [stdout] error[E0432]: unresolved import `yew_interop`
[INFO] [stdout]  --> src/lib.rs:129:5
[INFO] [stdout]   |
[INFO] [stdout] 4 | use yew_interop::declare_resources;
[INFO] [stdout]   |     ^^^^^^^^^^^ use of undeclared crate or module `yew_interop`
[INFO] [stdout] 
[INFO] [stdout] error: aborting due to 1 previous error
[INFO] [stdout] 
[INFO] [stdout] For more information about this error, try `rustc --explain E0432`.
[INFO] [stdout] Couldn't compile the test.
[INFO] [stdout] ---- src/lib.rs - declare_resources (line 136) stdout ----
[INFO] [stdout] error[E0432]: unresolved import `yew_interop`
[INFO] [stdout]  --> src/lib.rs:138:5
[INFO] [stdout]   |
[INFO] [stdout] 4 | use yew_interop::declare_resources;
[INFO] [stdout]   |     ^^^^^^^^^^^ use of undeclared crate or module `yew_interop`
[INFO] [stdout] 
[INFO] [stdout] error: aborting due to 1 previous error
[INFO] [stdout] 
[INFO] [stdout] For more information about this error, try `rustc --explain E0432`.
[INFO] [stdout] Couldn't compile the test.
[INFO] [stdout] ---- src/lib.rs - declare_resources (line 160) stdout ----
[INFO] [stdout] error[E0432]: unresolved import `yew_interop`
[INFO] [stdout]  --> src/lib.rs:163:5
[INFO] [stdout]   |
[INFO] [stdout] 5 | use yew_interop::declare_resources;
[INFO] [stdout]   |     ^^^^^^^^^^^ use of undeclared crate or module `yew_interop`
[INFO] [stdout] 
[INFO] [stdout] error: aborting due to 1 previous error
[INFO] [stdout] 
[INFO] [stdout] For more information about this error, try `rustc --explain E0432`.
[INFO] [stdout] Couldn't compile the test.
[INFO] [stdout] ---- src/lib.rs - declare_resources (line 215) stdout ----
[INFO] [stdout] error[E0432]: unresolved import `yew_interop`
[INFO] [stdout]  --> src/lib.rs:217:5
[INFO] [stdout]   |
[INFO] [stdout] 4 | use yew_interop::declare_resources;
[INFO] [stdout]   |     ^^^^^^^^^^^ use of undeclared crate or module `yew_interop`
[INFO] [stdout] 
[INFO] [stdout] error[E0412]: cannot find type `ResourceProvider` in this scope
[INFO] [stdout]   --> src/lib.rs:227:6
[INFO] [stdout]    |
[INFO] [stdout] 14 |     <ResourceProvider>
[INFO] [stdout]    |      ^^^^^^^^^^^^^^^^ not found in this scope
[INFO] [stdout] 
[INFO] [stdout] error[E0412]: cannot find type `ResourceProvider` in this scope
[INFO] [stdout]   --> src/lib.rs:227:6
[INFO] [stdout]    |
[INFO] [stdout] 14 |     <ResourceProvider>
[INFO] [stdout]    |      ^^^^^^^^^^^^^^^^ not found in this scope
[INFO] [stdout]    |
[INFO] [stdout] help: you might be missing a type parameter
[INFO] [stdout]    |
[INFO] [stdout] 2  | fn main() { #[allow(non_snake_case)] fn _doctest_main_src_lib_rs_215_0<ResourceProvider>() {
[INFO] [stdout]    |                                                                       ++++++++++++++++++
[INFO] [stdout] 
[INFO] [stdout] error: aborting due to 3 previous errors
[INFO] [stdout] 
[INFO] [stdout] Some errors have detailed explanations: E0412, E0432.
[INFO] [stdout] For more information about an error, try `rustc --explain E0412`.
[INFO] [stdout] Couldn't compile the test.
[INFO] [stdout] 
[INFO] [stdout] failures:
[INFO] [stdout]     src/lib.rs - declare_resources (line 127)
[INFO] [stdout]     src/lib.rs - declare_resources (line 136)
[INFO] [stdout]     src/lib.rs - declare_resources (line 160)
[INFO] [stdout]     src/lib.rs - declare_resources (line 215)
[INFO] [stdout] 
[INFO] [stdout] test result: FAILED. 1 passed; 4 failed; 0 ignored; 0 measured; 0 filtered out; finished in 0.37s
[INFO] [stdout] 
[INFO] [stderr] error: doctest failed, to rerun pass `--doc`
[INFO] running `Command { std: "docker" "inspect" "2a7313e0064e7e6f9ad746e0326093644ff6512b0bc007ca3a578f0106cb5d69", kill_on_drop: false }`
[INFO] running `Command { std: "docker" "rm" "-f" "2a7313e0064e7e6f9ad746e0326093644ff6512b0bc007ca3a578f0106cb5d69", kill_on_drop: false }`
[INFO] [stdout] 2a7313e0064e7e6f9ad746e0326093644ff6512b0bc007ca3a578f0106cb5d69
