[INFO] fetching crate yew-html-attributes 0.1.1...
[INFO] testing yew-html-attributes-0.1.1 against beta-2024-12-08 for beta-1.84.0-4-retry
[INFO] extracting crate yew-html-attributes 0.1.1 into /workspace/builds/worker-6-tc2/source
[INFO] validating manifest of crates.io crate yew-html-attributes 0.1.1 on toolchain beta-2024-12-08
[INFO] running `Command { std: CARGO_HOME="/workspace/cargo-home" RUSTUP_HOME="/workspace/rustup-home" "/workspace/cargo-home/bin/cargo" "+beta-2024-12-08" "metadata" "--manifest-path" "Cargo.toml" "--no-deps", kill_on_drop: false }`
[INFO] started tweaking crates.io crate yew-html-attributes 0.1.1
[INFO] finished tweaking crates.io crate yew-html-attributes 0.1.1
[INFO] tweaked toml for crates.io crate yew-html-attributes 0.1.1 written to /workspace/builds/worker-6-tc2/source/Cargo.toml
[INFO] running `Command { std: CARGO_HOME="/workspace/cargo-home" RUSTUP_HOME="/workspace/rustup-home" "/workspace/cargo-home/bin/cargo" "+beta-2024-12-08" "generate-lockfile" "--manifest-path" "Cargo.toml", kill_on_drop: false }`
[INFO] [stderr]     Updating crates.io index
[INFO] [stderr]      Locking 106 packages to latest compatible versions
[INFO] [stderr]       Adding yew v0.20.0 (available: v0.21.0)
[INFO] running `Command { std: CARGO_HOME="/workspace/cargo-home" RUSTUP_HOME="/workspace/rustup-home" "/workspace/cargo-home/bin/cargo" "+beta-2024-12-08" "fetch" "--manifest-path" "Cargo.toml", kill_on_drop: false }`
[INFO] running `Command { std: "docker" "create" "-v" "/var/lib/crater-agent-workspace/builds/worker-6-tc2/target:/opt/rustwide/target:rw,Z" "-v" "/var/lib/crater-agent-workspace/builds/worker-6-tc2/source:/opt/rustwide/workdir:ro,Z" "-v" "/var/lib/crater-agent-workspace/cargo-home:/opt/rustwide/cargo-home:ro,Z" "-v" "/var/lib/crater-agent-workspace/rustup-home:/opt/rustwide/rustup-home:ro,Z" "-e" "SOURCE_DIR=/opt/rustwide/workdir" "-e" "CARGO_TARGET_DIR=/opt/rustwide/target" "-e" "CARGO_HOME=/opt/rustwide/cargo-home" "-e" "RUSTUP_HOME=/opt/rustwide/rustup-home" "-w" "/opt/rustwide/workdir" "-m" "1610612736" "--user" "0:0" "--network" "none" "ghcr.io/rust-lang/crates-build-env/linux@sha256:f3a9d4ad9d972b27faf3965f35b62e55ba32bbce8f20bc8fe909558a86702fde" "/opt/rustwide/cargo-home/bin/cargo" "+beta-2024-12-08" "metadata" "--no-deps" "--format-version=1", kill_on_drop: false }`
[INFO] [stdout] 250a0a99846a939b601e9a68c2db98599dc6d16cf36e2c8fbb6fee7ef96ba732
[INFO] running `Command { std: "docker" "start" "-a" "250a0a99846a939b601e9a68c2db98599dc6d16cf36e2c8fbb6fee7ef96ba732", kill_on_drop: false }`
[INFO] running `Command { std: "docker" "inspect" "250a0a99846a939b601e9a68c2db98599dc6d16cf36e2c8fbb6fee7ef96ba732", kill_on_drop: false }`
[INFO] running `Command { std: "docker" "rm" "-f" "250a0a99846a939b601e9a68c2db98599dc6d16cf36e2c8fbb6fee7ef96ba732", kill_on_drop: false }`
[INFO] [stdout] 250a0a99846a939b601e9a68c2db98599dc6d16cf36e2c8fbb6fee7ef96ba732
[INFO] running `Command { std: "docker" "create" "-v" "/var/lib/crater-agent-workspace/builds/worker-6-tc2/target:/opt/rustwide/target:rw,Z" "-v" "/var/lib/crater-agent-workspace/builds/worker-6-tc2/source:/opt/rustwide/workdir:ro,Z" "-v" "/var/lib/crater-agent-workspace/cargo-home:/opt/rustwide/cargo-home:ro,Z" "-v" "/var/lib/crater-agent-workspace/rustup-home:/opt/rustwide/rustup-home:ro,Z" "-e" "SOURCE_DIR=/opt/rustwide/workdir" "-e" "CARGO_TARGET_DIR=/opt/rustwide/target" "-e" "CARGO_INCREMENTAL=0" "-e" "RUST_BACKTRACE=full" "-e" "RUSTFLAGS=--cap-lints=warn" "-e" "RUSTDOCFLAGS=--cap-lints=warn" "-e" "CARGO_HOME=/opt/rustwide/cargo-home" "-e" "RUSTUP_HOME=/opt/rustwide/rustup-home" "-w" "/opt/rustwide/workdir" "-m" "1610612736" "--user" "0:0" "--network" "none" "ghcr.io/rust-lang/crates-build-env/linux@sha256:f3a9d4ad9d972b27faf3965f35b62e55ba32bbce8f20bc8fe909558a86702fde" "/opt/rustwide/cargo-home/bin/cargo" "+beta-2024-12-08" "build" "--frozen" "--message-format=json", kill_on_drop: false }`
[INFO] [stdout] 5e82eada74985a20722882eae160c8880ed6fc5d6f312df130832573a7df0ae3
[INFO] running `Command { std: "docker" "start" "-a" "5e82eada74985a20722882eae160c8880ed6fc5d6f312df130832573a7df0ae3", kill_on_drop: false }`
[INFO] [stderr]    Compiling proc-macro2 v1.0.92
[INFO] [stderr]    Compiling unicode-ident v1.0.14
[INFO] [stderr]    Compiling wasm-bindgen-shared v0.2.99
[INFO] [stderr]    Compiling once_cell v1.20.2
[INFO] [stderr]    Compiling bumpalo v3.16.0
[INFO] [stderr]    Compiling log v0.4.22
[INFO] [stderr]    Compiling wasm-bindgen v0.2.99
[INFO] [stderr]    Compiling cfg-if v1.0.0
[INFO] [stderr]    Compiling memchr v2.7.4
[INFO] [stderr]    Compiling serde v1.0.216
[INFO] [stderr]    Compiling itoa v1.0.14
[INFO] [stderr]    Compiling autocfg v1.4.0
[INFO] [stderr]    Compiling ryu v1.0.18
[INFO] [stderr]    Compiling serde_json v1.0.133
[INFO] [stderr]    Compiling futures-core v0.3.31
[INFO] [stderr]    Compiling thiserror v1.0.69
[INFO] [stderr]    Compiling version_check v0.9.5
[INFO] [stderr]    Compiling pin-project-lite v0.2.15
[INFO] [stderr]    Compiling futures-sink v0.3.31
[INFO] [stderr]    Compiling syn v1.0.109
[INFO] [stderr]    Compiling pin-utils v0.1.0
[INFO] [stderr]    Compiling futures-channel v0.3.31
[INFO] [stderr]    Compiling percent-encoding v2.3.1
[INFO] [stderr]    Compiling futures-task v0.3.31
[INFO] [stderr]    Compiling libc v0.2.168
[INFO] [stderr]    Compiling rustversion v1.0.18
[INFO] [stderr]    Compiling futures-io v0.3.31
[INFO] [stderr]    Compiling fnv v1.0.7
[INFO] [stderr]    Compiling bytes v1.9.0
[INFO] [stderr]    Compiling form_urlencoded v1.2.1
[INFO] [stderr]    Compiling prettyplease v0.1.25
[INFO] [stderr]    Compiling tokio v1.42.0
[INFO] [stderr]    Compiling regex-syntax v0.8.5
[INFO] [stderr]    Compiling hashbrown v0.12.3
[INFO] [stderr]    Compiling slab v0.4.9
[INFO] [stderr]    Compiling indexmap v1.9.3
[INFO] [stderr]    Compiling proc-macro-error-attr v1.0.4
[INFO] [stderr]    Compiling proc-macro-error v1.0.4
[INFO] [stderr]    Compiling anymap2 v0.13.0
[INFO] [stderr]    Compiling tracing-core v0.1.33
[INFO] [stderr]    Compiling aho-corasick v1.1.3
[INFO] [stderr]    Compiling csv-core v0.1.11
[INFO] [stderr]    Compiling boolinator v2.4.0
[INFO] [stderr]    Compiling http v0.2.12
[INFO] [stderr]    Compiling lazy_static v1.5.0
[INFO] [stderr]    Compiling quote v1.0.37
[INFO] [stderr]    Compiling implicit-clone v0.3.9
[INFO] [stderr]    Compiling syn v2.0.90
[INFO] [stderr]    Compiling num_cpus v1.16.0
[INFO] [stderr]    Compiling regex-automata v0.4.9
[INFO] [stderr]    Compiling tokio-stream v0.1.17
[INFO] [stderr]    Compiling regex v1.11.1
[INFO] [stderr]    Compiling wasm-bindgen-backend v0.2.99
[INFO] [stderr]    Compiling yew-macro v0.20.0
[INFO] [stderr]    Compiling serde_derive v1.0.216
[INFO] [stderr]    Compiling thiserror-impl v1.0.69
[INFO] [stderr]    Compiling pin-project-internal v1.1.7
[INFO] [stderr]    Compiling futures-macro v0.3.31
[INFO] [stderr]    Compiling tracing-attributes v0.1.28
[INFO] [stderr]    Compiling wasm-bindgen-macro-support v0.2.99
[INFO] [stderr]    Compiling pin-project v1.1.7
[INFO] [stderr]    Compiling futures-util v0.3.31
[INFO] [stderr]    Compiling tracing v0.1.41
[INFO] [stderr]    Compiling wasm-bindgen-macro v0.2.99
[INFO] [stderr]    Compiling js-sys v0.3.76
[INFO] [stderr]    Compiling console_error_panic_hook v0.1.7
[INFO] [stderr]    Compiling futures v0.3.31
[INFO] [stderr]    Compiling pinned v0.1.0
[INFO] [stderr]    Compiling prokio v0.1.0
[INFO] [stderr]    Compiling serde_urlencoded v0.7.1
[INFO] [stderr]    Compiling bincode v1.3.3
[INFO] [stderr]    Compiling csv v1.3.1
[INFO] [stderr]    Compiling web-sys v0.3.76
[INFO] [stderr]    Compiling wasm-bindgen-futures v0.4.49
[INFO] [stderr]    Compiling serde-wasm-bindgen v0.5.0
[INFO] [stderr]    Compiling gloo-timers v0.2.6
[INFO] [stderr]    Compiling yew-html-attributes-macro-derive v0.1.1
[INFO] [stderr]    Compiling gloo-utils v0.1.7
[INFO] [stderr]    Compiling gloo-events v0.1.2
[INFO] [stderr]    Compiling gloo-dialogs v0.1.1
[INFO] [stderr]    Compiling gloo-render v0.1.1
[INFO] [stderr]    Compiling gloo-file v0.2.3
[INFO] [stderr]    Compiling gloo-console v0.2.3
[INFO] [stderr]    Compiling gloo-history v0.1.5
[INFO] [stderr]    Compiling gloo-net v0.3.1
[INFO] [stderr]    Compiling gloo-storage v0.2.2
[INFO] [stderr]    Compiling gloo-worker v0.2.1
[INFO] [stderr]    Compiling gloo v0.8.1
[INFO] [stderr]    Compiling yew v0.20.0
[INFO] [stderr]    Compiling yew-html-attributes v0.1.1 (/opt/rustwide/workdir)
[INFO] [stderr]     Finished `dev` profile [unoptimized + debuginfo] target(s) in 40.35s
[INFO] running `Command { std: "docker" "inspect" "5e82eada74985a20722882eae160c8880ed6fc5d6f312df130832573a7df0ae3", kill_on_drop: false }`
[INFO] running `Command { std: "docker" "rm" "-f" "5e82eada74985a20722882eae160c8880ed6fc5d6f312df130832573a7df0ae3", kill_on_drop: false }`
[INFO] [stdout] 5e82eada74985a20722882eae160c8880ed6fc5d6f312df130832573a7df0ae3
[INFO] running `Command { std: "docker" "create" "-v" "/var/lib/crater-agent-workspace/builds/worker-6-tc2/target:/opt/rustwide/target:rw,Z" "-v" "/var/lib/crater-agent-workspace/builds/worker-6-tc2/source:/opt/rustwide/workdir:ro,Z" "-v" "/var/lib/crater-agent-workspace/cargo-home:/opt/rustwide/cargo-home:ro,Z" "-v" "/var/lib/crater-agent-workspace/rustup-home:/opt/rustwide/rustup-home:ro,Z" "-e" "SOURCE_DIR=/opt/rustwide/workdir" "-e" "CARGO_TARGET_DIR=/opt/rustwide/target" "-e" "CARGO_INCREMENTAL=0" "-e" "RUST_BACKTRACE=full" "-e" "RUSTFLAGS=--cap-lints=warn" "-e" "RUSTDOCFLAGS=--cap-lints=warn" "-e" "CARGO_HOME=/opt/rustwide/cargo-home" "-e" "RUSTUP_HOME=/opt/rustwide/rustup-home" "-w" "/opt/rustwide/workdir" "-m" "1610612736" "--user" "0:0" "--network" "none" "ghcr.io/rust-lang/crates-build-env/linux@sha256:f3a9d4ad9d972b27faf3965f35b62e55ba32bbce8f20bc8fe909558a86702fde" "/opt/rustwide/cargo-home/bin/cargo" "+beta-2024-12-08" "test" "--frozen" "--no-run" "--message-format=json", kill_on_drop: false }`
[INFO] [stdout] e172364389d4076d3dced257ffb15daa4cae5ad690a16391e25d92f312a9e6a8
[INFO] running `Command { std: "docker" "start" "-a" "e172364389d4076d3dced257ffb15daa4cae5ad690a16391e25d92f312a9e6a8", kill_on_drop: false }`
[INFO] [stderr]    Compiling yew-html-attributes v0.1.1 (/opt/rustwide/workdir)
[INFO] [stderr]     Finished `test` profile [unoptimized + debuginfo] target(s) in 0.43s
[INFO] running `Command { std: "docker" "inspect" "e172364389d4076d3dced257ffb15daa4cae5ad690a16391e25d92f312a9e6a8", kill_on_drop: false }`
[INFO] running `Command { std: "docker" "rm" "-f" "e172364389d4076d3dced257ffb15daa4cae5ad690a16391e25d92f312a9e6a8", kill_on_drop: false }`
[INFO] [stdout] e172364389d4076d3dced257ffb15daa4cae5ad690a16391e25d92f312a9e6a8
[INFO] running `Command { std: "docker" "create" "-v" "/var/lib/crater-agent-workspace/builds/worker-6-tc2/target:/opt/rustwide/target:rw,Z" "-v" "/var/lib/crater-agent-workspace/builds/worker-6-tc2/source:/opt/rustwide/workdir:ro,Z" "-v" "/var/lib/crater-agent-workspace/cargo-home:/opt/rustwide/cargo-home:ro,Z" "-v" "/var/lib/crater-agent-workspace/rustup-home:/opt/rustwide/rustup-home:ro,Z" "-e" "SOURCE_DIR=/opt/rustwide/workdir" "-e" "CARGO_TARGET_DIR=/opt/rustwide/target" "-e" "CARGO_INCREMENTAL=0" "-e" "RUST_BACKTRACE=full" "-e" "RUSTFLAGS=--cap-lints=warn" "-e" "RUSTDOCFLAGS=--cap-lints=warn" "-e" "CARGO_HOME=/opt/rustwide/cargo-home" "-e" "RUSTUP_HOME=/opt/rustwide/rustup-home" "-w" "/opt/rustwide/workdir" "-m" "1610612736" "--user" "0:0" "--network" "none" "ghcr.io/rust-lang/crates-build-env/linux@sha256:f3a9d4ad9d972b27faf3965f35b62e55ba32bbce8f20bc8fe909558a86702fde" "/opt/rustwide/cargo-home/bin/cargo" "+beta-2024-12-08" "test" "--frozen", kill_on_drop: false }`
[INFO] [stdout] 3a2d875ce6bdb8103cb9bf29c49b79a6bf929dbff0734c373f1d62ce55f8d82d
[INFO] running `Command { std: "docker" "start" "-a" "3a2d875ce6bdb8103cb9bf29c49b79a6bf929dbff0734c373f1d62ce55f8d82d", kill_on_drop: false }`
[INFO] [stderr]     Finished `test` profile [unoptimized + debuginfo] target(s) in 0.13s
[INFO] [stdout] 
[INFO] [stderr]      Running unittests src/lib.rs (/opt/rustwide/target/debug/deps/yew_html_attributes-e94a4b9624a1abb8)
[INFO] [stdout] running 0 tests
[INFO] [stderr]    Doc-tests yew_html_attributes
[INFO] [stdout] 
[INFO] [stdout] test result: ok. 0 passed; 0 failed; 0 ignored; 0 measured; 0 filtered out; finished in 0.00s
[INFO] [stdout] 
[INFO] [stdout] 
[INFO] [stdout] running 4 tests
[INFO] [stdout] test src/lib.rs - (line 39) - compile ... FAILED
[INFO] [stdout] test src/lib.rs - (line 94) ... FAILED
[INFO] [stdout] test src/lib.rs - (line 67) ... FAILED
[INFO] [stdout] test src/lib.rs - (line 11) ... FAILED
[INFO] [stdout] 
[INFO] [stdout] failures:
[INFO] [stdout] 
[INFO] [stdout] ---- src/lib.rs - (line 39) stdout ----
[INFO] [stdout] error[E0433]: failed to resolve: use of undeclared crate or module `yew_attributes_macro`
[INFO] [stdout]  --> src/lib.rs:41:5
[INFO] [stdout]   |
[INFO] [stdout] 4 | use yew_attributes_macro::prelude::*;
[INFO] [stdout]   |     ^^^^^^^^^^^^^^^^^^^^ use of undeclared crate or module `yew_attributes_macro`
[INFO] [stdout] 
[INFO] [stdout] error: cannot find derive macro `HasHtmlAttributes` in this scope
[INFO] [stdout]  --> src/lib.rs:44:56
[INFO] [stdout]   |
[INFO] [stdout] 7 | #[derive(Debug, Clone, PartialEq, Default, Properties, HasHtmlAttributes)]
[INFO] [stdout]   |                                                        ^^^^^^^^^^^^^^^^^
[INFO] [stdout]   |
[INFO] [stdout] help: consider importing one of these derive macros
[INFO] [stdout]   |
[INFO] [stdout] 2 + use yew_html_attributes::HasHtmlAttributes;
[INFO] [stdout]   |
[INFO] [stdout] 2 + use yew_html_attributes_macro_derive::HasHtmlAttributes;
[INFO] [stdout]   |
[INFO] [stdout] 
[INFO] [stdout] error: cannot find attribute `has_html_attributes` in this scope
[INFO] [stdout]  --> src/lib.rs:43:3
[INFO] [stdout]   |
[INFO] [stdout] 6 | #[has_html_attributes(element=input)]
[INFO] [stdout]   |   ^^^^^^^^^^^^^^^^^^^
[INFO] [stdout]   |
[INFO] [stdout] help: consider importing one of these attribute macros
[INFO] [stdout]   |
[INFO] [stdout] 2 + use yew_html_attributes::has_html_attributes;
[INFO] [stdout]   |
[INFO] [stdout] 2 + use yew_html_attributes_macro_derive::has_html_attributes;
[INFO] [stdout]   |
[INFO] [stdout] 
[INFO] [stdout] error: cannot find macro `use_attributes` in this scope
[INFO] [stdout]   --> src/lib.rs:51:3
[INFO] [stdout]    |
[INFO] [stdout] 14 |   use_attributes!(node_ref, props);
[INFO] [stdout]    |   ^^^^^^^^^^^^^^
[INFO] [stdout]    |
[INFO] [stdout] help: consider importing one of these macros
[INFO] [stdout]    |
[INFO] [stdout] 2  + use yew_html_attributes::use_attributes;
[INFO] [stdout]    |
[INFO] [stdout] 2  + use yew_html_attributes_macro_derive::use_attributes;
[INFO] [stdout]    |
[INFO] [stdout] 
[INFO] [stdout] error: aborting due to 4 previous errors
[INFO] [stdout] 
[INFO] [stdout] For more information about this error, try `rustc --explain E0433`.
[INFO] [stdout] Couldn't compile the test.
[INFO] [stdout] ---- src/lib.rs - (line 94) stdout ----
[INFO] [stdout] error[E0433]: failed to resolve: use of undeclared crate or module `yew_attributes_macro`
[INFO] [stdout]  --> src/lib.rs:96:5
[INFO] [stdout]   |
[INFO] [stdout] 4 | use yew_attributes_macro::prelude::*;
[INFO] [stdout]   |     ^^^^^^^^^^^^^^^^^^^^ use of undeclared crate or module `yew_attributes_macro`
[INFO] [stdout] 
[INFO] [stdout] error: cannot find derive macro `HasHtmlAttributes` in this scope
[INFO] [stdout]  --> src/lib.rs:99:56
[INFO] [stdout]   |
[INFO] [stdout] 7 | #[derive(Debug, Clone, PartialEq, Default, Properties, HasHtmlAttributes)]
[INFO] [stdout]   |                                                        ^^^^^^^^^^^^^^^^^
[INFO] [stdout]   |
[INFO] [stdout] help: consider importing one of these derive macros
[INFO] [stdout]   |
[INFO] [stdout] 2 + use yew_html_attributes::HasHtmlAttributes;
[INFO] [stdout]   |
[INFO] [stdout] 2 + use yew_html_attributes_macro_derive::HasHtmlAttributes;
[INFO] [stdout]   |
[INFO] [stdout] 
[INFO] [stdout] error: cannot find attribute `has_html_attributes` in this scope
[INFO] [stdout]  --> src/lib.rs:98:3
[INFO] [stdout]   |
[INFO] [stdout] 6 | #[has_html_attributes(invisible=false)]
[INFO] [stdout]   |   ^^^^^^^^^^^^^^^^^^^
[INFO] [stdout]   |
[INFO] [stdout] help: consider importing one of these attribute macros
[INFO] [stdout]   |
[INFO] [stdout] 2 + use yew_html_attributes::has_html_attributes;
[INFO] [stdout]   |
[INFO] [stdout] 2 + use yew_html_attributes_macro_derive::has_html_attributes;
[INFO] [stdout]   |
[INFO] [stdout] 
[INFO] [stdout] error: cannot find macro `use_attributes` in this scope
[INFO] [stdout]   --> src/lib.rs:106:3
[INFO] [stdout]    |
[INFO] [stdout] 14 |   use_attributes!(node_ref, props);
[INFO] [stdout]    |   ^^^^^^^^^^^^^^
[INFO] [stdout]    |
[INFO] [stdout] help: consider importing one of these macros
[INFO] [stdout]    |
[INFO] [stdout] 2  + use yew_html_attributes::use_attributes;
[INFO] [stdout]    |
[INFO] [stdout] 2  + use yew_html_attributes_macro_derive::use_attributes;
[INFO] [stdout]    |
[INFO] [stdout] 
[INFO] [stdout] error: aborting due to 4 previous errors
[INFO] [stdout] 
[INFO] [stdout] For more information about this error, try `rustc --explain E0433`.
[INFO] [stdout] Couldn't compile the test.
[INFO] [stdout] ---- src/lib.rs - (line 67) stdout ----
[INFO] [stdout] error: expected one of `(`, `,`, `::`, or `=`, found `Finished`
[INFO] [stdout]  --> src/lib.rs:72:69
[INFO] [stdout]   |
[INFO] [stdout] 7 | #[derive(Debug, Clone, PartialEq, Default, Properties, HasHtmlAt    Finished dev [unoptimized + debuginfo] target(s) in 1.76stributes)]
[INFO] [stdout]   |                                                                     ^^^^^^^^ expected one of `(`, `,`, `::`, or `=`
[INFO] [stdout] 
[INFO] [stdout] error[E0433]: failed to resolve: use of undeclared crate or module `yew_attributes_macro`
[INFO] [stdout]  --> src/lib.rs:69:5
[INFO] [stdout]   |
[INFO] [stdout] 4 | use yew_attributes_macro::prelude::*;
[INFO] [stdout]   |     ^^^^^^^^^^^^^^^^^^^^ use of undeclared crate or module `yew_attributes_macro`
[INFO] [stdout] 
[INFO] [stdout] error: cannot find attribute `has_html_attributes` in this scope
[INFO] [stdout]  --> src/lib.rs:71:3
[INFO] [stdout]   |
[INFO] [stdout] 6 | #[has_html_attributes(exclude="oninput,onclick")]
[INFO] [stdout]   |   ^^^^^^^^^^^^^^^^^^^
[INFO] [stdout]   |
[INFO] [stdout] help: consider importing one of these attribute macros
[INFO] [stdout]   |
[INFO] [stdout] 2 + use yew_html_attributes::has_html_attributes;
[INFO] [stdout]   |
[INFO] [stdout] 2 + use yew_html_attributes_macro_derive::has_html_attributes;
[INFO] [stdout]   |
[INFO] [stdout] 
[INFO] [stdout] error: cannot find macro `use_attributes` in this scope
[INFO] [stdout]   --> src/lib.rs:79:3
[INFO] [stdout]    |
[INFO] [stdout] 14 |   use_attributes!(node_ref, props);
[INFO] [stdout]    |   ^^^^^^^^^^^^^^
[INFO] [stdout]    |
[INFO] [stdout] help: consider importing one of these macros
[INFO] [stdout]    |
[INFO] [stdout] 2  + use yew_html_attributes::use_attributes;
[INFO] [stdout]    |
[INFO] [stdout] 2  + use yew_html_attributes_macro_derive::use_attributes;
[INFO] [stdout]    |
[INFO] [stdout] 
[INFO] [stdout] error[E0412]: cannot find type `InputProps` in this scope
[INFO] [stdout]   --> src/lib.rs:76:21
[INFO] [stdout]    |
[INFO] [stdout] 11 | pub fn input(props:&InputProps) -> Html {
[INFO] [stdout]    |                     ^^^^^^^^^^ not found in this scope
[INFO] [stdout] 
[INFO] [stdout] error: aborting due to 5 previous errors
[INFO] [stdout] 
[INFO] [stdout] Some errors have detailed explanations: E0412, E0433.
[INFO] [stdout] For more information about an error, try `rustc --explain E0412`.
[INFO] [stdout] Couldn't compile the test.
[INFO] [stdout] ---- src/lib.rs - (line 11) stdout ----
[INFO] [stdout] error[E0433]: failed to resolve: use of undeclared crate or module `yew_attributes_macro`
[INFO] [stdout]  --> src/lib.rs:13:5
[INFO] [stdout]   |
[INFO] [stdout] 4 | use yew_attributes_macro::prelude::*;
[INFO] [stdout]   |     ^^^^^^^^^^^^^^^^^^^^ use of undeclared crate or module `yew_attributes_macro`
[INFO] [stdout] 
[INFO] [stdout] error: cannot find derive macro `HasHtmlAttributes` in this scope
[INFO] [stdout]  --> src/lib.rs:16:56
[INFO] [stdout]   |
[INFO] [stdout] 7 | #[derive(Debug, Clone, PartialEq, Default, Properties, HasHtmlAttributes)]
[INFO] [stdout]   |                                                        ^^^^^^^^^^^^^^^^^
[INFO] [stdout]   |
[INFO] [stdout] help: consider importing one of these derive macros
[INFO] [stdout]   |
[INFO] [stdout] 2 + use yew_html_attributes::HasHtmlAttributes;
[INFO] [stdout]   |
[INFO] [stdout] 2 + use yew_html_attributes_macro_derive::HasHtmlAttributes;
[INFO] [stdout]   |
[INFO] [stdout] 
[INFO] [stdout] error: cannot find attribute `has_html_attributes` in this scope
[INFO] [stdout]  --> src/lib.rs:15:3
[INFO] [stdout]   |
[INFO] [stdout] 6 | #[has_html_attributes]
[INFO] [stdout]   |   ^^^^^^^^^^^^^^^^^^^
[INFO] [stdout]   |
[INFO] [stdout] help: consider importing one of these attribute macros
[INFO] [stdout]   |
[INFO] [stdout] 2 + use yew_html_attributes::has_html_attributes;
[INFO] [stdout]   |
[INFO] [stdout] 2 + use yew_html_attributes_macro_derive::has_html_attributes;
[INFO] [stdout]   |
[INFO] [stdout] 
[INFO] [stdout] error: cannot find macro `use_attributes` in this scope
[INFO] [stdout]   --> src/lib.rs:23:3
[INFO] [stdout]    |
[INFO] [stdout] 14 |   use_attributes!(node_ref, props);
[INFO] [stdout]    |   ^^^^^^^^^^^^^^
[INFO] [stdout]    |
[INFO] [stdout] help: consider importing one of these macros
[INFO] [stdout]    |
[INFO] [stdout] 2  + use yew_html_attributes::use_attributes;
[INFO] [stdout]    |
[INFO] [stdout] 2  + use yew_html_attributes_macro_derive::use_attributes;
[INFO] [stdout]    |
[INFO] [stdout] 
[INFO] [stdout] error: aborting due to 4 previous errors
[INFO] [stdout] 
[INFO] [stdout] For more information about this error, try `rustc --explain E0433`.
[INFO] [stdout] Couldn't compile the test.
[INFO] [stdout] 
[INFO] [stdout] failures:
[INFO] [stdout]     src/lib.rs - (line 11)
[INFO] [stdout]     src/lib.rs - (line 39)
[INFO] [stdout]     src/lib.rs - (line 67)
[INFO] [stdout]     src/lib.rs - (line 94)
[INFO] [stdout] 
[INFO] [stdout] test result: FAILED. 0 passed; 4 failed; 0 ignored; 0 measured; 0 filtered out; finished in 0.30s
[INFO] [stdout] 
[INFO] [stderr] error: doctest failed, to rerun pass `--doc`
[INFO] running `Command { std: "docker" "inspect" "3a2d875ce6bdb8103cb9bf29c49b79a6bf929dbff0734c373f1d62ce55f8d82d", kill_on_drop: false }`
[INFO] running `Command { std: "docker" "rm" "-f" "3a2d875ce6bdb8103cb9bf29c49b79a6bf929dbff0734c373f1d62ce55f8d82d", kill_on_drop: false }`
[INFO] [stdout] 3a2d875ce6bdb8103cb9bf29c49b79a6bf929dbff0734c373f1d62ce55f8d82d
