[INFO] fetching crate ydb-unofficial 0.6.7...
[INFO] testing ydb-unofficial-0.6.7 against 1.83.0 for beta-1.84.0-4-retry
[INFO] extracting crate ydb-unofficial 0.6.7 into /workspace/builds/worker-0-tc1/source
[INFO] validating manifest of crates.io crate ydb-unofficial 0.6.7 on toolchain 1.83.0
[INFO] running `Command { std: CARGO_HOME="/workspace/cargo-home" RUSTUP_HOME="/workspace/rustup-home" "/workspace/cargo-home/bin/cargo" "+1.83.0" "metadata" "--manifest-path" "Cargo.toml" "--no-deps", kill_on_drop: false }`
[INFO] started tweaking crates.io crate ydb-unofficial 0.6.7
[INFO] finished tweaking crates.io crate ydb-unofficial 0.6.7
[INFO] tweaked toml for crates.io crate ydb-unofficial 0.6.7 written to /workspace/builds/worker-0-tc1/source/Cargo.toml
[INFO] running `Command { std: CARGO_HOME="/workspace/cargo-home" RUSTUP_HOME="/workspace/rustup-home" "/workspace/cargo-home/bin/cargo" "+1.83.0" "generate-lockfile" "--manifest-path" "Cargo.toml", kill_on_drop: false }`
[INFO] [stderr]     Updating crates.io index
[INFO] [stderr]     Blocking waiting for file lock on package cache
[INFO] [stderr]      Locking 271 packages to latest compatible versions
[INFO] [stderr]       Adding deadpool v0.9.5 (available: v0.12.1)
[INFO] [stderr]       Adding jwt-simple v0.11.9 (available: v0.12.11)
[INFO] [stderr]       Adding prost v0.11.9 (available: v0.13.4)
[INFO] [stderr]       Adding sqlx-core v0.7.1 (available: v0.7.4)
[INFO] [stderr]       Adding thiserror v1.0.69 (available: v2.0.7)
[INFO] [stderr]       Adding tonic v0.9.2 (available: v0.12.3)
[INFO] [stderr]       Adding tower v0.4.13 (available: v0.5.2)
[INFO] running `Command { std: CARGO_HOME="/workspace/cargo-home" RUSTUP_HOME="/workspace/rustup-home" "/workspace/cargo-home/bin/cargo" "+1.83.0" "fetch" "--manifest-path" "Cargo.toml", kill_on_drop: false }`
[INFO] [stderr]     Blocking waiting for file lock on package cache
[INFO] [stderr]  Downloading crates ...
[INFO] [stderr]   Downloaded which v4.4.2
[INFO] [stderr]   Downloaded unicode-ident v1.0.14
[INFO] [stderr]   Downloaded tonic-build v0.9.2
[INFO] [stderr]   Downloaded proc-macro2 v1.0.92
[INFO] [stderr]   Downloaded windows-targets v0.52.6
[INFO] [stderr]   Downloaded wasm-bindgen-macro v0.2.99
[INFO] [stderr]   Downloaded hmac v0.12.1
[INFO] [stderr]   Downloaded tower-layer v0.3.3
[INFO] [stderr]   Downloaded fixedbitset v0.4.2
[INFO] [stderr]   Downloaded tower-service v0.3.3
[INFO] [stderr]   Downloaded group v0.13.0
[INFO] [stderr]   Downloaded der v0.7.9
[INFO] [stderr]   Downloaded futures-io v0.3.31
[INFO] [stderr]   Downloaded paste v1.0.15
[INFO] [stderr]   Downloaded async-stream-impl v0.3.6
[INFO] [stderr]   Downloaded addr2line v0.24.2
[INFO] [stderr]   Downloaded crc v3.2.1
[INFO] [stderr]   Downloaded spki v0.7.3
[INFO] [stderr]   Downloaded pkcs8 v0.9.0
[INFO] [stderr]   Downloaded base64ct v1.6.0
[INFO] [stderr]   Downloaded futures-intrusive v0.5.0
[INFO] [stderr]   Downloaded primeorder v0.13.6
[INFO] [stderr]   Downloaded signature v1.6.4
[INFO] [stderr]   Downloaded num-iter v0.1.45
[INFO] [stderr]   Downloaded crossbeam-utils v0.8.20
[INFO] [stderr]   Downloaded libm v0.2.11
[INFO] [stderr]   Downloaded num-bigint-dig v0.8.4
[INFO] [stderr]   Downloaded hashbrown v0.14.5
[INFO] [stderr]   Downloaded hyper v0.14.31
[INFO] [stderr]   Downloaded regex-syntax v0.8.5
[INFO] [stderr]   Downloaded rustix v0.38.42
[INFO] [stderr]   Downloaded allocator-api2 v0.2.21
[INFO] [stderr]   Downloaded der v0.6.1
[INFO] [stderr]   Downloaded yandex-cloud v2023.9.4
[INFO] [stderr]   Downloaded p384 v0.13.0
[INFO] [stderr]   Downloaded writeable v0.5.5
[INFO] [stderr]   Downloaded windows_i686_gnullvm v0.52.6
[INFO] [stderr]   Downloaded windows_x86_64_gnullvm v0.52.6
[INFO] [stderr]   Downloaded rsa v0.7.2
[INFO] [stderr]   Downloaded icu_locid_transform v1.5.0
[INFO] [stderr]   Downloaded windows_aarch64_gnullvm v0.52.6
[INFO] [stderr]   Downloaded icu_properties_data v1.5.0
[INFO] [stderr]   Downloaded wasix v0.12.21
[INFO] [stderr]   Downloaded object v0.36.5
[INFO] [stderr]   Downloaded regex-automata v0.4.9
[INFO] [stderr]   Downloaded syn v2.0.90
[INFO] [stderr]   Downloaded axum v0.6.20
[INFO] [stderr]   Downloaded h2 v0.3.26
[INFO] [stderr]   Downloaded rustls v0.21.12
[INFO] [stderr]   Downloaded petgraph v0.6.5
[INFO] [stderr]   Downloaded gimli v0.31.1
[INFO] [stderr]   Downloaded zerovec v0.10.4
[INFO] [stderr]   Downloaded libc v0.2.168
[INFO] [stderr]   Downloaded tokio v1.42.0
[INFO] [stderr]   Downloaded idna v1.0.3
[INFO] [stderr]   Downloaded windows_aarch64_msvc v0.52.6
[INFO] [stderr]   Downloaded windows_i686_gnu v0.52.6
[INFO] [stderr]   Downloaded windows_x86_64_gnu v0.52.6
[INFO] [stderr]   Downloaded windows_x86_64_msvc v0.52.6
[INFO] [stderr]   Downloaded windows_i686_msvc v0.52.6
[INFO] [stderr]   Downloaded hkdf v0.12.4
[INFO] [stderr]   Downloaded regex v1.11.1
[INFO] [stderr]   Downloaded unicode_categories v0.1.1
[INFO] [stderr]   Downloaded sqlx-core v0.7.1
[INFO] [stderr]   Downloaded flate2 v1.0.35
[INFO] [stderr]   Downloaded http v0.2.12
[INFO] [stderr]   Downloaded security-framework v2.11.1
[INFO] [stderr]   Downloaded base64 v0.21.7
[INFO] [stderr]   Downloaded k256 v0.13.4
[INFO] [stderr]   Downloaded jwt-simple v0.11.9
[INFO] [stderr]   Downloaded ryu v1.0.18
[INFO] [stderr]   Downloaded sec1 v0.7.3
[INFO] [stderr]   Downloaded icu_collections v1.5.0
[INFO] [stderr]   Downloaded url v2.5.4
[INFO] [stderr]   Downloaded serde v1.0.216
[INFO] [stderr]   Downloaded p256 v0.13.2
[INFO] [stderr]   Downloaded crypto-bigint v0.5.5
[INFO] [stderr]   Downloaded spki v0.6.0
[INFO] [stderr]   Downloaded num-traits v0.2.19
[INFO] [stderr]   Downloaded ahash v0.8.11
[INFO] [stderr]   Downloaded pkcs8 v0.10.2
[INFO] [stderr]   Downloaded icu_properties v1.5.1
[INFO] [stderr]   Downloaded serde_derive v1.0.216
[INFO] [stderr]   Downloaded schannel v0.1.27
[INFO] [stderr]   Downloaded core-foundation v0.9.4
[INFO] [stderr]   Downloaded core-foundation-sys v0.8.7
[INFO] [stderr]   Downloaded num-integer v0.1.46
[INFO] [stderr]   Downloaded atoi v2.0.0
[INFO] [stderr]   Downloaded crc-catalog v2.4.0
[INFO] [stderr]   Downloaded crossbeam-queue v0.3.11
[INFO] [stderr]   Downloaded dotenvy v0.15.7
[INFO] [stderr]   Downloaded hashlink v0.8.4
[INFO] [stderr]   Downloaded pkcs1 v0.4.1
[INFO] [stderr]   Downloaded serde_json v1.0.133
[INFO] [stderr]   Downloaded const-oid v0.9.6
[INFO] [stderr]   Downloaded icu_normalizer_data v1.5.0
[INFO] [stderr]   Downloaded icu_normalizer v1.5.0
[INFO] [stderr]   Downloaded icu_locid_transform_data v1.5.0
[INFO] [stderr]   Downloaded icu_locid v1.5.0
[INFO] [stderr]   Downloaded icu_provider v1.5.0
[INFO] [stderr]   Downloaded yoke v0.7.5
[INFO] [stderr]   Downloaded walkdir v2.5.0
[INFO] [stderr]   Downloaded crc32fast v1.4.2
[INFO] [stderr]   Downloaded httparse v1.9.5
[INFO] [stderr]   Downloaded security-framework-sys v2.12.1
[INFO] [stderr]   Downloaded linux-raw-sys v0.4.14
[INFO] [stderr]   Downloaded rustls-native-certs v0.6.3
[INFO] [stderr]   Downloaded deadpool v0.9.5
[INFO] [stderr]   Downloaded futures v0.3.31
[INFO] [stderr]   Downloaded ed25519-compact v2.1.1
[INFO] [stderr]   Downloaded ecdsa v0.16.9
[INFO] [stderr]   Downloaded futures-util v0.3.31
[INFO] [stderr]   Downloaded aho-corasick v1.1.3
[INFO] [stderr]   Downloaded zeroize v1.8.1
[INFO] [stderr]   Downloaded sha2 v0.10.8
[INFO] [stderr]   Downloaded litemap v0.7.4
[INFO] [stderr]   Downloaded displaydoc v0.2.5
[INFO] [stderr]   Downloaded thiserror v1.0.69
[INFO] [stderr]   Downloaded async-trait v0.1.83
[INFO] [stderr]   Downloaded matchit v0.7.3
[INFO] [stderr]   Downloaded percent-encoding v2.3.1
[INFO] [stderr]   Downloaded signature v2.2.0
[INFO] [stderr]   Downloaded pem-rfc7468 v0.7.0
[INFO] [stderr]   Downloaded zerocopy v0.7.35
[INFO] [stderr]   Downloaded version_check v0.9.5
[INFO] [stderr]   Downloaded subtle v2.6.1
[INFO] [stderr]   Downloaded sqlformat v0.2.6
[INFO] [stderr]   Downloaded form_urlencoded v1.2.1
[INFO] [stderr]   Downloaded utf16_iter v1.0.5
[INFO] [stderr]   Downloaded write16 v1.0.0
[INFO] [stderr]   Downloaded tinystr v0.7.6
[INFO] [stderr]   Downloaded yoke-derive v0.7.5
[INFO] [stderr]   Downloaded synstructure v0.13.1
[INFO] [stderr]   Downloaded zerofrom-derive v0.1.5
[INFO] [stderr]   Downloaded zerovec-derive v0.10.3
[INFO] [stderr]   Downloaded idna_adapter v1.2.0
[INFO] [stderr]   Downloaded windows-sys v0.59.0
[INFO] [stderr]   Downloaded utf8_iter v1.0.4
[INFO] [stderr]   Downloaded thiserror-impl v1.0.69
[INFO] [stderr]   Downloaded same-file v1.0.6
[INFO] [stderr]   Downloaded async-stream v0.3.6
[INFO] [stderr]   Downloaded axum-core v0.3.4
[INFO] [stderr]   Downloaded rustversion v1.0.18
[INFO] [stderr]   Downloaded http-body v0.4.6
[INFO] [stderr]   Downloaded itoa v1.0.14
[INFO] [stderr]   Downloaded windows-sys v0.52.0
[INFO] [stderr]   Downloaded tokio-io-timeout v1.2.0
[INFO] [stderr]   Downloaded rfc6979 v0.4.0
[INFO] [stderr]   Downloaded tokio-util v0.7.13
[INFO] [stderr]   Downloaded hashbrown v0.15.2
[INFO] [stderr]   Downloaded itertools v0.10.5
[INFO] [stderr]   Downloaded ydb-grpc-bindings v0.0.1
[INFO] [stderr]   Downloaded pem-rfc7468 v0.6.0
[INFO] [stderr]   Downloaded winapi-util v0.1.9
[INFO] [stderr]   Downloaded hyper-timeout v0.4.1
[INFO] [stderr]   Downloaded ctor v0.2.9
[INFO] [stderr]   Downloaded hermit-abi v0.3.9
[INFO] [stderr]   Downloaded futures-executor v0.3.31
[INFO] [stderr]   Downloaded coarsetime v0.1.35
[INFO] [stderr]   Downloaded hmac-sha512 v1.1.6
[INFO] [stderr]   Downloaded ff v0.13.0
[INFO] [stderr]   Downloaded base16ct v0.2.0
[INFO] [stderr]   Downloaded shlex v1.3.0
[INFO] [stderr]   Downloaded cc v1.2.4
[INFO] [stderr]   Downloaded bumpalo v3.16.0
[INFO] [stderr]   Downloaded backtrace v0.3.74
[INFO] [stderr]   Downloaded mio v1.0.3
[INFO] [stderr]   Downloaded tower v0.4.13
[INFO] [stderr]   Downloaded tonic v0.9.2
[INFO] [stderr]   Downloaded indexmap v2.7.0
[INFO] [stderr]   Downloaded memchr v2.7.4
[INFO] [stderr]   Downloaded deadpool-runtime v0.1.4
[INFO] [stderr]   Downloaded hmac-sha1-compact v1.1.5
[INFO] [stderr]   Downloaded elliptic-curve v0.13.8
[INFO] [stderr]   Downloaded pin-project v1.1.7
[INFO] [stderr]   Downloaded zerocopy-derive v0.7.35
[INFO] [stderr]   Downloaded js-sys v0.3.76
[INFO] [stderr]   Downloaded wasm-bindgen v0.2.99
[INFO] [stderr]   Downloaded getrandom v0.2.15
[INFO] [stderr]   Downloaded lock_api v0.4.12
[INFO] [stderr]   Downloaded parking_lot v0.12.3
[INFO] [stderr]   Downloaded socket2 v0.5.8
[INFO] [stderr]   Downloaded tracing-attributes v0.1.28
[INFO] [stderr]   Downloaded tracing-core v0.1.33
[INFO] [stderr]   Downloaded tracing v0.1.41
[INFO] [stderr]   Downloaded prettyplease v0.1.25
[INFO] [stderr]   Downloaded bytes v1.9.0
[INFO] [stderr]   Downloaded anyhow v1.0.94
[INFO] [stderr]   Downloaded prost-types v0.11.9
[INFO] [stderr]   Downloaded bitflags v2.6.0
[INFO] [stderr]   Downloaded icu_provider_macros v1.5.0
[INFO] [stderr]   Downloaded zerofrom v0.1.5
[INFO] [stderr]   Downloaded sync_wrapper v0.1.2
[INFO] [stderr]   Downloaded try-lock v0.2.5
[INFO] [stderr]   Downloaded hmac-sha256 v1.1.8
[INFO] [stderr]   Downloaded tokio-stream v0.1.17
[INFO] [stderr]   Downloaded futures-channel v0.3.31
[INFO] [stderr]   Downloaded pin-project-internal v1.1.7
[INFO] [stderr]   Downloaded wasm-bindgen-backend v0.2.99
[INFO] [stderr]   Downloaded futures-core v0.3.31
[INFO] [stderr]   Downloaded miniz_oxide v0.8.0
[INFO] [stderr]   Downloaded rustc-demangle v0.1.24
[INFO] [stderr]   Downloaded redox_syscall v0.5.8
[INFO] [stderr]   Downloaded smallvec v1.13.2
[INFO] [stderr]   Downloaded parking_lot_core v0.9.10
[INFO] [stderr]   Downloaded pin-project-lite v0.2.15
[INFO] [stderr]   Downloaded log v0.4.22
[INFO] [stderr]   Downloaded once_cell v1.20.2
[INFO] [stderr]   Downloaded cpufeatures v0.2.16
[INFO] [stderr]   Downloaded retain_mut v0.1.9
[INFO] [stderr]   Downloaded binstring v0.1.2
[INFO] [stderr]   Downloaded ct-codecs v1.1.3
[INFO] [stderr]   Downloaded lazy_static v1.5.0
[INFO] [stderr]   Downloaded multimap v0.8.3
[INFO] [stderr]   Downloaded prost v0.11.9
[INFO] [stderr]   Downloaded tempfile v3.14.0
[INFO] [stderr]   Downloaded prost-build v0.11.9
[INFO] [stderr]   Downloaded quote v1.0.37
[INFO] [stderr]   Downloaded futures-macro v0.3.31
[INFO] [stderr]   Downloaded futures-task v0.3.31
[INFO] [stderr]   Downloaded ppv-lite86 v0.2.20
[INFO] [stderr]   Downloaded wasm-bindgen-shared v0.2.99
[INFO] [stderr]   Downloaded wasm-bindgen-macro-support v0.2.99
[INFO] [stderr]   Downloaded futures-sink v0.3.31
[INFO] [stderr]   Downloaded adler2 v2.0.0
[INFO] [stderr]   Downloaded autocfg v1.4.0
[INFO] [stderr]   Downloaded signal-hook-registry v1.4.2
[INFO] [stderr]   Downloaded tokio-macros v2.4.0
[INFO] [stderr]   Downloaded heck v0.4.1
[INFO] [stderr]   Downloaded prost-derive v0.11.9
[INFO] [stderr]   Downloaded fastrand v2.3.0
[INFO] [stderr]   Downloaded either v1.13.0
[INFO] [stderr]   Downloaded home v0.5.9
[INFO] [stderr]   Downloaded errno v0.3.10
[INFO] [stderr]   Downloaded ring v0.17.8
[INFO] running `Command { std: "docker" "create" "-v" "/var/lib/crater-agent-workspace/builds/worker-0-tc1/target:/opt/rustwide/target:rw,Z" "-v" "/var/lib/crater-agent-workspace/builds/worker-0-tc1/source:/opt/rustwide/workdir:ro,Z" "-v" "/var/lib/crater-agent-workspace/cargo-home:/opt/rustwide/cargo-home:ro,Z" "-v" "/var/lib/crater-agent-workspace/rustup-home:/opt/rustwide/rustup-home:ro,Z" "-e" "SOURCE_DIR=/opt/rustwide/workdir" "-e" "CARGO_TARGET_DIR=/opt/rustwide/target" "-e" "CARGO_HOME=/opt/rustwide/cargo-home" "-e" "RUSTUP_HOME=/opt/rustwide/rustup-home" "-w" "/opt/rustwide/workdir" "-m" "1610612736" "--user" "0:0" "--network" "none" "ghcr.io/rust-lang/crates-build-env/linux@sha256:f3a9d4ad9d972b27faf3965f35b62e55ba32bbce8f20bc8fe909558a86702fde" "/opt/rustwide/cargo-home/bin/cargo" "+1.83.0" "metadata" "--no-deps" "--format-version=1", kill_on_drop: false }`
[INFO] [stdout] 52ba7f407ab031ae4d3b0027303de59f9ddafc71edf02a958a23323c30ff10bd
[INFO] running `Command { std: "docker" "start" "-a" "52ba7f407ab031ae4d3b0027303de59f9ddafc71edf02a958a23323c30ff10bd", kill_on_drop: false }`
[INFO] running `Command { std: "docker" "inspect" "52ba7f407ab031ae4d3b0027303de59f9ddafc71edf02a958a23323c30ff10bd", kill_on_drop: false }`
[INFO] running `Command { std: "docker" "rm" "-f" "52ba7f407ab031ae4d3b0027303de59f9ddafc71edf02a958a23323c30ff10bd", kill_on_drop: false }`
[INFO] [stdout] 52ba7f407ab031ae4d3b0027303de59f9ddafc71edf02a958a23323c30ff10bd
[INFO] running `Command { std: "docker" "create" "-v" "/var/lib/crater-agent-workspace/builds/worker-0-tc1/target:/opt/rustwide/target:rw,Z" "-v" "/var/lib/crater-agent-workspace/builds/worker-0-tc1/source:/opt/rustwide/workdir:ro,Z" "-v" "/var/lib/crater-agent-workspace/cargo-home:/opt/rustwide/cargo-home:ro,Z" "-v" "/var/lib/crater-agent-workspace/rustup-home:/opt/rustwide/rustup-home:ro,Z" "-e" "SOURCE_DIR=/opt/rustwide/workdir" "-e" "CARGO_TARGET_DIR=/opt/rustwide/target" "-e" "CARGO_INCREMENTAL=0" "-e" "RUST_BACKTRACE=full" "-e" "RUSTFLAGS=--cap-lints=warn" "-e" "RUSTDOCFLAGS=--cap-lints=warn" "-e" "CARGO_HOME=/opt/rustwide/cargo-home" "-e" "RUSTUP_HOME=/opt/rustwide/rustup-home" "-w" "/opt/rustwide/workdir" "-m" "1610612736" "--user" "0:0" "--network" "none" "ghcr.io/rust-lang/crates-build-env/linux@sha256:f3a9d4ad9d972b27faf3965f35b62e55ba32bbce8f20bc8fe909558a86702fde" "/opt/rustwide/cargo-home/bin/cargo" "+1.83.0" "build" "--frozen" "--message-format=json", kill_on_drop: false }`
[INFO] [stdout] 7802f65e9b562a706d2dfd8721c09257469f5b33ac94e7cc609d228c11e223e6
[INFO] running `Command { std: "docker" "start" "-a" "7802f65e9b562a706d2dfd8721c09257469f5b33ac94e7cc609d228c11e223e6", kill_on_drop: false }`
[INFO] [stderr]    Compiling proc-macro2 v1.0.92
[INFO] [stderr]    Compiling unicode-ident v1.0.14
[INFO] [stderr]    Compiling libc v0.2.168
[INFO] [stderr]    Compiling pin-project-lite v0.2.15
[INFO] [stderr]    Compiling bytes v1.9.0
[INFO] [stderr]    Compiling log v0.4.22
[INFO] [stderr]    Compiling futures-core v0.3.31
[INFO] [stderr]    Compiling syn v1.0.109
[INFO] [stderr]    Compiling autocfg v1.4.0
[INFO] [stderr]    Compiling either v1.13.0
[INFO] [stderr]    Compiling equivalent v1.0.1
[INFO] [stderr]    Compiling hashbrown v0.15.2
[INFO] [stderr]    Compiling anyhow v1.0.94
[INFO] [stderr]    Compiling shlex v1.3.0
[INFO] [stderr]    Compiling itertools v0.10.5
[INFO] [stderr]    Compiling cc v1.2.4
[INFO] [stderr]    Compiling rustversion v1.0.18
[INFO] [stderr]    Compiling slab v0.4.9
[INFO] [stderr]    Compiling indexmap v2.7.0
[INFO] [stderr]    Compiling itoa v1.0.14
[INFO] [stderr]    Compiling pin-utils v0.1.0
[INFO] [stderr]    Compiling once_cell v1.20.2
[INFO] [stderr]    Compiling rustix v0.38.42
[INFO] [stderr]    Compiling futures-task v0.3.31
[INFO] [stderr]    Compiling fnv v1.0.7
[INFO] [stderr]    Compiling http v0.2.12
[INFO] [stderr]    Compiling quote v1.0.37
[INFO] [stderr]    Compiling futures-util v0.3.31
[INFO] [stderr]    Compiling mio v1.0.3
[INFO] [stderr]    Compiling syn v2.0.90
[INFO] [stderr]    Compiling getrandom v0.2.15
[INFO] [stderr]    Compiling socket2 v0.5.8
[INFO] [stderr]    Compiling tracing-core v0.1.33
[INFO] [stderr]    Compiling linux-raw-sys v0.4.14
[INFO] [stderr]    Compiling ring v0.17.8
[INFO] [stderr]    Compiling byteorder v1.5.0
[INFO] [stderr]    Compiling futures-sink v0.3.31
[INFO] [stderr]    Compiling bitflags v2.6.0
[INFO] [stderr]    Compiling untrusted v0.9.0
[INFO] [stderr]    Compiling httparse v1.9.5
[INFO] [stderr]    Compiling spin v0.9.8
[INFO] [stderr]    Compiling regex-syntax v0.8.5
[INFO] [stderr]    Compiling tower-service v0.3.3
[INFO] [stderr]    Compiling prettyplease v0.1.25
[INFO] [stderr]    Compiling http-body v0.4.6
[INFO] [stderr]    Compiling rand_core v0.6.4
[INFO] [stderr]    Compiling indexmap v1.9.3
[INFO] [stderr]    Compiling try-lock v0.2.5
[INFO] [stderr]    Compiling home v0.5.9
[INFO] [stderr]    Compiling fixedbitset v0.4.2
[INFO] [stderr]    Compiling fastrand v2.3.0
[INFO] [stderr]    Compiling want v0.3.1
[INFO] [stderr]    Compiling petgraph v0.6.5
[INFO] [stderr]    Compiling axum-core v0.3.4
[INFO] [stderr]    Compiling futures-channel v0.3.31
[INFO] [stderr]    Compiling rustls v0.21.12
[INFO] [stderr]    Compiling hashbrown v0.12.3
[INFO] [stderr]    Compiling regex-automata v0.4.9
[INFO] [stderr]    Compiling tempfile v3.14.0
[INFO] [stderr]    Compiling which v4.4.2
[INFO] [stderr]    Compiling httpdate v1.0.3
[INFO] [stderr]    Compiling serde v1.0.216
[INFO] [stderr]    Compiling multimap v0.8.3
[INFO] [stderr]    Compiling heck v0.4.1
[INFO] [stderr]    Compiling lazy_static v1.5.0
[INFO] [stderr]    Compiling tower-layer v0.3.3
[INFO] [stderr]    Compiling axum v0.6.20
[INFO] [stderr]    Compiling mime v0.3.17
[INFO] [stderr]    Compiling base64 v0.21.7
[INFO] [stderr]    Compiling sync_wrapper v0.1.2
[INFO] [stderr]    Compiling memchr v2.7.4
[INFO] [stderr]    Compiling openssl-probe v0.1.5
[INFO] [stderr]    Compiling rustls-pemfile v1.0.4
[INFO] [stderr]    Compiling regex v1.11.1
[INFO] [stderr]    Compiling rustls-webpki v0.101.7
[INFO] [stderr]    Compiling sct v0.7.1
[INFO] [stderr]    Compiling prost-derive v0.11.9
[INFO] [stderr]    Compiling tokio-macros v2.4.0
[INFO] [stderr]    Compiling tracing-attributes v0.1.28
[INFO] [stderr]    Compiling zerocopy-derive v0.7.35
[INFO] [stderr]    Compiling pin-project-internal v1.1.7
[INFO] [stderr]    Compiling async-trait v0.1.83
[INFO] [stderr]    Compiling tokio v1.42.0
[INFO] [stderr]    Compiling zerocopy v0.7.35
[INFO] [stderr]    Compiling pin-project v1.1.7
[INFO] [stderr]    Compiling async-stream-impl v0.3.6
[INFO] [stderr]    Compiling matchit v0.7.3
[INFO] [stderr]    Compiling prost v0.11.9
[INFO] [stderr]    Compiling tracing v0.1.41
[INFO] [stderr]    Compiling ppv-lite86 v0.2.20
[INFO] [stderr]    Compiling bitflags v1.3.2
[INFO] [stderr]    Compiling percent-encoding v2.3.1
[INFO] [stderr]    Compiling prost-types v0.11.9
[INFO] [stderr]    Compiling rustls-native-certs v0.6.3
[INFO] [stderr]    Compiling async-stream v0.3.6
[INFO] [stderr]    Compiling thiserror v1.0.69
[INFO] [stderr]    Compiling rand_chacha v0.3.1
[INFO] [stderr]    Compiling thiserror-impl v1.0.69
[INFO] [stderr]    Compiling ctor v0.2.9
[INFO] [stderr]    Compiling rand v0.8.5
[INFO] [stderr]    Compiling prost-build v0.11.9
[INFO] [stderr]    Compiling tonic-build v0.9.2
[INFO] [stderr]    Compiling tokio-util v0.7.13
[INFO] [stderr]    Compiling tokio-io-timeout v1.2.0
[INFO] [stderr]    Compiling tokio-stream v0.1.17
[INFO] [stderr]    Compiling tokio-rustls v0.24.1
[INFO] [stderr]    Compiling h2 v0.3.26
[INFO] [stderr]    Compiling tower v0.4.13
[INFO] [stderr]    Compiling ydb-grpc-bindings v0.0.1
[INFO] [stderr]    Compiling hyper v0.14.31
[INFO] [stderr]    Compiling hyper-timeout v0.4.1
[INFO] [stderr]    Compiling tonic v0.9.2
[INFO] [stderr]    Compiling ydb-unofficial v0.6.7 (/opt/rustwide/workdir)
[INFO] [stdout] warning: associated items `new` and `table_client` are never used
[INFO] [stdout]    --> src/client.rs:400:19
[INFO] [stdout]     |
[INFO] [stdout] 399 | impl<'a, C: Credentials> YdbTransaction<'a, C> {
[INFO] [stdout]     | ---------------------------------------------- associated items in this implementation
[INFO] [stdout] 400 |     pub(crate) fn new(client: TableClientWithSession<'a, C>, tx_control: TransactionControl) -> Self {
[INFO] [stdout]     |                   ^^^
[INFO] [stdout] ...
[INFO] [stdout] 403 |     pub(crate) fn table_client(&mut self) -> &mut TableClientWithSession<'a, C> {
[INFO] [stdout]     |                   ^^^^^^^^^^^^
[INFO] [stdout]     |
[INFO] [stdout]     = note: `#[warn(dead_code)]` on by default
[INFO] [stdout] 
[INFO] [stdout] 
[INFO] [stderr]     Finished `dev` profile [unoptimized + debuginfo] target(s) in 1m 04s
[INFO] running `Command { std: "docker" "inspect" "7802f65e9b562a706d2dfd8721c09257469f5b33ac94e7cc609d228c11e223e6", kill_on_drop: false }`
[INFO] running `Command { std: "docker" "rm" "-f" "7802f65e9b562a706d2dfd8721c09257469f5b33ac94e7cc609d228c11e223e6", kill_on_drop: false }`
[INFO] [stdout] 7802f65e9b562a706d2dfd8721c09257469f5b33ac94e7cc609d228c11e223e6
[INFO] running `Command { std: "docker" "create" "-v" "/var/lib/crater-agent-workspace/builds/worker-0-tc1/target:/opt/rustwide/target:rw,Z" "-v" "/var/lib/crater-agent-workspace/builds/worker-0-tc1/source:/opt/rustwide/workdir:ro,Z" "-v" "/var/lib/crater-agent-workspace/cargo-home:/opt/rustwide/cargo-home:ro,Z" "-v" "/var/lib/crater-agent-workspace/rustup-home:/opt/rustwide/rustup-home:ro,Z" "-e" "SOURCE_DIR=/opt/rustwide/workdir" "-e" "CARGO_TARGET_DIR=/opt/rustwide/target" "-e" "CARGO_INCREMENTAL=0" "-e" "RUST_BACKTRACE=full" "-e" "RUSTFLAGS=--cap-lints=warn" "-e" "RUSTDOCFLAGS=--cap-lints=warn" "-e" "CARGO_HOME=/opt/rustwide/cargo-home" "-e" "RUSTUP_HOME=/opt/rustwide/rustup-home" "-w" "/opt/rustwide/workdir" "-m" "1610612736" "--user" "0:0" "--network" "none" "ghcr.io/rust-lang/crates-build-env/linux@sha256:f3a9d4ad9d972b27faf3965f35b62e55ba32bbce8f20bc8fe909558a86702fde" "/opt/rustwide/cargo-home/bin/cargo" "+1.83.0" "test" "--frozen" "--no-run" "--message-format=json", kill_on_drop: false }`
[INFO] [stdout] d762dcf3805feeb54bc24843ad910b67b60665e183aeb72532c82c3827c896fa
[INFO] running `Command { std: "docker" "start" "-a" "d762dcf3805feeb54bc24843ad910b67b60665e183aeb72532c82c3827c896fa", kill_on_drop: false }`
[INFO] [stderr]    Compiling parking_lot_core v0.9.10
[INFO] [stderr]    Compiling lock_api v0.4.12
[INFO] [stderr]    Compiling scopeguard v1.2.0
[INFO] [stderr]    Compiling smallvec v1.13.2
[INFO] [stderr]    Compiling signal-hook-registry v1.4.2
[INFO] [stderr]    Compiling parking_lot v0.12.3
[INFO] [stderr]    Compiling tokio v1.42.0
[INFO] [stderr]    Compiling tokio-util v0.7.13
[INFO] [stderr]    Compiling tokio-io-timeout v1.2.0
[INFO] [stderr]    Compiling tokio-stream v0.1.17
[INFO] [stderr]    Compiling tokio-rustls v0.24.1
[INFO] [stderr]    Compiling h2 v0.3.26
[INFO] [stderr]    Compiling tower v0.4.13
[INFO] [stderr]    Compiling hyper v0.14.31
[INFO] [stderr]    Compiling hyper-timeout v0.4.1
[INFO] [stderr]    Compiling axum v0.6.20
[INFO] [stderr]    Compiling tonic v0.9.2
[INFO] [stderr]    Compiling ydb-grpc-bindings v0.0.1
[INFO] [stderr]    Compiling ydb-unofficial v0.6.7 (/opt/rustwide/workdir)
[INFO] [stdout] warning: associated items `new` and `table_client` are never used
[INFO] [stdout]    --> src/client.rs:400:19
[INFO] [stdout]     |
[INFO] [stdout] 399 | impl<'a, C: Credentials> YdbTransaction<'a, C> {
[INFO] [stdout]     | ---------------------------------------------- associated items in this implementation
[INFO] [stdout] 400 |     pub(crate) fn new(client: TableClientWithSession<'a, C>, tx_control: TransactionControl) -> Self {
[INFO] [stdout]     |                   ^^^
[INFO] [stdout] ...
[INFO] [stdout] 403 |     pub(crate) fn table_client(&mut self) -> &mut TableClientWithSession<'a, C> {
[INFO] [stdout]     |                   ^^^^^^^^^^^^
[INFO] [stdout]     |
[INFO] [stdout]     = note: `#[warn(dead_code)]` on by default
[INFO] [stdout] 
[INFO] [stdout] 
[INFO] [stdout] warning: associated items `new` and `table_client` are never used
[INFO] [stdout]    --> src/client.rs:400:19
[INFO] [stdout]     |
[INFO] [stdout] 399 | impl<'a, C: Credentials> YdbTransaction<'a, C> {
[INFO] [stdout]     | ---------------------------------------------- associated items in this implementation
[INFO] [stdout] 400 |     pub(crate) fn new(client: TableClientWithSession<'a, C>, tx_control: TransactionControl) -> Self {
[INFO] [stdout]     |                   ^^^
[INFO] [stdout] ...
[INFO] [stdout] 403 |     pub(crate) fn table_client(&mut self) -> &mut TableClientWithSession<'a, C> {
[INFO] [stdout]     |                   ^^^^^^^^^^^^
[INFO] [stdout]     |
[INFO] [stdout]     = note: `#[warn(dead_code)]` on by default
[INFO] [stdout] 
[INFO] [stdout] 
[INFO] [stderr]     Finished `test` profile [unoptimized + debuginfo] target(s) in 24.37s
[INFO] running `Command { std: "docker" "inspect" "d762dcf3805feeb54bc24843ad910b67b60665e183aeb72532c82c3827c896fa", kill_on_drop: false }`
[INFO] running `Command { std: "docker" "rm" "-f" "d762dcf3805feeb54bc24843ad910b67b60665e183aeb72532c82c3827c896fa", kill_on_drop: false }`
[INFO] [stdout] d762dcf3805feeb54bc24843ad910b67b60665e183aeb72532c82c3827c896fa
[INFO] running `Command { std: "docker" "create" "-v" "/var/lib/crater-agent-workspace/builds/worker-0-tc1/target:/opt/rustwide/target:rw,Z" "-v" "/var/lib/crater-agent-workspace/builds/worker-0-tc1/source:/opt/rustwide/workdir:ro,Z" "-v" "/var/lib/crater-agent-workspace/cargo-home:/opt/rustwide/cargo-home:ro,Z" "-v" "/var/lib/crater-agent-workspace/rustup-home:/opt/rustwide/rustup-home:ro,Z" "-e" "SOURCE_DIR=/opt/rustwide/workdir" "-e" "CARGO_TARGET_DIR=/opt/rustwide/target" "-e" "CARGO_INCREMENTAL=0" "-e" "RUST_BACKTRACE=full" "-e" "RUSTFLAGS=--cap-lints=warn" "-e" "RUSTDOCFLAGS=--cap-lints=warn" "-e" "CARGO_HOME=/opt/rustwide/cargo-home" "-e" "RUSTUP_HOME=/opt/rustwide/rustup-home" "-w" "/opt/rustwide/workdir" "-m" "1610612736" "--user" "0:0" "--network" "none" "ghcr.io/rust-lang/crates-build-env/linux@sha256:f3a9d4ad9d972b27faf3965f35b62e55ba32bbce8f20bc8fe909558a86702fde" "/opt/rustwide/cargo-home/bin/cargo" "+1.83.0" "test" "--frozen", kill_on_drop: false }`
[INFO] [stdout] 8b5ef3ec8670a5aa81c04b3173210a3107c3dd3d3190f9a1c3600e987bb2d299
[INFO] running `Command { std: "docker" "start" "-a" "8b5ef3ec8670a5aa81c04b3173210a3107c3dd3d3190f9a1c3600e987bb2d299", kill_on_drop: false }`
[INFO] [stderr] warning: associated items `new` and `table_client` are never used
[INFO] [stderr]    --> src/client.rs:400:19
[INFO] [stderr]     |
[INFO] [stderr] 399 | impl<'a, C: Credentials> YdbTransaction<'a, C> {
[INFO] [stderr]     | ---------------------------------------------- associated items in this implementation
[INFO] [stderr] 400 |     pub(crate) fn new(client: TableClientWithSession<'a, C>, tx_control: TransactionControl) -> Self {
[INFO] [stderr]     |                   ^^^
[INFO] [stderr] ...
[INFO] [stderr] 403 |     pub(crate) fn table_client(&mut self) -> &mut TableClientWithSession<'a, C> {
[INFO] [stderr]     |                   ^^^^^^^^^^^^
[INFO] [stderr]     |
[INFO] [stderr]     = note: `#[warn(dead_code)]` on by default
[INFO] [stderr] 
[INFO] [stderr] warning: `ydb-unofficial` (lib) generated 1 warning
[INFO] [stderr] warning: `ydb-unofficial` (lib test) generated 1 warning (1 duplicate)
[INFO] [stderr]     Finished `test` profile [unoptimized + debuginfo] target(s) in 0.12s
[INFO] [stderr]      Running unittests src/lib.rs (/opt/rustwide/target/debug/deps/ydb_unofficial-1b6b99e3a8fae1cc)
[INFO] [stdout] 
[INFO] [stdout] running 0 tests
[INFO] [stdout] 
[INFO] [stdout] test result: ok. 0 passed; 0 failed; 0 ignored; 0 measured; 0 filtered out; finished in 0.00s
[INFO] [stdout] 
[INFO] [stderr]    Doc-tests ydb_unofficial
[INFO] [stdout] 
[INFO] [stdout] running 5 tests
[INFO] [stdout] test src/client.rs - client::create_endpoint (line 104) ... ok
[INFO] [stdout] test src/client.rs - client::YdbConnection<C>::discovery (line 200) ... FAILED
[INFO] [stdout] test src/client.rs - client (line 4) ... FAILED
[INFO] [stdout] test src/client.rs - client::YdbConnection<C>::table (line 224) ... FAILED
[INFO] [stdout] test src/client.rs - client::YdbTransaction<'a,C> (line 383) ... FAILED
[INFO] [stdout] 
[INFO] [stdout] failures:
[INFO] [stdout] 
[INFO] [stdout] ---- src/client.rs - client::YdbConnection<C>::discovery (line 200) stdout ----
[INFO] [stdout] Test executable failed (exit status: 101).
[INFO] [stdout] 
[INFO] [stdout] stderr:
[INFO] [stdout] thread 'main' panicked at src/client.rs:170:34:
[INFO] [stdout] YDB_URL not set: NotPresent
[INFO] [stdout] stack backtrace:
[INFO] [stdout]    0:     0x5785f7e9d0aa - std::backtrace_rs::backtrace::libunwind::trace::h5a5b8284f2d0c266
[INFO] [stdout]                                at /rustc/90b35a6239c3d8bdabc530a6a0816f7ff89a0aaf/library/std/src/../../backtrace/src/backtrace/libunwind.rs:116:5
[INFO] [stdout]    1:     0x5785f7e9d0aa - std::backtrace_rs::backtrace::trace_unsynchronized::h76d4f1c9b0b875e3
[INFO] [stdout]                                at /rustc/90b35a6239c3d8bdabc530a6a0816f7ff89a0aaf/library/std/src/../../backtrace/src/backtrace/mod.rs:66:5
[INFO] [stdout]    2:     0x5785f7e9d0aa - std::sys::backtrace::_print_fmt::hc4546b8364a537c6
[INFO] [stdout]                                at /rustc/90b35a6239c3d8bdabc530a6a0816f7ff89a0aaf/library/std/src/sys/backtrace.rs:66:9
[INFO] [stdout]    3:     0x5785f7e9d0aa - <std::sys::backtrace::BacktraceLock::print::DisplayBacktrace as core::fmt::Display>::fmt::h5b6bd5631a6d1f6b
[INFO] [stdout]                                at /rustc/90b35a6239c3d8bdabc530a6a0816f7ff89a0aaf/library/std/src/sys/backtrace.rs:39:26
[INFO] [stdout]    4:     0x5785f7ec18b3 - core::fmt::rt::Argument::fmt::h270f6602a2b96f62
[INFO] [stdout]                                at /rustc/90b35a6239c3d8bdabc530a6a0816f7ff89a0aaf/library/core/src/fmt/rt.rs:177:76
[INFO] [stdout]    5:     0x5785f7ec18b3 - core::fmt::write::h7550c97b06c86515
[INFO] [stdout]                                at /rustc/90b35a6239c3d8bdabc530a6a0816f7ff89a0aaf/library/core/src/fmt/mod.rs:1186:21
[INFO] [stdout]    6:     0x5785f7e99ef3 - std::io::Write::write_fmt::h7b09c64fe0be9c84
[INFO] [stdout]                                at /rustc/90b35a6239c3d8bdabc530a6a0816f7ff89a0aaf/library/std/src/io/mod.rs:1839:15
[INFO] [stdout]    7:     0x5785f7e9cef2 - std::sys::backtrace::BacktraceLock::print::h2395ccd2c84ba3aa
[INFO] [stdout]                                at /rustc/90b35a6239c3d8bdabc530a6a0816f7ff89a0aaf/library/std/src/sys/backtrace.rs:42:9
[INFO] [stdout]    8:     0x5785f7e9dfdc - std::panicking::default_hook::{{closure}}::he19d4c7230e07961
[INFO] [stdout]                                at /rustc/90b35a6239c3d8bdabc530a6a0816f7ff89a0aaf/library/std/src/panicking.rs:268:22
[INFO] [stdout]    9:     0x5785f7e9de22 - std::panicking::default_hook::hf614597d3c67bbdb
[INFO] [stdout]                                at /rustc/90b35a6239c3d8bdabc530a6a0816f7ff89a0aaf/library/std/src/panicking.rs:295:9
[INFO] [stdout]   10:     0x5785f7e9e5b7 - std::panicking::rust_panic_with_hook::h8942133a8b252070
[INFO] [stdout]                                at /rustc/90b35a6239c3d8bdabc530a6a0816f7ff89a0aaf/library/std/src/panicking.rs:801:13
[INFO] [stdout]   11:     0x5785f7e9e44a - std::panicking::begin_panic_handler::{{closure}}::hb5f5963570096b29
[INFO] [stdout]                                at /rustc/90b35a6239c3d8bdabc530a6a0816f7ff89a0aaf/library/std/src/panicking.rs:674:13
[INFO] [stdout]   12:     0x5785f7e9d589 - std::sys::backtrace::__rust_end_short_backtrace::h6208cedc1922feda
[INFO] [stdout]                                at /rustc/90b35a6239c3d8bdabc530a6a0816f7ff89a0aaf/library/std/src/sys/backtrace.rs:170:18
[INFO] [stdout]   13:     0x5785f7e9e0dc - rust_begin_unwind
[INFO] [stdout]                                at /rustc/90b35a6239c3d8bdabc530a6a0816f7ff89a0aaf/library/std/src/panicking.rs:665:5
[INFO] [stdout]   14:     0x5785f785ca40 - core::panicking::panic_fmt::h0c3082644d1bf418
[INFO] [stdout]                                at /rustc/90b35a6239c3d8bdabc530a6a0816f7ff89a0aaf/library/core/src/panicking.rs:74:14
[INFO] [stdout]   15:     0x5785f785cf26 - core::result::unwrap_failed::hd20b4aa073bda1e2
[INFO] [stdout]                                at /rustc/90b35a6239c3d8bdabc530a6a0816f7ff89a0aaf/library/core/src/result.rs:1700:5
[INFO] [stdout]   16:     0x5785f7893176 - core::result::Result<T,E>::expect::h7c120a21479bb876
[INFO] [stdout]                                at /rustc/90b35a6239c3d8bdabc530a6a0816f7ff89a0aaf/library/core/src/result.rs:1061:23
[INFO] [stdout]   17:     0x5785f7899ed8 - ydb_unofficial::client::YdbConnection<alloc::string::String>::from_env::h0e4610a06365d5db
[INFO] [stdout]                                at /opt/rustwide/workdir/src/client.rs:170:19
[INFO] [stdout]   18:     0x5785f7892656 - rust_out::main::{{closure}}::h23e0a6cdca3b38c2
[INFO] [stdout]   19:     0x5785f78754f5 - tokio::runtime::park::CachedParkThread::block_on::{{closure}}::h8c4d73074f8ccb3d
[INFO] [stdout]   20:     0x5785f7874854 - tokio::runtime::park::CachedParkThread::block_on::h8e1c04d64cb90cb3
[INFO] [stdout]   21:     0x5785f787cfeb - tokio::runtime::context::blocking::BlockingRegionGuard::block_on::hdc43877f8040b91c
[INFO] [stdout]   22:     0x5785f787d5fe - tokio::runtime::scheduler::multi_thread::MultiThread::block_on::{{closure}}::ha56acef5b961fbb2
[INFO] [stdout]   23:     0x5785f787c343 - tokio::runtime::context::runtime::enter_runtime::hb26d1e8e025b5453
[INFO] [stdout]   24:     0x5785f787d563 - tokio::runtime::scheduler::multi_thread::MultiThread::block_on::h7296fda667f6a7a6
[INFO] [stdout]   25:     0x5785f787d24e - tokio::runtime::runtime::Runtime::block_on_inner::h8d6e8f946cbe3a3c
[INFO] [stdout]   26:     0x5785f787d450 - tokio::runtime::runtime::Runtime::block_on::h3357f3d3f6da3d73
[INFO] [stdout]   27:     0x5785f789254d - rust_out::main::h86d391cc11b8a827
[INFO] [stdout]   28:     0x5785f7865b93 - core::ops::function::FnOnce::call_once::hd1e0b33d350e8c2e
[INFO] [stdout]   29:     0x5785f7862766 - std::sys::backtrace::__rust_begin_short_backtrace::hb7c4fd168269da08
[INFO] [stdout]   30:     0x5785f78626a9 - std::rt::lang_start::{{closure}}::h7630186e3858a44d
[INFO] [stdout]   31:     0x5785f7e9547e - core::ops::function::impls::<impl core::ops::function::FnOnce<A> for &F>::call_once::hfdb85f4ee94732d3
[INFO] [stdout]                                at /rustc/90b35a6239c3d8bdabc530a6a0816f7ff89a0aaf/library/core/src/ops/function.rs:284:13
[INFO] [stdout]   32:     0x5785f7e9547e - std::panicking::try::do_call::h6e577310f330cbef
[INFO] [stdout]                                at /rustc/90b35a6239c3d8bdabc530a6a0816f7ff89a0aaf/library/std/src/panicking.rs:557:40
[INFO] [stdout]   33:     0x5785f7e9547e - std::panicking::try::ha588d438267d2645
[INFO] [stdout]                                at /rustc/90b35a6239c3d8bdabc530a6a0816f7ff89a0aaf/library/std/src/panicking.rs:520:19
[INFO] [stdout]   34:     0x5785f7e9547e - std::panic::catch_unwind::h429fda1e025f26d9
[INFO] [stdout]                                at /rustc/90b35a6239c3d8bdabc530a6a0816f7ff89a0aaf/library/std/src/panic.rs:358:14
[INFO] [stdout]   35:     0x5785f7e9547e - std::rt::lang_start_internal::{{closure}}::h7b731265e841c4bf
[INFO] [stdout]                                at /rustc/90b35a6239c3d8bdabc530a6a0816f7ff89a0aaf/library/std/src/rt.rs:174:48
[INFO] [stdout]   36:     0x5785f7e9547e - std::panicking::try::do_call::hc0f6a675b7ae5a36
[INFO] [stdout]                                at /rustc/90b35a6239c3d8bdabc530a6a0816f7ff89a0aaf/library/std/src/panicking.rs:557:40
[INFO] [stdout]   37:     0x5785f7e9547e - std::panicking::try::h4c93b7ff0671f1ff
[INFO] [stdout]                                at /rustc/90b35a6239c3d8bdabc530a6a0816f7ff89a0aaf/library/std/src/panicking.rs:520:19
[INFO] [stdout]   38:     0x5785f7e9547e - std::panic::catch_unwind::hcc1e154961d16ce6
[INFO] [stdout]                                at /rustc/90b35a6239c3d8bdabc530a6a0816f7ff89a0aaf/library/std/src/panic.rs:358:14
[INFO] [stdout]   39:     0x5785f7e9547e - std::rt::lang_start_internal::h1c66660c99c8424c
[INFO] [stdout]                                at /rustc/90b35a6239c3d8bdabc530a6a0816f7ff89a0aaf/library/std/src/rt.rs:174:20
[INFO] [stdout]   40:     0x5785f7862687 - std::rt::lang_start::hcdb31f4834f76b8c
[INFO] [stdout]   41:     0x5785f7892e35 - main
[INFO] [stdout]   42:     0x7d18fd4f5d90 - <unknown>
[INFO] [stdout]   43:     0x7d18fd4f5e40 - __libc_start_main
[INFO] [stdout]   44:     0x5785f785d635 - _start
[INFO] [stdout]   45:                0x0 - <unknown>
[INFO] [stdout] 
[INFO] [stdout] 
[INFO] [stdout] ---- src/client.rs - client (line 4) stdout ----
[INFO] [stdout] Test executable failed (exit status: 101).
[INFO] [stdout] 
[INFO] [stdout] stderr:
[INFO] [stdout] thread 'main' panicked at src/client.rs:6:40:
[INFO] [stdout] YDB_URL not set: NotPresent
[INFO] [stdout] stack backtrace:
[INFO] [stdout]    0:     0x58440a0b522a - std::backtrace_rs::backtrace::libunwind::trace::h5a5b8284f2d0c266
[INFO] [stdout]                                at /rustc/90b35a6239c3d8bdabc530a6a0816f7ff89a0aaf/library/std/src/../../backtrace/src/backtrace/libunwind.rs:116:5
[INFO] [stdout]    1:     0x58440a0b522a - std::backtrace_rs::backtrace::trace_unsynchronized::h76d4f1c9b0b875e3
[INFO] [stdout]                                at /rustc/90b35a6239c3d8bdabc530a6a0816f7ff89a0aaf/library/std/src/../../backtrace/src/backtrace/mod.rs:66:5
[INFO] [stdout]    2:     0x58440a0b522a - std::sys::backtrace::_print_fmt::hc4546b8364a537c6
[INFO] [stdout]                                at /rustc/90b35a6239c3d8bdabc530a6a0816f7ff89a0aaf/library/std/src/sys/backtrace.rs:66:9
[INFO] [stdout]    3:     0x58440a0b522a - <std::sys::backtrace::BacktraceLock::print::DisplayBacktrace as core::fmt::Display>::fmt::h5b6bd5631a6d1f6b
[INFO] [stdout]                                at /rustc/90b35a6239c3d8bdabc530a6a0816f7ff89a0aaf/library/std/src/sys/backtrace.rs:39:26
[INFO] [stdout]    4:     0x58440a0d9a33 - core::fmt::rt::Argument::fmt::h270f6602a2b96f62
[INFO] [stdout]                                at /rustc/90b35a6239c3d8bdabc530a6a0816f7ff89a0aaf/library/core/src/fmt/rt.rs:177:76
[INFO] [stdout]    5:     0x58440a0d9a33 - core::fmt::write::h7550c97b06c86515
[INFO] [stdout]                                at /rustc/90b35a6239c3d8bdabc530a6a0816f7ff89a0aaf/library/core/src/fmt/mod.rs:1186:21
[INFO] [stdout]    6:     0x58440a0b2073 - std::io::Write::write_fmt::h7b09c64fe0be9c84
[INFO] [stdout]                                at /rustc/90b35a6239c3d8bdabc530a6a0816f7ff89a0aaf/library/std/src/io/mod.rs:1839:15
[INFO] [stdout]    7:     0x58440a0b5072 - std::sys::backtrace::BacktraceLock::print::h2395ccd2c84ba3aa
[INFO] [stdout]                                at /rustc/90b35a6239c3d8bdabc530a6a0816f7ff89a0aaf/library/std/src/sys/backtrace.rs:42:9
[INFO] [stdout]    8:     0x58440a0b615c - std::panicking::default_hook::{{closure}}::he19d4c7230e07961
[INFO] [stdout]                                at /rustc/90b35a6239c3d8bdabc530a6a0816f7ff89a0aaf/library/std/src/panicking.rs:268:22
[INFO] [stdout]    9:     0x58440a0b5fa2 - std::panicking::default_hook::hf614597d3c67bbdb
[INFO] [stdout]                                at /rustc/90b35a6239c3d8bdabc530a6a0816f7ff89a0aaf/library/std/src/panicking.rs:295:9
[INFO] [stdout]   10:     0x58440a0b6737 - std::panicking::rust_panic_with_hook::h8942133a8b252070
[INFO] [stdout]                                at /rustc/90b35a6239c3d8bdabc530a6a0816f7ff89a0aaf/library/std/src/panicking.rs:801:13
[INFO] [stdout]   11:     0x58440a0b65ca - std::panicking::begin_panic_handler::{{closure}}::hb5f5963570096b29
[INFO] [stdout]                                at /rustc/90b35a6239c3d8bdabc530a6a0816f7ff89a0aaf/library/std/src/panicking.rs:674:13
[INFO] [stdout]   12:     0x58440a0b5709 - std::sys::backtrace::__rust_end_short_backtrace::h6208cedc1922feda
[INFO] [stdout]                                at /rustc/90b35a6239c3d8bdabc530a6a0816f7ff89a0aaf/library/std/src/sys/backtrace.rs:170:18
[INFO] [stdout]   13:     0x58440a0b625c - rust_begin_unwind
[INFO] [stdout]                                at /rustc/90b35a6239c3d8bdabc530a6a0816f7ff89a0aaf/library/std/src/panicking.rs:665:5
[INFO] [stdout]   14:     0x584409a72a40 - core::panicking::panic_fmt::h0c3082644d1bf418
[INFO] [stdout]                                at /rustc/90b35a6239c3d8bdabc530a6a0816f7ff89a0aaf/library/core/src/panicking.rs:74:14
[INFO] [stdout]   15:     0x584409a72f26 - core::result::unwrap_failed::hd20b4aa073bda1e2
[INFO] [stdout]                                at /rustc/90b35a6239c3d8bdabc530a6a0816f7ff89a0aaf/library/core/src/result.rs:1700:5
[INFO] [stdout]   16:     0x584409aacb56 - core::result::Result<T,E>::expect::h7c120a21479bb876
[INFO] [stdout]                                at /rustc/90b35a6239c3d8bdabc530a6a0816f7ff89a0aaf/library/core/src/result.rs:1061:23
[INFO] [stdout]   17:     0x584409aaba0b - rust_out::main::{{closure}}::h23e0a6cdca3b38c2
[INFO] [stdout]   18:     0x584409aa5056 - <core::pin::Pin<P> as core::future::future::Future>::poll::h4d55be5cd8d38233
[INFO] [stdout]   19:     0x584409a8bf55 - tokio::runtime::park::CachedParkThread::block_on::{{closure}}::h215dc104e9bb8f37
[INFO] [stdout]   20:     0x584409a8b694 - tokio::runtime::park::CachedParkThread::block_on::hb31275f696b9b3b7
[INFO] [stdout]   21:     0x584409a939cb - tokio::runtime::context::blocking::BlockingRegionGuard::block_on::hd6ce3b6ce366867d
[INFO] [stdout]   22:     0x584409a94051 - tokio::runtime::scheduler::multi_thread::MultiThread::block_on::{{closure}}::h512107d20e1857e8
[INFO] [stdout]   23:     0x584409a92f98 - tokio::runtime::context::runtime::enter_runtime::hd7c87ef660888f42
[INFO] [stdout]   24:     0x584409a9403d - tokio::runtime::scheduler::multi_thread::MultiThread::block_on::hd0fbb133ad24c603
[INFO] [stdout]   25:     0x584409a93b5f - tokio::runtime::runtime::Runtime::block_on_inner::h5b98e0c3de51063f
[INFO] [stdout]   26:     0x584409a93f8f - tokio::runtime::runtime::Runtime::block_on::h3357f3d3f6da3d73
[INFO] [stdout]   27:     0x584409aab80c - rust_out::main::h86d391cc11b8a827
[INFO] [stdout]   28:     0x584409a7bda3 - core::ops::function::FnOnce::call_once::hd1e0b33d350e8c2e
[INFO] [stdout]   29:     0x584409a78946 - std::sys::backtrace::__rust_begin_short_backtrace::hb7c4fd168269da08
[INFO] [stdout]   30:     0x584409a78889 - std::rt::lang_start::{{closure}}::h7630186e3858a44d
[INFO] [stdout]   31:     0x58440a0ad5fe - core::ops::function::impls::<impl core::ops::function::FnOnce<A> for &F>::call_once::hfdb85f4ee94732d3
[INFO] [stdout]                                at /rustc/90b35a6239c3d8bdabc530a6a0816f7ff89a0aaf/library/core/src/ops/function.rs:284:13
[INFO] [stdout]   32:     0x58440a0ad5fe - std::panicking::try::do_call::h6e577310f330cbef
[INFO] [stdout]                                at /rustc/90b35a6239c3d8bdabc530a6a0816f7ff89a0aaf/library/std/src/panicking.rs:557:40
[INFO] [stdout]   33:     0x58440a0ad5fe - std::panicking::try::ha588d438267d2645
[INFO] [stdout]                                at /rustc/90b35a6239c3d8bdabc530a6a0816f7ff89a0aaf/library/std/src/panicking.rs:520:19
[INFO] [stdout]   34:     0x58440a0ad5fe - std::panic::catch_unwind::h429fda1e025f26d9
[INFO] [stdout]                                at /rustc/90b35a6239c3d8bdabc530a6a0816f7ff89a0aaf/library/std/src/panic.rs:358:14
[INFO] [stdout]   35:     0x58440a0ad5fe - std::rt::lang_start_internal::{{closure}}::h7b731265e841c4bf
[INFO] [stdout]                                at /rustc/90b35a6239c3d8bdabc530a6a0816f7ff89a0aaf/library/std/src/rt.rs:174:48
[INFO] [stdout]   36:     0x58440a0ad5fe - std::panicking::try::do_call::hc0f6a675b7ae5a36
[INFO] [stdout]                                at /rustc/90b35a6239c3d8bdabc530a6a0816f7ff89a0aaf/library/std/src/panicking.rs:557:40
[INFO] [stdout]   37:     0x58440a0ad5fe - std::panicking::try::h4c93b7ff0671f1ff
[INFO] [stdout]                                at /rustc/90b35a6239c3d8bdabc530a6a0816f7ff89a0aaf/library/std/src/panicking.rs:520:19
[INFO] [stdout]   38:     0x58440a0ad5fe - std::panic::catch_unwind::hcc1e154961d16ce6
[INFO] [stdout]                                at /rustc/90b35a6239c3d8bdabc530a6a0816f7ff89a0aaf/library/std/src/panic.rs:358:14
[INFO] [stdout]   39:     0x58440a0ad5fe - std::rt::lang_start_internal::h1c66660c99c8424c
[INFO] [stdout]                                at /rustc/90b35a6239c3d8bdabc530a6a0816f7ff89a0aaf/library/std/src/rt.rs:174:20
[INFO] [stdout]   40:     0x584409a78867 - std::rt::lang_start::hcdb31f4834f76b8c
[INFO] [stdout]   41:     0x584409aac815 - main
[INFO] [stdout]   42:     0x71743dcc4d90 - <unknown>
[INFO] [stdout]   43:     0x71743dcc4e40 - __libc_start_main
[INFO] [stdout]   44:     0x584409a73635 - _start
[INFO] [stdout]   45:                0x0 - <unknown>
[INFO] [stdout] 
[INFO] [stdout] 
[INFO] [stdout] ---- src/client.rs - client::YdbConnection<C>::table (line 224) stdout ----
[INFO] [stdout] Test executable failed (exit status: 101).
[INFO] [stdout] 
[INFO] [stdout] stderr:
[INFO] [stdout] thread 'main' panicked at src/client.rs:170:34:
[INFO] [stdout] YDB_URL not set: NotPresent
[INFO] [stdout] stack backtrace:
[INFO] [stdout]    0:     0x6051a49c39ea - std::backtrace_rs::backtrace::libunwind::trace::h5a5b8284f2d0c266
[INFO] [stdout]                                at /rustc/90b35a6239c3d8bdabc530a6a0816f7ff89a0aaf/library/std/src/../../backtrace/src/backtrace/libunwind.rs:116:5
[INFO] [stdout]    1:     0x6051a49c39ea - std::backtrace_rs::backtrace::trace_unsynchronized::h76d4f1c9b0b875e3
[INFO] [stdout]                                at /rustc/90b35a6239c3d8bdabc530a6a0816f7ff89a0aaf/library/std/src/../../backtrace/src/backtrace/mod.rs:66:5
[INFO] [stdout]    2:     0x6051a49c39ea - std::sys::backtrace::_print_fmt::hc4546b8364a537c6
[INFO] [stdout]                                at /rustc/90b35a6239c3d8bdabc530a6a0816f7ff89a0aaf/library/std/src/sys/backtrace.rs:66:9
[INFO] [stdout]    3:     0x6051a49c39ea - <std::sys::backtrace::BacktraceLock::print::DisplayBacktrace as core::fmt::Display>::fmt::h5b6bd5631a6d1f6b
[INFO] [stdout]                                at /rustc/90b35a6239c3d8bdabc530a6a0816f7ff89a0aaf/library/std/src/sys/backtrace.rs:39:26
[INFO] [stdout]    4:     0x6051a49e81f3 - core::fmt::rt::Argument::fmt::h270f6602a2b96f62
[INFO] [stdout]                                at /rustc/90b35a6239c3d8bdabc530a6a0816f7ff89a0aaf/library/core/src/fmt/rt.rs:177:76
[INFO] [stdout]    5:     0x6051a49e81f3 - core::fmt::write::h7550c97b06c86515
[INFO] [stdout]                                at /rustc/90b35a6239c3d8bdabc530a6a0816f7ff89a0aaf/library/core/src/fmt/mod.rs:1186:21
[INFO] [stdout]    6:     0x6051a49c0833 - std::io::Write::write_fmt::h7b09c64fe0be9c84
[INFO] [stdout]                                at /rustc/90b35a6239c3d8bdabc530a6a0816f7ff89a0aaf/library/std/src/io/mod.rs:1839:15
[INFO] [stdout]    7:     0x6051a49c3832 - std::sys::backtrace::BacktraceLock::print::h2395ccd2c84ba3aa
[INFO] [stdout]                                at /rustc/90b35a6239c3d8bdabc530a6a0816f7ff89a0aaf/library/std/src/sys/backtrace.rs:42:9
[INFO] [stdout]    8:     0x6051a49c491c - std::panicking::default_hook::{{closure}}::he19d4c7230e07961
[INFO] [stdout]                                at /rustc/90b35a6239c3d8bdabc530a6a0816f7ff89a0aaf/library/std/src/panicking.rs:268:22
[INFO] [stdout]    9:     0x6051a49c4762 - std::panicking::default_hook::hf614597d3c67bbdb
[INFO] [stdout]                                at /rustc/90b35a6239c3d8bdabc530a6a0816f7ff89a0aaf/library/std/src/panicking.rs:295:9
[INFO] [stdout]   10:     0x6051a49c4ef7 - std::panicking::rust_panic_with_hook::h8942133a8b252070
[INFO] [stdout]                                at /rustc/90b35a6239c3d8bdabc530a6a0816f7ff89a0aaf/library/std/src/panicking.rs:801:13
[INFO] [stdout]   11:     0x6051a49c4d8a - std::panicking::begin_panic_handler::{{closure}}::hb5f5963570096b29
[INFO] [stdout]                                at /rustc/90b35a6239c3d8bdabc530a6a0816f7ff89a0aaf/library/std/src/panicking.rs:674:13
[INFO] [stdout]   12:     0x6051a49c3ec9 - std::sys::backtrace::__rust_end_short_backtrace::h6208cedc1922feda
[INFO] [stdout]                                at /rustc/90b35a6239c3d8bdabc530a6a0816f7ff89a0aaf/library/std/src/sys/backtrace.rs:170:18
[INFO] [stdout]   13:     0x6051a49c4a1c - rust_begin_unwind
[INFO] [stdout]                                at /rustc/90b35a6239c3d8bdabc530a6a0816f7ff89a0aaf/library/std/src/panicking.rs:665:5
[INFO] [stdout]   14:     0x6051a4377ba0 - core::panicking::panic_fmt::h0c3082644d1bf418
[INFO] [stdout]                                at /rustc/90b35a6239c3d8bdabc530a6a0816f7ff89a0aaf/library/core/src/panicking.rs:74:14
[INFO] [stdout]   15:     0x6051a4378086 - core::result::unwrap_failed::hd20b4aa073bda1e2
[INFO] [stdout]                                at /rustc/90b35a6239c3d8bdabc530a6a0816f7ff89a0aaf/library/core/src/result.rs:1700:5
[INFO] [stdout]   16:     0x6051a43ba4a6 - core::result::Result<T,E>::expect::h7c120a21479bb876
[INFO] [stdout]                                at /rustc/90b35a6239c3d8bdabc530a6a0816f7ff89a0aaf/library/core/src/result.rs:1061:23
[INFO] [stdout]   17:     0x6051a43bf4f8 - ydb_unofficial::client::YdbConnection<alloc::string::String>::from_env::h0e4610a06365d5db
[INFO] [stdout]                                at /opt/rustwide/workdir/src/client.rs:170:19
[INFO] [stdout]   18:     0x6051a43b9bc2 - rust_out::main::{{closure}}::h23e0a6cdca3b38c2
[INFO] [stdout]   19:     0x6051a43b1dd6 - <core::pin::Pin<P> as core::future::future::Future>::poll::h4d55be5cd8d38233
[INFO] [stdout]   20:     0x6051a4395bf5 - tokio::runtime::park::CachedParkThread::block_on::{{closure}}::h215dc104e9bb8f37
[INFO] [stdout]   21:     0x6051a4395334 - tokio::runtime::park::CachedParkThread::block_on::hb31275f696b9b3b7
[INFO] [stdout]   22:     0x6051a439d66b - tokio::runtime::context::blocking::BlockingRegionGuard::block_on::hd6ce3b6ce366867d
[INFO] [stdout]   23:     0x6051a439dcf1 - tokio::runtime::scheduler::multi_thread::MultiThread::block_on::{{closure}}::h512107d20e1857e8
[INFO] [stdout]   24:     0x6051a439cc38 - tokio::runtime::context::runtime::enter_runtime::hd7c87ef660888f42
[INFO] [stdout]   25:     0x6051a439dcdd - tokio::runtime::scheduler::multi_thread::MultiThread::block_on::hd0fbb133ad24c603
[INFO] [stdout]   26:     0x6051a439d7ff - tokio::runtime::runtime::Runtime::block_on_inner::h5b98e0c3de51063f
[INFO] [stdout]   27:     0x6051a439dc2f - tokio::runtime::runtime::Runtime::block_on::h3357f3d3f6da3d73
[INFO] [stdout]   28:     0x6051a43b9abc - rust_out::main::h86d391cc11b8a827
[INFO] [stdout]   29:     0x6051a4384013 - core::ops::function::FnOnce::call_once::hd1e0b33d350e8c2e
[INFO] [stdout]   30:     0x6051a4380af6 - std::sys::backtrace::__rust_begin_short_backtrace::hb7c4fd168269da08
[INFO] [stdout]   31:     0x6051a4380a39 - std::rt::lang_start::{{closure}}::h7630186e3858a44d
[INFO] [stdout]   32:     0x6051a49bbdbe - core::ops::function::impls::<impl core::ops::function::FnOnce<A> for &F>::call_once::hfdb85f4ee94732d3
[INFO] [stdout]                                at /rustc/90b35a6239c3d8bdabc530a6a0816f7ff89a0aaf/library/core/src/ops/function.rs:284:13
[INFO] [stdout]   33:     0x6051a49bbdbe - std::panicking::try::do_call::h6e577310f330cbef
[INFO] [stdout]                                at /rustc/90b35a6239c3d8bdabc530a6a0816f7ff89a0aaf/library/std/src/panicking.rs:557:40
[INFO] [stdout]   34:     0x6051a49bbdbe - std::panicking::try::ha588d438267d2645
[INFO] [stdout]                                at /rustc/90b35a6239c3d8bdabc530a6a0816f7ff89a0aaf/library/std/src/panicking.rs:520:19
[INFO] [stdout]   35:     0x6051a49bbdbe - std::panic::catch_unwind::h429fda1e025f26d9
[INFO] [stdout]                                at /rustc/90b35a6239c3d8bdabc530a6a0816f7ff89a0aaf/library/std/src/panic.rs:358:14
[INFO] [stdout]   36:     0x6051a49bbdbe - std::rt::lang_start_internal::{{closure}}::h7b731265e841c4bf
[INFO] [stdout]                                at /rustc/90b35a6239c3d8bdabc530a6a0816f7ff89a0aaf/library/std/src/rt.rs:174:48
[INFO] [stdout]   37:     0x6051a49bbdbe - std::panicking::try::do_call::hc0f6a675b7ae5a36
[INFO] [stdout]                                at /rustc/90b35a6239c3d8bdabc530a6a0816f7ff89a0aaf/library/std/src/panicking.rs:557:40
[INFO] [stdout]   38:     0x6051a49bbdbe - std::panicking::try::h4c93b7ff0671f1ff
[INFO] [stdout]                                at /rustc/90b35a6239c3d8bdabc530a6a0816f7ff89a0aaf/library/std/src/panicking.rs:520:19
[INFO] [stdout]   39:     0x6051a49bbdbe - std::panic::catch_unwind::hcc1e154961d16ce6
[INFO] [stdout]                                at /rustc/90b35a6239c3d8bdabc530a6a0816f7ff89a0aaf/library/std/src/panic.rs:358:14
[INFO] [stdout]   40:     0x6051a49bbdbe - std::rt::lang_start_internal::h1c66660c99c8424c
[INFO] [stdout]                                at /rustc/90b35a6239c3d8bdabc530a6a0816f7ff89a0aaf/library/std/src/rt.rs:174:20
[INFO] [stdout]   41:     0x6051a4380a17 - std::rt::lang_start::hcdb31f4834f76b8c
[INFO] [stdout]   42:     0x6051a43ba155 - main
[INFO] [stdout]   43:     0x79cd23d06d90 - <unknown>
[INFO] [stdout]   44:     0x79cd23d06e40 - __libc_start_main
[INFO] [stdout]   45:     0x6051a4378795 - _start
[INFO] [stdout]   46:                0x0 - <unknown>
[INFO] [stdout] 
[INFO] [stdout] 
[INFO] [stdout] ---- src/client.rs - client::YdbTransaction<'a,C> (line 383) stdout ----
[INFO] [stdout] Test executable failed (exit status: 101).
[INFO] [stdout] 
[INFO] [stdout] stderr:
[INFO] [stdout] thread 'main' panicked at src/client.rs:170:34:
[INFO] [stdout] YDB_URL not set: NotPresent
[INFO] [stdout] stack backtrace:
[INFO] [stdout]    0:     0x6226a2ace04a - std::backtrace_rs::backtrace::libunwind::trace::h5a5b8284f2d0c266
[INFO] [stdout]                                at /rustc/90b35a6239c3d8bdabc530a6a0816f7ff89a0aaf/library/std/src/../../backtrace/src/backtrace/libunwind.rs:116:5
[INFO] [stdout]    1:     0x6226a2ace04a - std::backtrace_rs::backtrace::trace_unsynchronized::h76d4f1c9b0b875e3
[INFO] [stdout]                                at /rustc/90b35a6239c3d8bdabc530a6a0816f7ff89a0aaf/library/std/src/../../backtrace/src/backtrace/mod.rs:66:5
[INFO] [stdout]    2:     0x6226a2ace04a - std::sys::backtrace::_print_fmt::hc4546b8364a537c6
[INFO] [stdout]                                at /rustc/90b35a6239c3d8bdabc530a6a0816f7ff89a0aaf/library/std/src/sys/backtrace.rs:66:9
[INFO] [stdout]    3:     0x6226a2ace04a - <std::sys::backtrace::BacktraceLock::print::DisplayBacktrace as core::fmt::Display>::fmt::h5b6bd5631a6d1f6b
[INFO] [stdout]                                at /rustc/90b35a6239c3d8bdabc530a6a0816f7ff89a0aaf/library/std/src/sys/backtrace.rs:39:26
[INFO] [stdout]    4:     0x6226a2af2853 - core::fmt::rt::Argument::fmt::h270f6602a2b96f62
[INFO] [stdout]                                at /rustc/90b35a6239c3d8bdabc530a6a0816f7ff89a0aaf/library/core/src/fmt/rt.rs:177:76
[INFO] [stdout]    5:     0x6226a2af2853 - core::fmt::write::h7550c97b06c86515
[INFO] [stdout]                                at /rustc/90b35a6239c3d8bdabc530a6a0816f7ff89a0aaf/library/core/src/fmt/mod.rs:1186:21
[INFO] [stdout]    6:     0x6226a2acae93 - std::io::Write::write_fmt::h7b09c64fe0be9c84
[INFO] [stdout]                                at /rustc/90b35a6239c3d8bdabc530a6a0816f7ff89a0aaf/library/std/src/io/mod.rs:1839:15
[INFO] [stdout]    7:     0x6226a2acde92 - std::sys::backtrace::BacktraceLock::print::h2395ccd2c84ba3aa
[INFO] [stdout]                                at /rustc/90b35a6239c3d8bdabc530a6a0816f7ff89a0aaf/library/std/src/sys/backtrace.rs:42:9
[INFO] [stdout]    8:     0x6226a2acef7c - std::panicking::default_hook::{{closure}}::he19d4c7230e07961
[INFO] [stdout]                                at /rustc/90b35a6239c3d8bdabc530a6a0816f7ff89a0aaf/library/std/src/panicking.rs:268:22
[INFO] [stdout]    9:     0x6226a2acedc2 - std::panicking::default_hook::hf614597d3c67bbdb
[INFO] [stdout]                                at /rustc/90b35a6239c3d8bdabc530a6a0816f7ff89a0aaf/library/std/src/panicking.rs:295:9
[INFO] [stdout]   10:     0x6226a2acf557 - std::panicking::rust_panic_with_hook::h8942133a8b252070
[INFO] [stdout]                                at /rustc/90b35a6239c3d8bdabc530a6a0816f7ff89a0aaf/library/std/src/panicking.rs:801:13
[INFO] [stdout]   11:     0x6226a2acf3ea - std::panicking::begin_panic_handler::{{closure}}::hb5f5963570096b29
[INFO] [stdout]                                at /rustc/90b35a6239c3d8bdabc530a6a0816f7ff89a0aaf/library/std/src/panicking.rs:674:13
[INFO] [stdout]   12:     0x6226a2ace529 - std::sys::backtrace::__rust_end_short_backtrace::h6208cedc1922feda
[INFO] [stdout]                                at /rustc/90b35a6239c3d8bdabc530a6a0816f7ff89a0aaf/library/std/src/sys/backtrace.rs:170:18
[INFO] [stdout]   13:     0x6226a2acf07c - rust_begin_unwind
[INFO] [stdout]                                at /rustc/90b35a6239c3d8bdabc530a6a0816f7ff89a0aaf/library/std/src/panicking.rs:665:5
[INFO] [stdout]   14:     0x6226a2458ba0 - core::panicking::panic_fmt::h0c3082644d1bf418
[INFO] [stdout]                                at /rustc/90b35a6239c3d8bdabc530a6a0816f7ff89a0aaf/library/core/src/panicking.rs:74:14
[INFO] [stdout]   15:     0x6226a2459086 - core::result::unwrap_failed::hd20b4aa073bda1e2
[INFO] [stdout]                                at /rustc/90b35a6239c3d8bdabc530a6a0816f7ff89a0aaf/library/core/src/result.rs:1700:5
[INFO] [stdout]   16:     0x6226a24baf86 - core::result::Result<T,E>::expect::h7c120a21479bb876
[INFO] [stdout]                                at /rustc/90b35a6239c3d8bdabc530a6a0816f7ff89a0aaf/library/core/src/result.rs:1061:23
[INFO] [stdout]   17:     0x6226a24c38a8 - ydb_unofficial::client::YdbConnection<alloc::string::String>::from_env::h0e4610a06365d5db
[INFO] [stdout]                                at /opt/rustwide/workdir/src/client.rs:170:19
[INFO] [stdout]   18:     0x6226a24b9d68 - rust_out::main::{{closure}}::h23e0a6cdca3b38c2
[INFO] [stdout]   19:     0x6226a24abba6 - <core::pin::Pin<P> as core::future::future::Future>::poll::h4d55be5cd8d38233
[INFO] [stdout]   20:     0x6226a2486a85 - tokio::runtime::park::CachedParkThread::block_on::{{closure}}::h215dc104e9bb8f37
[INFO] [stdout]   21:     0x6226a24861c4 - tokio::runtime::park::CachedParkThread::block_on::hb31275f696b9b3b7
[INFO] [stdout]   22:     0x6226a248e4fb - tokio::runtime::context::blocking::BlockingRegionGuard::block_on::hd6ce3b6ce366867d
[INFO] [stdout]   23:     0x6226a248eb81 - tokio::runtime::scheduler::multi_thread::MultiThread::block_on::{{closure}}::h512107d20e1857e8
[INFO] [stdout]   24:     0x6226a248dac8 - tokio::runtime::context::runtime::enter_runtime::hd7c87ef660888f42
[INFO] [stdout]   25:     0x6226a248eb6d - tokio::runtime::scheduler::multi_thread::MultiThread::block_on::hd0fbb133ad24c603
[INFO] [stdout]   26:     0x6226a248e68f - tokio::runtime::runtime::Runtime::block_on_inner::h5b98e0c3de51063f
[INFO] [stdout]   27:     0x6226a248eabf - tokio::runtime::runtime::Runtime::block_on::h3357f3d3f6da3d73
[INFO] [stdout]   28:     0x6226a24b9bec - rust_out::main::h86d391cc11b8a827
[INFO] [stdout]   29:     0x6226a246c3d3 - core::ops::function::FnOnce::call_once::hd1e0b33d350e8c2e
[INFO] [stdout]   30:     0x6226a2468876 - std::sys::backtrace::__rust_begin_short_backtrace::hb7c4fd168269da08
[INFO] [stdout]   31:     0x6226a24687b9 - std::rt::lang_start::{{closure}}::h7630186e3858a44d
[INFO] [stdout]   32:     0x6226a2ac641e - core::ops::function::impls::<impl core::ops::function::FnOnce<A> for &F>::call_once::hfdb85f4ee94732d3
[INFO] [stdout]                                at /rustc/90b35a6239c3d8bdabc530a6a0816f7ff89a0aaf/library/core/src/ops/function.rs:284:13
[INFO] [stdout]   33:     0x6226a2ac641e - std::panicking::try::do_call::h6e577310f330cbef
[INFO] [stdout]                                at /rustc/90b35a6239c3d8bdabc530a6a0816f7ff89a0aaf/library/std/src/panicking.rs:557:40
[INFO] [stdout]   34:     0x6226a2ac641e - std::panicking::try::ha588d438267d2645
[INFO] [stdout]                                at /rustc/90b35a6239c3d8bdabc530a6a0816f7ff89a0aaf/library/std/src/panicking.rs:520:19
[INFO] [stdout]   35:     0x6226a2ac641e - std::panic::catch_unwind::h429fda1e025f26d9
[INFO] [stdout]                                at /rustc/90b35a6239c3d8bdabc530a6a0816f7ff89a0aaf/library/std/src/panic.rs:358:14
[INFO] [stdout]   36:     0x6226a2ac641e - std::rt::lang_start_internal::{{closure}}::h7b731265e841c4bf
[INFO] [stdout]                                at /rustc/90b35a6239c3d8bdabc530a6a0816f7ff89a0aaf/library/std/src/rt.rs:174:48
[INFO] [stdout]   37:     0x6226a2ac641e - std::panicking::try::do_call::hc0f6a675b7ae5a36
[INFO] [stdout]                                at /rustc/90b35a6239c3d8bdabc530a6a0816f7ff89a0aaf/library/std/src/panicking.rs:557:40
[INFO] [stdout]   38:     0x6226a2ac641e - std::panicking::try::h4c93b7ff0671f1ff
[INFO] [stdout]                                at /rustc/90b35a6239c3d8bdabc530a6a0816f7ff89a0aaf/library/std/src/panicking.rs:520:19
[INFO] [stdout]   39:     0x6226a2ac641e - std::panic::catch_unwind::hcc1e154961d16ce6
[INFO] [stdout]                                at /rustc/90b35a6239c3d8bdabc530a6a0816f7ff89a0aaf/library/std/src/panic.rs:358:14
[INFO] [stdout]   40:     0x6226a2ac641e - std::rt::lang_start_internal::h1c66660c99c8424c
[INFO] [stdout]                                at /rustc/90b35a6239c3d8bdabc530a6a0816f7ff89a0aaf/library/std/src/rt.rs:174:20
[INFO] [stdout]   41:     0x6226a2468797 - std::rt::lang_start::hcdb31f4834f76b8c
[INFO] [stdout]   42:     0x6226a24baa65 - main
[INFO] [stdout]   43:     0x743f9c063d90 - <unknown>
[INFO] [stdout]   44:     0x743f9c063e40 - __libc_start_main
[INFO] [stdout]   45:     0x6226a2459795 - _start
[INFO] [stdout]   46:                0x0 - <unknown>
[INFO] [stdout] 
[INFO] [stdout] 
[INFO] [stdout] 
[INFO] [stdout] failures:
[INFO] [stdout]     src/client.rs - client (line 4)
[INFO] [stdout]     src/client.rs - client::YdbConnection<C>::discovery (line 200)
[INFO] [stdout]     src/client.rs - client::YdbConnection<C>::table (line 224)
[INFO] [stdout]     src/client.rs - client::YdbTransaction<'a,C> (line 383)
[INFO] [stdout] 
[INFO] [stdout] test result: FAILED. 1 passed; 4 failed; 0 ignored; 0 measured; 0 filtered out; finished in 4.06s
[INFO] [stdout] 
[INFO] [stderr] error: doctest failed, to rerun pass `--doc`
[INFO] running `Command { std: "docker" "inspect" "8b5ef3ec8670a5aa81c04b3173210a3107c3dd3d3190f9a1c3600e987bb2d299", kill_on_drop: false }`
[INFO] running `Command { std: "docker" "rm" "-f" "8b5ef3ec8670a5aa81c04b3173210a3107c3dd3d3190f9a1c3600e987bb2d299", kill_on_drop: false }`
[INFO] [stdout] 8b5ef3ec8670a5aa81c04b3173210a3107c3dd3d3190f9a1c3600e987bb2d299
