[INFO] fetching crate yahf 0.0.2...
[INFO] testing yahf-0.0.2 against beta-2024-12-08 for beta-1.84.0-4-retry
[INFO] extracting crate yahf 0.0.2 into /workspace/builds/worker-0-tc2/source
[INFO] validating manifest of crates.io crate yahf 0.0.2 on toolchain beta-2024-12-08
[INFO] running `Command { std: CARGO_HOME="/workspace/cargo-home" RUSTUP_HOME="/workspace/rustup-home" "/workspace/cargo-home/bin/cargo" "+beta-2024-12-08" "metadata" "--manifest-path" "Cargo.toml" "--no-deps", kill_on_drop: false }`
[INFO] removed /workspace/builds/worker-0-tc2/source/rust-toolchain.toml
[INFO] started tweaking crates.io crate yahf 0.0.2
[INFO] finished tweaking crates.io crate yahf 0.0.2
[INFO] tweaked toml for crates.io crate yahf 0.0.2 written to /workspace/builds/worker-0-tc2/source/Cargo.toml
[INFO] crate crates.io crate yahf 0.0.2 already has a lockfile, it will not be regenerated
[INFO] running `Command { std: CARGO_HOME="/workspace/cargo-home" RUSTUP_HOME="/workspace/rustup-home" "/workspace/cargo-home/bin/cargo" "+beta-2024-12-08" "fetch" "--manifest-path" "Cargo.toml", kill_on_drop: false }`
[INFO] [stderr]     Blocking waiting for file lock on package cache
[INFO] [stderr]     Blocking waiting for file lock on package cache
[INFO] running `Command { std: "docker" "create" "-v" "/var/lib/crater-agent-workspace/builds/worker-0-tc2/target:/opt/rustwide/target:rw,Z" "-v" "/var/lib/crater-agent-workspace/builds/worker-0-tc2/source:/opt/rustwide/workdir:ro,Z" "-v" "/var/lib/crater-agent-workspace/cargo-home:/opt/rustwide/cargo-home:ro,Z" "-v" "/var/lib/crater-agent-workspace/rustup-home:/opt/rustwide/rustup-home:ro,Z" "-e" "SOURCE_DIR=/opt/rustwide/workdir" "-e" "CARGO_TARGET_DIR=/opt/rustwide/target" "-e" "CARGO_HOME=/opt/rustwide/cargo-home" "-e" "RUSTUP_HOME=/opt/rustwide/rustup-home" "-w" "/opt/rustwide/workdir" "-m" "1610612736" "--user" "0:0" "--network" "none" "ghcr.io/rust-lang/crates-build-env/linux@sha256:f3a9d4ad9d972b27faf3965f35b62e55ba32bbce8f20bc8fe909558a86702fde" "/opt/rustwide/cargo-home/bin/cargo" "+beta-2024-12-08" "metadata" "--no-deps" "--format-version=1", kill_on_drop: false }`
[INFO] [stdout] 92bcbc0d1941aae647f83d9e295f654d127e52931124ee2f9d2aa52978af9924
[INFO] running `Command { std: "docker" "start" "-a" "92bcbc0d1941aae647f83d9e295f654d127e52931124ee2f9d2aa52978af9924", kill_on_drop: false }`
[INFO] running `Command { std: "docker" "inspect" "92bcbc0d1941aae647f83d9e295f654d127e52931124ee2f9d2aa52978af9924", kill_on_drop: false }`
[INFO] running `Command { std: "docker" "rm" "-f" "92bcbc0d1941aae647f83d9e295f654d127e52931124ee2f9d2aa52978af9924", kill_on_drop: false }`
[INFO] [stdout] 92bcbc0d1941aae647f83d9e295f654d127e52931124ee2f9d2aa52978af9924
[INFO] running `Command { std: "docker" "create" "-v" "/var/lib/crater-agent-workspace/builds/worker-0-tc2/target:/opt/rustwide/target:rw,Z" "-v" "/var/lib/crater-agent-workspace/builds/worker-0-tc2/source:/opt/rustwide/workdir:ro,Z" "-v" "/var/lib/crater-agent-workspace/cargo-home:/opt/rustwide/cargo-home:ro,Z" "-v" "/var/lib/crater-agent-workspace/rustup-home:/opt/rustwide/rustup-home:ro,Z" "-e" "SOURCE_DIR=/opt/rustwide/workdir" "-e" "CARGO_TARGET_DIR=/opt/rustwide/target" "-e" "CARGO_INCREMENTAL=0" "-e" "RUST_BACKTRACE=full" "-e" "RUSTFLAGS=--cap-lints=warn" "-e" "RUSTDOCFLAGS=--cap-lints=warn" "-e" "CARGO_HOME=/opt/rustwide/cargo-home" "-e" "RUSTUP_HOME=/opt/rustwide/rustup-home" "-w" "/opt/rustwide/workdir" "-m" "1610612736" "--user" "0:0" "--network" "none" "ghcr.io/rust-lang/crates-build-env/linux@sha256:f3a9d4ad9d972b27faf3965f35b62e55ba32bbce8f20bc8fe909558a86702fde" "/opt/rustwide/cargo-home/bin/cargo" "+beta-2024-12-08" "build" "--frozen" "--message-format=json", kill_on_drop: false }`
[INFO] [stdout] ac36559f21ba1df73ff46d1e24cb373e73fc874778a2651d1f5f2583067082ec
[INFO] running `Command { std: "docker" "start" "-a" "ac36559f21ba1df73ff46d1e24cb373e73fc874778a2651d1f5f2583067082ec", kill_on_drop: false }`
[INFO] [stderr]    Compiling proc-macro2 v1.0.66
[INFO] [stderr]    Compiling unicode-ident v1.0.11
[INFO] [stderr]    Compiling libc v0.2.147
[INFO] [stderr]    Compiling once_cell v1.18.0
[INFO] [stderr]    Compiling pin-project-lite v0.2.13
[INFO] [stderr]    Compiling autocfg v1.1.0
[INFO] [stderr]    Compiling futures-core v0.3.28
[INFO] [stderr]    Compiling spin v0.5.2
[INFO] [stderr]    Compiling untrusted v0.7.1
[INFO] [stderr]    Compiling bytes v1.4.0
[INFO] [stderr]    Compiling futures-sink v0.3.28
[INFO] [stderr]    Compiling futures-task v0.3.28
[INFO] [stderr]    Compiling futures-channel v0.3.28
[INFO] [stderr]    Compiling futures-util v0.3.28
[INFO] [stderr]    Compiling futures-io v0.3.28
[INFO] [stderr]    Compiling memchr v2.6.2
[INFO] [stderr]    Compiling pin-utils v0.1.0
[INFO] [stderr]    Compiling itoa v1.0.9
[INFO] [stderr]    Compiling tracing-core v0.1.31
[INFO] [stderr]    Compiling cfg-if v1.0.0
[INFO] [stderr]    Compiling fnv v1.0.7
[INFO] [stderr]    Compiling log v0.4.20
[INFO] [stderr]    Compiling httparse v1.8.0
[INFO] [stderr]    Compiling hashbrown v0.12.3
[INFO] [stderr]    Compiling rustls v0.20.9
[INFO] [stderr]    Compiling try-lock v0.2.4
[INFO] [stderr]    Compiling rustls v0.21.7
[INFO] [stderr]    Compiling want v0.3.1
[INFO] [stderr]    Compiling base64 v0.21.3
[INFO] [stderr]    Compiling thiserror v1.0.48
[INFO] [stderr]    Compiling http v0.2.9
[INFO] [stderr]    Compiling slab v0.4.9
[INFO] [stderr]    Compiling indexmap v1.9.3
[INFO] [stderr]    Compiling serde v1.0.188
[INFO] [stderr]    Compiling tower-service v0.3.2
[INFO] [stderr]    Compiling httpdate v1.0.3
[INFO] [stderr]    Compiling tracing v0.1.37
[INFO] [stderr]    Compiling rustls-pemfile v1.0.3
[INFO] [stderr]    Compiling openssl-probe v0.1.5
[INFO] [stderr]    Compiling quote v1.0.33
[INFO] [stderr]    Compiling serde_json v1.0.105
[INFO] [stderr]    Compiling rustls-native-certs v0.6.3
[INFO] [stderr]    Compiling ryu v1.0.15
[INFO] [stderr]    Compiling syn v2.0.29
[INFO] [stderr]    Compiling http-body v0.4.5
[INFO] [stderr]    Compiling cc v1.0.83
[INFO] [stderr]    Compiling mio v0.8.8
[INFO] [stderr]    Compiling num_cpus v1.16.0
[INFO] [stderr]    Compiling socket2 v0.5.3
[INFO] [stderr]    Compiling socket2 v0.4.9
[INFO] [stderr]    Compiling ring v0.16.20
[INFO] [stderr]    Compiling tokio-macros v2.1.0
[INFO] [stderr]    Compiling futures-macro v0.3.28
[INFO] [stderr]    Compiling serde_derive v1.0.188
[INFO] [stderr]    Compiling thiserror-impl v1.0.48
[INFO] [stderr]    Compiling tokio v1.32.0
[INFO] [stderr]    Compiling sct v0.7.0
[INFO] [stderr]    Compiling rustls-webpki v0.101.4
[INFO] [stderr]    Compiling webpki v0.22.1
[INFO] [stderr]    Compiling futures-executor v0.3.28
[INFO] [stderr]    Compiling futures v0.3.28
[INFO] [stderr]    Compiling tokio-util v0.7.8
[INFO] [stderr]    Compiling tokio-rustls v0.23.4
[INFO] [stderr]    Compiling tokio-rustls v0.24.1
[INFO] [stderr]    Compiling h2 v0.3.21
[INFO] [stderr]    Compiling hyper v0.14.27
[INFO] [stderr]    Compiling tls-listener v0.5.1
[INFO] [stderr]    Compiling hyper-rustls v0.24.1
[INFO] [stderr]    Compiling yahf v0.0.2 (/opt/rustwide/workdir)
[INFO] [stdout] warning: missing documentation for a method
[INFO] [stdout]   --> src/handler.rs:24:5
[INFO] [stdout]    |
[INFO] [stdout] 24 | /     fn call_runner(
[INFO] [stdout] 25 | |         &'_ self,
[INFO] [stdout] 26 | |         run: InternalResult<Request<StandardBodyType>>,
[INFO] [stdout] 27 | |     ) -> impl Future<Output = InternalResult<Response<String>>> + Send + '_;
[INFO] [stdout]    | |____________________________________________________________________________^
[INFO] [stdout]    |
[INFO] [stdout] note: the lint level is defined here
[INFO] [stdout]   --> src/lib.rs:1:9
[INFO] [stdout]    |
[INFO] [stdout] 1  | #![warn(missing_docs)]
[INFO] [stdout]    |         ^^^^^^^^^^^^
[INFO] [stdout] 
[INFO] [stdout] 
[INFO] [stdout] warning: missing documentation for a struct
[INFO] [stdout]   --> src/handler.rs:78:1
[INFO] [stdout]    |
[INFO] [stdout] 78 | pub struct Json<T>(PhantomData<T>);
[INFO] [stdout]    | ^^^^^^^^^^^^^^^^^^
[INFO] [stdout] 
[INFO] [stdout] 
[INFO] [stdout] warning: missing documentation for an associated function
[INFO] [stdout]   --> src/handler.rs:82:5
[INFO] [stdout]    |
[INFO] [stdout] 82 |     pub fn new() -> Self {
[INFO] [stdout]    |     ^^^^^^^^^^^^^^^^^^^^
[INFO] [stdout] 
[INFO] [stdout] 
[INFO] [stdout] warning: missing documentation for a trait
[INFO] [stdout]   --> src/handler.rs:93:1
[INFO] [stdout]    |
[INFO] [stdout] 93 | pub trait BoxedRunner: DynClone + Sync + Send {
[INFO] [stdout]    | ^^^^^^^^^^^^^^^^^^^^^^^^^^^^^^^^^^^^^^^^^^^^^
[INFO] [stdout] 
[INFO] [stdout] 
[INFO] [stdout] warning: missing documentation for a method
[INFO] [stdout]   --> src/handler.rs:94:5
[INFO] [stdout]    |
[INFO] [stdout] 94 | /     fn call(
[INFO] [stdout] 95 | |         &self,
[INFO] [stdout] 96 | |         req: InternalResult<GenericRequest>,
[INFO] [stdout] 97 | |     ) -> Pin<Box<dyn Future<Output = InternalResult<GenericResponse>> + Send>>;
[INFO] [stdout]    | |_______________________________________________________________________________^
[INFO] [stdout] 
[INFO] [stdout] 
[INFO] [stdout] warning: missing documentation for a trait
[INFO] [stdout]    --> src/handler.rs:117:1
[INFO] [stdout]     |
[INFO] [stdout] 117 | pub trait DynClone {
[INFO] [stdout]     | ^^^^^^^^^^^^^^^^^^
[INFO] [stdout] 
[INFO] [stdout] 
[INFO] [stdout] warning: missing documentation for a method
[INFO] [stdout]    --> src/handler.rs:118:5
[INFO] [stdout]     |
[INFO] [stdout] 118 |     fn clone_box(&self) -> Box<dyn BoxedRunner>;
[INFO] [stdout]     |     ^^^^^^^^^^^^^^^^^^^^^^^^^^^^^^^^^^^^^^^^^^^^
[INFO] [stdout] 
[INFO] [stdout] 
[INFO] [stdout] warning: missing documentation for a trait
[INFO] [stdout]   --> src/middleware.rs:14:1
[INFO] [stdout]    |
[INFO] [stdout] 14 | pub trait PreMiddleware: Send + Sync + Copy {
[INFO] [stdout]    | ^^^^^^^^^^^^^^^^^^^^^^^^^^^^^^^^^^^^^^^^^^^
[INFO] [stdout] 
[INFO] [stdout] 
[INFO] [stdout] warning: missing documentation for an associated type
[INFO] [stdout]   --> src/middleware.rs:15:5
[INFO] [stdout]    |
[INFO] [stdout] 15 |     type FutCallResponse;
[INFO] [stdout]    |     ^^^^^^^^^^^^^^^^^^^^
[INFO] [stdout] 
[INFO] [stdout] 
[INFO] [stdout] warning: missing documentation for a method
[INFO] [stdout]   --> src/middleware.rs:16:5
[INFO] [stdout]    |
[INFO] [stdout] 16 |     fn call(&self, error: InternalResult<Request<String>>) -> Self::FutCallResponse;
[INFO] [stdout]    |     ^^^^^^^^^^^^^^^^^^^^^^^^^^^^^^^^^^^^^^^^^^^^^^^^^^^^^^^^^^^^^^^^^^^^^^^^^^^^^^^^
[INFO] [stdout] 
[INFO] [stdout] 
[INFO] [stdout] warning: missing documentation for a trait
[INFO] [stdout]   --> src/middleware.rs:33:1
[INFO] [stdout]    |
[INFO] [stdout] 33 | pub trait AfterMiddleware: Send + Sync + Copy {
[INFO] [stdout]    | ^^^^^^^^^^^^^^^^^^^^^^^^^^^^^^^^^^^^^^^^^^^^^
[INFO] [stdout] 
[INFO] [stdout] 
[INFO] [stdout] warning: missing documentation for an associated type
[INFO] [stdout]   --> src/middleware.rs:34:5
[INFO] [stdout]    |
[INFO] [stdout] 34 |     type FutCallResponse;
[INFO] [stdout]    |     ^^^^^^^^^^^^^^^^^^^^
[INFO] [stdout] 
[INFO] [stdout] 
[INFO] [stdout] warning: missing documentation for a method
[INFO] [stdout]   --> src/middleware.rs:35:5
[INFO] [stdout]    |
[INFO] [stdout] 35 |     fn call(&self, error: InternalResult<Response<String>>) -> Self::FutCallResponse;
[INFO] [stdout]    |     ^^^^^^^^^^^^^^^^^^^^^^^^^^^^^^^^^^^^^^^^^^^^^^^^^^^^^^^^^^^^^^^^^^^^^^^^^^^^^^^^^
[INFO] [stdout] 
[INFO] [stdout] 
[INFO] [stdout] warning: missing documentation for a struct
[INFO] [stdout]   --> src/middleware.rs:53:1
[INFO] [stdout]    |
[INFO] [stdout] 53 | pub struct MiddlewareFactory<FPre, FAfter> {
[INFO] [stdout]    | ^^^^^^^^^^^^^^^^^^^^^^^^^^^^^^^^^^^^^^^^^^
[INFO] [stdout] 
[INFO] [stdout] 
[INFO] [stdout] warning: missing documentation for an associated function
[INFO] [stdout]   --> src/middleware.rs:69:5
[INFO] [stdout]    |
[INFO] [stdout] 69 | /     pub fn new() -> MiddlewareFactory<
[INFO] [stdout] 70 | |         impl PreMiddleware<
[INFO] [stdout] 71 | |             FutCallResponse = impl Future<Output = impl Into<InternalResult<Request<String>>>>,
[INFO] [stdout] 72 | |         >,
[INFO] [stdout] ...  |
[INFO] [stdout] 75 | |         >,
[INFO] [stdout] 76 | |     > {
[INFO] [stdout]    | |_____^
[INFO] [stdout] 
[INFO] [stdout] 
[INFO] [stdout] warning: missing documentation for a method
[INFO] [stdout]   --> src/middleware.rs:94:5
[INFO] [stdout]    |
[INFO] [stdout] 94 | /     pub fn pre<NewF: Future<Output = NewCF>, NewCF: Into<InternalResult<Request<String>>>>(
[INFO] [stdout] 95 | |         self,
[INFO] [stdout] 96 | |         other_pre: impl PreMiddleware<FutCallResponse = NewF> + Sync + Copy,
[INFO] [stdout] 97 | |     ) -> MiddlewareFactory<impl PreMiddleware<FutCallResponse = impl Future<Output = NewCF>>, FAfter>
[INFO] [stdout]    | |_____________________________________________________________________________________________________^
[INFO] [stdout] 
[INFO] [stdout] 
[INFO] [stdout] warning: missing documentation for a method
[INFO] [stdout]    --> src/middleware.rs:119:5
[INFO] [stdout]     |
[INFO] [stdout] 119 | /     pub fn after<NewF: Future<Output = NewCFA>, NewCFA: Into<InternalResult<Response<String>>>>(
[INFO] [stdout] 120 | |         self,
[INFO] [stdout] 121 | |         other_after: impl AfterMiddleware<FutCallResponse = NewF> + Sync + Copy,
[INFO] [stdout] 122 | |     ) -> MiddlewareFactory<FPre, impl AfterMiddleware<FutCallResponse = impl Future<Output = NewCFA>>>
[INFO] [stdout]     | |______________________________________________________________________________________________________^
[INFO] [stdout] 
[INFO] [stdout] 
[INFO] [stdout] warning: missing documentation for a method
[INFO] [stdout]    --> src/middleware.rs:142:5
[INFO] [stdout]     |
[INFO] [stdout] 142 | /     pub fn build<R, FnInput, FnOutput, Deserializer, Serializer>(
[INFO] [stdout] 143 | |         self: Arc<Self>,
[INFO] [stdout] 144 | |         _runner: R,
[INFO] [stdout] 145 | |         _deserializer: &Deserializer,
[INFO] [stdout] ...   |
[INFO] [stdout] 148 | |     where
[INFO] [stdout] 149 | |         R: Runner<(FnInput, Deserializer), (FnOutput, Serializer)> + 'static,
[INFO] [stdout]     | |_____________________________________________________________________________^
[INFO] [stdout] 
[INFO] [stdout] 
[INFO] [stderr]     Finished `dev` profile [unoptimized + debuginfo] target(s) in 26.07s
[INFO] running `Command { std: "docker" "inspect" "ac36559f21ba1df73ff46d1e24cb373e73fc874778a2651d1f5f2583067082ec", kill_on_drop: false }`
[INFO] running `Command { std: "docker" "rm" "-f" "ac36559f21ba1df73ff46d1e24cb373e73fc874778a2651d1f5f2583067082ec", kill_on_drop: false }`
[INFO] [stdout] ac36559f21ba1df73ff46d1e24cb373e73fc874778a2651d1f5f2583067082ec
[INFO] running `Command { std: "docker" "create" "-v" "/var/lib/crater-agent-workspace/builds/worker-0-tc2/target:/opt/rustwide/target:rw,Z" "-v" "/var/lib/crater-agent-workspace/builds/worker-0-tc2/source:/opt/rustwide/workdir:ro,Z" "-v" "/var/lib/crater-agent-workspace/cargo-home:/opt/rustwide/cargo-home:ro,Z" "-v" "/var/lib/crater-agent-workspace/rustup-home:/opt/rustwide/rustup-home:ro,Z" "-e" "SOURCE_DIR=/opt/rustwide/workdir" "-e" "CARGO_TARGET_DIR=/opt/rustwide/target" "-e" "CARGO_INCREMENTAL=0" "-e" "RUST_BACKTRACE=full" "-e" "RUSTFLAGS=--cap-lints=warn" "-e" "RUSTDOCFLAGS=--cap-lints=warn" "-e" "CARGO_HOME=/opt/rustwide/cargo-home" "-e" "RUSTUP_HOME=/opt/rustwide/rustup-home" "-w" "/opt/rustwide/workdir" "-m" "1610612736" "--user" "0:0" "--network" "none" "ghcr.io/rust-lang/crates-build-env/linux@sha256:f3a9d4ad9d972b27faf3965f35b62e55ba32bbce8f20bc8fe909558a86702fde" "/opt/rustwide/cargo-home/bin/cargo" "+beta-2024-12-08" "test" "--frozen" "--no-run" "--message-format=json", kill_on_drop: false }`
[INFO] [stdout] 9467888a8062c0cc373aae6e2114d6c529ac45845bb90aba49f09d5a0e4f0d54
[INFO] running `Command { std: "docker" "start" "-a" "9467888a8062c0cc373aae6e2114d6c529ac45845bb90aba49f09d5a0e4f0d54", kill_on_drop: false }`
[INFO] [stderr]    Compiling base64 v0.21.3
[INFO] [stderr]    Compiling deranged v0.3.8
[INFO] [stderr]    Compiling time-core v0.1.1
[INFO] [stderr]    Compiling rustls-pemfile v1.0.3
[INFO] [stderr]    Compiling pem v2.0.1
[INFO] [stderr]    Compiling rustls-native-certs v0.6.3
[INFO] [stderr]    Compiling hyper-rustls v0.24.1
[INFO] [stderr]    Compiling yahf v0.0.2 (/opt/rustwide/workdir)
[INFO] [stderr]    Compiling time v0.3.28
[INFO] [stdout] warning: missing documentation for a method
[INFO] [stdout]   --> src/handler.rs:24:5
[INFO] [stdout]    |
[INFO] [stdout] 24 | /     fn call_runner(
[INFO] [stdout] 25 | |         &'_ self,
[INFO] [stdout] 26 | |         run: InternalResult<Request<StandardBodyType>>,
[INFO] [stdout] 27 | |     ) -> impl Future<Output = InternalResult<Response<String>>> + Send + '_;
[INFO] [stdout]    | |____________________________________________________________________________^
[INFO] [stdout]    |
[INFO] [stdout] note: the lint level is defined here
[INFO] [stdout]   --> src/lib.rs:1:9
[INFO] [stdout]    |
[INFO] [stdout] 1  | #![warn(missing_docs)]
[INFO] [stdout]    |         ^^^^^^^^^^^^
[INFO] [stdout] 
[INFO] [stdout] 
[INFO] [stdout] warning: missing documentation for a struct
[INFO] [stdout]   --> src/handler.rs:78:1
[INFO] [stdout]    |
[INFO] [stdout] 78 | pub struct Json<T>(PhantomData<T>);
[INFO] [stdout]    | ^^^^^^^^^^^^^^^^^^
[INFO] [stdout] 
[INFO] [stdout] 
[INFO] [stdout] warning: missing documentation for an associated function
[INFO] [stdout]   --> src/handler.rs:82:5
[INFO] [stdout]    |
[INFO] [stdout] 82 |     pub fn new() -> Self {
[INFO] [stdout]    |     ^^^^^^^^^^^^^^^^^^^^
[INFO] [stdout] 
[INFO] [stdout] 
[INFO] [stdout] warning: missing documentation for a trait
[INFO] [stdout]   --> src/handler.rs:93:1
[INFO] [stdout]    |
[INFO] [stdout] 93 | pub trait BoxedRunner: DynClone + Sync + Send {
[INFO] [stdout]    | ^^^^^^^^^^^^^^^^^^^^^^^^^^^^^^^^^^^^^^^^^^^^^
[INFO] [stdout] 
[INFO] [stdout] 
[INFO] [stdout] warning: missing documentation for a method
[INFO] [stdout]   --> src/handler.rs:94:5
[INFO] [stdout]    |
[INFO] [stdout] 94 | /     fn call(
[INFO] [stdout] 95 | |         &self,
[INFO] [stdout] 96 | |         req: InternalResult<GenericRequest>,
[INFO] [stdout] 97 | |     ) -> Pin<Box<dyn Future<Output = InternalResult<GenericResponse>> + Send>>;
[INFO] [stdout]    | |_______________________________________________________________________________^
[INFO] [stdout] 
[INFO] [stdout] 
[INFO] [stdout] warning: missing documentation for a trait
[INFO] [stdout]    --> src/handler.rs:117:1
[INFO] [stdout]     |
[INFO] [stdout] 117 | pub trait DynClone {
[INFO] [stdout]     | ^^^^^^^^^^^^^^^^^^
[INFO] [stdout] 
[INFO] [stdout] 
[INFO] [stdout] warning: missing documentation for a method
[INFO] [stdout]    --> src/handler.rs:118:5
[INFO] [stdout]     |
[INFO] [stdout] 118 |     fn clone_box(&self) -> Box<dyn BoxedRunner>;
[INFO] [stdout]     |     ^^^^^^^^^^^^^^^^^^^^^^^^^^^^^^^^^^^^^^^^^^^^
[INFO] [stdout] 
[INFO] [stdout] 
[INFO] [stdout] warning: missing documentation for a trait
[INFO] [stdout]   --> src/middleware.rs:14:1
[INFO] [stdout]    |
[INFO] [stdout] 14 | pub trait PreMiddleware: Send + Sync + Copy {
[INFO] [stdout]    | ^^^^^^^^^^^^^^^^^^^^^^^^^^^^^^^^^^^^^^^^^^^
[INFO] [stdout] 
[INFO] [stdout] 
[INFO] [stdout] warning: missing documentation for an associated type
[INFO] [stdout]   --> src/middleware.rs:15:5
[INFO] [stdout]    |
[INFO] [stdout] 15 |     type FutCallResponse;
[INFO] [stdout]    |     ^^^^^^^^^^^^^^^^^^^^
[INFO] [stdout] 
[INFO] [stdout] 
[INFO] [stdout] warning: missing documentation for a method
[INFO] [stdout]   --> src/middleware.rs:16:5
[INFO] [stdout]    |
[INFO] [stdout] 16 |     fn call(&self, error: InternalResult<Request<String>>) -> Self::FutCallResponse;
[INFO] [stdout]    |     ^^^^^^^^^^^^^^^^^^^^^^^^^^^^^^^^^^^^^^^^^^^^^^^^^^^^^^^^^^^^^^^^^^^^^^^^^^^^^^^^
[INFO] [stdout] 
[INFO] [stdout] 
[INFO] [stdout] warning: missing documentation for a trait
[INFO] [stdout]   --> src/middleware.rs:33:1
[INFO] [stdout]    |
[INFO] [stdout] 33 | pub trait AfterMiddleware: Send + Sync + Copy {
[INFO] [stdout]    | ^^^^^^^^^^^^^^^^^^^^^^^^^^^^^^^^^^^^^^^^^^^^^
[INFO] [stdout] 
[INFO] [stdout] 
[INFO] [stdout] warning: missing documentation for an associated type
[INFO] [stdout]   --> src/middleware.rs:34:5
[INFO] [stdout]    |
[INFO] [stdout] 34 |     type FutCallResponse;
[INFO] [stdout]    |     ^^^^^^^^^^^^^^^^^^^^
[INFO] [stdout] 
[INFO] [stdout] 
[INFO] [stdout] warning: missing documentation for a method
[INFO] [stdout]   --> src/middleware.rs:35:5
[INFO] [stdout]    |
[INFO] [stdout] 35 |     fn call(&self, error: InternalResult<Response<String>>) -> Self::FutCallResponse;
[INFO] [stdout]    |     ^^^^^^^^^^^^^^^^^^^^^^^^^^^^^^^^^^^^^^^^^^^^^^^^^^^^^^^^^^^^^^^^^^^^^^^^^^^^^^^^^
[INFO] [stdout] 
[INFO] [stdout] 
[INFO] [stdout] warning: missing documentation for a struct
[INFO] [stdout]   --> src/middleware.rs:53:1
[INFO] [stdout]    |
[INFO] [stdout] 53 | pub struct MiddlewareFactory<FPre, FAfter> {
[INFO] [stdout]    | ^^^^^^^^^^^^^^^^^^^^^^^^^^^^^^^^^^^^^^^^^^
[INFO] [stdout] 
[INFO] [stdout] 
[INFO] [stdout] warning: missing documentation for an associated function
[INFO] [stdout]   --> src/middleware.rs:69:5
[INFO] [stdout]    |
[INFO] [stdout] 69 | /     pub fn new() -> MiddlewareFactory<
[INFO] [stdout] 70 | |         impl PreMiddleware<
[INFO] [stdout] 71 | |             FutCallResponse = impl Future<Output = impl Into<InternalResult<Request<String>>>>,
[INFO] [stdout] 72 | |         >,
[INFO] [stdout] ...  |
[INFO] [stdout] 75 | |         >,
[INFO] [stdout] 76 | |     > {
[INFO] [stdout]    | |_____^
[INFO] [stdout] 
[INFO] [stdout] 
[INFO] [stdout] warning: missing documentation for a method
[INFO] [stdout]   --> src/middleware.rs:94:5
[INFO] [stdout]    |
[INFO] [stdout] 94 | /     pub fn pre<NewF: Future<Output = NewCF>, NewCF: Into<InternalResult<Request<String>>>>(
[INFO] [stdout] 95 | |         self,
[INFO] [stdout] 96 | |         other_pre: impl PreMiddleware<FutCallResponse = NewF> + Sync + Copy,
[INFO] [stdout] 97 | |     ) -> MiddlewareFactory<impl PreMiddleware<FutCallResponse = impl Future<Output = NewCF>>, FAfter>
[INFO] [stdout]    | |_____________________________________________________________________________________________________^
[INFO] [stdout] 
[INFO] [stdout] 
[INFO] [stdout] warning: missing documentation for a method
[INFO] [stdout]    --> src/middleware.rs:119:5
[INFO] [stdout]     |
[INFO] [stdout] 119 | /     pub fn after<NewF: Future<Output = NewCFA>, NewCFA: Into<InternalResult<Response<String>>>>(
[INFO] [stdout] 120 | |         self,
[INFO] [stdout] 121 | |         other_after: impl AfterMiddleware<FutCallResponse = NewF> + Sync + Copy,
[INFO] [stdout] 122 | |     ) -> MiddlewareFactory<FPre, impl AfterMiddleware<FutCallResponse = impl Future<Output = NewCFA>>>
[INFO] [stdout]     | |______________________________________________________________________________________________________^
[INFO] [stdout] 
[INFO] [stdout] 
[INFO] [stdout] warning: missing documentation for a method
[INFO] [stdout]    --> src/middleware.rs:142:5
[INFO] [stdout]     |
[INFO] [stdout] 142 | /     pub fn build<R, FnInput, FnOutput, Deserializer, Serializer>(
[INFO] [stdout] 143 | |         self: Arc<Self>,
[INFO] [stdout] 144 | |         _runner: R,
[INFO] [stdout] 145 | |         _deserializer: &Deserializer,
[INFO] [stdout] ...   |
[INFO] [stdout] 148 | |     where
[INFO] [stdout] 149 | |         R: Runner<(FnInput, Deserializer), (FnOutput, Serializer)> + 'static,
[INFO] [stdout]     | |_____________________________________________________________________________^
[INFO] [stdout] 
[INFO] [stdout] 
[INFO] [stderr]    Compiling yasna v0.5.2
[INFO] [stderr]    Compiling rcgen v0.11.1
[INFO] [stdout] warning: missing documentation for a method
[INFO] [stdout]   --> src/handler.rs:24:5
[INFO] [stdout]    |
[INFO] [stdout] 24 | /     fn call_runner(
[INFO] [stdout] 25 | |         &'_ self,
[INFO] [stdout] 26 | |         run: InternalResult<Request<StandardBodyType>>,
[INFO] [stdout] 27 | |     ) -> impl Future<Output = InternalResult<Response<String>>> + Send + '_;
[INFO] [stdout]    | |____________________________________________________________________________^
[INFO] [stdout]    |
[INFO] [stdout] note: the lint level is defined here
[INFO] [stdout]   --> src/lib.rs:1:9
[INFO] [stdout]    |
[INFO] [stdout] 1  | #![warn(missing_docs)]
[INFO] [stdout]    |         ^^^^^^^^^^^^
[INFO] [stdout] 
[INFO] [stdout] 
[INFO] [stdout] warning: missing documentation for a struct
[INFO] [stdout]   --> src/handler.rs:78:1
[INFO] [stdout]    |
[INFO] [stdout] 78 | pub struct Json<T>(PhantomData<T>);
[INFO] [stdout]    | ^^^^^^^^^^^^^^^^^^
[INFO] [stdout] 
[INFO] [stdout] 
[INFO] [stdout] warning: missing documentation for an associated function
[INFO] [stdout]   --> src/handler.rs:82:5
[INFO] [stdout]    |
[INFO] [stdout] 82 |     pub fn new() -> Self {
[INFO] [stdout]    |     ^^^^^^^^^^^^^^^^^^^^
[INFO] [stdout] 
[INFO] [stdout] 
[INFO] [stdout] warning: missing documentation for a trait
[INFO] [stdout]   --> src/handler.rs:93:1
[INFO] [stdout]    |
[INFO] [stdout] 93 | pub trait BoxedRunner: DynClone + Sync + Send {
[INFO] [stdout]    | ^^^^^^^^^^^^^^^^^^^^^^^^^^^^^^^^^^^^^^^^^^^^^
[INFO] [stdout] 
[INFO] [stdout] 
[INFO] [stdout] warning: missing documentation for a method
[INFO] [stdout]   --> src/handler.rs:94:5
[INFO] [stdout]    |
[INFO] [stdout] 94 | /     fn call(
[INFO] [stdout] 95 | |         &self,
[INFO] [stdout] 96 | |         req: InternalResult<GenericRequest>,
[INFO] [stdout] 97 | |     ) -> Pin<Box<dyn Future<Output = InternalResult<GenericResponse>> + Send>>;
[INFO] [stdout]    | |_______________________________________________________________________________^
[INFO] [stdout] 
[INFO] [stdout] 
[INFO] [stdout] warning: missing documentation for a trait
[INFO] [stdout]    --> src/handler.rs:117:1
[INFO] [stdout]     |
[INFO] [stdout] 117 | pub trait DynClone {
[INFO] [stdout]     | ^^^^^^^^^^^^^^^^^^
[INFO] [stdout] 
[INFO] [stdout] 
[INFO] [stdout] warning: missing documentation for a method
[INFO] [stdout]    --> src/handler.rs:118:5
[INFO] [stdout]     |
[INFO] [stdout] 118 |     fn clone_box(&self) -> Box<dyn BoxedRunner>;
[INFO] [stdout]     |     ^^^^^^^^^^^^^^^^^^^^^^^^^^^^^^^^^^^^^^^^^^^^
[INFO] [stdout] 
[INFO] [stdout] 
[INFO] [stdout] warning: missing documentation for a trait
[INFO] [stdout]   --> src/middleware.rs:14:1
[INFO] [stdout]    |
[INFO] [stdout] 14 | pub trait PreMiddleware: Send + Sync + Copy {
[INFO] [stdout]    | ^^^^^^^^^^^^^^^^^^^^^^^^^^^^^^^^^^^^^^^^^^^
[INFO] [stdout] 
[INFO] [stdout] 
[INFO] [stdout] warning: missing documentation for an associated type
[INFO] [stdout]   --> src/middleware.rs:15:5
[INFO] [stdout]    |
[INFO] [stdout] 15 |     type FutCallResponse;
[INFO] [stdout]    |     ^^^^^^^^^^^^^^^^^^^^
[INFO] [stdout] 
[INFO] [stdout] 
[INFO] [stdout] warning: missing documentation for a method
[INFO] [stdout]   --> src/middleware.rs:16:5
[INFO] [stdout]    |
[INFO] [stdout] 16 |     fn call(&self, error: InternalResult<Request<String>>) -> Self::FutCallResponse;
[INFO] [stdout]    |     ^^^^^^^^^^^^^^^^^^^^^^^^^^^^^^^^^^^^^^^^^^^^^^^^^^^^^^^^^^^^^^^^^^^^^^^^^^^^^^^^
[INFO] [stdout] 
[INFO] [stdout] 
[INFO] [stdout] warning: missing documentation for a trait
[INFO] [stdout]   --> src/middleware.rs:33:1
[INFO] [stdout]    |
[INFO] [stdout] 33 | pub trait AfterMiddleware: Send + Sync + Copy {
[INFO] [stdout]    | ^^^^^^^^^^^^^^^^^^^^^^^^^^^^^^^^^^^^^^^^^^^^^
[INFO] [stdout] 
[INFO] [stdout] 
[INFO] [stdout] warning: missing documentation for an associated type
[INFO] [stdout]   --> src/middleware.rs:34:5
[INFO] [stdout]    |
[INFO] [stdout] 34 |     type FutCallResponse;
[INFO] [stdout]    |     ^^^^^^^^^^^^^^^^^^^^
[INFO] [stdout] 
[INFO] [stdout] 
[INFO] [stdout] warning: missing documentation for a method
[INFO] [stdout]   --> src/middleware.rs:35:5
[INFO] [stdout]    |
[INFO] [stdout] 35 |     fn call(&self, error: InternalResult<Response<String>>) -> Self::FutCallResponse;
[INFO] [stdout]    |     ^^^^^^^^^^^^^^^^^^^^^^^^^^^^^^^^^^^^^^^^^^^^^^^^^^^^^^^^^^^^^^^^^^^^^^^^^^^^^^^^^
[INFO] [stdout] 
[INFO] [stdout] 
[INFO] [stdout] warning: missing documentation for a struct
[INFO] [stdout]   --> src/middleware.rs:53:1
[INFO] [stdout]    |
[INFO] [stdout] 53 | pub struct MiddlewareFactory<FPre, FAfter> {
[INFO] [stdout]    | ^^^^^^^^^^^^^^^^^^^^^^^^^^^^^^^^^^^^^^^^^^
[INFO] [stdout] 
[INFO] [stdout] 
[INFO] [stdout] warning: missing documentation for an associated function
[INFO] [stdout]   --> src/middleware.rs:69:5
[INFO] [stdout]    |
[INFO] [stdout] 69 | /     pub fn new() -> MiddlewareFactory<
[INFO] [stdout] 70 | |         impl PreMiddleware<
[INFO] [stdout] 71 | |             FutCallResponse = impl Future<Output = impl Into<InternalResult<Request<String>>>>,
[INFO] [stdout] 72 | |         >,
[INFO] [stdout] ...  |
[INFO] [stdout] 75 | |         >,
[INFO] [stdout] 76 | |     > {
[INFO] [stdout]    | |_____^
[INFO] [stdout] 
[INFO] [stdout] 
[INFO] [stdout] warning: missing documentation for a method
[INFO] [stdout]   --> src/middleware.rs:94:5
[INFO] [stdout]    |
[INFO] [stdout] 94 | /     pub fn pre<NewF: Future<Output = NewCF>, NewCF: Into<InternalResult<Request<String>>>>(
[INFO] [stdout] 95 | |         self,
[INFO] [stdout] 96 | |         other_pre: impl PreMiddleware<FutCallResponse = NewF> + Sync + Copy,
[INFO] [stdout] 97 | |     ) -> MiddlewareFactory<impl PreMiddleware<FutCallResponse = impl Future<Output = NewCF>>, FAfter>
[INFO] [stdout]    | |_____________________________________________________________________________________________________^
[INFO] [stdout] 
[INFO] [stdout] 
[INFO] [stdout] warning: missing documentation for a method
[INFO] [stdout]    --> src/middleware.rs:119:5
[INFO] [stdout]     |
[INFO] [stdout] 119 | /     pub fn after<NewF: Future<Output = NewCFA>, NewCFA: Into<InternalResult<Response<String>>>>(
[INFO] [stdout] 120 | |         self,
[INFO] [stdout] 121 | |         other_after: impl AfterMiddleware<FutCallResponse = NewF> + Sync + Copy,
[INFO] [stdout] 122 | |     ) -> MiddlewareFactory<FPre, impl AfterMiddleware<FutCallResponse = impl Future<Output = NewCFA>>>
[INFO] [stdout]     | |______________________________________________________________________________________________________^
[INFO] [stdout] 
[INFO] [stdout] 
[INFO] [stdout] warning: missing documentation for a method
[INFO] [stdout]    --> src/middleware.rs:142:5
[INFO] [stdout]     |
[INFO] [stdout] 142 | /     pub fn build<R, FnInput, FnOutput, Deserializer, Serializer>(
[INFO] [stdout] 143 | |         self: Arc<Self>,
[INFO] [stdout] 144 | |         _runner: R,
[INFO] [stdout] 145 | |         _deserializer: &Deserializer,
[INFO] [stdout] ...   |
[INFO] [stdout] 148 | |     where
[INFO] [stdout] 149 | |         R: Runner<(FnInput, Deserializer), (FnOutput, Serializer)> + 'static,
[INFO] [stdout]     | |_____________________________________________________________________________^
[INFO] [stdout] 
[INFO] [stdout] 
[INFO] [stderr]     Finished `test` profile [unoptimized + debuginfo] target(s) in 22.10s
[INFO] running `Command { std: "docker" "inspect" "9467888a8062c0cc373aae6e2114d6c529ac45845bb90aba49f09d5a0e4f0d54", kill_on_drop: false }`
[INFO] running `Command { std: "docker" "rm" "-f" "9467888a8062c0cc373aae6e2114d6c529ac45845bb90aba49f09d5a0e4f0d54", kill_on_drop: false }`
[INFO] [stdout] 9467888a8062c0cc373aae6e2114d6c529ac45845bb90aba49f09d5a0e4f0d54
[INFO] running `Command { std: "docker" "create" "-v" "/var/lib/crater-agent-workspace/builds/worker-0-tc2/target:/opt/rustwide/target:rw,Z" "-v" "/var/lib/crater-agent-workspace/builds/worker-0-tc2/source:/opt/rustwide/workdir:ro,Z" "-v" "/var/lib/crater-agent-workspace/cargo-home:/opt/rustwide/cargo-home:ro,Z" "-v" "/var/lib/crater-agent-workspace/rustup-home:/opt/rustwide/rustup-home:ro,Z" "-e" "SOURCE_DIR=/opt/rustwide/workdir" "-e" "CARGO_TARGET_DIR=/opt/rustwide/target" "-e" "CARGO_INCREMENTAL=0" "-e" "RUST_BACKTRACE=full" "-e" "RUSTFLAGS=--cap-lints=warn" "-e" "RUSTDOCFLAGS=--cap-lints=warn" "-e" "CARGO_HOME=/opt/rustwide/cargo-home" "-e" "RUSTUP_HOME=/opt/rustwide/rustup-home" "-w" "/opt/rustwide/workdir" "-m" "1610612736" "--user" "0:0" "--network" "none" "ghcr.io/rust-lang/crates-build-env/linux@sha256:f3a9d4ad9d972b27faf3965f35b62e55ba32bbce8f20bc8fe909558a86702fde" "/opt/rustwide/cargo-home/bin/cargo" "+beta-2024-12-08" "test" "--frozen", kill_on_drop: false }`
[INFO] [stdout] 065ec14360d9457cd1a1dc8f2b701d485a0eec67fe49f28115cbf37a0ffffd48
[INFO] running `Command { std: "docker" "start" "-a" "065ec14360d9457cd1a1dc8f2b701d485a0eec67fe49f28115cbf37a0ffffd48", kill_on_drop: false }`
[INFO] [stderr] warning: missing documentation for a method
[INFO] [stderr]   --> src/handler.rs:24:5
[INFO] [stderr]    |
[INFO] [stderr] 24 | /     fn call_runner(
[INFO] [stderr] 25 | |         &'_ self,
[INFO] [stderr] 26 | |         run: InternalResult<Request<StandardBodyType>>,
[INFO] [stderr] 27 | |     ) -> impl Future<Output = InternalResult<Response<String>>> + Send + '_;
[INFO] [stderr]    | |____________________________________________________________________________^
[INFO] [stderr]    |
[INFO] [stderr] note: the lint level is defined here
[INFO] [stderr]   --> src/lib.rs:1:9
[INFO] [stderr]    |
[INFO] [stderr] 1  | #![warn(missing_docs)]
[INFO] [stderr]    |         ^^^^^^^^^^^^
[INFO] [stderr] 
[INFO] [stderr] warning: missing documentation for a struct
[INFO] [stderr]   --> src/handler.rs:78:1
[INFO] [stderr]    |
[INFO] [stderr] 78 | pub struct Json<T>(PhantomData<T>);
[INFO] [stderr]    | ^^^^^^^^^^^^^^^^^^
[INFO] [stderr] 
[INFO] [stderr] warning: missing documentation for an associated function
[INFO] [stderr]   --> src/handler.rs:82:5
[INFO] [stderr]    |
[INFO] [stderr] 82 |     pub fn new() -> Self {
[INFO] [stderr]    |     ^^^^^^^^^^^^^^^^^^^^
[INFO] [stderr] 
[INFO] [stderr] warning: missing documentation for a trait
[INFO] [stderr]   --> src/handler.rs:93:1
[INFO] [stderr]    |
[INFO] [stderr] 93 | pub trait BoxedRunner: DynClone + Sync + Send {
[INFO] [stderr]    | ^^^^^^^^^^^^^^^^^^^^^^^^^^^^^^^^^^^^^^^^^^^^^
[INFO] [stderr] 
[INFO] [stderr] warning: missing documentation for a method
[INFO] [stderr]   --> src/handler.rs:94:5
[INFO] [stderr]    |
[INFO] [stderr] 94 | /     fn call(
[INFO] [stderr] 95 | |         &self,
[INFO] [stderr] 96 | |         req: InternalResult<GenericRequest>,
[INFO] [stderr] 97 | |     ) -> Pin<Box<dyn Future<Output = InternalResult<GenericResponse>> + Send>>;
[INFO] [stderr]    | |_______________________________________________________________________________^
[INFO] [stderr] 
[INFO] [stderr] warning: missing documentation for a trait
[INFO] [stderr]    --> src/handler.rs:117:1
[INFO] [stderr]     |
[INFO] [stderr] 117 | pub trait DynClone {
[INFO] [stderr]     | ^^^^^^^^^^^^^^^^^^
[INFO] [stderr] 
[INFO] [stderr] warning: missing documentation for a method
[INFO] [stderr]    --> src/handler.rs:118:5
[INFO] [stderr]     |
[INFO] [stderr] 118 |     fn clone_box(&self) -> Box<dyn BoxedRunner>;
[INFO] [stderr]     |     ^^^^^^^^^^^^^^^^^^^^^^^^^^^^^^^^^^^^^^^^^^^^
[INFO] [stderr] 
[INFO] [stderr] warning: missing documentation for a trait
[INFO] [stderr]   --> src/middleware.rs:14:1
[INFO] [stderr]    |
[INFO] [stderr] 14 | pub trait PreMiddleware: Send + Sync + Copy {
[INFO] [stderr]    | ^^^^^^^^^^^^^^^^^^^^^^^^^^^^^^^^^^^^^^^^^^^
[INFO] [stderr] 
[INFO] [stderr] warning: missing documentation for an associated type
[INFO] [stderr]   --> src/middleware.rs:15:5
[INFO] [stderr]    |
[INFO] [stderr] 15 |     type FutCallResponse;
[INFO] [stderr]    |     ^^^^^^^^^^^^^^^^^^^^
[INFO] [stderr] 
[INFO] [stderr] warning: missing documentation for a method
[INFO] [stderr]   --> src/middleware.rs:16:5
[INFO] [stderr]    |
[INFO] [stderr] 16 |     fn call(&self, error: InternalResult<Request<String>>) -> Self::FutCallResponse;
[INFO] [stderr]    |     ^^^^^^^^^^^^^^^^^^^^^^^^^^^^^^^^^^^^^^^^^^^^^^^^^^^^^^^^^^^^^^^^^^^^^^^^^^^^^^^^
[INFO] [stderr] 
[INFO] [stderr] warning: missing documentation for a trait
[INFO] [stderr]   --> src/middleware.rs:33:1
[INFO] [stderr]    |
[INFO] [stderr] 33 | pub trait AfterMiddleware: Send + Sync + Copy {
[INFO] [stderr]    | ^^^^^^^^^^^^^^^^^^^^^^^^^^^^^^^^^^^^^^^^^^^^^
[INFO] [stderr] 
[INFO] [stderr] warning: missing documentation for an associated type
[INFO] [stderr]   --> src/middleware.rs:34:5
[INFO] [stderr]    |
[INFO] [stderr] 34 |     type FutCallResponse;
[INFO] [stderr]    |     ^^^^^^^^^^^^^^^^^^^^
[INFO] [stderr] 
[INFO] [stderr] warning: missing documentation for a method
[INFO] [stderr]   --> src/middleware.rs:35:5
[INFO] [stderr]    |
[INFO] [stderr] 35 |     fn call(&self, error: InternalResult<Response<String>>) -> Self::FutCallResponse;
[INFO] [stderr]    |     ^^^^^^^^^^^^^^^^^^^^^^^^^^^^^^^^^^^^^^^^^^^^^^^^^^^^^^^^^^^^^^^^^^^^^^^^^^^^^^^^^
[INFO] [stderr] 
[INFO] [stderr] warning: missing documentation for a struct
[INFO] [stderr]   --> src/middleware.rs:53:1
[INFO] [stderr]    |
[INFO] [stderr] 53 | pub struct MiddlewareFactory<FPre, FAfter> {
[INFO] [stderr]    | ^^^^^^^^^^^^^^^^^^^^^^^^^^^^^^^^^^^^^^^^^^
[INFO] [stderr] 
[INFO] [stderr] warning: missing documentation for an associated function
[INFO] [stderr]   --> src/middleware.rs:69:5
[INFO] [stderr]    |
[INFO] [stderr] 69 | /     pub fn new() -> MiddlewareFactory<
[INFO] [stderr] 70 | |         impl PreMiddleware<
[INFO] [stderr] 71 | |             FutCallResponse = impl Future<Output = impl Into<InternalResult<Request<String>>>>,
[INFO] [stderr] 72 | |         >,
[INFO] [stderr] ...  |
[INFO] [stderr] 75 | |         >,
[INFO] [stderr] 76 | |     > {
[INFO] [stderr]    | |_____^
[INFO] [stderr] 
[INFO] [stderr] warning: missing documentation for a method
[INFO] [stderr]   --> src/middleware.rs:94:5
[INFO] [stderr]    |
[INFO] [stderr] 94 | /     pub fn pre<NewF: Future<Output = NewCF>, NewCF: Into<InternalResult<Request<String>>>>(
[INFO] [stderr] 95 | |         self,
[INFO] [stderr] 96 | |         other_pre: impl PreMiddleware<FutCallResponse = NewF> + Sync + Copy,
[INFO] [stderr] 97 | |     ) -> MiddlewareFactory<impl PreMiddleware<FutCallResponse = impl Future<Output = NewCF>>, FAfter>
[INFO] [stderr]    | |_____________________________________________________________________________________________________^
[INFO] [stderr] 
[INFO] [stderr] warning: missing documentation for a method
[INFO] [stderr]    --> src/middleware.rs:119:5
[INFO] [stderr]     |
[INFO] [stderr] 119 | /     pub fn after<NewF: Future<Output = NewCFA>, NewCFA: Into<InternalResult<Response<String>>>>(
[INFO] [stderr] 120 | |         self,
[INFO] [stderr] 121 | |         other_after: impl AfterMiddleware<FutCallResponse = NewF> + Sync + Copy,
[INFO] [stderr] 122 | |     ) -> MiddlewareFactory<FPre, impl AfterMiddleware<FutCallResponse = impl Future<Output = NewCFA>>>
[INFO] [stderr]     | |______________________________________________________________________________________________________^
[INFO] [stderr] 
[INFO] [stderr] warning: missing documentation for a method
[INFO] [stderr]    --> src/middleware.rs:142:5
[INFO] [stderr]     |
[INFO] [stderr] 142 | /     pub fn build<R, FnInput, FnOutput, Deserializer, Serializer>(
[INFO] [stderr] 143 | |         self: Arc<Self>,
[INFO] [stderr] 144 | |         _runner: R,
[INFO] [stderr] 145 | |         _deserializer: &Deserializer,
[INFO] [stderr] ...   |
[INFO] [stderr] 148 | |     where
[INFO] [stderr] 149 | |         R: Runner<(FnInput, Deserializer), (FnOutput, Serializer)> + 'static,
[INFO] [stderr]     | |_____________________________________________________________________________^
[INFO] [stderr] 
[INFO] [stderr] warning: `yahf` (lib) generated 18 warnings
[INFO] [stderr] warning: `yahf` (lib test) generated 18 warnings (18 duplicates)
[INFO] [stderr]     Finished `test` profile [unoptimized + debuginfo] target(s) in 0.11s
[INFO] [stderr]      Running unittests src/lib.rs (/opt/rustwide/target/debug/deps/yahf-2ac9e107f560c3e6)
[INFO] [stdout] 
[INFO] [stdout] running 185 tests
[INFO] [stdout] test handler::tests::test_simple_handler_implements_runner ... ok
[INFO] [stdout] test handler::tests::test_handler_with_simple_body_on_input_and_cf_output_runner ... ok
[INFO] [stdout] test handler::tests::test_handler_with_simple_body_on_input_and_output_runner ... ok
[INFO] [stdout] test handler::tests::test_unit_handler_implements_runner ... ok
[INFO] [stdout] test error::tests::test_body_and_code ... ok
[INFO] [stdout] test handler::tests::test_unit_handler_with_response_body_implements_runner ... ok
[INFO] [stdout] test middleware::test::test_after_middleware_with_short_circuit ... ok
[INFO] [stdout] test handler::tests::test_simple_handler_with_body_implements_runner ... ok
[INFO] [stdout] test middleware::test::test_after_middleware_with_short_circuit_handled ... ok
[INFO] [stdout] test middleware::test::test_middleware_creation ... ok
[INFO] [stdout] test middleware::test::test_pre_middleware_with_short_circuit ... ok
[INFO] [stdout] test middleware::test::test_pre_middleware_with_short_circuit_handled ... ok
[INFO] [stdout] test router::test::test_insert_and_find_for_connect::test_insert_and_find_runner_req_string_resp_string ... ok
[INFO] [stdout] test router::test::test_insert_and_find_for_connect::test_insert_and_find_runner_string_result_string ... ok
[INFO] [stdout] test router::test::test_insert_and_find_for_connect::test_insert_and_find_runner_string_res_string ... ok
[INFO] [stdout] test router::test::test_insert_and_find_for_connect::test_insert_and_find_runner_void_resp_string ... ok
[INFO] [stdout] test router::test::test_insert_and_find_for_connect::test_insert_and_find_runner_void_result_response_string ... ok
[INFO] [stdout] test router::test::test_insert_and_find_for_connect::test_insert_and_find_runner_void_string ... ok
[INFO] [stdout] test router::test::test_insert_and_find_for_delete::test_insert_and_find_runner_string_res_string ... ok
[INFO] [stdout] test router::test::test_insert_and_find_for_delete::test_insert_and_find_runner_string_result_res_string ... ok
[INFO] [stdout] test router::test::test_insert_and_find_for_delete::test_insert_and_find_runner_req_string_resp_string ... ok
[INFO] [stdout] test router::test::test_insert_and_find_for_delete::test_insert_and_find_runner_string_string ... ok
[INFO] [stdout] test router::test::test_insert_and_find_for_delete::test_insert_and_find_runner_void_resp_string ... ok
[INFO] [stdout] test router::test::test_insert_and_find_for_delete::test_insert_and_find_runner_void_result_response_string ... ok
[INFO] [stdout] test router::test::test_insert_and_find_for_connect::test_insert_and_find_runner_string_string ... ok
[INFO] [stdout] test router::test::test_insert_and_find_for_delete::test_insert_and_find_runner_req_string_string ... ok
[INFO] [stdout] test router::test::test_insert_and_find_for_connect::test_insert_and_find_runner_req_string_string ... ok
[INFO] [stdout] test router::test::test_insert_and_find_for_connect::test_insert_and_find_runner_string_result_res_string ... ok
[INFO] [stdout] test router::test::test_insert_and_find_for_delete::test_insert_and_find_runner_void_result_string ... ok
[INFO] [stdout] test router::test::test_insert_and_find_for_connect::test_insert_and_find_runner_void_result_string ... ok
[INFO] [stdout] test result::tests::test_into_inner ... ok
[INFO] [stdout] test router::test::test_insert_and_find_for_delete::test_insert_and_find_runner_string_result_string ... ok
[INFO] [stdout] test middleware::test::test_runner_with_error_handled_by_middleware ... ok
[INFO] [stdout] test router::test::test_insert_and_find_for_delete::test_insert_and_find_runner_void_string ... ok
[INFO] [stdout] test router::test::test_insert_and_find_for_get::test_insert_and_find_runner_req_string_resp_string ... ok
[INFO] [stdout] test router::test::test_insert_and_find_for_get::test_insert_and_find_runner_string_res_string ... ok
[INFO] [stdout] test router::test::test_insert_and_find_for_get::test_insert_and_find_runner_string_result_res_string ... ok
[INFO] [stdout] test router::test::test_insert_and_find_for_get::test_insert_and_find_runner_string_result_string ... ok
[INFO] [stdout] test router::test::test_insert_and_find_for_get::test_insert_and_find_runner_string_string ... ok
[INFO] [stdout] test router::test::test_insert_and_find_for_get::test_insert_and_find_runner_void_resp_string ... ok
[INFO] [stdout] test router::test::test_insert_and_find_for_get::test_insert_and_find_runner_void_result_string ... ok
[INFO] [stdout] test router::test::test_insert_and_find_for_get::test_insert_and_find_runner_void_result_response_string ... ok
[INFO] [stdout] test router::test::test_insert_and_find_for_get::test_insert_and_find_runner_void_string ... ok
[INFO] [stdout] test router::test::test_insert_and_find_for_head::test_insert_and_find_runner_req_string_resp_string ... ok
[INFO] [stdout] test router::test::test_insert_and_find_for_get::test_insert_and_find_runner_req_string_string ... ok
[INFO] [stdout] test router::test::test_insert_and_find_for_head::test_insert_and_find_runner_req_string_string ... ok
[INFO] [stdout] test router::test::test_insert_and_find_for_head::test_insert_and_find_runner_string_res_string ... ok
[INFO] [stdout] test router::test::test_insert_and_find_for_head::test_insert_and_find_runner_string_result_res_string ... ok
[INFO] [stdout] test router::test::test_insert_and_find_for_head::test_insert_and_find_runner_void_resp_string ... ok
[INFO] [stdout] test router::test::test_insert_and_find_for_head::test_insert_and_find_runner_string_result_string ... ok
[INFO] [stdout] test router::test::test_insert_and_find_for_head::test_insert_and_find_runner_string_string ... ok
[INFO] [stdout] test router::test::test_insert_and_find_for_head::test_insert_and_find_runner_void_result_response_string ... ok
[INFO] [stdout] test router::test::test_insert_and_find_for_head::test_insert_and_find_runner_void_result_string ... ok
[INFO] [stdout] test router::test::test_insert_and_find_for_head::test_insert_and_find_runner_void_string ... ok
[INFO] [stdout] test router::test::test_insert_and_find_for_options::test_insert_and_find_runner_req_string_string ... ok
[INFO] [stdout] test router::test::test_insert_and_find_for_options::test_insert_and_find_runner_string_result_res_string ... ok
[INFO] [stdout] test router::test::test_insert_and_find_for_options::test_insert_and_find_runner_string_result_string ... ok
[INFO] [stdout] test router::test::test_insert_and_find_for_options::test_insert_and_find_runner_string_string ... ok
[INFO] [stdout] test router::test::test_insert_and_find_for_options::test_insert_and_find_runner_void_resp_string ... ok
[INFO] [stdout] test router::test::test_insert_and_find_for_options::test_insert_and_find_runner_req_string_resp_string ... ok
[INFO] [stdout] test router::test::test_insert_and_find_for_options::test_insert_and_find_runner_string_res_string ... ok
[INFO] [stdout] test router::test::test_insert_and_find_for_options::test_insert_and_find_runner_void_result_string ... ok
[INFO] [stdout] test router::test::test_insert_and_find_for_patch::test_insert_and_find_runner_req_string_resp_string ... ok
[INFO] [stdout] test router::test::test_insert_and_find_for_patch::test_insert_and_find_runner_req_string_string ... ok
[INFO] [stdout] test router::test::test_insert_and_find_for_patch::test_insert_and_find_runner_string_result_res_string ... ok
[INFO] [stdout] test router::test::test_insert_and_find_for_patch::test_insert_and_find_runner_string_string ... ok
[INFO] [stdout] test router::test::test_insert_and_find_for_patch::test_insert_and_find_runner_void_resp_string ... ok
[INFO] [stdout] test router::test::test_insert_and_find_for_patch::test_insert_and_find_runner_string_result_string ... ok
[INFO] [stdout] test router::test::test_insert_and_find_for_post::test_insert_and_find_runner_req_string_resp_string ... ok
[INFO] [stdout] test router::test::test_insert_and_find_for_patch::test_insert_and_find_runner_string_res_string ... ok
[INFO] [stdout] test router::test::test_insert_and_find_for_post::test_insert_and_find_runner_string_result_res_string ... ok
[INFO] [stdout] test router::test::test_insert_and_find_for_post::test_insert_and_find_runner_string_string ... ok
[INFO] [stdout] test router::test::test_insert_and_find_for_patch::test_insert_and_find_runner_void_result_string ... ok
[INFO] [stdout] test router::test::test_insert_and_find_for_patch::test_insert_and_find_runner_void_result_response_string ... ok
[INFO] [stdout] test router::test::test_insert_and_find_for_post::test_insert_and_find_runner_string_result_string ... ok
[INFO] [stdout] test router::test::test_insert_and_find_for_post::test_insert_and_find_runner_string_res_string ... ok
[INFO] [stdout] test router::test::test_insert_and_find_for_post::test_insert_and_find_runner_void_resp_string ... ok
[INFO] [stdout] test router::test::test_insert_and_find_for_post::test_insert_and_find_runner_void_result_response_string ... ok
[INFO] [stdout] test router::test::test_insert_and_find_for_post::test_insert_and_find_runner_void_result_string ... ok
[INFO] [stdout] test router::test::test_insert_and_find_for_post::test_insert_and_find_runner_void_string ... ok
[INFO] [stdout] test router::test::test_insert_and_find_for_put::test_insert_and_find_runner_req_string_resp_string ... ok
[INFO] [stdout] test router::test::test_insert_and_find_for_put::test_insert_and_find_runner_req_string_string ... ok
[INFO] [stdout] test router::test::test_insert_and_find_for_put::test_insert_and_find_runner_string_res_string ... ok
[INFO] [stdout] test router::test::test_insert_and_find_for_put::test_insert_and_find_runner_string_result_res_string ... ok
[INFO] [stdout] test router::test::test_insert_and_find_for_put::test_insert_and_find_runner_string_result_string ... ok
[INFO] [stdout] test router::test::test_insert_and_find_for_put::test_insert_and_find_runner_string_string ... ok
[INFO] [stdout] test router::test::test_insert_and_find_for_put::test_insert_and_find_runner_void_resp_string ... ok
[INFO] [stdout] test router::test::test_insert_and_find_for_put::test_insert_and_find_runner_void_result_string ... ok
[INFO] [stdout] test router::test::test_insert_and_find_for_put::test_insert_and_find_runner_void_result_response_string ... ok
[INFO] [stdout] test router::test::test_insert_and_find_for_put::test_insert_and_find_runner_void_string ... ok
[INFO] [stdout] test router::test::test_insert_and_find_for_options::test_insert_and_find_runner_void_result_response_string ... ok
[INFO] [stdout] test router::test::test_insert_and_find_for_options::test_insert_and_find_runner_void_string ... ok
[INFO] [stdout] test router::test::test_insert_and_find_for_patch::test_insert_and_find_runner_void_string ... ok
[INFO] [stdout] test router::test::test_insert_and_find_for_post::test_insert_and_find_runner_req_string_string ... ok
[INFO] [stdout] test router::test::test_insert_and_find_for_trace::test_insert_and_find_runner_req_string_string ... ok
[INFO] [stdout] test router::test::test_insert_and_find_for_trace::test_insert_and_find_runner_string_result_string ... ok
[INFO] [stdout] test router::test::test_insert_and_find_for_trace::test_insert_and_find_runner_void_string ... ok
[INFO] [stdout] test router::test::test_insert_and_find_for_trace::test_insert_and_find_runner_string_result_res_string ... ok
[INFO] [stdout] test router::test::test_insert_and_find_for_trace::test_insert_and_find_runner_string_string ... ok
[INFO] [stdout] test router::test::test_router_using_middlewares_for_connect::test_handle_pre_error_with_after_middleware ... ok
[INFO] [stdout] test router::test::test_router_using_middlewares_for_delete::test_after_generate_error ... ok
[INFO] [stdout] test router::test::test_router_using_middlewares_for_connect::test_handle_pre_middleware_error ... ok
[INFO] [stdout] test router::test::test_router_using_middlewares_for_connect::test_after_generate_error ... ok
[INFO] [stdout] test router::test::test_router_using_middlewares_for_connect::test_pre_generate_error ... ok
[INFO] [stdout] test router::test::test_insert_and_find_for_trace::test_insert_and_find_runner_void_result_response_string ... ok
[INFO] [stdout] test router::test::test_router_using_middlewares_for_connect::test_after_transform ... ok
[INFO] [stdout] test router::test::test_insert_and_find_for_trace::test_insert_and_find_runner_void_result_string ... ok
[INFO] [stdout] test router::test::test_insert_and_find_for_trace::test_insert_and_find_runner_req_string_resp_string ... ok
[INFO] [stdout] test router::test::test_insert_and_find_for_trace::test_insert_and_find_runner_string_res_string ... ok
[INFO] [stdout] test router::test::test_insert_and_find_for_trace::test_insert_and_find_runner_void_resp_string ... ok
[INFO] [stdout] test router::test::test_router_using_middlewares_for_connect::test_pre_transform ... ok
[INFO] [stdout] test router::test::test_router_using_middlewares_for_delete::test_pre_transform ... ok
[INFO] [stdout] test router::test::test_router_using_middlewares_for_delete::test_handle_pre_error_with_after_middleware ... ok
[INFO] [stdout] test router::test::test_router_using_middlewares_for_connect::test_handle_after_error ... ok
[INFO] [stdout] test router::test::test_router_using_middlewares_for_delete::test_after_transform ... ok
[INFO] [stdout] test router::test::test_router_using_middlewares_for_delete::test_pre_generate_error ... ok
[INFO] [stdout] test router::test::test_router_using_middlewares_for_get::test_after_generate_error ... ok
[INFO] [stdout] test router::test::test_router_using_middlewares_for_delete::test_handle_after_error ... ok
[INFO] [stdout] test router::test::test_router_using_middlewares_for_get::test_handle_pre_error_with_after_middleware ... ok
[INFO] [stdout] test router::test::test_router_using_middlewares_for_get::test_handle_pre_middleware_error ... ok
[INFO] [stdout] test router::test::test_router_using_middlewares_for_get::test_pre_transform ... ok
[INFO] [stdout] test router::test::test_router_using_middlewares_for_get::test_handle_after_error ... ok
[INFO] [stdout] test router::test::test_router_using_middlewares_for_head::test_handle_pre_error_with_after_middleware ... ok
[INFO] [stdout] test router::test::test_router_using_middlewares_for_get::test_pre_generate_error ... ok
[INFO] [stdout] test router::test::test_router_using_middlewares_for_head::test_handle_after_error ... ok
[INFO] [stdout] test router::test::test_router_using_middlewares_for_get::test_after_transform ... ok
[INFO] [stdout] test router::test::test_router_using_middlewares_for_delete::test_handle_pre_middleware_error ... ok
[INFO] [stdout] test router::test::test_router_using_middlewares_for_head::test_after_generate_error ... ok
[INFO] [stdout] test router::test::test_router_using_middlewares_for_head::test_after_transform ... ok
[INFO] [stdout] test router::test::test_router_using_middlewares_for_options::test_handle_pre_middleware_error ... ok
[INFO] [stdout] test router::test::test_router_using_middlewares_for_options::test_handle_pre_error_with_after_middleware ... ok
[INFO] [stdout] test router::test::test_router_using_middlewares_for_options::test_handle_after_error ... ok
[INFO] [stdout] test router::test::test_router_using_middlewares_for_options::test_after_generate_error ... ok
[INFO] [stdout] test router::test::test_router_using_middlewares_for_head::test_handle_pre_middleware_error ... ok
[INFO] [stdout] test router::test::test_router_using_middlewares_for_options::test_after_transform ... ok
[INFO] [stdout] test router::test::test_router_using_middlewares_for_options::test_pre_generate_error ... ok
[INFO] [stdout] test router::test::test_router_using_middlewares_for_options::test_pre_transform ... ok
[INFO] [stdout] test router::test::test_router_using_middlewares_for_patch::test_after_generate_error ... ok
[INFO] [stdout] test router::test::test_router_using_middlewares_for_patch::test_after_transform ... ok
[INFO] [stdout] test router::test::test_router_using_middlewares_for_head::test_pre_generate_error ... ok
[INFO] [stdout] test router::test::test_router_using_middlewares_for_patch::test_handle_pre_middleware_error ... ok
[INFO] [stdout] test router::test::test_router_using_middlewares_for_patch::test_handle_pre_error_with_after_middleware ... ok
[INFO] [stdout] test router::test::test_router_using_middlewares_for_patch::test_pre_generate_error ... ok
[INFO] [stdout] test router::test::test_router_using_middlewares_for_head::test_pre_transform ... ok
[INFO] [stdout] test router::test::test_router_using_middlewares_for_post::test_after_transform ... ok
[INFO] [stdout] test router::test::test_router_using_middlewares_for_post::test_after_generate_error ... ok
[INFO] [stdout] test router::test::test_router_using_middlewares_for_patch::test_handle_after_error ... ok
[INFO] [stdout] test router::test::test_router_using_middlewares_for_post::test_handle_pre_middleware_error ... ok
[INFO] [stdout] test router::test::test_router_using_middlewares_for_post::test_pre_generate_error ... ok
[INFO] [stdout] test router::test::test_router_using_middlewares_for_put::test_after_generate_error ... ok
[INFO] [stdout] test router::test::test_router_using_middlewares_for_post::test_pre_transform ... ok
[INFO] [stdout] test router::test::test_router_using_middlewares_for_put::test_handle_after_error ... ok
[INFO] [stdout] test router::test::test_router_using_middlewares_for_patch::test_pre_transform ... ok
[INFO] [stdout] test router::test::test_router_using_middlewares_for_put::test_handle_pre_error_with_after_middleware ... ok
[INFO] [stdout] test router::test::test_router_using_middlewares_for_put::test_after_transform ... ok
[INFO] [stdout] test router::test::test_router_using_middlewares_for_put::test_handle_pre_middleware_error ... ok
[INFO] [stdout] test router::test::test_router_using_middlewares_for_put::test_pre_generate_error ... ok
[INFO] [stdout] test router::test::test_router_using_middlewares_for_post::test_handle_pre_error_with_after_middleware ... ok
[INFO] [stdout] test router::test::test_router_using_middlewares_for_post::test_handle_after_error ... ok
[INFO] [stdout] test router::test::test_router_using_middlewares_for_put::test_pre_transform ... ok
[INFO] [stdout] test router::test::test_router_using_middlewares_for_trace::test_after_transform ... ok
[INFO] [stdout] test router::test::test_router_using_middlewares_for_trace::test_handle_pre_error_with_after_middleware ... ok
[INFO] [stdout] test router::test::test_router_using_middlewares_for_trace::test_handle_pre_middleware_error ... ok
[INFO] [stdout] test router::test::test_router_using_middlewares_for_trace::test_pre_generate_error ... ok
[INFO] [stdout] test router::test::test_router_using_middlewares_for_trace::test_after_generate_error ... ok
[INFO] [stdout] test router::test::test_router_using_middlewares_for_trace::test_handle_after_error ... ok
[INFO] [stdout] test router::test::test_router_using_middlewares_for_trace::test_pre_transform ... ok
[INFO] [stdout] test tree::tests::test_add_normal_route ... ok
[INFO] [stdout] test tree::tests::test_get_on_wrong_path ... ok
[INFO] [stdout] test server::test::test_server_get ... ok
[INFO] [stdout] test server::test::test_server_options ... ok
[INFO] [stdout] test server::test::test_server_delete ... ok
[INFO] [stdout] test server::test::test_server_patch ... ok
[INFO] [stdout] test server::test::test_after_error_handled ... ok
[INFO] [stdout] test server::test::test_server_trace ... ok
[INFO] [stdout] test tree::tests::test_mixed_router ... ok
[INFO] [stdout] test tree::tests::test_add_wildcard_route ... ok
[INFO] [stdout] test tree::tests::test_extend_another_router_tree ... ok
[INFO] [stdout] test server::test::test_server_head ... ok
[INFO] [stdout] test server::test::test_server_post ... ok
[INFO] [stdout] test server::test::test_after_error ... ok
[INFO] [stdout] test server::test::test_server_all ... ok
[INFO] [stdout] test server::test::test_pre_error ... ok
[INFO] [stdout] test server::test::test_pre_error_handled ... ok
[INFO] [stdout] test server::test::test_server_put ... ok
[INFO] [stdout] 
[INFO] [stdout] test result: ok. 185 passed; 0 failed; 0 ignored; 0 measured; 0 filtered out; finished in 0.10s
[INFO] [stdout] 
[INFO] [stderr]    Doc-tests yahf
[INFO] [stdout] 
[INFO] [stdout] running 30 tests
[INFO] [stdout] test src/lib.rs - (line 57) - compile ... ok
[INFO] [stdout] test src/lib.rs - (line 33) - compile ... ok
[INFO] [stdout] test src/server.rs - server::Server (line 36) - compile ... ok
[INFO] [stdout] test src/lib.rs - (line 87) - compile ... ok
[INFO] [stdout] test src/router.rs - router::Router (line 23) ... FAILED
[INFO] [stdout] test src/lib.rs - (line 140) ... FAILED
[INFO] [stdout] test src/router.rs - router::Router<PreM,AfterM>::router (line 194) ... FAILED
[INFO] [stdout] test src/router.rs - router::Router<PreM,AfterM>::trace (line 424) ... FAILED
[INFO] [stdout] test src/router.rs - router::Router<PreM,AfterM>::put (line 406) ... FAILED
[INFO] [stdout] test src/server.rs - server::Server<PreM,AfterM>::get (line 154) ... FAILED
[INFO] [stdout] test src/server.rs - server::Server<PreM,AfterM>::head (line 186) ... FAILED
[INFO] [stdout] test src/server.rs - server::Server<PreM,AfterM>::method (line 193) ... FAILED
[INFO] [stdout] test src/server.rs - server::Server<PreM,AfterM>::options (line 171) ... FAILED
[INFO] [stdout] test src/server.rs - server::Server<PreM,AfterM>::patch (line 181) ... FAILED
[INFO] [stdout] test src/server.rs - server::Server<PreM,AfterM>::post (line 161) ... FAILED
[INFO] [stdout] test src/router.rs - router::Router<PreM,AfterM>::connect (line 436) ... FAILED
[INFO] [stdout] test src/server.rs - server::Server<PreM,AfterM>::trace (line 166) ... FAILED
[INFO] [stdout] test src/server.rs - server::Server<PreM,AfterM>::router (line 228) ... FAILED
[INFO] [stdout] test src/router.rs - router::Router<PreM,AfterM>::all (line 455) ... FAILED
[INFO] [stdout] test src/router.rs - router::Router<PreM,AfterM>::delete (line 412) ... ok
[INFO] [stdout] test src/router.rs - router::Router<PreM,AfterM>::post (line 418) ... ok
[INFO] [stdout] test src/router.rs - router::Router<PreM,AfterM>::head (line 448) ... ok
[INFO] [stdout] test src/router.rs - router::Router<PreM,AfterM>::method (line 328) ... ok
[INFO] [stdout] test src/server.rs - server::Server<PreM,AfterM>::delete (line 156) ... ok
[INFO] [stdout] test src/router.rs - router::Router<PreM,AfterM>::options (line 430) ... ok
[INFO] [stdout] test src/router.rs - router::Router<PreM,AfterM>::get (line 400) ... ok
[INFO] [stdout] test src/router.rs - router::Router<PreM,AfterM>::patch (line 442) ... ok
[INFO] [stdout] test src/server.rs - server::Server<PreM,AfterM>::put (line 155) ... ok
[INFO] [stdout] test src/server.rs - server::Server<PreM,AfterM>::connect (line 176) ... ok
[INFO] [stdout] test src/server.rs - server::Server<PreM,AfterM>::all (line 191) ... ok
[INFO] [stdout] 
[INFO] [stdout] failures:
[INFO] [stdout] 
[INFO] [stdout] ---- src/router.rs - router::Router (line 23) stdout ----
[INFO] [stdout] Couldn't compile the test.
[INFO] [stdout] ---- src/lib.rs - (line 140) stdout ----
[INFO] [stdout] Couldn't compile the test.
[INFO] [stdout] ---- src/router.rs - router::Router<PreM,AfterM>::router (line 194) stdout ----
[INFO] [stdout] Couldn't compile the test.
[INFO] [stdout] ---- src/router.rs - router::Router<PreM,AfterM>::trace (line 424) stdout ----
[INFO] [stdout] error: linking with `cc` failed: exit status: 1
[INFO] [stdout]   |
[INFO] [stdout]   = note: LC_ALL="C" PATH="/opt/rustwide/rustup-home/toolchains/beta-2024-12-08-x86_64-unknown-linux-gnu/lib/rustlib/x86_64-unknown-linux-gnu/bin:/opt/rustwide/cargo-home/bin:/usr/local/sbin:/usr/local/bin:/usr/sbin:/usr/bin:/sbin:/bin" VSLANG="1033" "cc" "-m64" "/tmp/rustcXM0sI0/symbols.o" "/tmp/rustdoctest2EdUnw/rust_out.rust_out.9242fac72db2cd11-cgu.0.rcgu.o" "/tmp/rustdoctest2EdUnw/rust_out.2hl2tb9xdtge7mguxzn2q1kvi.rcgu.o" "-Wl,--as-needed" "-Wl,-Bstatic" "/opt/rustwide/target/debug/deps/libyahf-e8f5508f7fa3eab2.rlib" "/opt/rustwide/target/debug/deps/libserde_json-f7c598cf1c8ed66d.rlib" "/opt/rustwide/target/debug/deps/libryu-d2c3aff9aeca12bd.rlib" "/opt/rustwide/target/debug/deps/libhyper_rustls-d0dc43e1cd99d148.rlib" "/opt/rustwide/target/debug/deps/librustls_native_certs-7473ec0eff6a982c.rlib" "/opt/rustwide/target/debug/deps/librustls_pemfile-e3bdcf07508cd2bc.rlib" "/opt/rustwide/target/debug/deps/libbase64-b1f9b24549a40df7.rlib" "/opt/rustwide/target/debug/deps/libopenssl_probe-ed1174850529d944.rlib" "/opt/rustwide/target/debug/deps/libtokio_rustls-9641a6400c161ab6.rlib" "/opt/rustwide/target/debug/deps/librustls-d449782313ef976b.rlib" "/opt/rustwide/target/debug/deps/libsct-25c540a3396a98d8.rlib" "/opt/rustwide/target/debug/deps/libwebpki-03995db6dd9afa8f.rlib" "/opt/rustwide/target/debug/deps/libring-2ea69163028d5a92.rlib" "/opt/rustwide/target/debug/deps/libspin-e858d3468b8e3abd.rlib" "/opt/rustwide/target/debug/deps/libuntrusted-6cf40e3a64622ff0.rlib" "/opt/rustwide/target/debug/deps/liblog-8188d82fb061445d.rlib" "/opt/rustwide/target/debug/deps/libhyper-6b96360031b960dd.rlib" "/opt/rustwide/target/debug/deps/libwant-f5ccf0e0b8af4df6.rlib" "/opt/rustwide/target/debug/deps/libtry_lock-aacdce536283039a.rlib" "/opt/rustwide/target/debug/deps/libsocket2-614183f725d8ad32.rlib" "/opt/rustwide/target/debug/deps/libhttparse-2dbc320ca65411a3.rlib" "/opt/rustwide/target/debug/deps/libh2-757d81f9fbef1be6.rlib" "/opt/rustwide/target/debug/deps/libindexmap-7ff1a537f445f359.rlib" "/opt/rustwide/target/debug/deps/libhashbrown-e273ba0f8cdcbe5b.rlib" "/opt/rustwide/target/debug/deps/libtokio_util-64ece0b4c64e9d5a.rlib" "/opt/rustwide/target/debug/deps/libtower_service-7daacb91dc19d256.rlib" "/opt/rustwide/target/debug/deps/libtracing-3ad372a60dc8da77.rlib" "/opt/rustwide/target/debug/deps/libcfg_if-a3e7e701fcd1f47b.rlib" "/opt/rustwide/target/debug/deps/libtracing_core-f5591ca686e4d652.rlib" "/opt/rustwide/target/debug/deps/libonce_cell-728f13abc4f8cf5f.rlib" "/opt/rustwide/target/debug/deps/libhttp_body-cde3a0dcef42b528.rlib" "/opt/rustwide/target/debug/deps/libtokio-5c1233bf87fe093d.rlib" "/opt/rustwide/target/debug/deps/libnum_cpus-99da39e1ff91ba70.rlib" "/opt/rustwide/target/debug/deps/libsocket2-f71a68275f9a1a66.rlib" "/opt/rustwide/target/debug/deps/libmio-fb4e4984663c3bb8.rlib" "/opt/rustwide/target/debug/deps/liblibc-4b0b24147de68dac.rlib" "/opt/rustwide/target/debug/deps/libhttpdate-bf64bff9ff5092d8.rlib" "/opt/rustwide/target/debug/deps/libhttp-396997dd6093bbfa.rlib" "/opt/rustwide/target/debug/deps/libitoa-c3a42249f065e11e.rlib" "/opt/rustwide/target/debug/deps/libbytes-8217216c646d0e94.rlib" "/opt/rustwide/target/debug/deps/libfnv-953831fe314029b4.rlib" "/opt/rustwide/target/debug/deps/libfutures-6af7583bb73cf47b.rlib" "/opt/rustwide/target/debug/deps/libfutures_executor-71969140dc90887d.rlib" "/opt/rustwide/target/debug/deps/libfutures_util-11db65369d98ab89.rlib" "/opt/rustwide/target/debug/deps/libmemchr-9cc83a4021d47d5a.rlib" "/opt/rustwide/target/debug/deps/libfutures_io-1134a30d9257c924.rlib" "/opt/rustwide/target/debug/deps/libslab-0a39a638bccea296.rlib" "/opt/rustwide/target/debug/deps/libfutures_channel-0c505dc0535924c0.rlib" "/opt/rustwide/target/debug/deps/libpin_project_lite-e615da966755eef2.rlib" "/opt/rustwide/target/debug/deps/libfutures_sink-996b6b2eda4edde2.rlib" "/opt/rustwide/target/debug/deps/libfutures_task-acdbc0302ffd08b9.rlib" "/opt/rustwide/target/debug/deps/libpin_utils-e8360a4d12f71807.rlib" "/opt/rustwide/target/debug/deps/libfutures_core-da303feb02cdff34.rlib" "/opt/rustwide/target/debug/deps/libserde-6bc37c65ef2191f7.rlib" "/opt/rustwide/rustup-home/toolchains/beta-2024-12-08-x86_64-unknown-linux-gnu/lib/rustlib/x86_64-unknown-linux-gnu/lib/libstd-02dc84f49135b6b8.rlib" "/opt/rustwide/rustup-home/toolchains/beta-2024-12-08-x86_64-unknown-linux-gnu/lib/rustlib/x86_64-unknown-linux-gnu/lib/libpanic_unwind-a8f45b397fae3f81.rlib" "/opt/rustwide/rustup-home/toolchains/beta-2024-12-08-x86_64-unknown-linux-gnu/lib/rustlib/x86_64-unknown-linux-gnu/lib/libobject-089607133c180609.rlib" "/opt/rustwide/rustup-home/toolchains/beta-2024-12-08-x86_64-unknown-linux-gnu/lib/rustlib/x86_64-unknown-linux-gnu/lib/libmemchr-fc89f091bcd86cbb.rlib" "/opt/rustwide/rustup-home/toolchains/beta-2024-12-08-x86_64-unknown-linux-gnu/lib/rustlib/x86_64-unknown-linux-gnu/lib/libaddr2line-5a60949f01c7340c.rlib" "/opt/rustwide/rustup-home/toolchains/beta-2024-12-08-x86_64-unknown-linux-gnu/lib/rustlib/x86_64-unknown-linux-gnu/lib/libgimli-d29e6a55ca253c8c.rlib" "/opt/rustwide/rustup-home/toolchains/beta-2024-12-08-x86_64-unknown-linux-gnu/lib/rustlib/x86_64-unknown-linux-gnu/lib/librustc_demangle-273c078d5f65de7a.rlib" "/opt/rustwide/rustup-home/toolchains/beta-2024-12-08-x86_64-unknown-linux-gnu/lib/rustlib/x86_64-unknown-linux-gnu/lib/libstd_detect-413c950ffbdd4454.rlib" "/opt/rustwide/rustup-home/toolchains/beta-2024-12-08-x86_64-unknown-linux-gnu/lib/rustlib/x86_64-unknown-linux-gnu/lib/libhashbrown-1853c0976a1d88a6.rlib" "/opt/rustwide/rustup-home/toolchains/beta-2024-12-08-x86_64-unknown-linux-gnu/lib/rustlib/x86_64-unknown-linux-gnu/lib/librustc_std_workspace_alloc-ccb3384ddacb0f9e.rlib" "/opt/rustwide/rustup-home/toolchains/beta-2024-12-08-x86_64-unknown-linux-gnu/lib/rustlib/x86_64-unknown-linux-gnu/lib/libminiz_oxide-0b901dfb0ca849e0.rlib" "/opt/rustwide/rustup-home/toolchains/beta-2024-12-08-x86_64-unknown-linux-gnu/lib/rustlib/x86_64-unknown-linux-gnu/lib/libadler-eebeb8d7c64543ad.rlib" "/opt/rustwide/rustup-home/toolchains/beta-2024-12-08-x86_64-unknown-linux-gnu/lib/rustlib/x86_64-unknown-linux-gnu/lib/libunwind-4723ef81d6079867.rlib" "/opt/rustwide/rustup-home/toolchains/beta-2024-12-08-x86_64-unknown-linux-gnu/lib/rustlib/x86_64-unknown-linux-gnu/lib/libcfg_if-54442f8b422f5a54.rlib" "/opt/rustwide/rustup-home/toolchains/beta-2024-12-08-x86_64-unknown-linux-gnu/lib/rustlib/x86_64-unknown-linux-gnu/lib/liblibc-e0bbe034b5282553.rlib" "/opt/rustwide/rustup-home/toolchains/beta-2024-12-08-x86_64-unknown-linux-gnu/lib/rustlib/x86_64-unknown-linux-gnu/lib/liballoc-d0febb68c1c37b90.rlib" "/opt/rustwide/rustup-home/toolchains/beta-2024-12-08-x86_64-unknown-linux-gnu/lib/rustlib/x86_64-unknown-linux-gnu/lib/librustc_std_workspace_core-4cf833632aafa84c.rlib" "/opt/rustwide/rustup-home/toolchains/beta-2024-12-08-x86_64-unknown-linux-gnu/lib/rustlib/x86_64-unknown-linux-gnu/lib/libcore-65c2c6d2d6ae570b.rlib" "/opt/rustwide/rustup-home/toolchains/beta-2024-12-08-x86_64-unknown-linux-gnu/lib/rustlib/x86_64-unknown-linux-gnu/lib/libcompiler_builtins-97929cee0dcfe424.rlib" "-Wl,-Bdynamic" "-lgcc_s" "-lutil" "-lrt" "-lpthread" "-lm" "-ldl" "-lc" "-Wl,--eh-frame-hdr" "-Wl,-z,noexecstack" "-L" "/opt/rustwide/target/debug/build/ring-2417f3adeafa936e/out" "-L" "/opt/rustwide/rustup-home/toolchains/beta-2024-12-08-x86_64-unknown-linux-gnu/lib/rustlib/x86_64-unknown-linux-gnu/lib" "-o" "/tmp/rustdoctest2EdUnw/rust_out" "-Wl,--gc-sections" "-pie" "-Wl,-z,relro,-z,now" "-nodefaultlibs"
[INFO] [stdout]   = note: collect2: fatal error: ld terminated with signal 9 [Killed]
[INFO] [stdout]           compilation terminated.
[INFO] [stdout]           
[INFO] [stdout] 
[INFO] [stdout] error: aborting due to 1 previous error
[INFO] [stdout] 
[INFO] [stdout] Couldn't compile the test.
[INFO] [stdout] ---- src/router.rs - router::Router<PreM,AfterM>::put (line 406) stdout ----
[INFO] [stdout] error: linking with `cc` failed: exit status: 1
[INFO] [stdout]   |
[INFO] [stdout]   = note: LC_ALL="C" PATH="/opt/rustwide/rustup-home/toolchains/beta-2024-12-08-x86_64-unknown-linux-gnu/lib/rustlib/x86_64-unknown-linux-gnu/bin:/opt/rustwide/cargo-home/bin:/usr/local/sbin:/usr/local/bin:/usr/sbin:/usr/bin:/sbin:/bin" VSLANG="1033" "cc" "-m64" "/tmp/rustcE7vooa/symbols.o" "/tmp/rustdoctestSS9gp0/rust_out.rust_out.9242fac72db2cd11-cgu.0.rcgu.o" "/tmp/rustdoctestSS9gp0/rust_out.2hl2tb9xdtge7mguxzn2q1kvi.rcgu.o" "-Wl,--as-needed" "-Wl,-Bstatic" "/opt/rustwide/target/debug/deps/libyahf-e8f5508f7fa3eab2.rlib" "/opt/rustwide/target/debug/deps/libserde_json-f7c598cf1c8ed66d.rlib" "/opt/rustwide/target/debug/deps/libryu-d2c3aff9aeca12bd.rlib" "/opt/rustwide/target/debug/deps/libhyper_rustls-d0dc43e1cd99d148.rlib" "/opt/rustwide/target/debug/deps/librustls_native_certs-7473ec0eff6a982c.rlib" "/opt/rustwide/target/debug/deps/librustls_pemfile-e3bdcf07508cd2bc.rlib" "/opt/rustwide/target/debug/deps/libbase64-b1f9b24549a40df7.rlib" "/opt/rustwide/target/debug/deps/libopenssl_probe-ed1174850529d944.rlib" "/opt/rustwide/target/debug/deps/libtokio_rustls-9641a6400c161ab6.rlib" "/opt/rustwide/target/debug/deps/librustls-d449782313ef976b.rlib" "/opt/rustwide/target/debug/deps/libsct-25c540a3396a98d8.rlib" "/opt/rustwide/target/debug/deps/libwebpki-03995db6dd9afa8f.rlib" "/opt/rustwide/target/debug/deps/libring-2ea69163028d5a92.rlib" "/opt/rustwide/target/debug/deps/libspin-e858d3468b8e3abd.rlib" "/opt/rustwide/target/debug/deps/libuntrusted-6cf40e3a64622ff0.rlib" "/opt/rustwide/target/debug/deps/liblog-8188d82fb061445d.rlib" "/opt/rustwide/target/debug/deps/libhyper-6b96360031b960dd.rlib" "/opt/rustwide/target/debug/deps/libwant-f5ccf0e0b8af4df6.rlib" "/opt/rustwide/target/debug/deps/libtry_lock-aacdce536283039a.rlib" "/opt/rustwide/target/debug/deps/libsocket2-614183f725d8ad32.rlib" "/opt/rustwide/target/debug/deps/libhttparse-2dbc320ca65411a3.rlib" "/opt/rustwide/target/debug/deps/libh2-757d81f9fbef1be6.rlib" "/opt/rustwide/target/debug/deps/libindexmap-7ff1a537f445f359.rlib" "/opt/rustwide/target/debug/deps/libhashbrown-e273ba0f8cdcbe5b.rlib" "/opt/rustwide/target/debug/deps/libtokio_util-64ece0b4c64e9d5a.rlib" "/opt/rustwide/target/debug/deps/libtower_service-7daacb91dc19d256.rlib" "/opt/rustwide/target/debug/deps/libtracing-3ad372a60dc8da77.rlib" "/opt/rustwide/target/debug/deps/libcfg_if-a3e7e701fcd1f47b.rlib" "/opt/rustwide/target/debug/deps/libtracing_core-f5591ca686e4d652.rlib" "/opt/rustwide/target/debug/deps/libonce_cell-728f13abc4f8cf5f.rlib" "/opt/rustwide/target/debug/deps/libhttp_body-cde3a0dcef42b528.rlib" "/opt/rustwide/target/debug/deps/libtokio-5c1233bf87fe093d.rlib" "/opt/rustwide/target/debug/deps/libnum_cpus-99da39e1ff91ba70.rlib" "/opt/rustwide/target/debug/deps/libsocket2-f71a68275f9a1a66.rlib" "/opt/rustwide/target/debug/deps/libmio-fb4e4984663c3bb8.rlib" "/opt/rustwide/target/debug/deps/liblibc-4b0b24147de68dac.rlib" "/opt/rustwide/target/debug/deps/libhttpdate-bf64bff9ff5092d8.rlib" "/opt/rustwide/target/debug/deps/libhttp-396997dd6093bbfa.rlib" "/opt/rustwide/target/debug/deps/libitoa-c3a42249f065e11e.rlib" "/opt/rustwide/target/debug/deps/libbytes-8217216c646d0e94.rlib" "/opt/rustwide/target/debug/deps/libfnv-953831fe314029b4.rlib" "/opt/rustwide/target/debug/deps/libfutures-6af7583bb73cf47b.rlib" "/opt/rustwide/target/debug/deps/libfutures_executor-71969140dc90887d.rlib" "/opt/rustwide/target/debug/deps/libfutures_util-11db65369d98ab89.rlib" "/opt/rustwide/target/debug/deps/libmemchr-9cc83a4021d47d5a.rlib" "/opt/rustwide/target/debug/deps/libfutures_io-1134a30d9257c924.rlib" "/opt/rustwide/target/debug/deps/libslab-0a39a638bccea296.rlib" "/opt/rustwide/target/debug/deps/libfutures_channel-0c505dc0535924c0.rlib" "/opt/rustwide/target/debug/deps/libpin_project_lite-e615da966755eef2.rlib" "/opt/rustwide/target/debug/deps/libfutures_sink-996b6b2eda4edde2.rlib" "/opt/rustwide/target/debug/deps/libfutures_task-acdbc0302ffd08b9.rlib" "/opt/rustwide/target/debug/deps/libpin_utils-e8360a4d12f71807.rlib" "/opt/rustwide/target/debug/deps/libfutures_core-da303feb02cdff34.rlib" "/opt/rustwide/target/debug/deps/libserde-6bc37c65ef2191f7.rlib" "/opt/rustwide/rustup-home/toolchains/beta-2024-12-08-x86_64-unknown-linux-gnu/lib/rustlib/x86_64-unknown-linux-gnu/lib/libstd-02dc84f49135b6b8.rlib" "/opt/rustwide/rustup-home/toolchains/beta-2024-12-08-x86_64-unknown-linux-gnu/lib/rustlib/x86_64-unknown-linux-gnu/lib/libpanic_unwind-a8f45b397fae3f81.rlib" "/opt/rustwide/rustup-home/toolchains/beta-2024-12-08-x86_64-unknown-linux-gnu/lib/rustlib/x86_64-unknown-linux-gnu/lib/libobject-089607133c180609.rlib" "/opt/rustwide/rustup-home/toolchains/beta-2024-12-08-x86_64-unknown-linux-gnu/lib/rustlib/x86_64-unknown-linux-gnu/lib/libmemchr-fc89f091bcd86cbb.rlib" "/opt/rustwide/rustup-home/toolchains/beta-2024-12-08-x86_64-unknown-linux-gnu/lib/rustlib/x86_64-unknown-linux-gnu/lib/libaddr2line-5a60949f01c7340c.rlib" "/opt/rustwide/rustup-home/toolchains/beta-2024-12-08-x86_64-unknown-linux-gnu/lib/rustlib/x86_64-unknown-linux-gnu/lib/libgimli-d29e6a55ca253c8c.rlib" "/opt/rustwide/rustup-home/toolchains/beta-2024-12-08-x86_64-unknown-linux-gnu/lib/rustlib/x86_64-unknown-linux-gnu/lib/librustc_demangle-273c078d5f65de7a.rlib" "/opt/rustwide/rustup-home/toolchains/beta-2024-12-08-x86_64-unknown-linux-gnu/lib/rustlib/x86_64-unknown-linux-gnu/lib/libstd_detect-413c950ffbdd4454.rlib" "/opt/rustwide/rustup-home/toolchains/beta-2024-12-08-x86_64-unknown-linux-gnu/lib/rustlib/x86_64-unknown-linux-gnu/lib/libhashbrown-1853c0976a1d88a6.rlib" "/opt/rustwide/rustup-home/toolchains/beta-2024-12-08-x86_64-unknown-linux-gnu/lib/rustlib/x86_64-unknown-linux-gnu/lib/librustc_std_workspace_alloc-ccb3384ddacb0f9e.rlib" "/opt/rustwide/rustup-home/toolchains/beta-2024-12-08-x86_64-unknown-linux-gnu/lib/rustlib/x86_64-unknown-linux-gnu/lib/libminiz_oxide-0b901dfb0ca849e0.rlib" "/opt/rustwide/rustup-home/toolchains/beta-2024-12-08-x86_64-unknown-linux-gnu/lib/rustlib/x86_64-unknown-linux-gnu/lib/libadler-eebeb8d7c64543ad.rlib" "/opt/rustwide/rustup-home/toolchains/beta-2024-12-08-x86_64-unknown-linux-gnu/lib/rustlib/x86_64-unknown-linux-gnu/lib/libunwind-4723ef81d6079867.rlib" "/opt/rustwide/rustup-home/toolchains/beta-2024-12-08-x86_64-unknown-linux-gnu/lib/rustlib/x86_64-unknown-linux-gnu/lib/libcfg_if-54442f8b422f5a54.rlib" "/opt/rustwide/rustup-home/toolchains/beta-2024-12-08-x86_64-unknown-linux-gnu/lib/rustlib/x86_64-unknown-linux-gnu/lib/liblibc-e0bbe034b5282553.rlib" "/opt/rustwide/rustup-home/toolchains/beta-2024-12-08-x86_64-unknown-linux-gnu/lib/rustlib/x86_64-unknown-linux-gnu/lib/liballoc-d0febb68c1c37b90.rlib" "/opt/rustwide/rustup-home/toolchains/beta-2024-12-08-x86_64-unknown-linux-gnu/lib/rustlib/x86_64-unknown-linux-gnu/lib/librustc_std_workspace_core-4cf833632aafa84c.rlib" "/opt/rustwide/rustup-home/toolchains/beta-2024-12-08-x86_64-unknown-linux-gnu/lib/rustlib/x86_64-unknown-linux-gnu/lib/libcore-65c2c6d2d6ae570b.rlib" "/opt/rustwide/rustup-home/toolchains/beta-2024-12-08-x86_64-unknown-linux-gnu/lib/rustlib/x86_64-unknown-linux-gnu/lib/libcompiler_builtins-97929cee0dcfe424.rlib" "-Wl,-Bdynamic" "-lgcc_s" "-lutil" "-lrt" "-lpthread" "-lm" "-ldl" "-lc" "-Wl,--eh-frame-hdr" "-Wl,-z,noexecstack" "-L" "/opt/rustwide/target/debug/build/ring-2417f3adeafa936e/out" "-L" "/opt/rustwide/rustup-home/toolchains/beta-2024-12-08-x86_64-unknown-linux-gnu/lib/rustlib/x86_64-unknown-linux-gnu/lib" "-o" "/tmp/rustdoctestSS9gp0/rust_out" "-Wl,--gc-sections" "-pie" "-Wl,-z,relro,-z,now" "-nodefaultlibs"
[INFO] [stdout]   = note: collect2: fatal error: ld terminated with signal 9 [Killed]
[INFO] [stdout]           compilation terminated.
[INFO] [stdout]           
[INFO] [stdout] 
[INFO] [stdout] error: aborting due to 1 previous error
[INFO] [stdout] 
[INFO] [stdout] Couldn't compile the test.
[INFO] [stdout] ---- src/server.rs - server::Server<PreM,AfterM>::get (line 154) stdout ----
[INFO] [stdout] Couldn't compile the test.
[INFO] [stdout] ---- src/server.rs - server::Server<PreM,AfterM>::head (line 186) stdout ----
[INFO] [stdout] Couldn't compile the test.
[INFO] [stdout] ---- src/server.rs - server::Server<PreM,AfterM>::method (line 193) stdout ----
[INFO] [stdout] Couldn't compile the test.
[INFO] [stdout] ---- src/server.rs - server::Server<PreM,AfterM>::options (line 171) stdout ----
[INFO] [stdout] Couldn't compile the test.
[INFO] [stdout] ---- src/server.rs - server::Server<PreM,AfterM>::patch (line 181) stdout ----
[INFO] [stdout] Couldn't compile the test.
[INFO] [stdout] ---- src/server.rs - server::Server<PreM,AfterM>::post (line 161) stdout ----
[INFO] [stdout] Couldn't compile the test.
[INFO] [stdout] ---- src/router.rs - router::Router<PreM,AfterM>::connect (line 436) stdout ----
[INFO] [stdout] error: linking with `cc` failed: exit status: 1
[INFO] [stdout]   |
[INFO] [stdout]   = note: LC_ALL="C" PATH="/opt/rustwide/rustup-home/toolchains/beta-2024-12-08-x86_64-unknown-linux-gnu/lib/rustlib/x86_64-unknown-linux-gnu/bin:/opt/rustwide/cargo-home/bin:/usr/local/sbin:/usr/local/bin:/usr/sbin:/usr/bin:/sbin:/bin" VSLANG="1033" "cc" "-m64" "/tmp/rustcefPq2F/symbols.o" "/tmp/rustdoctestMYTPAH/rust_out.rust_out.9242fac72db2cd11-cgu.0.rcgu.o" "/tmp/rustdoctestMYTPAH/rust_out.2hl2tb9xdtge7mguxzn2q1kvi.rcgu.o" "-Wl,--as-needed" "-Wl,-Bstatic" "/opt/rustwide/target/debug/deps/libyahf-e8f5508f7fa3eab2.rlib" "/opt/rustwide/target/debug/deps/libserde_json-f7c598cf1c8ed66d.rlib" "/opt/rustwide/target/debug/deps/libryu-d2c3aff9aeca12bd.rlib" "/opt/rustwide/target/debug/deps/libhyper_rustls-d0dc43e1cd99d148.rlib" "/opt/rustwide/target/debug/deps/librustls_native_certs-7473ec0eff6a982c.rlib" "/opt/rustwide/target/debug/deps/librustls_pemfile-e3bdcf07508cd2bc.rlib" "/opt/rustwide/target/debug/deps/libbase64-b1f9b24549a40df7.rlib" "/opt/rustwide/target/debug/deps/libopenssl_probe-ed1174850529d944.rlib" "/opt/rustwide/target/debug/deps/libtokio_rustls-9641a6400c161ab6.rlib" "/opt/rustwide/target/debug/deps/librustls-d449782313ef976b.rlib" "/opt/rustwide/target/debug/deps/libsct-25c540a3396a98d8.rlib" "/opt/rustwide/target/debug/deps/libwebpki-03995db6dd9afa8f.rlib" "/opt/rustwide/target/debug/deps/libring-2ea69163028d5a92.rlib" "/opt/rustwide/target/debug/deps/libspin-e858d3468b8e3abd.rlib" "/opt/rustwide/target/debug/deps/libuntrusted-6cf40e3a64622ff0.rlib" "/opt/rustwide/target/debug/deps/liblog-8188d82fb061445d.rlib" "/opt/rustwide/target/debug/deps/libhyper-6b96360031b960dd.rlib" "/opt/rustwide/target/debug/deps/libwant-f5ccf0e0b8af4df6.rlib" "/opt/rustwide/target/debug/deps/libtry_lock-aacdce536283039a.rlib" "/opt/rustwide/target/debug/deps/libsocket2-614183f725d8ad32.rlib" "/opt/rustwide/target/debug/deps/libhttparse-2dbc320ca65411a3.rlib" "/opt/rustwide/target/debug/deps/libh2-757d81f9fbef1be6.rlib" "/opt/rustwide/target/debug/deps/libindexmap-7ff1a537f445f359.rlib" "/opt/rustwide/target/debug/deps/libhashbrown-e273ba0f8cdcbe5b.rlib" "/opt/rustwide/target/debug/deps/libtokio_util-64ece0b4c64e9d5a.rlib" "/opt/rustwide/target/debug/deps/libtower_service-7daacb91dc19d256.rlib" "/opt/rustwide/target/debug/deps/libtracing-3ad372a60dc8da77.rlib" "/opt/rustwide/target/debug/deps/libcfg_if-a3e7e701fcd1f47b.rlib" "/opt/rustwide/target/debug/deps/libtracing_core-f5591ca686e4d652.rlib" "/opt/rustwide/target/debug/deps/libonce_cell-728f13abc4f8cf5f.rlib" "/opt/rustwide/target/debug/deps/libhttp_body-cde3a0dcef42b528.rlib" "/opt/rustwide/target/debug/deps/libtokio-5c1233bf87fe093d.rlib" "/opt/rustwide/target/debug/deps/libnum_cpus-99da39e1ff91ba70.rlib" "/opt/rustwide/target/debug/deps/libsocket2-f71a68275f9a1a66.rlib" "/opt/rustwide/target/debug/deps/libmio-fb4e4984663c3bb8.rlib" "/opt/rustwide/target/debug/deps/liblibc-4b0b24147de68dac.rlib" "/opt/rustwide/target/debug/deps/libhttpdate-bf64bff9ff5092d8.rlib" "/opt/rustwide/target/debug/deps/libhttp-396997dd6093bbfa.rlib" "/opt/rustwide/target/debug/deps/libitoa-c3a42249f065e11e.rlib" "/opt/rustwide/target/debug/deps/libbytes-8217216c646d0e94.rlib" "/opt/rustwide/target/debug/deps/libfnv-953831fe314029b4.rlib" "/opt/rustwide/target/debug/deps/libfutures-6af7583bb73cf47b.rlib" "/opt/rustwide/target/debug/deps/libfutures_executor-71969140dc90887d.rlib" "/opt/rustwide/target/debug/deps/libfutures_util-11db65369d98ab89.rlib" "/opt/rustwide/target/debug/deps/libmemchr-9cc83a4021d47d5a.rlib" "/opt/rustwide/target/debug/deps/libfutures_io-1134a30d9257c924.rlib" "/opt/rustwide/target/debug/deps/libslab-0a39a638bccea296.rlib" "/opt/rustwide/target/debug/deps/libfutures_channel-0c505dc0535924c0.rlib" "/opt/rustwide/target/debug/deps/libpin_project_lite-e615da966755eef2.rlib" "/opt/rustwide/target/debug/deps/libfutures_sink-996b6b2eda4edde2.rlib" "/opt/rustwide/target/debug/deps/libfutures_task-acdbc0302ffd08b9.rlib" "/opt/rustwide/target/debug/deps/libpin_utils-e8360a4d12f71807.rlib" "/opt/rustwide/target/debug/deps/libfutures_core-da303feb02cdff34.rlib" "/opt/rustwide/target/debug/deps/libserde-6bc37c65ef2191f7.rlib" "/opt/rustwide/rustup-home/toolchains/beta-2024-12-08-x86_64-unknown-linux-gnu/lib/rustlib/x86_64-unknown-linux-gnu/lib/libstd-02dc84f49135b6b8.rlib" "/opt/rustwide/rustup-home/toolchains/beta-2024-12-08-x86_64-unknown-linux-gnu/lib/rustlib/x86_64-unknown-linux-gnu/lib/libpanic_unwind-a8f45b397fae3f81.rlib" "/opt/rustwide/rustup-home/toolchains/beta-2024-12-08-x86_64-unknown-linux-gnu/lib/rustlib/x86_64-unknown-linux-gnu/lib/libobject-089607133c180609.rlib" "/opt/rustwide/rustup-home/toolchains/beta-2024-12-08-x86_64-unknown-linux-gnu/lib/rustlib/x86_64-unknown-linux-gnu/lib/libmemchr-fc89f091bcd86cbb.rlib" "/opt/rustwide/rustup-home/toolchains/beta-2024-12-08-x86_64-unknown-linux-gnu/lib/rustlib/x86_64-unknown-linux-gnu/lib/libaddr2line-5a60949f01c7340c.rlib" "/opt/rustwide/rustup-home/toolchains/beta-2024-12-08-x86_64-unknown-linux-gnu/lib/rustlib/x86_64-unknown-linux-gnu/lib/libgimli-d29e6a55ca253c8c.rlib" "/opt/rustwide/rustup-home/toolchains/beta-2024-12-08-x86_64-unknown-linux-gnu/lib/rustlib/x86_64-unknown-linux-gnu/lib/librustc_demangle-273c078d5f65de7a.rlib" "/opt/rustwide/rustup-home/toolchains/beta-2024-12-08-x86_64-unknown-linux-gnu/lib/rustlib/x86_64-unknown-linux-gnu/lib/libstd_detect-413c950ffbdd4454.rlib" "/opt/rustwide/rustup-home/toolchains/beta-2024-12-08-x86_64-unknown-linux-gnu/lib/rustlib/x86_64-unknown-linux-gnu/lib/libhashbrown-1853c0976a1d88a6.rlib" "/opt/rustwide/rustup-home/toolchains/beta-2024-12-08-x86_64-unknown-linux-gnu/lib/rustlib/x86_64-unknown-linux-gnu/lib/librustc_std_workspace_alloc-ccb3384ddacb0f9e.rlib" "/opt/rustwide/rustup-home/toolchains/beta-2024-12-08-x86_64-unknown-linux-gnu/lib/rustlib/x86_64-unknown-linux-gnu/lib/libminiz_oxide-0b901dfb0ca849e0.rlib" "/opt/rustwide/rustup-home/toolchains/beta-2024-12-08-x86_64-unknown-linux-gnu/lib/rustlib/x86_64-unknown-linux-gnu/lib/libadler-eebeb8d7c64543ad.rlib" "/opt/rustwide/rustup-home/toolchains/beta-2024-12-08-x86_64-unknown-linux-gnu/lib/rustlib/x86_64-unknown-linux-gnu/lib/libunwind-4723ef81d6079867.rlib" "/opt/rustwide/rustup-home/toolchains/beta-2024-12-08-x86_64-unknown-linux-gnu/lib/rustlib/x86_64-unknown-linux-gnu/lib/libcfg_if-54442f8b422f5a54.rlib" "/opt/rustwide/rustup-home/toolchains/beta-2024-12-08-x86_64-unknown-linux-gnu/lib/rustlib/x86_64-unknown-linux-gnu/lib/liblibc-e0bbe034b5282553.rlib" "/opt/rustwide/rustup-home/toolchains/beta-2024-12-08-x86_64-unknown-linux-gnu/lib/rustlib/x86_64-unknown-linux-gnu/lib/liballoc-d0febb68c1c37b90.rlib" "/opt/rustwide/rustup-home/toolchains/beta-2024-12-08-x86_64-unknown-linux-gnu/lib/rustlib/x86_64-unknown-linux-gnu/lib/librustc_std_workspace_core-4cf833632aafa84c.rlib" "/opt/rustwide/rustup-home/toolchains/beta-2024-12-08-x86_64-unknown-linux-gnu/lib/rustlib/x86_64-unknown-linux-gnu/lib/libcore-65c2c6d2d6ae570b.rlib" "/opt/rustwide/rustup-home/toolchains/beta-2024-12-08-x86_64-unknown-linux-gnu/lib/rustlib/x86_64-unknown-linux-gnu/lib/libcompiler_builtins-97929cee0dcfe424.rlib" "-Wl,-Bdynamic" "-lgcc_s" "-lutil" "-lrt" "-lpthread" "-lm" "-ldl" "-lc" "-Wl,--eh-frame-hdr" "-Wl,-z,noexecstack" "-L" "/opt/rustwide/target/debug/build/ring-2417f3adeafa936e/out" "-L" "/opt/rustwide/rustup-home/toolchains/beta-2024-12-08-x86_64-unknown-linux-gnu/lib/rustlib/x86_64-unknown-linux-gnu/lib" "-o" "/tmp/rustdoctestMYTPAH/rust_out" "-Wl,--gc-sections" "-pie" "-Wl,-z,relro,-z,now" "-nodefaultlibs"
[INFO] [stdout]   = note: collect2: fatal error: ld terminated with signal 9 [Killed]
[INFO] [stdout]           compilation terminated.
[INFO] [stdout]           
[INFO] [stdout] 
[INFO] [stdout] error: aborting due to 1 previous error
[INFO] [stdout] 
[INFO] [stdout] Couldn't compile the test.
[INFO] [stdout] ---- src/server.rs - server::Server<PreM,AfterM>::trace (line 166) stdout ----
[INFO] [stdout] Couldn't compile the test.
[INFO] [stdout] ---- src/server.rs - server::Server<PreM,AfterM>::router (line 228) stdout ----
[INFO] [stdout] Couldn't compile the test.
[INFO] [stdout] ---- src/router.rs - router::Router<PreM,AfterM>::all (line 455) stdout ----
[INFO] [stdout] error: linking with `cc` failed: exit status: 1
[INFO] [stdout]   |
[INFO] [stdout]   = note: LC_ALL="C" PATH="/opt/rustwide/rustup-home/toolchains/beta-2024-12-08-x86_64-unknown-linux-gnu/lib/rustlib/x86_64-unknown-linux-gnu/bin:/opt/rustwide/cargo-home/bin:/usr/local/sbin:/usr/local/bin:/usr/sbin:/usr/bin:/sbin:/bin" VSLANG="1033" "cc" "-m64" "/tmp/rustcO3q1sD/symbols.o" "/tmp/rustdoctestXF6lZm/rust_out.rust_out.9242fac72db2cd11-cgu.0.rcgu.o" "/tmp/rustdoctestXF6lZm/rust_out.2hl2tb9xdtge7mguxzn2q1kvi.rcgu.o" "-Wl,--as-needed" "-Wl,-Bstatic" "/opt/rustwide/target/debug/deps/libyahf-e8f5508f7fa3eab2.rlib" "/opt/rustwide/target/debug/deps/libserde_json-f7c598cf1c8ed66d.rlib" "/opt/rustwide/target/debug/deps/libryu-d2c3aff9aeca12bd.rlib" "/opt/rustwide/target/debug/deps/libhyper_rustls-d0dc43e1cd99d148.rlib" "/opt/rustwide/target/debug/deps/librustls_native_certs-7473ec0eff6a982c.rlib" "/opt/rustwide/target/debug/deps/librustls_pemfile-e3bdcf07508cd2bc.rlib" "/opt/rustwide/target/debug/deps/libbase64-b1f9b24549a40df7.rlib" "/opt/rustwide/target/debug/deps/libopenssl_probe-ed1174850529d944.rlib" "/opt/rustwide/target/debug/deps/libtokio_rustls-9641a6400c161ab6.rlib" "/opt/rustwide/target/debug/deps/librustls-d449782313ef976b.rlib" "/opt/rustwide/target/debug/deps/libsct-25c540a3396a98d8.rlib" "/opt/rustwide/target/debug/deps/libwebpki-03995db6dd9afa8f.rlib" "/opt/rustwide/target/debug/deps/libring-2ea69163028d5a92.rlib" "/opt/rustwide/target/debug/deps/libspin-e858d3468b8e3abd.rlib" "/opt/rustwide/target/debug/deps/libuntrusted-6cf40e3a64622ff0.rlib" "/opt/rustwide/target/debug/deps/liblog-8188d82fb061445d.rlib" "/opt/rustwide/target/debug/deps/libhyper-6b96360031b960dd.rlib" "/opt/rustwide/target/debug/deps/libwant-f5ccf0e0b8af4df6.rlib" "/opt/rustwide/target/debug/deps/libtry_lock-aacdce536283039a.rlib" "/opt/rustwide/target/debug/deps/libsocket2-614183f725d8ad32.rlib" "/opt/rustwide/target/debug/deps/libhttparse-2dbc320ca65411a3.rlib" "/opt/rustwide/target/debug/deps/libh2-757d81f9fbef1be6.rlib" "/opt/rustwide/target/debug/deps/libindexmap-7ff1a537f445f359.rlib" "/opt/rustwide/target/debug/deps/libhashbrown-e273ba0f8cdcbe5b.rlib" "/opt/rustwide/target/debug/deps/libtokio_util-64ece0b4c64e9d5a.rlib" "/opt/rustwide/target/debug/deps/libtower_service-7daacb91dc19d256.rlib" "/opt/rustwide/target/debug/deps/libtracing-3ad372a60dc8da77.rlib" "/opt/rustwide/target/debug/deps/libcfg_if-a3e7e701fcd1f47b.rlib" "/opt/rustwide/target/debug/deps/libtracing_core-f5591ca686e4d652.rlib" "/opt/rustwide/target/debug/deps/libonce_cell-728f13abc4f8cf5f.rlib" "/opt/rustwide/target/debug/deps/libhttp_body-cde3a0dcef42b528.rlib" "/opt/rustwide/target/debug/deps/libtokio-5c1233bf87fe093d.rlib" "/opt/rustwide/target/debug/deps/libnum_cpus-99da39e1ff91ba70.rlib" "/opt/rustwide/target/debug/deps/libsocket2-f71a68275f9a1a66.rlib" "/opt/rustwide/target/debug/deps/libmio-fb4e4984663c3bb8.rlib" "/opt/rustwide/target/debug/deps/liblibc-4b0b24147de68dac.rlib" "/opt/rustwide/target/debug/deps/libhttpdate-bf64bff9ff5092d8.rlib" "/opt/rustwide/target/debug/deps/libhttp-396997dd6093bbfa.rlib" "/opt/rustwide/target/debug/deps/libitoa-c3a42249f065e11e.rlib" "/opt/rustwide/target/debug/deps/libbytes-8217216c646d0e94.rlib" "/opt/rustwide/target/debug/deps/libfnv-953831fe314029b4.rlib" "/opt/rustwide/target/debug/deps/libfutures-6af7583bb73cf47b.rlib" "/opt/rustwide/target/debug/deps/libfutures_executor-71969140dc90887d.rlib" "/opt/rustwide/target/debug/deps/libfutures_util-11db65369d98ab89.rlib" "/opt/rustwide/target/debug/deps/libmemchr-9cc83a4021d47d5a.rlib" "/opt/rustwide/target/debug/deps/libfutures_io-1134a30d9257c924.rlib" "/opt/rustwide/target/debug/deps/libslab-0a39a638bccea296.rlib" "/opt/rustwide/target/debug/deps/libfutures_channel-0c505dc0535924c0.rlib" "/opt/rustwide/target/debug/deps/libpin_project_lite-e615da966755eef2.rlib" "/opt/rustwide/target/debug/deps/libfutures_sink-996b6b2eda4edde2.rlib" "/opt/rustwide/target/debug/deps/libfutures_task-acdbc0302ffd08b9.rlib" "/opt/rustwide/target/debug/deps/libpin_utils-e8360a4d12f71807.rlib" "/opt/rustwide/target/debug/deps/libfutures_core-da303feb02cdff34.rlib" "/opt/rustwide/target/debug/deps/libserde-6bc37c65ef2191f7.rlib" "/opt/rustwide/rustup-home/toolchains/beta-2024-12-08-x86_64-unknown-linux-gnu/lib/rustlib/x86_64-unknown-linux-gnu/lib/libstd-02dc84f49135b6b8.rlib" "/opt/rustwide/rustup-home/toolchains/beta-2024-12-08-x86_64-unknown-linux-gnu/lib/rustlib/x86_64-unknown-linux-gnu/lib/libpanic_unwind-a8f45b397fae3f81.rlib" "/opt/rustwide/rustup-home/toolchains/beta-2024-12-08-x86_64-unknown-linux-gnu/lib/rustlib/x86_64-unknown-linux-gnu/lib/libobject-089607133c180609.rlib" "/opt/rustwide/rustup-home/toolchains/beta-2024-12-08-x86_64-unknown-linux-gnu/lib/rustlib/x86_64-unknown-linux-gnu/lib/libmemchr-fc89f091bcd86cbb.rlib" "/opt/rustwide/rustup-home/toolchains/beta-2024-12-08-x86_64-unknown-linux-gnu/lib/rustlib/x86_64-unknown-linux-gnu/lib/libaddr2line-5a60949f01c7340c.rlib" "/opt/rustwide/rustup-home/toolchains/beta-2024-12-08-x86_64-unknown-linux-gnu/lib/rustlib/x86_64-unknown-linux-gnu/lib/libgimli-d29e6a55ca253c8c.rlib" "/opt/rustwide/rustup-home/toolchains/beta-2024-12-08-x86_64-unknown-linux-gnu/lib/rustlib/x86_64-unknown-linux-gnu/lib/librustc_demangle-273c078d5f65de7a.rlib" "/opt/rustwide/rustup-home/toolchains/beta-2024-12-08-x86_64-unknown-linux-gnu/lib/rustlib/x86_64-unknown-linux-gnu/lib/libstd_detect-413c950ffbdd4454.rlib" "/opt/rustwide/rustup-home/toolchains/beta-2024-12-08-x86_64-unknown-linux-gnu/lib/rustlib/x86_64-unknown-linux-gnu/lib/libhashbrown-1853c0976a1d88a6.rlib" "/opt/rustwide/rustup-home/toolchains/beta-2024-12-08-x86_64-unknown-linux-gnu/lib/rustlib/x86_64-unknown-linux-gnu/lib/librustc_std_workspace_alloc-ccb3384ddacb0f9e.rlib" "/opt/rustwide/rustup-home/toolchains/beta-2024-12-08-x86_64-unknown-linux-gnu/lib/rustlib/x86_64-unknown-linux-gnu/lib/libminiz_oxide-0b901dfb0ca849e0.rlib" "/opt/rustwide/rustup-home/toolchains/beta-2024-12-08-x86_64-unknown-linux-gnu/lib/rustlib/x86_64-unknown-linux-gnu/lib/libadler-eebeb8d7c64543ad.rlib" "/opt/rustwide/rustup-home/toolchains/beta-2024-12-08-x86_64-unknown-linux-gnu/lib/rustlib/x86_64-unknown-linux-gnu/lib/libunwind-4723ef81d6079867.rlib" "/opt/rustwide/rustup-home/toolchains/beta-2024-12-08-x86_64-unknown-linux-gnu/lib/rustlib/x86_64-unknown-linux-gnu/lib/libcfg_if-54442f8b422f5a54.rlib" "/opt/rustwide/rustup-home/toolchains/beta-2024-12-08-x86_64-unknown-linux-gnu/lib/rustlib/x86_64-unknown-linux-gnu/lib/liblibc-e0bbe034b5282553.rlib" "/opt/rustwide/rustup-home/toolchains/beta-2024-12-08-x86_64-unknown-linux-gnu/lib/rustlib/x86_64-unknown-linux-gnu/lib/liballoc-d0febb68c1c37b90.rlib" "/opt/rustwide/rustup-home/toolchains/beta-2024-12-08-x86_64-unknown-linux-gnu/lib/rustlib/x86_64-unknown-linux-gnu/lib/librustc_std_workspace_core-4cf833632aafa84c.rlib" "/opt/rustwide/rustup-home/toolchains/beta-2024-12-08-x86_64-unknown-linux-gnu/lib/rustlib/x86_64-unknown-linux-gnu/lib/libcore-65c2c6d2d6ae570b.rlib" "/opt/rustwide/rustup-home/toolchains/beta-2024-12-08-x86_64-unknown-linux-gnu/lib/rustlib/x86_64-unknown-linux-gnu/lib/libcompiler_builtins-97929cee0dcfe424.rlib" "-Wl,-Bdynamic" "-lgcc_s" "-lutil" "-lrt" "-lpthread" "-lm" "-ldl" "-lc" "-Wl,--eh-frame-hdr" "-Wl,-z,noexecstack" "-L" "/opt/rustwide/target/debug/build/ring-2417f3adeafa936e/out" "-L" "/opt/rustwide/rustup-home/toolchains/beta-2024-12-08-x86_64-unknown-linux-gnu/lib/rustlib/x86_64-unknown-linux-gnu/lib" "-o" "/tmp/rustdoctestXF6lZm/rust_out" "-Wl,--gc-sections" "-pie" "-Wl,-z,relro,-z,now" "-nodefaultlibs"
[INFO] [stdout]   = note: collect2: fatal error: ld terminated with signal 9 [Killed]
[INFO] [stdout]           compilation terminated.
[INFO] [stdout]           
[INFO] [stdout] 
[INFO] [stdout] error: aborting due to 1 previous error
[INFO] [stdout] 
[INFO] [stdout] Couldn't compile the test.
[INFO] [stdout] 
[INFO] [stdout] failures:
[INFO] [stdout]     src/lib.rs - (line 140)
[INFO] [stdout]     src/router.rs - router::Router (line 23)
[INFO] [stdout]     src/router.rs - router::Router<PreM,AfterM>::all (line 455)
[INFO] [stdout]     src/router.rs - router::Router<PreM,AfterM>::connect (line 436)
[INFO] [stdout]     src/router.rs - router::Router<PreM,AfterM>::put (line 406)
[INFO] [stdout]     src/router.rs - router::Router<PreM,AfterM>::router (line 194)
[INFO] [stdout]     src/router.rs - router::Router<PreM,AfterM>::trace (line 424)
[INFO] [stdout]     src/server.rs - server::Server<PreM,AfterM>::get (line 154)
[INFO] [stdout]     src/server.rs - server::Server<PreM,AfterM>::head (line 186)
[INFO] [stdout]     src/server.rs - server::Server<PreM,AfterM>::method (line 193)
[INFO] [stdout]     src/server.rs - server::Server<PreM,AfterM>::options (line 171)
[INFO] [stdout]     src/server.rs - server::Server<PreM,AfterM>::patch (line 181)
[INFO] [stdout]     src/server.rs - server::Server<PreM,AfterM>::post (line 161)
[INFO] [stdout]     src/server.rs - server::Server<PreM,AfterM>::router (line 228)
[INFO] [stdout]     src/server.rs - server::Server<PreM,AfterM>::trace (line 166)
[INFO] [stdout] 
[INFO] [stdout] test result: FAILED. 15 passed; 15 failed; 0 ignored; 0 measured; 0 filtered out; finished in 6.97s
[INFO] [stdout] 
[INFO] [stderr] error: doctest failed, to rerun pass `--doc`
[INFO] running `Command { std: "docker" "inspect" "065ec14360d9457cd1a1dc8f2b701d485a0eec67fe49f28115cbf37a0ffffd48", kill_on_drop: false }`
[INFO] running `Command { std: "docker" "rm" "-f" "065ec14360d9457cd1a1dc8f2b701d485a0eec67fe49f28115cbf37a0ffffd48", kill_on_drop: false }`
[INFO] [stdout] 065ec14360d9457cd1a1dc8f2b701d485a0eec67fe49f28115cbf37a0ffffd48
