[INFO] fetching crate xsqlx-db-tester 0.1.3...
[INFO] testing xsqlx-db-tester-0.1.3 against 1.83.0 for beta-1.84.0-4-retry
[INFO] extracting crate xsqlx-db-tester 0.1.3 into /workspace/builds/worker-0-tc1/source
[INFO] validating manifest of crates.io crate xsqlx-db-tester 0.1.3 on toolchain 1.83.0
[INFO] running `Command { std: CARGO_HOME="/workspace/cargo-home" RUSTUP_HOME="/workspace/rustup-home" "/workspace/cargo-home/bin/cargo" "+1.83.0" "metadata" "--manifest-path" "Cargo.toml" "--no-deps", kill_on_drop: false }`
[INFO] started tweaking crates.io crate xsqlx-db-tester 0.1.3
[INFO] finished tweaking crates.io crate xsqlx-db-tester 0.1.3
[INFO] tweaked toml for crates.io crate xsqlx-db-tester 0.1.3 written to /workspace/builds/worker-0-tc1/source/Cargo.toml
[INFO] running `Command { std: CARGO_HOME="/workspace/cargo-home" RUSTUP_HOME="/workspace/rustup-home" "/workspace/cargo-home/bin/cargo" "+1.83.0" "generate-lockfile" "--manifest-path" "Cargo.toml", kill_on_drop: false }`
[INFO] [stderr]     Blocking waiting for file lock on package cache
[INFO] [stderr]     Updating crates.io index
[INFO] [stderr]     Blocking waiting for file lock on package cache
[INFO] [stderr]      Locking 180 packages to latest compatible versions
[INFO] [stderr]       Adding sqlx v0.6.3 (available: v0.8.2)
[INFO] running `Command { std: CARGO_HOME="/workspace/cargo-home" RUSTUP_HOME="/workspace/rustup-home" "/workspace/cargo-home/bin/cargo" "+1.83.0" "fetch" "--manifest-path" "Cargo.toml", kill_on_drop: false }`
[INFO] [stderr]     Blocking waiting for file lock on package cache
[INFO] [stderr]     Blocking waiting for file lock on package cache
[INFO] [stderr]  Downloading crates ...
[INFO] [stderr]   Downloaded windows-targets v0.52.6
[INFO] [stderr]   Downloaded cfg-if v1.0.0
[INFO] [stderr]   Downloaded sqlformat v0.2.6
[INFO] [stderr]   Downloaded getrandom v0.2.15
[INFO] [stderr]   Downloaded sqlx-rt v0.6.3
[INFO] [stderr]   Downloaded wasi v0.11.0+wasi-snapshot-preview1
[INFO] [stderr]   Downloaded tinyvec_macros v0.1.1
[INFO] [stderr]   Downloaded uuid v1.11.0
[INFO] [stderr]   Downloaded utf8_iter v1.0.4
[INFO] [stderr]   Downloaded icu_normalizer_data v1.5.0
[INFO] [stderr]   Downloaded zerovec-derive v0.10.3
[INFO] [stderr]   Downloaded instant v0.1.13
[INFO] [stderr]   Downloaded zerofrom v0.1.5
[INFO] [stderr]   Downloaded zerofrom-derive v0.1.5
[INFO] [stderr]   Downloaded libredox v0.1.3
[INFO] [stderr]   Downloaded idna_adapter v1.2.0
[INFO] [stderr]   Downloaded percent-encoding v2.3.1
[INFO] [stderr]   Downloaded heck v0.4.1
[INFO] [stderr]   Downloaded unicode-bidi v0.3.17
[INFO] [stderr]   Downloaded unicode-normalization v0.1.24
[INFO] [stderr]   Downloaded atoi v1.0.0
[INFO] [stderr]   Downloaded generic-array v0.14.7
[INFO] [stderr]   Downloaded bitflags v1.3.2
[INFO] [stderr]   Downloaded stringprep v0.1.5
[INFO] [stderr]   Downloaded crc v3.2.1
[INFO] [stderr]   Downloaded proc-macro2 v1.0.92
[INFO] [stderr]   Downloaded futures-channel v0.3.31
[INFO] [stderr]   Downloaded lock_api v0.4.12
[INFO] [stderr]   Downloaded redox_syscall v0.2.16
[INFO] [stderr]   Downloaded anyhow v1.0.94
[INFO] [stderr]   Downloaded num-traits v0.2.19
[INFO] [stderr]   Downloaded futures-intrusive v0.4.2
[INFO] [stderr]   Downloaded unicode-segmentation v1.12.0
[INFO] [stderr]   Downloaded hashbrown v0.12.3
[INFO] [stderr]   Downloaded hashbrown v0.14.5
[INFO] [stderr]   Downloaded futures-util v0.3.31
[INFO] [stderr]   Downloaded hkdf v0.12.4
[INFO] [stderr]   Downloaded cc v1.2.4
[INFO] [stderr]   Downloaded icu_properties_data v1.5.0
[INFO] [stderr]   Downloaded syn v1.0.109
[INFO] [stderr]   Downloaded sqlx v0.6.3
[INFO] [stderr]   Downloaded zerocopy v0.7.35
[INFO] [stderr]   Downloaded gimli v0.31.1
[INFO] [stderr]   Downloaded webpki-roots v0.22.6
[INFO] [stderr]   Downloaded sqlx-core v0.6.3
[INFO] [stderr]   Downloaded rustls v0.20.9
[INFO] [stderr]   Downloaded bumpalo v3.16.0
[INFO] [stderr]   Downloaded object v0.36.5
[INFO] [stderr]   Downloaded icu_collections v1.5.0
[INFO] [stderr]   Downloaded backtrace v0.3.74
[INFO] [stderr]   Downloaded nom v7.1.3
[INFO] [stderr]   Downloaded windows_aarch64_gnullvm v0.52.6
[INFO] [stderr]   Downloaded windows_x86_64_gnullvm v0.52.6
[INFO] [stderr]   Downloaded windows_aarch64_msvc v0.52.6
[INFO] [stderr]   Downloaded windows_i686_gnullvm v0.52.6
[INFO] [stderr]   Downloaded memchr v2.7.4
[INFO] [stderr]   Downloaded rand v0.8.5
[INFO] [stderr]   Downloaded serde_json v1.0.133
[INFO] [stderr]   Downloaded minimal-lexical v0.2.1
[INFO] [stderr]   Downloaded js-sys v0.3.76
[INFO] [stderr]   Downloaded windows_x86_64_gnu v0.52.6
[INFO] [stderr]   Downloaded icu_normalizer v1.5.0
[INFO] [stderr]   Downloaded web-sys v0.3.76
[INFO] [stderr]   Downloaded icu_provider v1.5.0
[INFO] [stderr]   Downloaded bytes v1.9.0
[INFO] [stderr]   Downloaded socket2 v0.5.8
[INFO] [stderr]   Downloaded bitflags v2.6.0
[INFO] [stderr]   Downloaded whoami v1.5.2
[INFO] [stderr]   Downloaded wasm-bindgen v0.2.99
[INFO] [stderr]   Downloaded sct v0.7.1
[INFO] [stderr]   Downloaded spin v0.9.8
[INFO] [stderr]   Downloaded untrusted v0.9.0
[INFO] [stderr]   Downloaded miniz_oxide v0.8.0
[INFO] [stderr]   Downloaded rustc-demangle v0.1.24
[INFO] [stderr]   Downloaded windows-sys v0.52.0
[INFO] [stderr]   Downloaded windows_i686_msvc v0.52.6
[INFO] [stderr]   Downloaded base64 v0.13.1
[INFO] [stderr]   Downloaded crossbeam-utils v0.8.20
[INFO] [stderr]   Downloaded windows_i686_gnu v0.52.6
[INFO] [stderr]   Downloaded allocator-api2 v0.2.21
[INFO] [stderr]   Downloaded typenum v1.17.0
[INFO] [stderr]   Downloaded sha2 v0.10.8
[INFO] [stderr]   Downloaded once_cell v1.20.2
[INFO] [stderr]   Downloaded log v0.4.22
[INFO] [stderr]   Downloaded shlex v1.3.0
[INFO] [stderr]   Downloaded icu_locid_transform v1.5.0
[INFO] [stderr]   Downloaded tinystr v0.7.6
[INFO] [stderr]   Downloaded pin-project-lite v0.2.15
[INFO] [stderr]   Downloaded quote v1.0.37
[INFO] [stderr]   Downloaded ahash v0.7.8
[INFO] [stderr]   Downloaded hmac v0.12.1
[INFO] [stderr]   Downloaded ryu v1.0.18
[INFO] [stderr]   Downloaded wasite v0.1.0
[INFO] [stderr]   Downloaded spin v0.5.2
[INFO] [stderr]   Downloaded winapi v0.3.9
[INFO] [stderr]   Downloaded untrusted v0.7.1
[INFO] [stderr]   Downloaded wasm-bindgen-shared v0.2.99
[INFO] [stderr]   Downloaded wasm-bindgen-macro-support v0.2.99
[INFO] [stderr]   Downloaded wasm-bindgen-macro v0.2.99
[INFO] [stderr]   Downloaded sqlx-macros v0.6.3
[INFO] [stderr]   Downloaded adler2 v2.0.0
[INFO] [stderr]   Downloaded parking_lot_core v0.8.6
[INFO] [stderr]   Downloaded parking_lot v0.11.2
[INFO] [stderr]   Downloaded hashlink v0.8.4
[INFO] [stderr]   Downloaded hex v0.4.3
[INFO] [stderr]   Downloaded autocfg v1.4.0
[INFO] [stderr]   Downloaded version_check v0.9.5
[INFO] [stderr]   Downloaded webpki v0.22.4
[INFO] [stderr]   Downloaded form_urlencoded v1.2.1
[INFO] [stderr]   Downloaded write16 v1.0.0
[INFO] [stderr]   Downloaded litemap v0.7.4
[INFO] [stderr]   Downloaded icu_provider_macros v1.5.0
[INFO] [stderr]   Downloaded displaydoc v0.2.5
[INFO] [stderr]   Downloaded syn v2.0.90
[INFO] [stderr]   Downloaded thiserror-impl v1.0.69
[INFO] [stderr]   Downloaded thiserror v1.0.69
[INFO] [stderr]   Downloaded futures-core v0.3.31
[INFO] [stderr]   Downloaded crc-catalog v2.4.0
[INFO] [stderr]   Downloaded crossbeam-queue v0.3.11
[INFO] [stderr]   Downloaded redox_users v0.4.6
[INFO] [stderr]   Downloaded dirs-sys v0.3.7
[INFO] [stderr]   Downloaded dirs v4.0.0
[INFO] [stderr]   Downloaded dotenvy v0.15.7
[INFO] [stderr]   Downloaded either v1.13.0
[INFO] [stderr]   Downloaded event-listener v2.5.3
[INFO] [stderr]   Downloaded scopeguard v1.2.0
[INFO] [stderr]   Downloaded paste v1.0.15
[INFO] [stderr]   Downloaded zerocopy-derive v0.7.35
[INFO] [stderr]   Downloaded base64 v0.21.7
[INFO] [stderr]   Downloaded itoa v1.0.14
[INFO] [stderr]   Downloaded sha1 v0.10.6
[INFO] [stderr]   Downloaded crypto-common v0.1.6
[INFO] [stderr]   Downloaded subtle v2.6.1
[INFO] [stderr]   Downloaded digest v0.10.7
[INFO] [stderr]   Downloaded tokio-stream v0.1.17
[INFO] [stderr]   Downloaded tokio-rustls v0.23.4
[INFO] [stderr]   Downloaded mio v1.0.3
[INFO] [stderr]   Downloaded futures-sink v0.3.31
[INFO] [stderr]   Downloaded md-5 v0.10.6
[INFO] [stderr]   Downloaded byteorder v1.5.0
[INFO] [stderr]   Downloaded ppv-lite86 v0.2.20
[INFO] [stderr]   Downloaded rand_chacha v0.3.1
[INFO] [stderr]   Downloaded block-buffer v0.10.4
[INFO] [stderr]   Downloaded redox_syscall v0.5.8
[INFO] [stderr]   Downloaded wasm-bindgen-backend v0.2.99
[INFO] [stderr]   Downloaded utf16_iter v1.0.5
[INFO] [stderr]   Downloaded writeable v0.5.5
[INFO] [stderr]   Downloaded yoke v0.7.5
[INFO] [stderr]   Downloaded addr2line v0.24.2
[INFO] [stderr]   Downloaded unicode-ident v1.0.14
[INFO] [stderr]   Downloaded tokio-macros v2.4.0
[INFO] [stderr]   Downloaded windows_x86_64_msvc v0.52.6
[INFO] [stderr]   Downloaded tokio v1.42.0
[INFO] [stderr]   Downloaded unicode_categories v0.1.1
[INFO] [stderr]   Downloaded icu_locid v1.5.0
[INFO] [stderr]   Downloaded serde v1.0.216
[INFO] [stderr]   Downloaded libc v0.2.168
[INFO] [stderr]   Downloaded pin-utils v0.1.0
[INFO] [stderr]   Downloaded ahash v0.8.11
[INFO] [stderr]   Downloaded indexmap v1.9.3
[INFO] [stderr]   Downloaded rand_core v0.6.4
[INFO] [stderr]   Downloaded rustls-pemfile v1.0.4
[INFO] [stderr]   Downloaded serde_derive v1.0.216
[INFO] [stderr]   Downloaded tinyvec v1.8.0
[INFO] [stderr]   Downloaded futures-task v0.3.31
[INFO] [stderr]   Downloaded cpufeatures v0.2.16
[INFO] [stderr]   Downloaded unicode-properties v0.1.3
[INFO] [stderr]   Downloaded stable_deref_trait v1.2.0
[INFO] [stderr]   Downloaded yoke-derive v0.7.5
[INFO] [stderr]   Downloaded synstructure v0.13.1
[INFO] [stderr]   Downloaded zerovec v0.10.4
[INFO] [stderr]   Downloaded idna v1.0.3
[INFO] [stderr]   Downloaded url v2.5.4
[INFO] [stderr]   Downloaded icu_properties v1.5.1
[INFO] [stderr]   Downloaded smallvec v1.13.2
[INFO] [stderr]   Downloaded icu_locid_transform_data v1.5.0
[INFO] [stderr]   Downloaded winapi-i686-pc-windows-gnu v0.4.0
[INFO] [stderr]   Downloaded winapi-x86_64-pc-windows-gnu v0.4.0
[INFO] [stderr]   Downloaded ring v0.17.8
[INFO] [stderr]   Downloaded ring v0.16.20
[INFO] running `Command { std: "docker" "create" "-v" "/var/lib/crater-agent-workspace/builds/worker-0-tc1/target:/opt/rustwide/target:rw,Z" "-v" "/var/lib/crater-agent-workspace/builds/worker-0-tc1/source:/opt/rustwide/workdir:ro,Z" "-v" "/var/lib/crater-agent-workspace/cargo-home:/opt/rustwide/cargo-home:ro,Z" "-v" "/var/lib/crater-agent-workspace/rustup-home:/opt/rustwide/rustup-home:ro,Z" "-e" "SOURCE_DIR=/opt/rustwide/workdir" "-e" "CARGO_TARGET_DIR=/opt/rustwide/target" "-e" "CARGO_HOME=/opt/rustwide/cargo-home" "-e" "RUSTUP_HOME=/opt/rustwide/rustup-home" "-w" "/opt/rustwide/workdir" "-m" "1610612736" "--user" "0:0" "--network" "none" "ghcr.io/rust-lang/crates-build-env/linux@sha256:f3a9d4ad9d972b27faf3965f35b62e55ba32bbce8f20bc8fe909558a86702fde" "/opt/rustwide/cargo-home/bin/cargo" "+1.83.0" "metadata" "--no-deps" "--format-version=1", kill_on_drop: false }`
[INFO] [stdout] 5c6912bb8ca21ba4ef59e339540fccf4b8cad59a4e0d3e4aef6b5e7f9cd86a5c
[INFO] running `Command { std: "docker" "start" "-a" "5c6912bb8ca21ba4ef59e339540fccf4b8cad59a4e0d3e4aef6b5e7f9cd86a5c", kill_on_drop: false }`
[INFO] running `Command { std: "docker" "inspect" "5c6912bb8ca21ba4ef59e339540fccf4b8cad59a4e0d3e4aef6b5e7f9cd86a5c", kill_on_drop: false }`
[INFO] running `Command { std: "docker" "rm" "-f" "5c6912bb8ca21ba4ef59e339540fccf4b8cad59a4e0d3e4aef6b5e7f9cd86a5c", kill_on_drop: false }`
[INFO] [stdout] 5c6912bb8ca21ba4ef59e339540fccf4b8cad59a4e0d3e4aef6b5e7f9cd86a5c
[INFO] running `Command { std: "docker" "create" "-v" "/var/lib/crater-agent-workspace/builds/worker-0-tc1/target:/opt/rustwide/target:rw,Z" "-v" "/var/lib/crater-agent-workspace/builds/worker-0-tc1/source:/opt/rustwide/workdir:ro,Z" "-v" "/var/lib/crater-agent-workspace/cargo-home:/opt/rustwide/cargo-home:ro,Z" "-v" "/var/lib/crater-agent-workspace/rustup-home:/opt/rustwide/rustup-home:ro,Z" "-e" "SOURCE_DIR=/opt/rustwide/workdir" "-e" "CARGO_TARGET_DIR=/opt/rustwide/target" "-e" "CARGO_INCREMENTAL=0" "-e" "RUST_BACKTRACE=full" "-e" "RUSTFLAGS=--cap-lints=warn" "-e" "RUSTDOCFLAGS=--cap-lints=warn" "-e" "CARGO_HOME=/opt/rustwide/cargo-home" "-e" "RUSTUP_HOME=/opt/rustwide/rustup-home" "-w" "/opt/rustwide/workdir" "-m" "1610612736" "--user" "0:0" "--network" "none" "ghcr.io/rust-lang/crates-build-env/linux@sha256:f3a9d4ad9d972b27faf3965f35b62e55ba32bbce8f20bc8fe909558a86702fde" "/opt/rustwide/cargo-home/bin/cargo" "+1.83.0" "build" "--frozen" "--message-format=json", kill_on_drop: false }`
[INFO] [stdout] 28389a312673e335ac5b70b46f61e671d6f8297f21850a66d76533338f2259cf
[INFO] running `Command { std: "docker" "start" "-a" "28389a312673e335ac5b70b46f61e671d6f8297f21850a66d76533338f2259cf", kill_on_drop: false }`
[INFO] [stderr]    Compiling subtle v2.6.1
[INFO] [stderr]    Compiling spin v0.9.8
[INFO] [stderr]    Compiling untrusted v0.9.0
[INFO] [stderr]    Compiling generic-array v0.14.7
[INFO] [stderr]    Compiling byteorder v1.5.0
[INFO] [stderr]    Compiling rustls v0.20.9
[INFO] [stderr]    Compiling ring v0.17.8
[INFO] [stderr]    Compiling ring v0.16.20
[INFO] [stderr]    Compiling log v0.4.22
[INFO] [stderr]    Compiling lock_api v0.4.12
[INFO] [stderr]    Compiling ahash v0.8.11
[INFO] [stderr]    Compiling syn v2.0.90
[INFO] [stderr]    Compiling getrandom v0.2.15
[INFO] [stderr]    Compiling cpufeatures v0.2.16
[INFO] [stderr]    Compiling parking_lot_core v0.8.6
[INFO] [stderr]    Compiling instant v0.1.13
[INFO] [stderr]    Compiling num-traits v0.2.19
[INFO] [stderr]    Compiling serde v1.0.216
[INFO] [stderr]    Compiling scopeguard v1.2.0
[INFO] [stderr]    Compiling tokio v1.42.0
[INFO] [stderr]    Compiling rand_core v0.6.4
[INFO] [stderr]    Compiling indexmap v1.9.3
[INFO] [stderr]    Compiling ahash v0.7.8
[INFO] [stderr]    Compiling paste v1.0.15
[INFO] [stderr]    Compiling serde_json v1.0.133
[INFO] [stderr]    Compiling allocator-api2 v0.2.21
[INFO] [stderr]    Compiling minimal-lexical v0.2.1
[INFO] [stderr]    Compiling futures-sink v0.3.31
[INFO] [stderr]    Compiling form_urlencoded v1.2.1
[INFO] [stderr]    Compiling dirs-sys v0.3.7
[INFO] [stderr]    Compiling crc-catalog v2.4.0
[INFO] [stderr]    Compiling unicode_categories v0.1.1
[INFO] [stderr]    Compiling unicode-properties v0.1.3
[INFO] [stderr]    Compiling futures-task v0.3.31
[INFO] [stderr]    Compiling nom v7.1.3
[INFO] [stderr]    Compiling dirs v4.0.0
[INFO] [stderr]    Compiling stringprep v0.1.5
[INFO] [stderr]    Compiling crc v3.2.1
[INFO] [stderr]    Compiling parking_lot v0.11.2
[INFO] [stderr]    Compiling futures-util v0.3.31
[INFO] [stderr]    Compiling crossbeam-queue v0.3.11
[INFO] [stderr]    Compiling block-buffer v0.10.4
[INFO] [stderr]    Compiling crypto-common v0.1.6
[INFO] [stderr]    Compiling futures-intrusive v0.4.2
[INFO] [stderr]    Compiling digest v0.10.7
[INFO] [stderr]    Compiling futures-channel v0.3.31
[INFO] [stderr]    Compiling hmac v0.12.1
[INFO] [stderr]    Compiling either v1.13.0
[INFO] [stderr]    Compiling syn v1.0.109
[INFO] [stderr]    Compiling base64 v0.13.1
[INFO] [stderr]    Compiling bitflags v1.3.2
[INFO] [stderr]    Compiling event-listener v2.5.3
[INFO] [stderr]    Compiling whoami v1.5.2
[INFO] [stderr]    Compiling dotenvy v0.15.7
[INFO] [stderr]    Compiling atoi v1.0.0
[INFO] [stderr]    Compiling hkdf v0.12.4
[INFO] [stderr]    Compiling sha1 v0.10.6
[INFO] [stderr]    Compiling md-5 v0.10.6
[INFO] [stderr]    Compiling sha2 v0.10.8
[INFO] [stderr]    Compiling unicode-segmentation v1.12.0
[INFO] [stderr]    Compiling anyhow v1.0.94
[INFO] [stderr]    Compiling uuid v1.11.0
[INFO] [stderr]    Compiling sqlformat v0.2.6
[INFO] [stderr]    Compiling heck v0.4.1
[INFO] [stderr]    Compiling synstructure v0.13.1
[INFO] [stderr]    Compiling webpki v0.22.4
[INFO] [stderr]    Compiling sct v0.7.1
[INFO] [stderr]    Compiling webpki-roots v0.22.6
[INFO] [stderr]    Compiling zerofrom-derive v0.1.5
[INFO] [stderr]    Compiling yoke-derive v0.7.5
[INFO] [stderr]    Compiling zerovec-derive v0.10.3
[INFO] [stderr]    Compiling displaydoc v0.2.5
[INFO] [stderr]    Compiling zerocopy-derive v0.7.35
[INFO] [stderr]    Compiling icu_provider_macros v1.5.0
[INFO] [stderr]    Compiling tokio-macros v2.4.0
[INFO] [stderr]    Compiling serde_derive v1.0.216
[INFO] [stderr]    Compiling thiserror-impl v1.0.69
[INFO] [stderr]    Compiling tokio-stream v0.1.17
[INFO] [stderr]    Compiling thiserror v1.0.69
[INFO] [stderr]    Compiling zerofrom v0.1.5
[INFO] [stderr]    Compiling zerocopy v0.7.35
[INFO] [stderr]    Compiling tokio-rustls v0.23.4
[INFO] [stderr]    Compiling yoke v0.7.5
[INFO] [stderr]    Compiling sqlx-rt v0.6.3
[INFO] [stderr]    Compiling zerovec v0.10.4
[INFO] [stderr]    Compiling ppv-lite86 v0.2.20
[INFO] [stderr]    Compiling hashbrown v0.14.5
[INFO] [stderr]    Compiling rand_chacha v0.3.1
[INFO] [stderr]    Compiling rand v0.8.5
[INFO] [stderr]    Compiling tinystr v0.7.6
[INFO] [stderr]    Compiling icu_collections v1.5.0
[INFO] [stderr]    Compiling icu_locid v1.5.0
[INFO] [stderr]    Compiling hashlink v0.8.4
[INFO] [stderr]    Compiling icu_provider v1.5.0
[INFO] [stderr]    Compiling icu_locid_transform v1.5.0
[INFO] [stderr]    Compiling icu_properties v1.5.1
[INFO] [stderr]    Compiling icu_normalizer v1.5.0
[INFO] [stderr]    Compiling idna_adapter v1.2.0
[INFO] [stderr]    Compiling idna v1.0.3
[INFO] [stderr]    Compiling url v2.5.4
[INFO] [stderr]    Compiling sqlx-core v0.6.3
[INFO] [stderr]    Compiling sqlx-macros v0.6.3
[INFO] [stderr]    Compiling sqlx v0.6.3
[INFO] [stderr]    Compiling xsqlx-db-tester v0.1.3 (/opt/rustwide/workdir)
[INFO] [stderr]     Finished `dev` profile [unoptimized + debuginfo] target(s) in 52.78s
[INFO] running `Command { std: "docker" "inspect" "28389a312673e335ac5b70b46f61e671d6f8297f21850a66d76533338f2259cf", kill_on_drop: false }`
[INFO] running `Command { std: "docker" "rm" "-f" "28389a312673e335ac5b70b46f61e671d6f8297f21850a66d76533338f2259cf", kill_on_drop: false }`
[INFO] [stdout] 28389a312673e335ac5b70b46f61e671d6f8297f21850a66d76533338f2259cf
[INFO] running `Command { std: "docker" "create" "-v" "/var/lib/crater-agent-workspace/builds/worker-0-tc1/target:/opt/rustwide/target:rw,Z" "-v" "/var/lib/crater-agent-workspace/builds/worker-0-tc1/source:/opt/rustwide/workdir:ro,Z" "-v" "/var/lib/crater-agent-workspace/cargo-home:/opt/rustwide/cargo-home:ro,Z" "-v" "/var/lib/crater-agent-workspace/rustup-home:/opt/rustwide/rustup-home:ro,Z" "-e" "SOURCE_DIR=/opt/rustwide/workdir" "-e" "CARGO_TARGET_DIR=/opt/rustwide/target" "-e" "CARGO_INCREMENTAL=0" "-e" "RUST_BACKTRACE=full" "-e" "RUSTFLAGS=--cap-lints=warn" "-e" "RUSTDOCFLAGS=--cap-lints=warn" "-e" "CARGO_HOME=/opt/rustwide/cargo-home" "-e" "RUSTUP_HOME=/opt/rustwide/rustup-home" "-w" "/opt/rustwide/workdir" "-m" "1610612736" "--user" "0:0" "--network" "none" "ghcr.io/rust-lang/crates-build-env/linux@sha256:f3a9d4ad9d972b27faf3965f35b62e55ba32bbce8f20bc8fe909558a86702fde" "/opt/rustwide/cargo-home/bin/cargo" "+1.83.0" "test" "--frozen" "--no-run" "--message-format=json", kill_on_drop: false }`
[INFO] [stdout] 2f7136dd0bdf707e8e985abd12b3389c7dbfa1575f9da6e06c771e36b4239b5e
[INFO] running `Command { std: "docker" "start" "-a" "2f7136dd0bdf707e8e985abd12b3389c7dbfa1575f9da6e06c771e36b4239b5e", kill_on_drop: false }`
[INFO] [stderr]    Compiling xsqlx-db-tester v0.1.3 (/opt/rustwide/workdir)
[INFO] [stderr]     Finished `test` profile [unoptimized + debuginfo] target(s) in 3.57s
[INFO] running `Command { std: "docker" "inspect" "2f7136dd0bdf707e8e985abd12b3389c7dbfa1575f9da6e06c771e36b4239b5e", kill_on_drop: false }`
[INFO] running `Command { std: "docker" "rm" "-f" "2f7136dd0bdf707e8e985abd12b3389c7dbfa1575f9da6e06c771e36b4239b5e", kill_on_drop: false }`
[INFO] [stdout] 2f7136dd0bdf707e8e985abd12b3389c7dbfa1575f9da6e06c771e36b4239b5e
[INFO] running `Command { std: "docker" "create" "-v" "/var/lib/crater-agent-workspace/builds/worker-0-tc1/target:/opt/rustwide/target:rw,Z" "-v" "/var/lib/crater-agent-workspace/builds/worker-0-tc1/source:/opt/rustwide/workdir:ro,Z" "-v" "/var/lib/crater-agent-workspace/cargo-home:/opt/rustwide/cargo-home:ro,Z" "-v" "/var/lib/crater-agent-workspace/rustup-home:/opt/rustwide/rustup-home:ro,Z" "-e" "SOURCE_DIR=/opt/rustwide/workdir" "-e" "CARGO_TARGET_DIR=/opt/rustwide/target" "-e" "CARGO_INCREMENTAL=0" "-e" "RUST_BACKTRACE=full" "-e" "RUSTFLAGS=--cap-lints=warn" "-e" "RUSTDOCFLAGS=--cap-lints=warn" "-e" "CARGO_HOME=/opt/rustwide/cargo-home" "-e" "RUSTUP_HOME=/opt/rustwide/rustup-home" "-w" "/opt/rustwide/workdir" "-m" "1610612736" "--user" "0:0" "--network" "none" "ghcr.io/rust-lang/crates-build-env/linux@sha256:f3a9d4ad9d972b27faf3965f35b62e55ba32bbce8f20bc8fe909558a86702fde" "/opt/rustwide/cargo-home/bin/cargo" "+1.83.0" "test" "--frozen", kill_on_drop: false }`
[INFO] [stdout] 38eee236e0f8843e9e255ea52e5a8ca458fd637c3294e90e294c996dd0cad482
[INFO] running `Command { std: "docker" "start" "-a" "38eee236e0f8843e9e255ea52e5a8ca458fd637c3294e90e294c996dd0cad482", kill_on_drop: false }`
[INFO] [stderr]     Finished `test` profile [unoptimized + debuginfo] target(s) in 0.19s
[INFO] [stderr]      Running unittests src/lib.rs (/opt/rustwide/target/debug/deps/xsqlx_db_tester-557377f58c6b740e)
[INFO] [stdout] 
[INFO] [stdout] running 1 test
[INFO] [stderr] thread 'tests::test_db_should_create_and_drop' panicked at core/src/panicking.rs:229:5:
[INFO] [stderr] panic in a destructor during cleanup
[INFO] [stderr] thread caused non-unwinding panic. aborting.
[INFO] [stdout] thread '<unnamed>' panicked at src/lib.rs:29:73:
[INFO] [stdout] called `Result::unwrap()` on an `Err` value: Io(Os { code: 111, kind: ConnectionRefused, message: "Connection refused" })
[INFO] [stdout] stack backtrace:
[INFO] [stdout]    0:     0x6005767dd22a - std::backtrace_rs::backtrace::libunwind::trace::h5a5b8284f2d0c266
[INFO] [stdout]                                at /rustc/90b35a6239c3d8bdabc530a6a0816f7ff89a0aaf/library/std/src/../../backtrace/src/backtrace/libunwind.rs:116:5
[INFO] [stdout]    1:     0x6005767dd22a - std::backtrace_rs::backtrace::trace_unsynchronized::h76d4f1c9b0b875e3
[INFO] [stdout]                                at /rustc/90b35a6239c3d8bdabc530a6a0816f7ff89a0aaf/library/std/src/../../backtrace/src/backtrace/mod.rs:66:5
[INFO] [stdout]    2:     0x6005767dd22a - std::sys::backtrace::_print_fmt::hc4546b8364a537c6
[INFO] [stdout]                                at /rustc/90b35a6239c3d8bdabc530a6a0816f7ff89a0aaf/library/std/src/sys/backtrace.rs:66:9
[INFO] [stdout]    3:     0x6005767dd22a - <std::sys::backtrace::BacktraceLock::print::DisplayBacktrace as core::fmt::Display>::fmt::h5b6bd5631a6d1f6b
[INFO] [stdout]                                at /rustc/90b35a6239c3d8bdabc530a6a0816f7ff89a0aaf/library/std/src/sys/backtrace.rs:39:26
[INFO] [stdout]    4:     0x600576806403 - core::fmt::rt::Argument::fmt::h270f6602a2b96f62
[INFO] [stdout]                                at /rustc/90b35a6239c3d8bdabc530a6a0816f7ff89a0aaf/library/core/src/fmt/rt.rs:177:76
[INFO] [stdout]    5:     0x600576806403 - core::fmt::write::h7550c97b06c86515
[INFO] [stdout]                                at /rustc/90b35a6239c3d8bdabc530a6a0816f7ff89a0aaf/library/core/src/fmt/mod.rs:1186:21
[INFO] [stdout]    6:     0x6005767d9783 - std::io::Write::write_fmt::h509ff860e5956e5e
[INFO] [stdout]                                at /rustc/90b35a6239c3d8bdabc530a6a0816f7ff89a0aaf/library/std/src/io/mod.rs:1839:15
[INFO] [stdout]    7:     0x6005767dd072 - std::sys::backtrace::BacktraceLock::print::h2395ccd2c84ba3aa
[INFO] [stdout]                                at /rustc/90b35a6239c3d8bdabc530a6a0816f7ff89a0aaf/library/std/src/sys/backtrace.rs:42:9
[INFO] [stdout]    8:     0x6005767de68a - std::panicking::default_hook::{{closure}}::he19d4c7230e07961
[INFO] [stdout]                                at /rustc/90b35a6239c3d8bdabc530a6a0816f7ff89a0aaf/library/std/src/panicking.rs:268:22
[INFO] [stdout]    9:     0x6005767de494 - std::panicking::default_hook::hf614597d3c67bbdb
[INFO] [stdout]                                at /rustc/90b35a6239c3d8bdabc530a6a0816f7ff89a0aaf/library/std/src/panicking.rs:292:9
[INFO] [stdout]   10:     0x600576344699 - <alloc::boxed::Box<F,A> as core::ops::function::Fn<Args>>::call::h39b51ce4599c23d1
[INFO] [stdout]                                at /rustc/90b35a6239c3d8bdabc530a6a0816f7ff89a0aaf/library/alloc/src/boxed.rs:2468:9
[INFO] [stdout]   11:     0x600576344699 - test::test_main::{{closure}}::he977ae839a582784
[INFO] [stdout]                                at /rustc/90b35a6239c3d8bdabc530a6a0816f7ff89a0aaf/library/test/src/lib.rs:133:21
[INFO] [stdout]   12:     0x6005767ded28 - <alloc::boxed::Box<F,A> as core::ops::function::Fn<Args>>::call::h9455091b6b06f9fb
[INFO] [stdout]                                at /rustc/90b35a6239c3d8bdabc530a6a0816f7ff89a0aaf/library/alloc/src/boxed.rs:2468:9
[INFO] [stdout]   13:     0x6005767ded28 - std::panicking::rust_panic_with_hook::h8942133a8b252070
[INFO] [stdout]                                at /rustc/90b35a6239c3d8bdabc530a6a0816f7ff89a0aaf/library/std/src/panicking.rs:809:13
[INFO] [stdout]   14:     0x6005767deaea - std::panicking::begin_panic_handler::{{closure}}::hb5f5963570096b29
[INFO] [stdout]                                at /rustc/90b35a6239c3d8bdabc530a6a0816f7ff89a0aaf/library/std/src/panicking.rs:674:13
[INFO] [stdout]   15:     0x6005767dd709 - std::sys::backtrace::__rust_end_short_backtrace::h6208cedc1922feda
[INFO] [stdout]                                at /rustc/90b35a6239c3d8bdabc530a6a0816f7ff89a0aaf/library/std/src/sys/backtrace.rs:170:18
[INFO] [stdout]   16:     0x6005767de77c - rust_begin_unwind
[INFO] [stdout]                                at /rustc/90b35a6239c3d8bdabc530a6a0816f7ff89a0aaf/library/std/src/panicking.rs:665:5
[INFO] [stdout]   17:     0x6005762df310 - core::panicking::panic_fmt::h0c3082644d1bf418
[INFO] [stdout]                                at /rustc/90b35a6239c3d8bdabc530a6a0816f7ff89a0aaf/library/core/src/panicking.rs:74:14
[INFO] [stdout]   18:     0x6005762df7f6 - core::result::unwrap_failed::hd20b4aa073bda1e2
[INFO] [stdout]                                at /rustc/90b35a6239c3d8bdabc530a6a0816f7ff89a0aaf/library/core/src/result.rs:1700:5
[INFO] [stdout]   19:     0x600576301485 - core::result::Result<T,E>::unwrap::hc69d0b14a260e92f
[INFO] [stdout]                                at /rustc/90b35a6239c3d8bdabc530a6a0816f7ff89a0aaf/library/core/src/result.rs:1104:23
[INFO] [stdout]   20:     0x600576301485 - xsqlx_db_tester::TestDB::new::{{closure}}::{{closure}}::h3efaf306dade8334
[INFO] [stdout]                                at /opt/rustwide/workdir/src/lib.rs:29:32
[INFO] [stdout]   21:     0x6005762ffe5d - <core::pin::Pin<P> as core::future::future::Future>::poll::h105a277ba59021ae
[INFO] [stdout]                                at /rustc/90b35a6239c3d8bdabc530a6a0816f7ff89a0aaf/library/core/src/future/future.rs:123:9
[INFO] [stdout]   22:     0x60057630c33f - tokio::runtime::park::CachedParkThread::block_on::{{closure}}::hd3f6ab7854ac740c
[INFO] [stdout]                                at /opt/rustwide/cargo-home/registry/src/index.crates.io-6f17d22bba15001f/tokio-1.42.0/src/runtime/park.rs:281:63
[INFO] [stdout]   23:     0x60057630aef2 - tokio::runtime::coop::with_budget::h0e385c102a332acd
[INFO] [stdout]                                at /opt/rustwide/cargo-home/registry/src/index.crates.io-6f17d22bba15001f/tokio-1.42.0/src/runtime/coop.rs:107:5
[INFO] [stdout]   24:     0x60057630aef2 - tokio::runtime::coop::budget::h7a3348a2c6e32dfb
[INFO] [stdout]                                at /opt/rustwide/cargo-home/registry/src/index.crates.io-6f17d22bba15001f/tokio-1.42.0/src/runtime/coop.rs:73:5
[INFO] [stdout]   25:     0x60057630aef2 - tokio::runtime::park::CachedParkThread::block_on::h85b0d6757e97f75b
[INFO] [stdout]                                at /opt/rustwide/cargo-home/registry/src/index.crates.io-6f17d22bba15001f/tokio-1.42.0/src/runtime/park.rs:281:31
[INFO] [stdout]   26:     0x6005762f89f0 - tokio::runtime::context::blocking::BlockingRegionGuard::block_on::h912295104a2aca5d
[INFO] [stdout]                                at /opt/rustwide/cargo-home/registry/src/index.crates.io-6f17d22bba15001f/tokio-1.42.0/src/runtime/context/blocking.rs:66:9
[INFO] [stdout]   27:     0x6005762f901e - tokio::runtime::scheduler::multi_thread::MultiThread::block_on::{{closure}}::he5c68142cfde3d88
[INFO] [stdout]                                at /opt/rustwide/cargo-home/registry/src/index.crates.io-6f17d22bba15001f/tokio-1.42.0/src/runtime/scheduler/multi_thread/mod.rs:87:13
[INFO] [stdout]   28:     0x6005762e4a90 - tokio::runtime::context::runtime::enter_runtime::hca752c7cd2e7e7c3
[INFO] [stdout]                                at /opt/rustwide/cargo-home/registry/src/index.crates.io-6f17d22bba15001f/tokio-1.42.0/src/runtime/context/runtime.rs:65:16
[INFO] [stdout]   29:     0x6005762f8d01 - tokio::runtime::scheduler::multi_thread::MultiThread::block_on::h30f4bd02c7337938
[INFO] [stdout]                                at /opt/rustwide/cargo-home/registry/src/index.crates.io-6f17d22bba15001f/tokio-1.42.0/src/runtime/scheduler/multi_thread/mod.rs:86:9
[INFO] [stdout]   30:     0x6005762ff0ae - tokio::runtime::runtime::Runtime::block_on_inner::h5369fb314b943f93
[INFO] [stdout]                                at /opt/rustwide/cargo-home/registry/src/index.crates.io-6f17d22bba15001f/tokio-1.42.0/src/runtime/runtime.rs:370:45
[INFO] [stdout]   31:     0x6005762ffbde - tokio::runtime::runtime::Runtime::block_on::h9b5d56eb9e661059
[INFO] [stdout]                                at /opt/rustwide/cargo-home/registry/src/index.crates.io-6f17d22bba15001f/tokio-1.42.0/src/runtime/runtime.rs:340:13
[INFO] [stdout]   32:     0x600576301046 - xsqlx_db_tester::TestDB::new::{{closure}}::h0e3f80df777cb0f5
[INFO] [stdout]                                at /opt/rustwide/workdir/src/lib.rs:27:13
[INFO] [stdout]   33:     0x6005762fcd46 - std::sys::backtrace::__rust_begin_short_backtrace::h0f30517d491109c5
[INFO] [stdout]                                at /rustc/90b35a6239c3d8bdabc530a6a0816f7ff89a0aaf/library/std/src/sys/backtrace.rs:154:18
[INFO] [stdout]   34:     0x6005762e3030 - std::thread::Builder::spawn_unchecked_::{{closure}}::{{closure}}::h80214a7e191bc3d4
[INFO] [stdout]                                at /rustc/90b35a6239c3d8bdabc530a6a0816f7ff89a0aaf/library/std/src/thread/mod.rs:538:17
[INFO] [stdout]   35:     0x6005762fc2d0 - <core::panic::unwind_safe::AssertUnwindSafe<F> as core::ops::function::FnOnce<()>>::call_once::hfdb01541603102e9
[INFO] [stdout]                                at /rustc/90b35a6239c3d8bdabc530a6a0816f7ff89a0aaf/library/core/src/panic/unwind_safe.rs:272:9
[INFO] [stdout]   36:     0x6005762f6a16 - std::panicking::try::do_call::hf4dfdbd564eac8d4
[INFO] [stdout]                                at /rustc/90b35a6239c3d8bdabc530a6a0816f7ff89a0aaf/library/std/src/panicking.rs:557:40
[INFO] [stdout]   37:     0x6005762e717b - __rust_try
[INFO] [stdout]   38:     0x6005762e2355 - std::panicking::try::h21bb5bad249535ae
[INFO] [stdout]                                at /rustc/90b35a6239c3d8bdabc530a6a0816f7ff89a0aaf/library/std/src/panicking.rs:520:19
[INFO] [stdout]   39:     0x6005762e2355 - std::panic::catch_unwind::h02ead5c6ce9d048f
[INFO] [stdout]                                at /rustc/90b35a6239c3d8bdabc530a6a0816f7ff89a0aaf/library/std/src/panic.rs:358:14
[INFO] [stdout]   40:     0x6005762e2355 - std::thread::Builder::spawn_unchecked_::{{closure}}::h0578705848ac4bcf
[INFO] [stdout]                                at /rustc/90b35a6239c3d8bdabc530a6a0816f7ff89a0aaf/library/std/src/thread/mod.rs:537:30
[INFO] [stdout]   41:     0x6005763071be - core::ops::function::FnOnce::call_once{{vtable.shim}}::hb2d98f464a63ad4f
[INFO] [stdout]                                at /rustc/90b35a6239c3d8bdabc530a6a0816f7ff89a0aaf/library/core/src/ops/function.rs:250:5
[INFO] [stdout]   42:     0x6005767e31ab - <alloc::boxed::Box<F,A> as core::ops::function::FnOnce<Args>>::call_once::hf75717d9f28faebf
[INFO] [stdout]                                at /rustc/90b35a6239c3d8bdabc530a6a0816f7ff89a0aaf/library/alloc/src/boxed.rs:2454:9
[INFO] [stdout]   43:     0x6005767e31ab - <alloc::boxed::Box<F,A> as core::ops::function::FnOnce<Args>>::call_once::h7bd883a5f3c5f3c1
[INFO] [stdout]                                at /rustc/90b35a6239c3d8bdabc530a6a0816f7ff89a0aaf/library/alloc/src/boxed.rs:2454:9
[INFO] [stdout]   44:     0x6005767e31ab - std::sys::pal::unix::thread::Thread::new::thread_start::hcc78f3943333fa94
[INFO] [stdout]                                at /rustc/90b35a6239c3d8bdabc530a6a0816f7ff89a0aaf/library/std/src/sys/pal/unix/thread.rs:105:17
[INFO] [stdout]   45:     0x787d40e1bac3 - <unknown>
[INFO] [stdout]   46:     0x787d40eaca04 - clone
[INFO] [stdout]   47:                0x0 - <unknown>
[INFO] [stdout] thread 'tests::test_db_should_create_and_drop' panicked at src/lib.rs:43:10:
[INFO] [stdout] Failed to execute database operation: Any { .. }
[INFO] [stdout] stack backtrace:
[INFO] [stdout]    0:     0x6005767dd22a - std::backtrace_rs::backtrace::libunwind::trace::h5a5b8284f2d0c266
[INFO] [stdout]                                at /rustc/90b35a6239c3d8bdabc530a6a0816f7ff89a0aaf/library/std/src/../../backtrace/src/backtrace/libunwind.rs:116:5
[INFO] [stdout]    1:     0x6005767dd22a - std::backtrace_rs::backtrace::trace_unsynchronized::h76d4f1c9b0b875e3
[INFO] [stdout]                                at /rustc/90b35a6239c3d8bdabc530a6a0816f7ff89a0aaf/library/std/src/../../backtrace/src/backtrace/mod.rs:66:5
[INFO] [stdout]    2:     0x6005767dd22a - std::sys::backtrace::_print_fmt::hc4546b8364a537c6
[INFO] [stdout]                                at /rustc/90b35a6239c3d8bdabc530a6a0816f7ff89a0aaf/library/std/src/sys/backtrace.rs:66:9
[INFO] [stdout]    3:     0x6005767dd22a - <std::sys::backtrace::BacktraceLock::print::DisplayBacktrace as core::fmt::Display>::fmt::h5b6bd5631a6d1f6b
[INFO] [stdout]                                at /rustc/90b35a6239c3d8bdabc530a6a0816f7ff89a0aaf/library/std/src/sys/backtrace.rs:39:26
[INFO] [stdout]    4:     0x600576806403 - core::fmt::rt::Argument::fmt::h270f6602a2b96f62
[INFO] [stdout]                                at /rustc/90b35a6239c3d8bdabc530a6a0816f7ff89a0aaf/library/core/src/fmt/rt.rs:177:76
[INFO] [stdout]    5:     0x600576806403 - core::fmt::write::h7550c97b06c86515
[INFO] [stdout]                                at /rustc/90b35a6239c3d8bdabc530a6a0816f7ff89a0aaf/library/core/src/fmt/mod.rs:1186:21
[INFO] [stdout]    6:     0x6005767d9783 - std::io::Write::write_fmt::h509ff860e5956e5e
[INFO] [stdout]                                at /rustc/90b35a6239c3d8bdabc530a6a0816f7ff89a0aaf/library/std/src/io/mod.rs:1839:15
[INFO] [stdout]    7:     0x6005767dd072 - std::sys::backtrace::BacktraceLock::print::h2395ccd2c84ba3aa
[INFO] [stdout]                                at /rustc/90b35a6239c3d8bdabc530a6a0816f7ff89a0aaf/library/std/src/sys/backtrace.rs:42:9
[INFO] [stdout]    8:     0x6005767de68a - std::panicking::default_hook::{{closure}}::he19d4c7230e07961
[INFO] [stdout]                                at /rustc/90b35a6239c3d8bdabc530a6a0816f7ff89a0aaf/library/std/src/panicking.rs:268:22
[INFO] [stdout]    9:     0x6005767de494 - std::panicking::default_hook::hf614597d3c67bbdb
[INFO] [stdout]                                at /rustc/90b35a6239c3d8bdabc530a6a0816f7ff89a0aaf/library/std/src/panicking.rs:292:9
[INFO] [stdout]   10:     0x600576344699 - <alloc::boxed::Box<F,A> as core::ops::function::Fn<Args>>::call::h39b51ce4599c23d1
[INFO] [stdout]                                at /rustc/90b35a6239c3d8bdabc530a6a0816f7ff89a0aaf/library/alloc/src/boxed.rs:2468:9
[INFO] [stdout]   11:     0x600576344699 - test::test_main::{{closure}}::he977ae839a582784
[INFO] [stdout]                                at /rustc/90b35a6239c3d8bdabc530a6a0816f7ff89a0aaf/library/test/src/lib.rs:133:21
[INFO] [stdout]   12:     0x6005767ded28 - <alloc::boxed::Box<F,A> as core::ops::function::Fn<Args>>::call::h9455091b6b06f9fb
[INFO] [stdout]                                at /rustc/90b35a6239c3d8bdabc530a6a0816f7ff89a0aaf/library/alloc/src/boxed.rs:2468:9
[INFO] [stdout]   13:     0x6005767ded28 - std::panicking::rust_panic_with_hook::h8942133a8b252070
[INFO] [stdout]                                at /rustc/90b35a6239c3d8bdabc530a6a0816f7ff89a0aaf/library/std/src/panicking.rs:809:13
[INFO] [stdout]   14:     0x6005767deaea - std::panicking::begin_panic_handler::{{closure}}::hb5f5963570096b29
[INFO] [stdout]                                at /rustc/90b35a6239c3d8bdabc530a6a0816f7ff89a0aaf/library/std/src/panicking.rs:674:13
[INFO] [stdout]   15:     0x6005767dd709 - std::sys::backtrace::__rust_end_short_backtrace::h6208cedc1922feda
[INFO] [stdout]                                at /rustc/90b35a6239c3d8bdabc530a6a0816f7ff89a0aaf/library/std/src/sys/backtrace.rs:170:18
[INFO] [stdout]   16:     0x6005767de77c - rust_begin_unwind
[INFO] [stdout]                                at /rustc/90b35a6239c3d8bdabc530a6a0816f7ff89a0aaf/library/std/src/panicking.rs:665:5
[INFO] [stdout]   17:     0x6005762df310 - core::panicking::panic_fmt::h0c3082644d1bf418
[INFO] [stdout]                                at /rustc/90b35a6239c3d8bdabc530a6a0816f7ff89a0aaf/library/core/src/panicking.rs:74:14
[INFO] [stdout]   18:     0x6005762df7f6 - core::result::unwrap_failed::hd20b4aa073bda1e2
[INFO] [stdout]                                at /rustc/90b35a6239c3d8bdabc530a6a0816f7ff89a0aaf/library/core/src/result.rs:1700:5
[INFO] [stdout]   19:     0x6005762f761e - core::result::Result<T,E>::expect::h405b7236c81ab65c
[INFO] [stdout]                                at /rustc/90b35a6239c3d8bdabc530a6a0816f7ff89a0aaf/library/core/src/result.rs:1061:23
[INFO] [stdout]   20:     0x600576300da1 - xsqlx_db_tester::TestDB::new::hb6494bf8c431fd6b
[INFO] [stdout]                                at /opt/rustwide/workdir/src/lib.rs:25:9
[INFO] [stdout]   21:     0x60057630362e - xsqlx_db_tester::tests::test_db_should_create_and_drop::{{closure}}::h9a016aa3f6aff578
[INFO] [stdout]                                at /opt/rustwide/workdir/src/lib.rs:98:19
[INFO] [stdout]   22:     0x6005762ffe22 - <core::pin::Pin<P> as core::future::future::Future>::poll::h0deb582fb9c007b8
[INFO] [stdout]                                at /rustc/90b35a6239c3d8bdabc530a6a0816f7ff89a0aaf/library/core/src/future/future.rs:123:9
[INFO] [stdout]   23:     0x6005762ffe9d - <core::pin::Pin<P> as core::future::future::Future>::poll::h1b5bbba5d5ec5957
[INFO] [stdout]                                at /rustc/90b35a6239c3d8bdabc530a6a0816f7ff89a0aaf/library/core/src/future/future.rs:123:9
[INFO] [stdout]   24:     0x6005762f223f - tokio::runtime::scheduler::current_thread::CoreGuard::block_on::{{closure}}::{{closure}}::{{closure}}::ha736a5c15762fb3a
[INFO] [stdout]                                at /opt/rustwide/cargo-home/registry/src/index.crates.io-6f17d22bba15001f/tokio-1.42.0/src/runtime/scheduler/current_thread/mod.rs:729:57
[INFO] [stdout]   25:     0x6005762f1f85 - tokio::runtime::coop::with_budget::h29f04461845f89cf
[INFO] [stdout]                                at /opt/rustwide/cargo-home/registry/src/index.crates.io-6f17d22bba15001f/tokio-1.42.0/src/runtime/coop.rs:107:5
[INFO] [stdout]   26:     0x6005762f1f85 - tokio::runtime::coop::budget::h7e37e853cd571f44
[INFO] [stdout]                                at /opt/rustwide/cargo-home/registry/src/index.crates.io-6f17d22bba15001f/tokio-1.42.0/src/runtime/coop.rs:73:5
[INFO] [stdout]   27:     0x6005762f1f85 - tokio::runtime::scheduler::current_thread::CoreGuard::block_on::{{closure}}::{{closure}}::h9b654787c5f2153f
[INFO] [stdout]                                at /opt/rustwide/cargo-home/registry/src/index.crates.io-6f17d22bba15001f/tokio-1.42.0/src/runtime/scheduler/current_thread/mod.rs:729:25
[INFO] [stdout]   28:     0x6005762ea390 - tokio::runtime::scheduler::current_thread::Context::enter::h4a3ff37779dda634
[INFO] [stdout]                                at /opt/rustwide/cargo-home/registry/src/index.crates.io-6f17d22bba15001f/tokio-1.42.0/src/runtime/scheduler/current_thread/mod.rs:428:19
[INFO] [stdout]   29:     0x6005762f114b - tokio::runtime::scheduler::current_thread::CoreGuard::block_on::{{closure}}::hff6925107288a374
[INFO] [stdout]                                at /opt/rustwide/cargo-home/registry/src/index.crates.io-6f17d22bba15001f/tokio-1.42.0/src/runtime/scheduler/current_thread/mod.rs:728:36
[INFO] [stdout]   30:     0x6005762ee1e4 - tokio::runtime::scheduler::current_thread::CoreGuard::enter::{{closure}}::h2876f5d019e9956c
[INFO] [stdout]                                at /opt/rustwide/cargo-home/registry/src/index.crates.io-6f17d22bba15001f/tokio-1.42.0/src/runtime/scheduler/current_thread/mod.rs:807:68
[INFO] [stdout]   31:     0x6005762f854b - tokio::runtime::context::scoped::Scoped<T>::set::hc1222a32b7eca0ac
[INFO] [stdout]                                at /opt/rustwide/cargo-home/registry/src/index.crates.io-6f17d22bba15001f/tokio-1.42.0/src/runtime/context/scoped.rs:40:9
[INFO] [stdout]   32:     0x6005762fe6b9 - tokio::runtime::context::set_scheduler::{{closure}}::h5eef503a4b8be7d3
[INFO] [stdout]                                at /opt/rustwide/cargo-home/registry/src/index.crates.io-6f17d22bba15001f/tokio-1.42.0/src/runtime/context.rs:180:26
[INFO] [stdout]   33:     0x600576304a2d - std::thread::local::LocalKey<T>::try_with::h331baa0aaf52d39b
[INFO] [stdout]                                at /rustc/90b35a6239c3d8bdabc530a6a0816f7ff89a0aaf/library/std/src/thread/local.rs:283:12
[INFO] [stdout]   34:     0x600576303dca - std::thread::local::LocalKey<T>::with::h228b6485109cca4c
[INFO] [stdout]                                at /rustc/90b35a6239c3d8bdabc530a6a0816f7ff89a0aaf/library/std/src/thread/local.rs:260:9
[INFO] [stdout]   35:     0x6005762fe52d - tokio::runtime::context::set_scheduler::h9c23000e56d79a03
[INFO] [stdout]                                at /opt/rustwide/cargo-home/registry/src/index.crates.io-6f17d22bba15001f/tokio-1.42.0/src/runtime/context.rs:180:9
[INFO] [stdout]   36:     0x6005762ed730 - tokio::runtime::scheduler::current_thread::CoreGuard::enter::h795f48984844cb16
[INFO] [stdout]                                at /opt/rustwide/cargo-home/registry/src/index.crates.io-6f17d22bba15001f/tokio-1.42.0/src/runtime/scheduler/current_thread/mod.rs:807:27
[INFO] [stdout]   37:     0x6005762ee2e3 - tokio::runtime::scheduler::current_thread::CoreGuard::block_on::h3835b8a440e10aaa
[INFO] [stdout]                                at /opt/rustwide/cargo-home/registry/src/index.crates.io-6f17d22bba15001f/tokio-1.42.0/src/runtime/scheduler/current_thread/mod.rs:716:19
[INFO] [stdout]   38:     0x6005762e8a8a - tokio::runtime::scheduler::current_thread::CurrentThread::block_on::{{closure}}::he8a5f1663fb0c0bc
[INFO] [stdout]                                at /opt/rustwide/cargo-home/registry/src/index.crates.io-6f17d22bba15001f/tokio-1.42.0/src/runtime/scheduler/current_thread/mod.rs:196:28
[INFO] [stdout]   39:     0x6005762e3df6 - tokio::runtime::context::runtime::enter_runtime::h436b1e959158a3f0
[INFO] [stdout]                                at /opt/rustwide/cargo-home/registry/src/index.crates.io-6f17d22bba15001f/tokio-1.42.0/src/runtime/context/runtime.rs:65:16
[INFO] [stdout]   40:     0x6005762e72e1 - tokio::runtime::scheduler::current_thread::CurrentThread::block_on::h340497bbd3dfe8cc
[INFO] [stdout]                                at /opt/rustwide/cargo-home/registry/src/index.crates.io-6f17d22bba15001f/tokio-1.42.0/src/runtime/scheduler/current_thread/mod.rs:184:9
[INFO] [stdout]   41:     0x6005762ff1b3 - tokio::runtime::runtime::Runtime::block_on_inner::h7ea9813187e3a575
[INFO] [stdout]                                at /opt/rustwide/cargo-home/registry/src/index.crates.io-6f17d22bba15001f/tokio-1.42.0/src/runtime/runtime.rs:368:47
[INFO] [stdout]   42:     0x6005762ff8f7 - tokio::runtime::runtime::Runtime::block_on::h54d9e428e2ea3a4e
[INFO] [stdout]                                at /opt/rustwide/cargo-home/registry/src/index.crates.io-6f17d22bba15001f/tokio-1.42.0/src/runtime/runtime.rs:342:13
[INFO] [stdout]   43:     0x600576303532 - xsqlx_db_tester::tests::test_db_should_create_and_drop::h05d3a8946e732792
[INFO] [stdout]                                at /opt/rustwide/workdir/src/lib.rs:108:9
[INFO] [stdout]   44:     0x6005763033d7 - xsqlx_db_tester::tests::test_db_should_create_and_drop::{{closure}}::h759aa25dc1d188d4
[INFO] [stdout]                                at /opt/rustwide/workdir/src/lib.rs:97:46
[INFO] [stdout]   45:     0x600576307416 - core::ops::function::FnOnce::call_once::hb74aad43d3a2bfe4
[INFO] [stdout]                                at /rustc/90b35a6239c3d8bdabc530a6a0816f7ff89a0aaf/library/core/src/ops/function.rs:250:5
[INFO] [stdout]   46:     0x60057634905b - core::ops::function::FnOnce::call_once::h109cf8051a59b34e
[INFO] [stdout]                                at /rustc/90b35a6239c3d8bdabc530a6a0816f7ff89a0aaf/library/core/src/ops/function.rs:250:5
[INFO] [stdout]   47:     0x60057634905b - test::__rust_begin_short_backtrace::hf4fff89d377446ba
[INFO] [stdout]                                at /rustc/90b35a6239c3d8bdabc530a6a0816f7ff89a0aaf/library/test/src/lib.rs:621:18
[INFO] [stdout]   48:     0x600576348897 - test::run_test_in_process::{{closure}}::h0e39181dd7ee5a43
[INFO] [stdout]                                at /rustc/90b35a6239c3d8bdabc530a6a0816f7ff89a0aaf/library/test/src/lib.rs:644:60
[INFO] [stdout]   49:     0x600576348897 - <core::panic::unwind_safe::AssertUnwindSafe<F> as core::ops::function::FnOnce<()>>::call_once::hc5a66a30f0bdfd1f
[INFO] [stdout]                                at /rustc/90b35a6239c3d8bdabc530a6a0816f7ff89a0aaf/library/core/src/panic/unwind_safe.rs:272:9
[INFO] [stdout]   50:     0x600576348897 - std::panicking::try::do_call::h873b7cf639554a5e
[INFO] [stdout]                                at /rustc/90b35a6239c3d8bdabc530a6a0816f7ff89a0aaf/library/std/src/panicking.rs:557:40
[INFO] [stdout]   51:     0x600576348897 - std::panicking::try::hdb19862fad9c8bd1
[INFO] [stdout]                                at /rustc/90b35a6239c3d8bdabc530a6a0816f7ff89a0aaf/library/std/src/panicking.rs:520:19
[INFO] [stdout]   52:     0x600576348897 - std::panic::catch_unwind::h281fe732d236d260
[INFO] [stdout]                                at /rustc/90b35a6239c3d8bdabc530a6a0816f7ff89a0aaf/library/std/src/panic.rs:358:14
[INFO] [stdout]   53:     0x600576348897 - test::run_test_in_process::h949b6df8457ed338
[INFO] [stdout]                                at /rustc/90b35a6239c3d8bdabc530a6a0816f7ff89a0aaf/library/test/src/lib.rs:644:27
[INFO] [stdout]   54:     0x600576348897 - test::run_test::{{closure}}::h52c556a6d4740e10
[INFO] [stdout]                                at /rustc/90b35a6239c3d8bdabc530a6a0816f7ff89a0aaf/library/test/src/lib.rs:565:43
[INFO] [stdout]   55:     0x60057630db74 - test::run_test::{{closure}}::h4237f6381c45ccb9
[INFO] [stdout]                                at /rustc/90b35a6239c3d8bdabc530a6a0816f7ff89a0aaf/library/test/src/lib.rs:595:41
[INFO] [stdout]   56:     0x60057630db74 - std::sys::backtrace::__rust_begin_short_backtrace::h505c97a579eca628
[INFO] [stdout]                                at /rustc/90b35a6239c3d8bdabc530a6a0816f7ff89a0aaf/library/std/src/sys/backtrace.rs:154:18
[INFO] [stdout]   57:     0x60057631123e - std::thread::Builder::spawn_unchecked_::{{closure}}::{{closure}}::h9e86b2e2bc107ea3
[INFO] [stdout]                                at /rustc/90b35a6239c3d8bdabc530a6a0816f7ff89a0aaf/library/std/src/thread/mod.rs:538:17
[INFO] [stdout]   58:     0x60057631123e - <core::panic::unwind_safe::AssertUnwindSafe<F> as core::ops::function::FnOnce<()>>::call_once::h8b06ddb275ff4a25
[INFO] [stdout]                                at /rustc/90b35a6239c3d8bdabc530a6a0816f7ff89a0aaf/library/core/src/panic/unwind_safe.rs:272:9
[INFO] [stdout]   59:     0x60057631123e - std::panicking::try::do_call::hb26ecd7cd9a9355d
[INFO] [stdout]                                at /rustc/90b35a6239c3d8bdabc530a6a0816f7ff89a0aaf/library/std/src/panicking.rs:557:40
[INFO] [stdout]   60:     0x60057631123e - std::panicking::try::h8ddeca9d705f9069
[INFO] [stdout]                                at /rustc/90b35a6239c3d8bdabc530a6a0816f7ff89a0aaf/library/std/src/panicking.rs:520:19
[INFO] [stdout]   61:     0x60057631123e - std::panic::catch_unwind::h49e1c33078844c46
[INFO] [stdout]                                at /rustc/90b35a6239c3d8bdabc530a6a0816f7ff89a0aaf/library/std/src/panic.rs:358:14
[INFO] [stdout]   62:     0x60057631123e - std::thread::Builder::spawn_unchecked_::{{closure}}::h6073db6ff56ad35d
[INFO] [stdout]                                at /rustc/90b35a6239c3d8bdabc530a6a0816f7ff89a0aaf/library/std/src/thread/mod.rs:537:30
[INFO] [stdout]   63:     0x60057631123e - core::ops::function::FnOnce::call_once{{vtable.shim}}::h2c5a5f3779c774f1
[INFO] [stdout]                                at /rustc/90b35a6239c3d8bdabc530a6a0816f7ff89a0aaf/library/core/src/ops/function.rs:250:5
[INFO] [stdout]   64:     0x6005767e31ab - <alloc::boxed::Box<F,A> as core::ops::function::FnOnce<Args>>::call_once::hf75717d9f28faebf
[INFO] [stdout]                                at /rustc/90b35a6239c3d8bdabc530a6a0816f7ff89a0aaf/library/alloc/src/boxed.rs:2454:9
[INFO] [stdout]   65:     0x6005767e31ab - <alloc::boxed::Box<F,A> as core::ops::function::FnOnce<Args>>::call_once::h7bd883a5f3c5f3c1
[INFO] [stdout]                                at /rustc/90b35a6239c3d8bdabc530a6a0816f7ff89a0aaf/library/alloc/src/boxed.rs:2454:9
[INFO] [stdout]   66:     0x6005767e31ab - std::sys::pal::unix::thread::Thread::new::thread_start::hcc78f3943333fa94
[INFO] [stdout]                                at /rustc/90b35a6239c3d8bdabc530a6a0816f7ff89a0aaf/library/std/src/sys/pal/unix/thread.rs:105:17
[INFO] [stdout]   67:     0x787d40e1bac3 - <unknown>
[INFO] [stdout]   68:     0x787d40eaca04 - clone
[INFO] [stdout]   69:                0x0 - <unknown>
[INFO] [stdout] thread '<unnamed>' panicked at src/lib.rs:68:66:
[INFO] [stdout] called `Result::unwrap()` on an `Err` value: Io(Os { code: 111, kind: ConnectionRefused, message: "Connection refused" })
[INFO] [stdout] stack backtrace:
[INFO] [stdout]    0:     0x6005767dd22a - std::backtrace_rs::backtrace::libunwind::trace::h5a5b8284f2d0c266
[INFO] [stdout]                                at /rustc/90b35a6239c3d8bdabc530a6a0816f7ff89a0aaf/library/std/src/../../backtrace/src/backtrace/libunwind.rs:116:5
[INFO] [stdout]    1:     0x6005767dd22a - std::backtrace_rs::backtrace::trace_unsynchronized::h76d4f1c9b0b875e3
[INFO] [stdout]                                at /rustc/90b35a6239c3d8bdabc530a6a0816f7ff89a0aaf/library/std/src/../../backtrace/src/backtrace/mod.rs:66:5
[INFO] [stdout]    2:     0x6005767dd22a - std::sys::backtrace::_print_fmt::hc4546b8364a537c6
[INFO] [stdout]                                at /rustc/90b35a6239c3d8bdabc530a6a0816f7ff89a0aaf/library/std/src/sys/backtrace.rs:66:9
[INFO] [stdout]    3:     0x6005767dd22a - <std::sys::backtrace::BacktraceLock::print::DisplayBacktrace as core::fmt::Display>::fmt::h5b6bd5631a6d1f6b
[INFO] [stdout]                                at /rustc/90b35a6239c3d8bdabc530a6a0816f7ff89a0aaf/library/std/src/sys/backtrace.rs:39:26
[INFO] [stdout]    4:     0x600576806403 - core::fmt::rt::Argument::fmt::h270f6602a2b96f62
[INFO] [stdout]                                at /rustc/90b35a6239c3d8bdabc530a6a0816f7ff89a0aaf/library/core/src/fmt/rt.rs:177:76
[INFO] [stdout]    5:     0x600576806403 - core::fmt::write::h7550c97b06c86515
[INFO] [stdout]                                at /rustc/90b35a6239c3d8bdabc530a6a0816f7ff89a0aaf/library/core/src/fmt/mod.rs:1186:21
[INFO] [stdout]    6:     0x6005767d9783 - std::io::Write::write_fmt::h509ff860e5956e5e
[INFO] [stdout]                                at /rustc/90b35a6239c3d8bdabc530a6a0816f7ff89a0aaf/library/std/src/io/mod.rs:1839:15
[INFO] [stdout]    7:     0x6005767dd072 - std::sys::backtrace::BacktraceLock::print::h2395ccd2c84ba3aa
[INFO] [stdout]                                at /rustc/90b35a6239c3d8bdabc530a6a0816f7ff89a0aaf/library/std/src/sys/backtrace.rs:42:9
[INFO] [stdout]    8:     0x6005767de68a - std::panicking::default_hook::{{closure}}::he19d4c7230e07961
[INFO] [stdout]                                at /rustc/90b35a6239c3d8bdabc530a6a0816f7ff89a0aaf/library/std/src/panicking.rs:268:22
[INFO] [stdout]    9:     0x6005767de494 - std::panicking::default_hook::hf614597d3c67bbdb
[INFO] [stdout]                                at /rustc/90b35a6239c3d8bdabc530a6a0816f7ff89a0aaf/library/std/src/panicking.rs:292:9
[INFO] [stdout]   10:     0x600576344699 - <alloc::boxed::Box<F,A> as core::ops::function::Fn<Args>>::call::h39b51ce4599c23d1
[INFO] [stdout]                                at /rustc/90b35a6239c3d8bdabc530a6a0816f7ff89a0aaf/library/alloc/src/boxed.rs:2468:9
[INFO] [stdout]   11:     0x600576344699 - test::test_main::{{closure}}::he977ae839a582784
[INFO] [stdout]                                at /rustc/90b35a6239c3d8bdabc530a6a0816f7ff89a0aaf/library/test/src/lib.rs:133:21
[INFO] [stdout]   12:     0x6005767ded28 - <alloc::boxed::Box<F,A> as core::ops::function::Fn<Args>>::call::h9455091b6b06f9fb
[INFO] [stdout]                                at /rustc/90b35a6239c3d8bdabc530a6a0816f7ff89a0aaf/library/alloc/src/boxed.rs:2468:9
[INFO] [stdout]   13:     0x6005767ded28 - std::panicking::rust_panic_with_hook::h8942133a8b252070
[INFO] [stdout]                                at /rustc/90b35a6239c3d8bdabc530a6a0816f7ff89a0aaf/library/std/src/panicking.rs:809:13
[INFO] [stdout]   14:     0x6005767deaea - std::panicking::begin_panic_handler::{{closure}}::hb5f5963570096b29
[INFO] [stdout]                                at /rustc/90b35a6239c3d8bdabc530a6a0816f7ff89a0aaf/library/std/src/panicking.rs:674:13
[INFO] [stdout]   15:     0x6005767dd709 - std::sys::backtrace::__rust_end_short_backtrace::h6208cedc1922feda
[INFO] [stdout]                                at /rustc/90b35a6239c3d8bdabc530a6a0816f7ff89a0aaf/library/std/src/sys/backtrace.rs:170:18
[INFO] [stdout]   16:     0x6005767de77c - rust_begin_unwind
[INFO] [stdout]                                at /rustc/90b35a6239c3d8bdabc530a6a0816f7ff89a0aaf/library/std/src/panicking.rs:665:5
[INFO] [stdout]   17:     0x6005762df310 - core::panicking::panic_fmt::h0c3082644d1bf418
[INFO] [stdout]                                at /rustc/90b35a6239c3d8bdabc530a6a0816f7ff89a0aaf/library/core/src/panicking.rs:74:14
[INFO] [stdout]   18:     0x6005762df7f6 - core::result::unwrap_failed::hd20b4aa073bda1e2
[INFO] [stdout]                                at /rustc/90b35a6239c3d8bdabc530a6a0816f7ff89a0aaf/library/core/src/result.rs:1700:5
[INFO] [stdout]   19:     0x600576302c51 - core::result::Result<T,E>::unwrap::hc69d0b14a260e92f
[INFO] [stdout]                                at /rustc/90b35a6239c3d8bdabc530a6a0816f7ff89a0aaf/library/core/src/result.rs:1104:23
[INFO] [stdout]   20:     0x600576302c51 - <xsqlx_db_tester::TestDB as core::ops::drop::Drop>::drop::{{closure}}::{{closure}}::h90a04f9e92c6c1b6
[INFO] [stdout]                                at /opt/rustwide/workdir/src/lib.rs:68:32
[INFO] [stdout]   21:     0x60057630c27f - tokio::runtime::park::CachedParkThread::block_on::{{closure}}::ha854a5dbde8eff0c
[INFO] [stdout]                                at /opt/rustwide/cargo-home/registry/src/index.crates.io-6f17d22bba15001f/tokio-1.42.0/src/runtime/park.rs:281:63
[INFO] [stdout]   22:     0x60057630bb76 - tokio::runtime::coop::with_budget::hdb594a51554b754d
[INFO] [stdout]                                at /opt/rustwide/cargo-home/registry/src/index.crates.io-6f17d22bba15001f/tokio-1.42.0/src/runtime/coop.rs:107:5
[INFO] [stdout]   23:     0x60057630bb76 - tokio::runtime::coop::budget::h3ef1ba9590b43ee8
[INFO] [stdout]                                at /opt/rustwide/cargo-home/registry/src/index.crates.io-6f17d22bba15001f/tokio-1.42.0/src/runtime/coop.rs:73:5
[INFO] [stdout]   24:     0x60057630bb76 - tokio::runtime::park::CachedParkThread::block_on::hf0c849bf2b069aca
[INFO] [stdout]                                at /opt/rustwide/cargo-home/registry/src/index.crates.io-6f17d22bba15001f/tokio-1.42.0/src/runtime/park.rs:281:31
[INFO] [stdout]   25:     0x6005762f8c33 - tokio::runtime::context::blocking::BlockingRegionGuard::block_on::he680606817e1d59d
[INFO] [stdout]                                at /opt/rustwide/cargo-home/registry/src/index.crates.io-6f17d22bba15001f/tokio-1.42.0/src/runtime/context/blocking.rs:66:9
[INFO] [stdout]   26:     0x6005762f8ed8 - tokio::runtime::scheduler::multi_thread::MultiThread::block_on::{{closure}}::h3dfc6c0ab1783e8e
[INFO] [stdout]                                at /opt/rustwide/cargo-home/registry/src/index.crates.io-6f17d22bba15001f/tokio-1.42.0/src/runtime/scheduler/multi_thread/mod.rs:87:13
[INFO] [stdout]   27:     0x6005762e48cb - tokio::runtime::context::runtime::enter_runtime::hc81f88fb729ebfa4
[INFO] [stdout]                                at /opt/rustwide/cargo-home/registry/src/index.crates.io-6f17d22bba15001f/tokio-1.42.0/src/runtime/context/runtime.rs:65:16
[INFO] [stdout]   28:     0x6005762f8da3 - tokio::runtime::scheduler::multi_thread::MultiThread::block_on::h7783838cb341c54e
[INFO] [stdout]                                at /opt/rustwide/cargo-home/registry/src/index.crates.io-6f17d22bba15001f/tokio-1.42.0/src/runtime/scheduler/multi_thread/mod.rs:86:9
[INFO] [stdout]   29:     0x6005762fef89 - tokio::runtime::runtime::Runtime::block_on_inner::h4ea6c0151ac289c6
[INFO] [stdout]                                at /opt/rustwide/cargo-home/registry/src/index.crates.io-6f17d22bba15001f/tokio-1.42.0/src/runtime/runtime.rs:370:45
[INFO] [stdout]   30:     0x6005762ff6bf - tokio::runtime::runtime::Runtime::block_on::h3bb6f48bf5769c2e
[INFO] [stdout]                                at /opt/rustwide/cargo-home/registry/src/index.crates.io-6f17d22bba15001f/tokio-1.42.0/src/runtime/runtime.rs:342:13
[INFO] [stdout]   31:     0x6005763028a6 - <xsqlx_db_tester::TestDB as core::ops::drop::Drop>::drop::{{closure}}::hbc3de5e6d228b556
[INFO] [stdout]                                at /opt/rustwide/workdir/src/lib.rs:67:13
[INFO] [stdout]   32:     0x6005762fcd76 - std::sys::backtrace::__rust_begin_short_backtrace::hf0b256e887d7a50b
[INFO] [stdout]                                at /rustc/90b35a6239c3d8bdabc530a6a0816f7ff89a0aaf/library/std/src/sys/backtrace.rs:154:18
[INFO] [stdout]   33:     0x6005762e3240 - std::thread::Builder::spawn_unchecked_::{{closure}}::{{closure}}::hf003844d6e9c386a
[INFO] [stdout]                                at /rustc/90b35a6239c3d8bdabc530a6a0816f7ff89a0aaf/library/std/src/thread/mod.rs:538:17
[INFO] [stdout]   34:     0x6005762fc2a0 - <core::panic::unwind_safe::AssertUnwindSafe<F> as core::ops::function::FnOnce<()>>::call_once::hf699a6bda3002b2d
[INFO] [stdout]                                at /rustc/90b35a6239c3d8bdabc530a6a0816f7ff89a0aaf/library/core/src/panic/unwind_safe.rs:272:9
[INFO] [stdout]   35:     0x6005762f69d0 - std::panicking::try::do_call::h98e16c45862866ab
[INFO] [stdout]                                at /rustc/90b35a6239c3d8bdabc530a6a0816f7ff89a0aaf/library/std/src/panicking.rs:557:40
[INFO] [stdout]   36:     0x6005762e717b - __rust_try
[INFO] [stdout]   37:     0x6005762e2c55 - std::panicking::try::h56b26df43a4aec30
[INFO] [stdout]                                at /rustc/90b35a6239c3d8bdabc530a6a0816f7ff89a0aaf/library/std/src/panicking.rs:520:19
[INFO] [stdout]   38:     0x6005762e2c55 - std::panic::catch_unwind::h6f31e458344fb153
[INFO] [stdout]                                at /rustc/90b35a6239c3d8bdabc530a6a0816f7ff89a0aaf/library/std/src/panic.rs:358:14
[INFO] [stdout]   39:     0x6005762e2c55 - std::thread::Builder::spawn_unchecked_::{{closure}}::hd63f6b8929cdcd09
[INFO] [stdout]                                at /rustc/90b35a6239c3d8bdabc530a6a0816f7ff89a0aaf/library/std/src/thread/mod.rs:537:30
[INFO] [stdout]   40:     0x6005763071de - core::ops::function::FnOnce::call_once{{vtable.shim}}::hd16a1f3d5dd62022
[INFO] [stdout]                                at /rustc/90b35a6239c3d8bdabc530a6a0816f7ff89a0aaf/library/core/src/ops/function.rs:250:5
[INFO] [stdout]   41:     0x6005767e31ab - <alloc::boxed::Box<F,A> as core::ops::function::FnOnce<Args>>::call_once::hf75717d9f28faebf
[INFO] [stdout]                                at /rustc/90b35a6239c3d8bdabc530a6a0816f7ff89a0aaf/library/alloc/src/boxed.rs:2454:9
[INFO] [stdout]   42:     0x6005767e31ab - <alloc::boxed::Box<F,A> as core::ops::function::FnOnce<Args>>::call_once::h7bd883a5f3c5f3c1
[INFO] [stdout]                                at /rustc/90b35a6239c3d8bdabc530a6a0816f7ff89a0aaf/library/alloc/src/boxed.rs:2454:9
[INFO] [stdout]   43:     0x6005767e31ab - std::sys::pal::unix::thread::Thread::new::thread_start::hcc78f3943333fa94
[INFO] [stdout]                                at /rustc/90b35a6239c3d8bdabc530a6a0816f7ff89a0aaf/library/std/src/sys/pal/unix/thread.rs:105:17
[INFO] [stdout]   44:     0x787d40e1bac3 - <unknown>
[INFO] [stdout]   45:     0x787d40eaca04 - clone
[INFO] [stdout]   46:                0x0 - <unknown>
[INFO] [stdout] thread 'tests::test_db_should_create_and_drop' panicked at src/lib.rs:86:10:
[INFO] [stdout] failed to drop database: Any { .. }
[INFO] [stdout] stack backtrace:
[INFO] [stdout]    0:     0x6005767dd22a - std::backtrace_rs::backtrace::libunwind::trace::h5a5b8284f2d0c266
[INFO] [stdout]                                at /rustc/90b35a6239c3d8bdabc530a6a0816f7ff89a0aaf/library/std/src/../../backtrace/src/backtrace/libunwind.rs:116:5
[INFO] [stdout]    1:     0x6005767dd22a - std::backtrace_rs::backtrace::trace_unsynchronized::h76d4f1c9b0b875e3
[INFO] [stdout]                                at /rustc/90b35a6239c3d8bdabc530a6a0816f7ff89a0aaf/library/std/src/../../backtrace/src/backtrace/mod.rs:66:5
[INFO] [stdout]    2:     0x6005767dd22a - std::sys::backtrace::_print_fmt::hc4546b8364a537c6
[INFO] [stdout]                                at /rustc/90b35a6239c3d8bdabc530a6a0816f7ff89a0aaf/library/std/src/sys/backtrace.rs:66:9
[INFO] [stdout]    3:     0x6005767dd22a - <std::sys::backtrace::BacktraceLock::print::DisplayBacktrace as core::fmt::Display>::fmt::h5b6bd5631a6d1f6b
[INFO] [stdout]                                at /rustc/90b35a6239c3d8bdabc530a6a0816f7ff89a0aaf/library/std/src/sys/backtrace.rs:39:26
[INFO] [stdout]    4:     0x600576806403 - core::fmt::rt::Argument::fmt::h270f6602a2b96f62
[INFO] [stdout]                                at /rustc/90b35a6239c3d8bdabc530a6a0816f7ff89a0aaf/library/core/src/fmt/rt.rs:177:76
[INFO] [stdout]    5:     0x600576806403 - core::fmt::write::h7550c97b06c86515
[INFO] [stdout]                                at /rustc/90b35a6239c3d8bdabc530a6a0816f7ff89a0aaf/library/core/src/fmt/mod.rs:1186:21
[INFO] [stdout]    6:     0x6005767d9783 - std::io::Write::write_fmt::h509ff860e5956e5e
[INFO] [stdout]                                at /rustc/90b35a6239c3d8bdabc530a6a0816f7ff89a0aaf/library/std/src/io/mod.rs:1839:15
[INFO] [stdout]    7:     0x6005767dd072 - std::sys::backtrace::BacktraceLock::print::h2395ccd2c84ba3aa
[INFO] [stdout]                                at /rustc/90b35a6239c3d8bdabc530a6a0816f7ff89a0aaf/library/std/src/sys/backtrace.rs:42:9
[INFO] [stdout]    8:     0x6005767de68a - std::panicking::default_hook::{{closure}}::he19d4c7230e07961
[INFO] [stdout]                                at /rustc/90b35a6239c3d8bdabc530a6a0816f7ff89a0aaf/library/std/src/panicking.rs:268:22
[INFO] [stdout]    9:     0x6005767de494 - std::panicking::default_hook::hf614597d3c67bbdb
[INFO] [stdout]                                at /rustc/90b35a6239c3d8bdabc530a6a0816f7ff89a0aaf/library/std/src/panicking.rs:292:9
[INFO] [stdout]   10:     0x600576344699 - <alloc::boxed::Box<F,A> as core::ops::function::Fn<Args>>::call::h39b51ce4599c23d1
[INFO] [stdout]                                at /rustc/90b35a6239c3d8bdabc530a6a0816f7ff89a0aaf/library/alloc/src/boxed.rs:2468:9
[INFO] [stdout]   11:     0x600576344699 - test::test_main::{{closure}}::he977ae839a582784
[INFO] [stdout]                                at /rustc/90b35a6239c3d8bdabc530a6a0816f7ff89a0aaf/library/test/src/lib.rs:133:21
[INFO] [stdout]   12:     0x6005767ded28 - <alloc::boxed::Box<F,A> as core::ops::function::Fn<Args>>::call::h9455091b6b06f9fb
[INFO] [stdout]                                at /rustc/90b35a6239c3d8bdabc530a6a0816f7ff89a0aaf/library/alloc/src/boxed.rs:2468:9
[INFO] [stdout]   13:     0x6005767ded28 - std::panicking::rust_panic_with_hook::h8942133a8b252070
[INFO] [stdout]                                at /rustc/90b35a6239c3d8bdabc530a6a0816f7ff89a0aaf/library/std/src/panicking.rs:809:13
[INFO] [stdout]   14:     0x6005767deaea - std::panicking::begin_panic_handler::{{closure}}::hb5f5963570096b29
[INFO] [stdout]                                at /rustc/90b35a6239c3d8bdabc530a6a0816f7ff89a0aaf/library/std/src/panicking.rs:674:13
[INFO] [stdout]   15:     0x6005767dd709 - std::sys::backtrace::__rust_end_short_backtrace::h6208cedc1922feda
[INFO] [stdout]                                at /rustc/90b35a6239c3d8bdabc530a6a0816f7ff89a0aaf/library/std/src/sys/backtrace.rs:170:18
[INFO] [stdout]   16:     0x6005767de77c - rust_begin_unwind
[INFO] [stdout]                                at /rustc/90b35a6239c3d8bdabc530a6a0816f7ff89a0aaf/library/std/src/panicking.rs:665:5
[INFO] [stdout]   17:     0x6005762df310 - core::panicking::panic_fmt::h0c3082644d1bf418
[INFO] [stdout]                                at /rustc/90b35a6239c3d8bdabc530a6a0816f7ff89a0aaf/library/core/src/panicking.rs:74:14
[INFO] [stdout]   18:     0x6005762df7f6 - core::result::unwrap_failed::hd20b4aa073bda1e2
[INFO] [stdout]                                at /rustc/90b35a6239c3d8bdabc530a6a0816f7ff89a0aaf/library/core/src/result.rs:1700:5
[INFO] [stdout]   19:     0x6005762f761e - core::result::Result<T,E>::expect::h405b7236c81ab65c
[INFO] [stdout]                                at /rustc/90b35a6239c3d8bdabc530a6a0816f7ff89a0aaf/library/core/src/result.rs:1061:23
[INFO] [stdout]   20:     0x6005763026d1 - <xsqlx_db_tester::TestDB as core::ops::drop::Drop>::drop::hae3e0b626202db88
[INFO] [stdout]                                at /opt/rustwide/workdir/src/lib.rs:65:9
[INFO] [stdout]   21:     0x600576308b13 - core::ptr::drop_in_place<xsqlx_db_tester::TestDB>::ha2cbcb80c249b990
[INFO] [stdout]                                at /rustc/90b35a6239c3d8bdabc530a6a0816f7ff89a0aaf/library/core/src/ptr/mod.rs:574:1
[INFO] [stdout]   22:     0x600576300c01 - xsqlx_db_tester::TestDB::new::hb6494bf8c431fd6b
[INFO] [stdout]                                at /opt/rustwide/workdir/src/lib.rs:46:5
[INFO] [stdout]   23:     0x60057630362e - xsqlx_db_tester::tests::test_db_should_create_and_drop::{{closure}}::h9a016aa3f6aff578
[INFO] [stdout]                                at /opt/rustwide/workdir/src/lib.rs:98:19
[INFO] [stdout]   24:     0x6005762ffe22 - <core::pin::Pin<P> as core::future::future::Future>::poll::h0deb582fb9c007b8
[INFO] [stdout]                                at /rustc/90b35a6239c3d8bdabc530a6a0816f7ff89a0aaf/library/core/src/future/future.rs:123:9
[INFO] [stdout]   25:     0x6005762ffe9d - <core::pin::Pin<P> as core::future::future::Future>::poll::h1b5bbba5d5ec5957
[INFO] [stdout]                                at /rustc/90b35a6239c3d8bdabc530a6a0816f7ff89a0aaf/library/core/src/future/future.rs:123:9
[INFO] [stdout]   26:     0x6005762f223f - tokio::runtime::scheduler::current_thread::CoreGuard::block_on::{{closure}}::{{closure}}::{{closure}}::ha736a5c15762fb3a
[INFO] [stdout]                                at /opt/rustwide/cargo-home/registry/src/index.crates.io-6f17d22bba15001f/tokio-1.42.0/src/runtime/scheduler/current_thread/mod.rs:729:57
[INFO] [stdout]   27:     0x6005762f1f85 - tokio::runtime::coop::with_budget::h29f04461845f89cf
[INFO] [stdout]                                at /opt/rustwide/cargo-home/registry/src/index.crates.io-6f17d22bba15001f/tokio-1.42.0/src/runtime/coop.rs:107:5
[INFO] [stdout]   28:     0x6005762f1f85 - tokio::runtime::coop::budget::h7e37e853cd571f44
[INFO] [stdout]                                at /opt/rustwide/cargo-home/registry/src/index.crates.io-6f17d22bba15001f/tokio-1.42.0/src/runtime/coop.rs:73:5
[INFO] [stdout]   29:     0x6005762f1f85 - tokio::runtime::scheduler::current_thread::CoreGuard::block_on::{{closure}}::{{closure}}::h9b654787c5f2153f
[INFO] [stdout]                                at /opt/rustwide/cargo-home/registry/src/index.crates.io-6f17d22bba15001f/tokio-1.42.0/src/runtime/scheduler/current_thread/mod.rs:729:25
[INFO] [stdout]   30:     0x6005762ea390 - tokio::runtime::scheduler::current_thread::Context::enter::h4a3ff37779dda634
[INFO] [stdout]                                at /opt/rustwide/cargo-home/registry/src/index.crates.io-6f17d22bba15001f/tokio-1.42.0/src/runtime/scheduler/current_thread/mod.rs:428:19
[INFO] [stdout]   31:     0x6005762f114b - tokio::runtime::scheduler::current_thread::CoreGuard::block_on::{{closure}}::hff6925107288a374
[INFO] [stdout]                                at /opt/rustwide/cargo-home/registry/src/index.crates.io-6f17d22bba15001f/tokio-1.42.0/src/runtime/scheduler/current_thread/mod.rs:728:36
[INFO] [stdout]   32:     0x6005762ee1e4 - tokio::runtime::scheduler::current_thread::CoreGuard::enter::{{closure}}::h2876f5d019e9956c
[INFO] [stdout]                                at /opt/rustwide/cargo-home/registry/src/index.crates.io-6f17d22bba15001f/tokio-1.42.0/src/runtime/scheduler/current_thread/mod.rs:807:68
[INFO] [stdout]   33:     0x6005762f854b - tokio::runtime::context::scoped::Scoped<T>::set::hc1222a32b7eca0ac
[INFO] [stdout]                                at /opt/rustwide/cargo-home/registry/src/index.crates.io-6f17d22bba15001f/tokio-1.42.0/src/runtime/context/scoped.rs:40:9
[INFO] [stdout]   34:     0x6005762fe6b9 - tokio::runtime::context::set_scheduler::{{closure}}::h5eef503a4b8be7d3
[INFO] [stdout]                                at /opt/rustwide/cargo-home/registry/src/index.crates.io-6f17d22bba15001f/tokio-1.42.0/src/runtime/context.rs:180:26
[INFO] [stdout]   35:     0x600576304a2d - std::thread::local::LocalKey<T>::try_with::h331baa0aaf52d39b
[INFO] [stdout]                                at /rustc/90b35a6239c3d8bdabc530a6a0816f7ff89a0aaf/library/std/src/thread/local.rs:283:12
[INFO] [stdout]   36:     0x600576303dca - std::thread::local::LocalKey<T>::with::h228b6485109cca4c
[INFO] [stdout]                                at /rustc/90b35a6239c3d8bdabc530a6a0816f7ff89a0aaf/library/std/src/thread/local.rs:260:9
[INFO] [stdout]   37:     0x6005762fe52d - tokio::runtime::context::set_scheduler::h9c23000e56d79a03
[INFO] [stdout]                                at /opt/rustwide/cargo-home/registry/src/index.crates.io-6f17d22bba15001f/tokio-1.42.0/src/runtime/context.rs:180:9
[INFO] [stdout]   38:     0x6005762ed730 - tokio::runtime::scheduler::current_thread::CoreGuard::enter::h795f48984844cb16
[INFO] [stdout]                                at /opt/rustwide/cargo-home/registry/src/index.crates.io-6f17d22bba15001f/tokio-1.42.0/src/runtime/scheduler/current_thread/mod.rs:807:27
[INFO] [stdout]   39:     0x6005762ee2e3 - tokio::runtime::scheduler::current_thread::CoreGuard::block_on::h3835b8a440e10aaa
[INFO] [stdout]                                at /opt/rustwide/cargo-home/registry/src/index.crates.io-6f17d22bba15001f/tokio-1.42.0/src/runtime/scheduler/current_thread/mod.rs:716:19
[INFO] [stdout]   40:     0x6005762e8a8a - tokio::runtime::scheduler::current_thread::CurrentThread::block_on::{{closure}}::he8a5f1663fb0c0bc
[INFO] [stdout]                                at /opt/rustwide/cargo-home/registry/src/index.crates.io-6f17d22bba15001f/tokio-1.42.0/src/runtime/scheduler/current_thread/mod.rs:196:28
[INFO] [stdout]   41:     0x6005762e3df6 - tokio::runtime::context::runtime::enter_runtime::h436b1e959158a3f0
[INFO] [stdout]                                at /opt/rustwide/cargo-home/registry/src/index.crates.io-6f17d22bba15001f/tokio-1.42.0/src/runtime/context/runtime.rs:65:16
[INFO] [stdout]   42:     0x6005762e72e1 - tokio::runtime::scheduler::current_thread::CurrentThread::block_on::h340497bbd3dfe8cc
[INFO] [stdout]                                at /opt/rustwide/cargo-home/registry/src/index.crates.io-6f17d22bba15001f/tokio-1.42.0/src/runtime/scheduler/current_thread/mod.rs:184:9
[INFO] [stdout]   43:     0x6005762ff1b3 - tokio::runtime::runtime::Runtime::block_on_inner::h7ea9813187e3a575
[INFO] [stdout]                                at /opt/rustwide/cargo-home/registry/src/index.crates.io-6f17d22bba15001f/tokio-1.42.0/src/runtime/runtime.rs:368:47
[INFO] [stdout]   44:     0x6005762ff8f7 - tokio::runtime::runtime::Runtime::block_on::h54d9e428e2ea3a4e
[INFO] [stdout]                                at /opt/rustwide/cargo-home/registry/src/index.crates.io-6f17d22bba15001f/tokio-1.42.0/src/runtime/runtime.rs:342:13
[INFO] [stdout]   45:     0x600576303532 - xsqlx_db_tester::tests::test_db_should_create_and_drop::h05d3a8946e732792
[INFO] [stdout]                                at /opt/rustwide/workdir/src/lib.rs:108:9
[INFO] [stdout]   46:     0x6005763033d7 - xsqlx_db_tester::tests::test_db_should_create_and_drop::{{closure}}::h759aa25dc1d188d4
[INFO] [stdout]                                at /opt/rustwide/workdir/src/lib.rs:97:46
[INFO] [stdout]   47:     0x600576307416 - core::ops::function::FnOnce::call_once::hb74aad43d3a2bfe4
[INFO] [stdout]                                at /rustc/90b35a6239c3d8bdabc530a6a0816f7ff89a0aaf/library/core/src/ops/function.rs:250:5
[INFO] [stdout]   48:     0x60057634905b - core::ops::function::FnOnce::call_once::h109cf8051a59b34e
[INFO] [stdout]                                at /rustc/90b35a6239c3d8bdabc530a6a0816f7ff89a0aaf/library/core/src/ops/function.rs:250:5
[INFO] [stdout]   49:     0x60057634905b - test::__rust_begin_short_backtrace::hf4fff89d377446ba
[INFO] [stdout]                                at /rustc/90b35a6239c3d8bdabc530a6a0816f7ff89a0aaf/library/test/src/lib.rs:621:18
[INFO] [stdout]   50:     0x600576348897 - test::run_test_in_process::{{closure}}::h0e39181dd7ee5a43
[INFO] [stdout]                                at /rustc/90b35a6239c3d8bdabc530a6a0816f7ff89a0aaf/library/test/src/lib.rs:644:60
[INFO] [stdout]   51:     0x600576348897 - <core::panic::unwind_safe::AssertUnwindSafe<F> as core::ops::function::FnOnce<()>>::call_once::hc5a66a30f0bdfd1f
[INFO] [stdout]                                at /rustc/90b35a6239c3d8bdabc530a6a0816f7ff89a0aaf/library/core/src/panic/unwind_safe.rs:272:9
[INFO] [stdout]   52:     0x600576348897 - std::panicking::try::do_call::h873b7cf639554a5e
[INFO] [stdout]                                at /rustc/90b35a6239c3d8bdabc530a6a0816f7ff89a0aaf/library/std/src/panicking.rs:557:40
[INFO] [stdout]   53:     0x600576348897 - std::panicking::try::hdb19862fad9c8bd1
[INFO] [stdout]                                at /rustc/90b35a6239c3d8bdabc530a6a0816f7ff89a0aaf/library/std/src/panicking.rs:520:19
[INFO] [stdout]   54:     0x600576348897 - std::panic::catch_unwind::h281fe732d236d260
[INFO] [stdout]                                at /rustc/90b35a6239c3d8bdabc530a6a0816f7ff89a0aaf/library/std/src/panic.rs:358:14
[INFO] [stdout]   55:     0x600576348897 - test::run_test_in_process::h949b6df8457ed338
[INFO] [stdout]                                at /rustc/90b35a6239c3d8bdabc530a6a0816f7ff89a0aaf/library/test/src/lib.rs:644:27
[INFO] [stdout]   56:     0x600576348897 - test::run_test::{{closure}}::h52c556a6d4740e10
[INFO] [stdout]                                at /rustc/90b35a6239c3d8bdabc530a6a0816f7ff89a0aaf/library/test/src/lib.rs:565:43
[INFO] [stdout]   57:     0x60057630db74 - test::run_test::{{closure}}::h4237f6381c45ccb9
[INFO] [stdout]                                at /rustc/90b35a6239c3d8bdabc530a6a0816f7ff89a0aaf/library/test/src/lib.rs:595:41
[INFO] [stdout]   58:     0x60057630db74 - std::sys::backtrace::__rust_begin_short_backtrace::h505c97a579eca628
[INFO] [stdout]                                at /rustc/90b35a6239c3d8bdabc530a6a0816f7ff89a0aaf/library/std/src/sys/backtrace.rs:154:18
[INFO] [stdout]   59:     0x60057631123e - std::thread::Builder::spawn_unchecked_::{{closure}}::{{closure}}::h9e86b2e2bc107ea3
[INFO] [stdout]                                at /rustc/90b35a6239c3d8bdabc530a6a0816f7ff89a0aaf/library/std/src/thread/mod.rs:538:17
[INFO] [stdout]   60:     0x60057631123e - <core::panic::unwind_safe::AssertUnwindSafe<F> as core::ops::function::FnOnce<()>>::call_once::h8b06ddb275ff4a25
[INFO] [stdout]                                at /rustc/90b35a6239c3d8bdabc530a6a0816f7ff89a0aaf/library/core/src/panic/unwind_safe.rs:272:9
[INFO] [stdout]   61:     0x60057631123e - std::panicking::try::do_call::hb26ecd7cd9a9355d
[INFO] [stdout]                                at /rustc/90b35a6239c3d8bdabc530a6a0816f7ff89a0aaf/library/std/src/panicking.rs:557:40
[INFO] [stdout]   62:     0x60057631123e - std::panicking::try::h8ddeca9d705f9069
[INFO] [stdout]                                at /rustc/90b35a6239c3d8bdabc530a6a0816f7ff89a0aaf/library/std/src/panicking.rs:520:19
[INFO] [stdout]   63:     0x60057631123e - std::panic::catch_unwind::h49e1c33078844c46
[INFO] [stdout]                                at /rustc/90b35a6239c3d8bdabc530a6a0816f7ff89a0aaf/library/std/src/panic.rs:358:14
[INFO] [stdout]   64:     0x60057631123e - std::thread::Builder::spawn_unchecked_::{{closure}}::h6073db6ff56ad35d
[INFO] [stdout]                                at /rustc/90b35a6239c3d8bdabc530a6a0816f7ff89a0aaf/library/std/src/thread/mod.rs:537:30
[INFO] [stdout]   65:     0x60057631123e - core::ops::function::FnOnce::call_once{{vtable.shim}}::h2c5a5f3779c774f1
[INFO] [stdout]                                at /rustc/90b35a6239c3d8bdabc530a6a0816f7ff89a0aaf/library/core/src/ops/function.rs:250:5
[INFO] [stdout]   66:     0x6005767e31ab - <alloc::boxed::Box<F,A> as core::ops::function::FnOnce<Args>>::call_once::hf75717d9f28faebf
[INFO] [stdout]                                at /rustc/90b35a6239c3d8bdabc530a6a0816f7ff89a0aaf/library/alloc/src/boxed.rs:2454:9
[INFO] [stdout]   67:     0x6005767e31ab - <alloc::boxed::Box<F,A> as core::ops::function::FnOnce<Args>>::call_once::h7bd883a5f3c5f3c1
[INFO] [stdout]                                at /rustc/90b35a6239c3d8bdabc530a6a0816f7ff89a0aaf/library/alloc/src/boxed.rs:2454:9
[INFO] [stdout]   68:     0x6005767e31ab - std::sys::pal::unix::thread::Thread::new::thread_start::hcc78f3943333fa94
[INFO] [stdout]                                at /rustc/90b35a6239c3d8bdabc530a6a0816f7ff89a0aaf/library/std/src/sys/pal/unix/thread.rs:105:17
[INFO] [stdout]   69:     0x787d40e1bac3 - <unknown>
[INFO] [stdout]   70:     0x787d40eaca04 - clone
[INFO] [stdout]   71:                0x0 - <unknown>
[INFO] [stderr] error: test failed, to rerun pass `--lib`
[INFO] [stderr] 
[INFO] [stderr] Caused by:
[INFO] [stderr]   process didn't exit successfully: `/opt/rustwide/target/debug/deps/xsqlx_db_tester-557377f58c6b740e` (signal: 6, SIGABRT: process abort signal)
[INFO] running `Command { std: "docker" "inspect" "38eee236e0f8843e9e255ea52e5a8ca458fd637c3294e90e294c996dd0cad482", kill_on_drop: false }`
[INFO] running `Command { std: "docker" "rm" "-f" "38eee236e0f8843e9e255ea52e5a8ca458fd637c3294e90e294c996dd0cad482", kill_on_drop: false }`
[INFO] [stdout] 38eee236e0f8843e9e255ea52e5a8ca458fd637c3294e90e294c996dd0cad482
