[INFO] fetching crate xrpl-rust 0.4.0...
[INFO] testing xrpl-rust-0.4.0 against 1.83.0 for beta-1.84.0-4-retry
[INFO] extracting crate xrpl-rust 0.4.0 into /workspace/builds/worker-4-tc1/source
[INFO] validating manifest of crates.io crate xrpl-rust 0.4.0 on toolchain 1.83.0
[INFO] running `Command { std: CARGO_HOME="/workspace/cargo-home" RUSTUP_HOME="/workspace/rustup-home" "/workspace/cargo-home/bin/cargo" "+1.83.0" "metadata" "--manifest-path" "Cargo.toml" "--no-deps", kill_on_drop: false }`
[INFO] started tweaking crates.io crate xrpl-rust 0.4.0
[INFO] finished tweaking crates.io crate xrpl-rust 0.4.0
[INFO] tweaked toml for crates.io crate xrpl-rust 0.4.0 written to /workspace/builds/worker-4-tc1/source/Cargo.toml
[INFO] running `Command { std: CARGO_HOME="/workspace/cargo-home" RUSTUP_HOME="/workspace/rustup-home" "/workspace/cargo-home/bin/cargo" "+1.83.0" "generate-lockfile" "--manifest-path" "Cargo.toml", kill_on_drop: false }`
[INFO] [stderr]     Blocking waiting for file lock on package cache
[INFO] [stderr]     Updating crates.io index
[INFO] [stderr]     Blocking waiting for file lock on package cache
[INFO] [stderr]      Locking 388 packages to latest compatible versions
[INFO] running `Command { std: CARGO_HOME="/workspace/cargo-home" RUSTUP_HOME="/workspace/rustup-home" "/workspace/cargo-home/bin/cargo" "+1.83.0" "fetch" "--manifest-path" "Cargo.toml", kill_on_drop: false }`
[INFO] [stderr]     Blocking waiting for file lock on package cache
[INFO] [stderr]  Downloading crates ...
[INFO] [stderr]   Downloaded data-encoding v2.6.0
[INFO] [stderr]   Downloaded tokio-tungstenite v0.24.0
[INFO] [stderr]   Downloaded tungstenite v0.24.0
[INFO] [stderr]   Downloaded futures-io v0.3.31
[INFO] [stderr]   Downloaded zeroize v1.8.1
[INFO] [stderr]   Downloaded value-bag v1.10.0
[INFO] [stderr]   Downloaded system-configuration-sys v0.6.0
[INFO] [stderr]   Downloaded mime v0.3.17
[INFO] [stderr]   Downloaded sync_wrapper v1.0.2
[INFO] [stderr]   Downloaded http v1.2.0
[INFO] [stderr]   Downloaded futures-channel v0.3.31
[INFO] [stderr]   Downloaded thiserror-impl-no-std v2.0.2
[INFO] [stderr]   Downloaded rustversion v1.0.18
[INFO] [stderr]   Downloaded blocking v1.6.1
[INFO] [stderr]   Downloaded parking v2.2.1
[INFO] [stderr]   Downloaded strum v0.26.3
[INFO] [stderr]   Downloaded heck v0.5.0
[INFO] [stderr]   Downloaded rustls-pki-types v1.10.1
[INFO] [stderr]   Downloaded thiserror-no-std v2.0.2
[INFO] [stderr]   Downloaded smol v2.0.2
[INFO] [stderr]   Downloaded rustls-pemfile v2.2.0
[INFO] [stderr]   Downloaded crossbeam-utils v0.8.20
[INFO] [stderr]   Downloaded ipnet v2.10.1
[INFO] [stderr]   Downloaded foldhash v0.1.3
[INFO] [stderr]   Downloaded async-executor v1.13.1
[INFO] [stderr]   Downloaded async-fs v2.1.2
[INFO] [stderr]   Downloaded hermit-abi v0.4.0
[INFO] [stderr]   Downloaded hyper-util v0.1.10
[INFO] [stderr]   Downloaded want v0.3.1
[INFO] [stderr]   Downloaded async-io v2.4.0
[INFO] [stderr]   Downloaded async-lock v3.4.0
[INFO] [stderr]   Downloaded async-signal v0.2.10
[INFO] [stderr]   Downloaded event-listener-strategy v0.5.3
[INFO] [stderr]   Downloaded event-listener v5.3.1
[INFO] [stderr]   Downloaded hyper v1.5.1
[INFO] [stderr]   Downloaded tokio-rustls v0.26.1
[INFO] [stderr]   Downloaded untrusted v0.9.0
[INFO] [stderr]   Downloaded hyper-rustls v0.27.3
[INFO] [stderr]   Downloaded http-body-util v0.1.2
[INFO] [stderr]   Downloaded async-channel v2.3.1
[INFO] [stderr]   Downloaded atomic-waker v1.1.2
[INFO] [stderr]   Downloaded piper v0.2.4
[INFO] [stderr]   Downloaded aes v0.8.4
[INFO] [stderr]   Downloaded system-configuration v0.6.1
[INFO] [stderr]   Downloaded tower-service v0.3.3
[INFO] [stderr]   Downloaded wasm-bindgen-futures v0.4.49
[INFO] [stderr]   Downloaded regex v1.11.1
[INFO] [stderr]   Downloaded windows-result v0.2.0
[INFO] [stderr]   Downloaded actix-macros v0.2.4
[INFO] [stderr]   Downloaded nb v1.1.0
[INFO] [stderr]   Downloaded aead v0.5.2
[INFO] [stderr]   Downloaded inout v0.1.3
[INFO] [stderr]   Downloaded cipher v0.4.4
[INFO] [stderr]   Downloaded universal-hash v0.5.1
[INFO] [stderr]   Downloaded polyval v0.6.2
[INFO] [stderr]   Downloaded aes-gcm v0.10.3
[INFO] [stderr]   Downloaded critical-section v1.2.0
[INFO] [stderr]   Downloaded atomic-polyfill v1.0.3
[INFO] [stderr]   Downloaded embedded-io v0.6.1
[INFO] [stderr]   Downloaded secp256k1-sys v0.10.1
[INFO] [stderr]   Downloaded embedded-nal v0.9.0
[INFO] [stderr]   Downloaded embedded-nal-async v0.8.0
[INFO] [stderr]   Downloaded windows-registry v0.2.0
[INFO] [stderr]   Downloaded ciborium v0.2.2
[INFO] [stderr]   Downloaded anstyle v1.0.10
[INFO] [stderr]   Downloaded clap_lex v0.7.4
[INFO] [stderr]   Downloaded cast v0.3.0
[INFO] [stderr]   Downloaded either v1.13.0
[INFO] [stderr]   Downloaded windows-strings v0.1.0
[INFO] [stderr]   Downloaded event-listener v2.5.3
[INFO] [stderr]   Downloaded embedded-tls v0.17.0
[INFO] [stderr]   Downloaded async-channel v1.9.0
[INFO] [stderr]   Downloaded gloo-timers v0.3.0
[INFO] [stderr]   Downloaded web-sys v0.3.76
[INFO] [stderr]   Downloaded curve25519-dalek v4.1.3
[INFO] [stderr]   Downloaded libm v0.2.11
[INFO] [stderr]   Downloaded fiat-crypto v0.2.9
[INFO] [stderr]   Downloaded regex-syntax v0.8.5
[INFO] [stderr]   Downloaded secp256k1 v0.30.0
[INFO] [stderr]   Downloaded num-bigint v0.4.6
[INFO] [stderr]   Downloaded ciborium-io v0.2.2
[INFO] [stderr]   Downloaded ciborium-ll v0.2.2
[INFO] [stderr]   Downloaded clap_builder v4.5.23
[INFO] [stderr]   Downloaded clap v4.5.23
[INFO] [stderr]   Downloaded criterion-plot v0.5.0
[INFO] [stderr]   Downloaded plotters-backend v0.3.7
[INFO] [stderr]   Downloaded plotters-svg v0.3.7
[INFO] [stderr]   Downloaded void v1.0.2
[INFO] [stderr]   Downloaded regex-automata v0.4.9
[INFO] [stderr]   Downloaded rustls v0.23.20
[INFO] [stderr]   Downloaded tinytemplate v1.2.1
[INFO] [stderr]   Downloaded semver v1.0.24
[INFO] [stderr]   Downloaded rustc_version v0.4.1
[INFO] [stderr]   Downloaded spki v0.7.3
[INFO] [stderr]   Downloaded ed25519 v2.2.3
[INFO] [stderr]   Downloaded ed25519-dalek v2.1.1
[INFO] [stderr]   Downloaded embassy-futures v0.1.1
[INFO] [stderr]   Downloaded litrs v0.4.1
[INFO] [stderr]   Downloaded document-features v0.2.10
[INFO] [stderr]   Downloaded futures-timer v3.0.3
[INFO] [stderr]   Downloaded rustls-webpki v0.102.8
[INFO] [stderr]   Downloaded hyper-tls v0.6.0
[INFO] [stderr]   Downloaded is-terminal v0.4.13
[INFO] [stderr]   Downloaded buffered-io v0.5.4
[INFO] [stderr]   Downloaded itertools v0.10.5
[INFO] [stderr]   Downloaded oorandom v11.1.4
[INFO] [stderr]   Downloaded plotters v0.3.7
[INFO] [stderr]   Downloaded ring v0.17.8
[INFO] [stderr]   Downloaded rayon v1.10.0
[INFO] [stderr]   Downloaded same-file v1.0.6
[INFO] [stderr]   Downloaded embassy-time-driver v0.1.0
[INFO] [stderr]   Downloaded rand_hc v0.3.2
[INFO] [stderr]   Downloaded embedded-websocket-embedded-io v0.1.0
[INFO] [stderr]   Downloaded embedded-io-adapters v0.6.1
[INFO] [stderr]   Downloaded encoding_rs v0.8.35
[INFO] [stderr]   Downloaded winapi-util v0.1.9
[INFO] [stderr]   Downloaded walkdir v2.5.0
[INFO] [stderr]   Downloaded criterion v0.5.1
[INFO] [stderr]   Downloaded derive-new v0.7.0
[INFO] [stderr]   Downloaded curve25519-dalek-derive v0.1.1
[INFO] [stderr]   Downloaded base64ct v1.6.0
[INFO] [stderr]   Downloaded pkcs8 v0.10.2
[INFO] [stderr]   Downloaded signature v2.2.0
[INFO] [stderr]   Downloaded embassy-sync v0.6.1
[INFO] [stderr]   Downloaded embassy-time-queue-driver v0.1.0
[INFO] [stderr]   Downloaded nb v0.1.3
[INFO] [stderr]   Downloaded embedded-hal v0.2.7
[INFO] [stderr]   Downloaded embedded-hal v1.0.0
[INFO] [stderr]   Downloaded embedded-hal-async v1.0.0
[INFO] [stderr]   Downloaded embassy-time v0.3.2
[INFO] [stderr]   Downloaded futures v0.3.31
[INFO] [stderr]   Downloaded futures-executor v0.3.31
[INFO] [stderr]   Downloaded lazy_static v1.5.0
[INFO] [stderr]   Downloaded aho-corasick v1.1.3
[INFO] [stderr]   Downloaded h2 v0.4.7
[INFO] [stderr]   Downloaded http-body v1.0.1
[INFO] [stderr]   Downloaded try-lock v0.2.5
[INFO] [stderr]   Downloaded reqwest v0.12.9
[INFO] [stderr]   Downloaded base64 v0.21.7
[INFO] [stderr]   Downloaded actix-rt v2.10.0
[INFO] [stderr]   Downloaded async-global-executor v2.4.1
[INFO] [stderr]   Downloaded kv-log-macro v1.0.7
[INFO] [stderr]   Downloaded async-std v1.13.0
[INFO] [stderr]   Downloaded num-integer v0.1.46
[INFO] [stderr]   Downloaded bigdecimal v0.4.7
[INFO] [stderr]   Downloaded anes v0.1.6
[INFO] [stderr]   Downloaded half v2.4.1
[INFO] [stderr]   Downloaded crossbeam-epoch v0.9.18
[INFO] [stderr]   Downloaded crossbeam-deque v0.8.5
[INFO] [stderr]   Downloaded rayon-core v1.12.1
[INFO] [stderr]   Downloaded hash32 v0.1.1
[INFO] [stderr]   Downloaded nourl v0.1.1
[INFO] [stderr]   Downloaded embedded-io-async v0.6.1
[INFO] [stderr]   Downloaded generic-array v0.13.3
[INFO] [stderr]   Downloaded as-slice v0.1.5
[INFO] [stderr]   Downloaded heapless v0.6.1
[INFO] [stderr]   Downloaded crypto-bigint v0.5.5
[INFO] [stderr]   Downloaded ff v0.13.0
[INFO] [stderr]   Downloaded group v0.13.0
[INFO] [stderr]   Downloaded hmac v0.12.1
[INFO] [stderr]   Downloaded hkdf v0.12.4
[INFO] [stderr]   Downloaded base16ct v0.2.0
[INFO] [stderr]   Downloaded const-oid v0.9.6
[INFO] [stderr]   Downloaded der v0.7.9
[INFO] [stderr]   Downloaded sec1 v0.7.3
[INFO] [stderr]   Downloaded elliptic-curve v0.13.8
[INFO] [stderr]   Downloaded primeorder v0.13.6
[INFO] [stderr]   Downloaded p256 v0.13.2
[INFO] [stderr]   Downloaded hash32 v0.3.1
[INFO] [stderr]   Downloaded heapless v0.8.0
[INFO] [stderr]   Downloaded reqwless v0.13.0
[INFO] [stderr]   Downloaded ripemd v0.1.3
[INFO] [stderr]   Downloaded toml_datetime v0.6.8
[INFO] [stderr]   Downloaded toml_edit v0.22.22
[INFO] [stderr]   Downloaded proc-macro-crate v3.2.0
[INFO] [stderr]   Downloaded borsh-derive v1.5.3
[INFO] [stderr]   Downloaded cfg_aliases v0.2.1
[INFO] [stderr]   Downloaded borsh v1.5.3
[INFO] [stderr]   Downloaded bytecheck_derive v0.6.12
[INFO] [stderr]   Downloaded simdutf8 v0.1.5
[INFO] [stderr]   Downloaded bytecheck v0.6.12
[INFO] [stderr]   Downloaded rend v0.4.2
[INFO] [stderr]   Downloaded rkyv_derive v0.7.45
[INFO] [stderr]   Downloaded rkyv v0.7.45
[INFO] [stderr]   Downloaded rust_decimal v1.36.0
[INFO] [stderr]   Downloaded bitcoin-io v0.1.3
[INFO] [stderr]   Downloaded arrayvec v0.7.6
[INFO] [stderr]   Downloaded hex-conservative v0.2.1
[INFO] [stderr]   Downloaded bitcoin_hashes v0.14.0
[INFO] [stderr]   Downloaded serde_repr v0.1.19
[INFO] [stderr]   Downloaded ahash v0.7.8
[INFO] [stderr]   Downloaded allocator-api2 v0.2.21
[INFO] [stderr]   Downloaded async-net v2.0.0
[INFO] [stderr]   Downloaded polling v3.7.4
[INFO] [stderr]   Downloaded tracing-core v0.1.33
[INFO] [stderr]   Downloaded tracing v0.1.41
[INFO] [stderr]   Downloaded async-process v2.3.0
[INFO] [stderr]   Downloaded concurrent-queue v2.5.0
[INFO] [stderr]   Downloaded async-task v4.7.1
[INFO] [stderr]   Downloaded futures-lite v2.5.0
[INFO] [stderr]   Downloaded strum_macros v0.26.4
[INFO] [stderr]   Downloaded ctr v0.9.2
[INFO] [stderr]   Downloaded ghash v0.5.1
[INFO] [stderr]   Downloaded winnow v0.6.20
[INFO] [stderr]   Downloaded syn v1.0.109
[INFO] running `Command { std: "docker" "create" "-v" "/var/lib/crater-agent-workspace/builds/worker-4-tc1/target:/opt/rustwide/target:rw,Z" "-v" "/var/lib/crater-agent-workspace/builds/worker-4-tc1/source:/opt/rustwide/workdir:ro,Z" "-v" "/var/lib/crater-agent-workspace/cargo-home:/opt/rustwide/cargo-home:ro,Z" "-v" "/var/lib/crater-agent-workspace/rustup-home:/opt/rustwide/rustup-home:ro,Z" "-e" "SOURCE_DIR=/opt/rustwide/workdir" "-e" "CARGO_TARGET_DIR=/opt/rustwide/target" "-e" "CARGO_HOME=/opt/rustwide/cargo-home" "-e" "RUSTUP_HOME=/opt/rustwide/rustup-home" "-w" "/opt/rustwide/workdir" "-m" "1610612736" "--user" "0:0" "--network" "none" "ghcr.io/rust-lang/crates-build-env/linux@sha256:f3a9d4ad9d972b27faf3965f35b62e55ba32bbce8f20bc8fe909558a86702fde" "/opt/rustwide/cargo-home/bin/cargo" "+1.83.0" "metadata" "--no-deps" "--format-version=1", kill_on_drop: false }`
[INFO] [stdout] d728111e2ccffd7bd1014b572eb63f0c13d11789ee2803e1f410135cb30f0ee0
[INFO] running `Command { std: "docker" "start" "-a" "d728111e2ccffd7bd1014b572eb63f0c13d11789ee2803e1f410135cb30f0ee0", kill_on_drop: false }`
[INFO] running `Command { std: "docker" "inspect" "d728111e2ccffd7bd1014b572eb63f0c13d11789ee2803e1f410135cb30f0ee0", kill_on_drop: false }`
[INFO] running `Command { std: "docker" "rm" "-f" "d728111e2ccffd7bd1014b572eb63f0c13d11789ee2803e1f410135cb30f0ee0", kill_on_drop: false }`
[INFO] [stdout] d728111e2ccffd7bd1014b572eb63f0c13d11789ee2803e1f410135cb30f0ee0
[INFO] running `Command { std: "docker" "create" "-v" "/var/lib/crater-agent-workspace/builds/worker-4-tc1/target:/opt/rustwide/target:rw,Z" "-v" "/var/lib/crater-agent-workspace/builds/worker-4-tc1/source:/opt/rustwide/workdir:ro,Z" "-v" "/var/lib/crater-agent-workspace/cargo-home:/opt/rustwide/cargo-home:ro,Z" "-v" "/var/lib/crater-agent-workspace/rustup-home:/opt/rustwide/rustup-home:ro,Z" "-e" "SOURCE_DIR=/opt/rustwide/workdir" "-e" "CARGO_TARGET_DIR=/opt/rustwide/target" "-e" "CARGO_INCREMENTAL=0" "-e" "RUST_BACKTRACE=full" "-e" "RUSTFLAGS=--cap-lints=warn" "-e" "RUSTDOCFLAGS=--cap-lints=warn" "-e" "CARGO_HOME=/opt/rustwide/cargo-home" "-e" "RUSTUP_HOME=/opt/rustwide/rustup-home" "-w" "/opt/rustwide/workdir" "-m" "1610612736" "--user" "0:0" "--network" "none" "ghcr.io/rust-lang/crates-build-env/linux@sha256:f3a9d4ad9d972b27faf3965f35b62e55ba32bbce8f20bc8fe909558a86702fde" "/opt/rustwide/cargo-home/bin/cargo" "+1.83.0" "build" "--frozen" "--message-format=json", kill_on_drop: false }`
[INFO] [stdout] 24105c41d89fdc32830fdde24979569d5438f99bec388cf338f587032e3a4998
[INFO] running `Command { std: "docker" "start" "-a" "24105c41d89fdc32830fdde24979569d5438f99bec388cf338f587032e3a4998", kill_on_drop: false }`
[INFO] [stderr]    Compiling proc-macro2 v1.0.92
[INFO] [stderr]    Compiling zeroize v1.8.1
[INFO] [stderr]    Compiling libc v0.2.168
[INFO] [stderr]    Compiling subtle v2.6.1
[INFO] [stderr]    Compiling serde v1.0.216
[INFO] [stderr]    Compiling byteorder v1.5.0
[INFO] [stderr]    Compiling pkg-config v0.3.31
[INFO] [stderr]    Compiling vcpkg v0.2.15
[INFO] [stderr]    Compiling http v1.2.0
[INFO] [stderr]    Compiling embedded-io-async v0.6.1
[INFO] [stderr]    Compiling openssl v0.10.68
[INFO] [stderr]    Compiling foreign-types-shared v0.1.1
[INFO] [stderr]    Compiling smallvec v1.13.2
[INFO] [stderr]    Compiling num-traits v0.2.19
[INFO] [stderr]    Compiling bitflags v2.6.0
[INFO] [stderr]    Compiling allocator-api2 v0.2.21
[INFO] [stderr]    Compiling generic-array v0.14.7
[INFO] [stderr]    Compiling foreign-types v0.3.2
[INFO] [stderr]    Compiling embedded-io v0.6.1
[INFO] [stderr]    Compiling native-tls v0.2.12
[INFO] [stderr]    Compiling foldhash v0.1.3
[INFO] [stderr]    Compiling der v0.7.9
[INFO] [stderr]    Compiling base16ct v0.2.0
[INFO] [stderr]    Compiling heapless v0.8.0
[INFO] [stderr]    Compiling tracing v0.1.41
[INFO] [stderr]    Compiling hash32 v0.3.1
[INFO] [stderr]    Compiling ident_case v1.0.1
[INFO] [stderr]    Compiling strsim v0.11.1
[INFO] [stderr]    Compiling atomic-waker v1.1.2
[INFO] [stderr]    Compiling generic-array v0.12.4
[INFO] [stderr]    Compiling generic-array v0.13.3
[INFO] [stderr]    Compiling atomic-polyfill v1.0.3
[INFO] [stderr]    Compiling serde_json v1.0.133
[INFO] [stderr]    Compiling critical-section v1.2.0
[INFO] [stderr]    Compiling syn v1.0.109
[INFO] [stderr]    Compiling heapless v0.6.1
[INFO] [stderr]    Compiling curve25519-dalek v4.1.3
[INFO] [stderr]    Compiling hash32 v0.1.1
[INFO] [stderr]    Compiling secp256k1-sys v0.10.1
[INFO] [stderr]    Compiling nb v1.1.0
[INFO] [stderr]    Compiling bigdecimal v0.4.7
[INFO] [stderr]    Compiling embedded-nal v0.9.0
[INFO] [stderr]    Compiling quote v1.0.37
[INFO] [stderr]    Compiling getrandom v0.2.15
[INFO] [stderr]    Compiling socket2 v0.5.8
[INFO] [stderr]    Compiling mio v1.0.3
[INFO] [stderr]    Compiling num-integer v0.1.46
[INFO] [stderr]    Compiling utf-8 v0.7.6
[INFO] [stderr]    Compiling embassy-sync v0.6.1
[INFO] [stderr]    Compiling rust_decimal v1.36.0
[INFO] [stderr]    Compiling crypto-common v0.1.6
[INFO] [stderr]    Compiling block-buffer v0.10.4
[INFO] [stderr]    Compiling rand_core v0.6.4
[INFO] [stderr]    Compiling openssl-sys v0.9.104
[INFO] [stderr]    Compiling inout v0.1.3
[INFO] [stderr]    Compiling syn v2.0.90
[INFO] [stderr]    Compiling digest v0.10.7
[INFO] [stderr]    Compiling universal-hash v0.5.1
[INFO] [stderr]    Compiling sec1 v0.7.3
[INFO] [stderr]    Compiling ff v0.13.0
[INFO] [stderr]    Compiling cipher v0.4.4
[INFO] [stderr]    Compiling crypto-bigint v0.5.5
[INFO] [stderr]    Compiling group v0.13.0
[INFO] [stderr]    Compiling polyval v0.6.2
[INFO] [stderr]    Compiling aead v0.5.2
[INFO] [stderr]    Compiling as-slice v0.1.5
[INFO] [stderr]    Compiling http-body v1.0.1
[INFO] [stderr]    Compiling regex-syntax v0.8.5
[INFO] [stderr]    Compiling hmac v0.12.1
[INFO] [stderr]    Compiling tokio v1.42.0
[INFO] [stderr]    Compiling hkdf v0.12.4
[INFO] [stderr]    Compiling sha2 v0.10.8
[INFO] [stderr]    Compiling aes v0.8.4
[INFO] [stderr]    Compiling ghash v0.5.1
[INFO] [stderr]    Compiling ctr v0.9.2
[INFO] [stderr]    Compiling sha1 v0.10.6
[INFO] [stderr]    Compiling signature v2.2.0
[INFO] [stderr]    Compiling base64 v0.22.1
[INFO] [stderr]    Compiling rustls-pki-types v1.10.1
[INFO] [stderr]    Compiling ed25519 v2.2.3
[INFO] [stderr]    Compiling num-bigint v0.4.6
[INFO] [stderr]    Compiling embedded-nal-async v0.8.0
[INFO] [stderr]    Compiling buffered-io v0.5.4
[INFO] [stderr]    Compiling encoding_rs v0.8.35
[INFO] [stderr]    Compiling sync_wrapper v1.0.2
[INFO] [stderr]    Compiling hex v0.4.3
[INFO] [stderr]    Compiling nourl v0.1.1
[INFO] [stderr]    Compiling heck v0.5.0
[INFO] [stderr]    Compiling aes-gcm v0.10.3
[INFO] [stderr]    Compiling regex-automata v0.4.9
[INFO] [stderr]    Compiling rustls-pemfile v2.2.0
[INFO] [stderr]    Compiling arrayvec v0.7.6
[INFO] [stderr]    Compiling base64 v0.21.7
[INFO] [stderr]    Compiling chrono v0.4.39
[INFO] [stderr]    Compiling bs58 v0.5.1
[INFO] [stderr]    Compiling ripemd v0.1.3
[INFO] [stderr]    Compiling rand_hc v0.3.2
[INFO] [stderr]    Compiling lazy_static v1.5.0
[INFO] [stderr]    Compiling embassy-futures v0.1.1
[INFO] [stderr]    Compiling strum v0.26.3
[INFO] [stderr]    Compiling elliptic-curve v0.13.8
[INFO] [stderr]    Compiling thiserror-impl-no-std v2.0.2
[INFO] [stderr]    Compiling primeorder v0.13.6
[INFO] [stderr]    Compiling regex v1.11.1
[INFO] [stderr]    Compiling p256 v0.13.2
[INFO] [stderr]    Compiling embedded-tls v0.17.0
[INFO] [stderr]    Compiling thiserror-no-std v2.0.2
[INFO] [stderr]    Compiling synstructure v0.13.1
[INFO] [stderr]    Compiling darling_core v0.20.10
[INFO] [stderr]    Compiling secp256k1 v0.30.0
[INFO] [stderr]    Compiling zerofrom-derive v0.1.5
[INFO] [stderr]    Compiling serde_derive v1.0.216
[INFO] [stderr]    Compiling yoke-derive v0.7.5
[INFO] [stderr]    Compiling zerovec-derive v0.10.3
[INFO] [stderr]    Compiling futures-macro v0.3.31
[INFO] [stderr]    Compiling displaydoc v0.2.5
[INFO] [stderr]    Compiling icu_provider_macros v1.5.0
[INFO] [stderr]    Compiling zerocopy-derive v0.7.35
[INFO] [stderr]    Compiling openssl-macros v0.1.1
[INFO] [stderr]    Compiling thiserror-impl v1.0.69
[INFO] [stderr]    Compiling curve25519-dalek-derive v0.1.1
[INFO] [stderr]    Compiling derive-new v0.7.0
[INFO] [stderr]    Compiling serde_repr v0.1.19
[INFO] [stderr]    Compiling tokio-util v0.7.13
[INFO] [stderr]    Compiling strum_macros v0.26.4
[INFO] [stderr]    Compiling futures-util v0.3.31
[INFO] [stderr]    Compiling zerocopy v0.7.35
[INFO] [stderr]    Compiling ppv-lite86 v0.2.20
[INFO] [stderr]    Compiling darling_macro v0.20.10
[INFO] [stderr]    Compiling thiserror v1.0.69
[INFO] [stderr]    Compiling rand_chacha v0.3.1
[INFO] [stderr]    Compiling ed25519-dalek v2.1.1
[INFO] [stderr]    Compiling zerofrom v0.1.5
[INFO] [stderr]    Compiling yoke v0.7.5
[INFO] [stderr]    Compiling rand v0.8.5
[INFO] [stderr]    Compiling reqwless v0.13.0
[INFO] [stderr]    Compiling darling v0.20.10
[INFO] [stderr]    Compiling serde_with_macros v3.11.0
[INFO] [stderr]    Compiling zerovec v0.10.4
[INFO] [stderr]    Compiling tinystr v0.7.6
[INFO] [stderr]    Compiling icu_collections v1.5.0
[INFO] [stderr]    Compiling icu_locid v1.5.0
[INFO] [stderr]    Compiling futures-executor v0.3.31
[INFO] [stderr]    Compiling http-body-util v0.1.2
[INFO] [stderr]    Compiling icu_provider v1.5.0
[INFO] [stderr]    Compiling futures v0.3.31
[INFO] [stderr]    Compiling embedded-websocket-embedded-io v0.1.0
[INFO] [stderr]    Compiling icu_locid_transform v1.5.0
[INFO] [stderr]    Compiling tokio-native-tls v0.3.1
[INFO] [stderr]    Compiling tungstenite v0.24.0
[INFO] [stderr]    Compiling icu_properties v1.5.1
[INFO] [stderr]    Compiling tokio-tungstenite v0.24.0
[INFO] [stderr]    Compiling hashbrown v0.15.2
[INFO] [stderr]    Compiling serde_urlencoded v0.7.1
[INFO] [stderr]    Compiling serde_with v3.11.0
[INFO] [stderr]    Compiling indexmap v2.7.0
[INFO] [stderr]    Compiling icu_normalizer v1.5.0
[INFO] [stderr]    Compiling idna_adapter v1.2.0
[INFO] [stderr]    Compiling idna v1.0.3
[INFO] [stderr]    Compiling h2 v0.4.7
[INFO] [stderr]    Compiling url v2.5.4
[INFO] [stderr]    Compiling hyper v1.5.1
[INFO] [stderr]    Compiling hyper-util v0.1.10
[INFO] [stderr]    Compiling hyper-tls v0.6.0
[INFO] [stderr]    Compiling reqwest v0.12.9
[INFO] [stderr]    Compiling xrpl-rust v0.4.0 (/opt/rustwide/workdir)
[INFO] [stderr]     Finished `dev` profile [unoptimized + debuginfo] target(s) in 1m 11s
[INFO] running `Command { std: "docker" "inspect" "24105c41d89fdc32830fdde24979569d5438f99bec388cf338f587032e3a4998", kill_on_drop: false }`
[INFO] running `Command { std: "docker" "rm" "-f" "24105c41d89fdc32830fdde24979569d5438f99bec388cf338f587032e3a4998", kill_on_drop: false }`
[INFO] [stdout] 24105c41d89fdc32830fdde24979569d5438f99bec388cf338f587032e3a4998
[INFO] running `Command { std: "docker" "create" "-v" "/var/lib/crater-agent-workspace/builds/worker-4-tc1/target:/opt/rustwide/target:rw,Z" "-v" "/var/lib/crater-agent-workspace/builds/worker-4-tc1/source:/opt/rustwide/workdir:ro,Z" "-v" "/var/lib/crater-agent-workspace/cargo-home:/opt/rustwide/cargo-home:ro,Z" "-v" "/var/lib/crater-agent-workspace/rustup-home:/opt/rustwide/rustup-home:ro,Z" "-e" "SOURCE_DIR=/opt/rustwide/workdir" "-e" "CARGO_TARGET_DIR=/opt/rustwide/target" "-e" "CARGO_INCREMENTAL=0" "-e" "RUST_BACKTRACE=full" "-e" "RUSTFLAGS=--cap-lints=warn" "-e" "RUSTDOCFLAGS=--cap-lints=warn" "-e" "CARGO_HOME=/opt/rustwide/cargo-home" "-e" "RUSTUP_HOME=/opt/rustwide/rustup-home" "-w" "/opt/rustwide/workdir" "-m" "1610612736" "--user" "0:0" "--network" "none" "ghcr.io/rust-lang/crates-build-env/linux@sha256:f3a9d4ad9d972b27faf3965f35b62e55ba32bbce8f20bc8fe909558a86702fde" "/opt/rustwide/cargo-home/bin/cargo" "+1.83.0" "test" "--frozen" "--no-run" "--message-format=json", kill_on_drop: false }`
[INFO] [stdout] 1641c9740752bcee5b8a3595239aed84b9a3a55337739fc184274c077e652d72
[INFO] running `Command { std: "docker" "start" "-a" "1641c9740752bcee5b8a3595239aed84b9a3a55337739fc184274c077e652d72", kill_on_drop: false }`
[INFO] [stderr]    Compiling parking_lot_core v0.9.10
[INFO] [stderr]    Compiling signal-hook-registry v1.4.2
[INFO] [stderr]    Compiling num-traits v0.2.19
[INFO] [stderr]    Compiling embedded-io-async v0.6.1
[INFO] [stderr]    Compiling tokio-macros v2.4.0
[INFO] [stderr]    Compiling embedded-io v0.6.1
[INFO] [stderr]    Compiling crossbeam-utils v0.8.20
[INFO] [stderr]    Compiling rayon-core v1.12.1
[INFO] [stderr]    Compiling either v1.13.0
[INFO] [stderr]    Compiling half v2.4.1
[INFO] [stderr]    Compiling plotters-backend v0.3.7
[INFO] [stderr]    Compiling anstyle v1.0.10
[INFO] [stderr]    Compiling clap_lex v0.7.4
[INFO] [stderr]    Compiling ciborium-io v0.2.2
[INFO] [stderr]    Compiling cast v0.3.0
[INFO] [stderr]    Compiling embedded-io-adapters v0.6.1
[INFO] [stderr]    Compiling walkdir v2.5.0
[INFO] [stderr]    Compiling tinytemplate v1.2.1
[INFO] [stderr]    Compiling is-terminal v0.4.13
[INFO] [stderr]    Compiling anes v0.1.6
[INFO] [stderr]    Compiling oorandom v11.1.4
[INFO] [stderr]    Compiling itertools v0.10.5
[INFO] [stderr]    Compiling parking_lot v0.12.3
[INFO] [stderr]    Compiling plotters-svg v0.3.7
[INFO] [stderr]    Compiling ciborium-ll v0.2.2
[INFO] [stderr]    Compiling clap_builder v4.5.23
[INFO] [stderr]    Compiling embedded-nal-async v0.8.0
[INFO] [stderr]    Compiling embedded-tls v0.17.0
[INFO] [stderr]    Compiling buffered-io v0.5.4
[INFO] [stderr]    Compiling embedded-websocket-embedded-io v0.1.0
[INFO] [stderr]    Compiling embassy-sync v0.6.1
[INFO] [stderr]    Compiling ciborium v0.2.2
[INFO] [stderr]    Compiling crossbeam-epoch v0.9.18
[INFO] [stderr]    Compiling crossbeam-deque v0.8.5
[INFO] [stderr]    Compiling num-integer v0.1.46
[INFO] [stderr]    Compiling plotters v0.3.7
[INFO] [stderr]    Compiling chrono v0.4.39
[INFO] [stderr]    Compiling rust_decimal v1.36.0
[INFO] [stderr]    Compiling tokio v1.42.0
[INFO] [stderr]    Compiling reqwless v0.13.0
[INFO] [stderr]    Compiling num-bigint v0.4.6
[INFO] [stderr]    Compiling criterion-plot v0.5.0
[INFO] [stderr]    Compiling rayon v1.10.0
[INFO] [stderr]    Compiling clap v4.5.23
[INFO] [stderr]    Compiling bigdecimal v0.4.7
[INFO] [stderr]    Compiling criterion v0.5.1
[INFO] [stderr]    Compiling tokio-util v0.7.13
[INFO] [stderr]    Compiling tokio-native-tls v0.3.1
[INFO] [stderr]    Compiling tokio-tungstenite v0.24.0
[INFO] [stderr]    Compiling h2 v0.4.7
[INFO] [stderr]    Compiling hyper v1.5.1
[INFO] [stderr]    Compiling hyper-util v0.1.10
[INFO] [stderr]    Compiling hyper-tls v0.6.0
[INFO] [stderr]    Compiling reqwest v0.12.9
[INFO] [stderr]    Compiling xrpl-rust v0.4.0 (/opt/rustwide/workdir)
[INFO] [stderr]     Finished `test` profile [unoptimized + debuginfo] target(s) in 42.78s
[INFO] running `Command { std: "docker" "inspect" "1641c9740752bcee5b8a3595239aed84b9a3a55337739fc184274c077e652d72", kill_on_drop: false }`
[INFO] running `Command { std: "docker" "rm" "-f" "1641c9740752bcee5b8a3595239aed84b9a3a55337739fc184274c077e652d72", kill_on_drop: false }`
[INFO] [stdout] 1641c9740752bcee5b8a3595239aed84b9a3a55337739fc184274c077e652d72
[INFO] running `Command { std: "docker" "create" "-v" "/var/lib/crater-agent-workspace/builds/worker-4-tc1/target:/opt/rustwide/target:rw,Z" "-v" "/var/lib/crater-agent-workspace/builds/worker-4-tc1/source:/opt/rustwide/workdir:ro,Z" "-v" "/var/lib/crater-agent-workspace/cargo-home:/opt/rustwide/cargo-home:ro,Z" "-v" "/var/lib/crater-agent-workspace/rustup-home:/opt/rustwide/rustup-home:ro,Z" "-e" "SOURCE_DIR=/opt/rustwide/workdir" "-e" "CARGO_TARGET_DIR=/opt/rustwide/target" "-e" "CARGO_INCREMENTAL=0" "-e" "RUST_BACKTRACE=full" "-e" "RUSTFLAGS=--cap-lints=warn" "-e" "RUSTDOCFLAGS=--cap-lints=warn" "-e" "CARGO_HOME=/opt/rustwide/cargo-home" "-e" "RUSTUP_HOME=/opt/rustwide/rustup-home" "-w" "/opt/rustwide/workdir" "-m" "1610612736" "--user" "0:0" "--network" "none" "ghcr.io/rust-lang/crates-build-env/linux@sha256:f3a9d4ad9d972b27faf3965f35b62e55ba32bbce8f20bc8fe909558a86702fde" "/opt/rustwide/cargo-home/bin/cargo" "+1.83.0" "test" "--frozen", kill_on_drop: false }`
[INFO] [stdout] a543599f823cb2366dfbe42e04e9893bdab662cd35bdb559871e4131e2197501
[INFO] running `Command { std: "docker" "start" "-a" "a543599f823cb2366dfbe42e04e9893bdab662cd35bdb559871e4131e2197501", kill_on_drop: false }`
[INFO] [stderr]     Finished `test` profile [unoptimized + debuginfo] target(s) in 0.25s
[INFO] [stderr]      Running unittests src/lib.rs (/opt/rustwide/target/debug/deps/xrpl-beab1bb13f27b9a5)
[INFO] [stdout] 
[INFO] [stdout] running 226 tests
[INFO] [stdout] test core::addresscodec::test::accept_seed_encode_decode_ed25519_high ... ok
[INFO] [stdout] test core::addresscodec::test::accept_seed_encode_decode_ed25519_low ... ok
[INFO] [stdout] test core::addresscodec::test::accept_seed_encode_decode_secp256k1_high ... ok
[INFO] [stdout] test core::addresscodec::test::test_algorithm_to_prefix ... ok
[INFO] [stdout] test core::addresscodec::test::accept_seed_encode_decode_secp256k1_low ... ok
[INFO] [stdout] test core::addresscodec::test::test_decode_account_public_key ... ok
[INFO] [stdout] test core::addresscodec::test::test_decode_node_public_key ... ok
[INFO] [stdout] test core::addresscodec::test::test_encode_account_public_key ... ok
[INFO] [stdout] test core::addresscodec::test::test_encode_node_public_key ... ok
[INFO] [stdout] test core::addresscodec::test::test_encode_seed ... ok
[INFO] [stdout] test core::addresscodec::utils::test::test_encode_base58 ... ok
[INFO] [stdout] test core::addresscodec::test::test_decode_seed ... ok
[INFO] [stdout] test core::binarycodec::binary_wrappers::test::test_binaryparser_try_from ... ok
[INFO] [stdout] test core::binarycodec::binary_wrappers::test::test_binaryserializer_write_field_and_value ... ok
[INFO] [stdout] test core::binarycodec::binary_wrappers::test::accept_peek_skip_read ... ok
[INFO] [stdout] test core::binarycodec::binary_wrappers::test::test_binaryparser_from ... ok
[INFO] [stdout] test core::addresscodec::utils::test::test_decode_base58 ... ok
[INFO] [stdout] test core::addresscodec::test::test_is_valid_classic_address ... ok
[INFO] [stdout] test core::binarycodec::binary_wrappers::test::test_peek ... ok
[INFO] [stdout] test core::binarycodec::binary_wrappers::test::test_read ... ok
[INFO] [stdout] test core::binarycodec::binary_wrappers::test::test_read_field_header ... ok
[INFO] [stdout] test core::binarycodec::binary_wrappers::test::test_read_field_and_value ... ok
[INFO] [stdout] test core::binarycodec::binary_wrappers::test::test_read_length_prefix ... ok
[INFO] [stdout] test core::binarycodec::binary_wrappers::test::test_read_type ... ok
[INFO] [stdout] test core::binarycodec::binary_wrappers::test::test_read_uint32 ... ok
[INFO] [stdout] test core::binarycodec::binary_wrappers::test::test_read_uint16 ... ok
[INFO] [stdout] test core::binarycodec::binary_wrappers::test::test_read_field_value ... ok
[INFO] [stdout] test core::binarycodec::binary_wrappers::test::test_skip_bytes ... ok
[INFO] [stdout] test core::addresscodec::test::test_is_valid_xaddress ... ok
[INFO] [stdout] test core::binarycodec::binary_wrappers::test::test_read_uint8 ... ok
[INFO] [stdout] test core::addresscodec::test::test_classic_address_to_xaddress ... ok
[INFO] [stdout] test core::addresscodec::test::test_xaddress_to_classic_address ... ok
[INFO] [stdout] test core::binarycodec::definitions::types::test::test_get_field_name_from_header ... ok
[INFO] [stdout] test core::binarycodec::definitions::types::test::test_get_field_header_from_name ... ok
[INFO] [stdout] test core::binarycodec::definitions::types::test::test_get_field_type_name ... ok
[INFO] [stdout] test core::binarycodec::definitions::types::test::test_get_field_code ... ok
[INFO] [stdout] test core::binarycodec::definitions::types::test::test_get_transaction_result_code ... ok
[INFO] [stdout] test core::binarycodec::definitions::types::test::test_get_field_instance ... ok
[INFO] [stdout] test core::binarycodec::definitions::types::test::test_get_ledger_entry_type_code ... ok
[INFO] [stdout] test core::binarycodec::definitions::types::test::test_get_ledger_entry_type_name ... ok
[INFO] [stdout] test core::binarycodec::definitions::types::test::test_get_field_type_code ... ok
[INFO] [stdout] test core::binarycodec::definitions::types::test::test_get_transaction_result_name ... ok
[INFO] [stdout] test core::binarycodec::definitions::types::test::test_get_transaction_type_code ... ok
[INFO] [stdout] test core::binarycodec::definitions::types::test::test_load_definitions ... ok
[INFO] [stdout] test core::binarycodec::definitions::types::test::test_get_transaction_type_name ... ok
[INFO] [stdout] test core::binarycodec::binary_wrappers::test::test_encode_variable_length_prefix ... ok
[INFO] [stdout] test core::binarycodec::types::account_id::test::test_accountid_new ... ok
[INFO] [stdout] test core::binarycodec::types::amount::test::test_contains_decimal ... ok
[INFO] [stdout] test core::binarycodec::types::amount::test::test_amount_try_from_string ... ok
[INFO] [stdout] test core::binarycodec::types::blob::test::test_blob_new ... ok
[INFO] [stdout] test core::binarycodec::types::account_id::test::test_accountid_try_from ... ok
[INFO] [stdout] test core::binarycodec::types::hash::test::accept_hash_invalid_length_errors ... ok
[INFO] [stdout] test core::binarycodec::types::hash::test::test_hash_new ... ok
[INFO] [stdout] test core::binarycodec::types::account_id::test::accept_accountid_serde_encode_decode ... ok
[INFO] [stdout] test core::binarycodec::types::currency::test::test_iso_to_bytes ... ok
[INFO] [stdout] test core::binarycodec::types::paths::test::test_is_path_set ... ok
[INFO] [stdout] test core::binarycodec::types::currency::test::accept_currency_serde_encode_decode ... ok
[INFO] [stdout] test core::binarycodec::types::paths::test::test_is_path_step ... ok
[INFO] [stdout] test core::binarycodec::types::currency::test::test_currency_try_from ... ok
[INFO] [stdout] test core::binarycodec::types::blob::test::test_blob_try_from ... ok
[INFO] [stdout] test core::binarycodec::types::currency::test::test_currency_new ... ok
[INFO] [stdout] test core::binarycodec::types::hash::test::test_hash_try_from ... ok
[INFO] [stdout] test core::binarycodec::types::hash::test::test_hash_try_from_parser ... ok
[INFO] [stdout] test core::binarycodec::types::paths::test::test_path_from_parser ... ok
[INFO] [stdout] test core::binarycodec::types::amount::test::test_amount_new ... ok
[INFO] [stdout] test core::binarycodec::types::paths::test::test_pathset_from_parser ... ok
[INFO] [stdout] test core::binarycodec::types::paths::test::test_pathset_new ... ok
[INFO] [stdout] test core::binarycodec::types::paths::test::test_path_to_json ... ok
[INFO] [stdout] test core::binarycodec::types::paths::test::test_path_new ... ok
[INFO] [stdout] test core::binarycodec::types::paths::test::test_pathstep_from_parser ... ok
[INFO] [stdout] test core::binarycodec::types::paths::test::test_pathstep_new ... ok
[INFO] [stdout] test core::binarycodec::types::vector256::test::accept_vector256_serde_encode_decode ... ok
[INFO] [stdout] test core::binarycodec::types::vector256::test::test_vector256_try_from ... ok
[INFO] [stdout] test core::binarycodec::types::vector256::test::test_vector256_new ... ok
[INFO] [stdout] test core::binarycodec::types::paths::test::test_path_try_from ... ok
[INFO] [stdout] test core::binarycodec::utils::test::test_decode_field_name ... ok
[INFO] [stdout] test core::binarycodec::types::paths::test::test_pathset_to_json ... ok
[INFO] [stdout] test core::binarycodec::utils::test::test_encode_field_name ... ok
[INFO] [stdout] test core::binarycodec::types::paths::test::test_pathstep_try_from ... ok
[INFO] [stdout] test core::binarycodec::types::vector256::test::test_vector256_try_from_parser ... ok
[INFO] [stdout] test core::binarycodec::types::paths::test::test_pathstep_to_json ... ok
[INFO] [stdout] test core::keypairs::algorithms::test::test_secp256k1_is_valid_message ... ok
[INFO] [stdout] test core::keypairs::test::test_derive_classic_address ... ok
[INFO] [stdout] test core::keypairs::test::test_generate_seed ... ok
[INFO] [stdout] test core::keypairs::algorithms::test::test_secp256k1_sign ... ok
[INFO] [stdout] test core::keypairs::algorithms::test::test_secp256k1_derive_keypair ... ok
[INFO] [stdout] test core::binarycodec::types::amount::test::test_amount_try_from_issuedcurrency ... ok
[INFO] [stdout] test core::keypairs::utils::test::test_get_account_id ... ok
[INFO] [stdout] test models::currency::issued_currency::test_serde::test_deserialize ... ok
[INFO] [stdout] test models::currency::issued_currency::test_serde::test_serialize ... ok
[INFO] [stdout] test core::binarycodec::types::paths::test::test_pathset_try_from ... ok
[INFO] [stdout] test models::currency::xrp::test_amount_currency_conversion::test_currency_from_amount ... ok
[INFO] [stdout] test models::currency::xrp::test_amount_currency_conversion::test_currency_to_amount ... ok
[INFO] [stdout] test models::currency::xrp::test_serde::test_deserialize ... ok
[INFO] [stdout] test models::currency::xrp::test_serde::test_serialize ... ok
[INFO] [stdout] test models::ledger::objects::account_root::tests::test_account_root_serde ... ok
[INFO] [stdout] test models::ledger::objects::amendments::tests::test_serde ... ok
[INFO] [stdout] test models::ledger::objects::amm::test_serde::test_serialize ... ok
[INFO] [stdout] test models::ledger::objects::check::tests::test_serde ... ok
[INFO] [stdout] test models::ledger::objects::deposit_preauth::tests::test_serde ... ok
[INFO] [stdout] test core::binarycodec::types::amount::test::accept_amount_serde_encode_decode ... ok
[INFO] [stdout] test models::ledger::objects::directory_node::tests::test_serde ... ok
[INFO] [stdout] test models::currency::xrp::test_amount_currency_conversion::test_amount_into_currency ... ok
[INFO] [stdout] test core::keypairs::utils::test::test_sha512_first_half ... ok
[INFO] [stdout] test models::ledger::objects::fee_settings::tests::test_serde ... ok
[INFO] [stdout] test models::ledger::objects::escrow::test_serde::test_serialize ... ok
[INFO] [stdout] test models::ledger::objects::ledger_hashes::tests::test_serde ... ok
[INFO] [stdout] test models::ledger::objects::negative_unl::tests::test_serde ... ok
[INFO] [stdout] test models::ledger::objects::offer::tests::test_serde ... ok
[INFO] [stdout] test models::ledger::objects::pay_channel::tests::test_serde ... ok
[INFO] [stdout] test models::ledger::objects::nftoken_offer::tests::test_serde ... ok
[INFO] [stdout] test models::ledger::objects::ripple_state::tests::test_serde ... ok
[INFO] [stdout] test models::requests::book_offers::test::test_serde ... ok
[INFO] [stdout] test models::ledger::objects::signer_list::tests::test_serde ... ok
[INFO] [stdout] test models::requests::channel_authorize::test_channel_authorize_errors::test_fields_error ... ok
[INFO] [stdout] test models::requests::channel_authorize::test_channel_authorize_errors::test_serde ... ok
[INFO] [stdout] test models::requests::ledger_entry::test_ledger_entry_errors::test_fields_error ... ok
[INFO] [stdout] test models::requests::ledger_entry::test_ledger_entry_errors::test_serde ... ok
[INFO] [stdout] test models::transactions::account_delete::test_serde::test_serialize ... ok
[INFO] [stdout] test models::transactions::account_set::test_account_set_errors::test_asf_authorized_nftoken_minter_error ... ok
[INFO] [stdout] test models::transactions::account_set::test_account_set_errors::test_domain_error ... ok
[INFO] [stdout] test models::transactions::account_set::test_account_set_errors::test_flag_error ... ok
[INFO] [stdout] test models::transactions::account_set::test_account_set_errors::test_tick_size_error ... ok
[INFO] [stdout] test models::transactions::account_set::test_account_set_errors::test_transfer_rate_error ... ok
[INFO] [stdout] test models::transactions::amm_create::test_errors::test_no_error ... ok
[INFO] [stdout] test models::transactions::account_set::tests::test_serde ... ok
[INFO] [stdout] test models::transactions::amm_create::test_errors::test_trading_fee_error ... ok
[INFO] [stdout] test models::transactions::amm_deposit::test_errors::test_amount2_no_amount ... ok
[INFO] [stdout] test models::transactions::amm_deposit::test_errors::test_no_lp_token_out_or_amount ... ok
[INFO] [stdout] test models::transactions::amm_deposit::test_errors::test_no_amount ... ok
[INFO] [stdout] test models::ledger::objects::nftoken_page::tests::test_serde ... ok
[INFO] [stdout] test models::ledger::objects::ticket::tests::test_serde ... ok
[INFO] [stdout] test models::transactions::check_cancel::tests::test_serde ... ok
[INFO] [stdout] test models::transactions::check_cash::tests::test_serde ... ok
[INFO] [stdout] test models::transactions::check_create::tests::test_serde ... ok
[INFO] [stdout] test models::transactions::deposit_preauth::tests::test_serde ... ok
[INFO] [stdout] test models::transactions::escrow_cancel::tests::test_serde ... ok
[INFO] [stdout] test models::transactions::check_cash::test_check_cash_error::test_amount_and_deliver_min_error ... ok
[INFO] [stdout] test models::transactions::escrow_create::test_escrow_create_errors::test_cancel_after_error ... ok
[INFO] [stdout] test models::transactions::escrow_finish::test_escrow_finish_errors::test_condition_and_fulfillment_error ... ok
[INFO] [stdout] test models::transactions::escrow_create::tests::test_serde ... ok
[INFO] [stdout] test models::transactions::nftoken_accept_offer::test_nftoken_accept_offer_error::test_broker_fee_error ... ok
[INFO] [stdout] test models::transactions::nftoken_accept_offer::test_nftoken_accept_offer_error::test_brokered_mode_error ... ok
[INFO] [stdout] test models::transactions::escrow_finish::tests::test_serde ... ok
[INFO] [stdout] test models::transactions::deposit_preauth::test_deposit_preauth_exception::test_authorize_and_unauthorize_error ... ok
[INFO] [stdout] test models::transactions::nftoken_cancel_offer::test_nftoken_cancel_offer_error::test_nftoken_offer_error ... ok
[INFO] [stdout] test models::transactions::nftoken_burn::tests::test_serde ... ok
[INFO] [stdout] test models::transactions::nftoken_accept_offer::tests::test_serde ... ok
[INFO] [stdout] test models::transactions::nftoken_create_offer::test_nftoken_create_offer_error::test_amount_error ... ok
[INFO] [stdout] test models::transactions::nftoken_cancel_offer::tests::test_serde ... ok
[INFO] [stdout] test models::transactions::nftoken_mint::test_nftoken_mint_error::test_issuer_error ... ok
[INFO] [stdout] test models::transactions::nftoken_mint::test_nftoken_mint_error::test_transfer_fee_error ... ok
[INFO] [stdout] test models::transactions::nftoken_create_offer::tests::test_serde ... ok
[INFO] [stdout] test core::keypairs::algorithms::test::test_ed25519_derive_keypair ... ok
[INFO] [stdout] test models::transactions::nftoken_mint::tests::test_serde ... ok
[INFO] [stdout] test models::transactions::nftoken_mint::test_nftoken_mint_error::test_uri_error ... ok
[INFO] [stdout] test models::transactions::offer_create::test::test_get_transaction_type ... ok
[INFO] [stdout] test models::transactions::offer_cancel::tests::test_serde ... ok
[INFO] [stdout] test models::transactions::nftoken_create_offer::test_nftoken_create_offer_error::test_destination_error ... ok
[INFO] [stdout] test models::transactions::nftoken_create_offer::test_nftoken_create_offer_error::test_owner_error ... ok
[INFO] [stdout] test models::transactions::payment::test_payment_error::test_exchange_error ... ok
[INFO] [stdout] test models::transactions::offer_create::test::test_has_flag ... ok
[INFO] [stdout] test models::transactions::payment::test_payment_error::test_partial_payments_eror ... ok
[INFO] [stdout] test models::transactions::payment::tests::test_serde ... ok
[INFO] [stdout] test models::transactions::offer_create::tests::test_serde ... ok
[INFO] [stdout] test models::transactions::payment_channel_claim::tests::test_serde ... ok
[INFO] [stdout] test models::transactions::payment_channel_fund::tests::test_serde ... ok
[INFO] [stdout] test models::transactions::payment_channel_create::tests::test_serde ... ok
[INFO] [stdout] test models::transactions::signer_list_set::test_signer_list_set_error::test_signer_entries_error ... ok
[INFO] [stdout] test models::transactions::payment::test_payment_error::test_xrp_to_xrp_error ... ok
[INFO] [stdout] test models::transactions::set_regular_key::tests::test_serde ... ok
[INFO] [stdout] test models::transactions::signer_list_set::test_signer_list_set_error::test_signer_list_deleted_error ... ok
[INFO] [stdout] test models::transactions::signer_list_set::tests::test_serde ... ok
[INFO] [stdout] test models::transactions::ticket_create::tests::test_serde ... ok
[INFO] [stdout] test models::transactions::xchain_account_create_commit::test_serde::test_deserialize ... ok
[INFO] [stdout] test models::transactions::trust_set::tests::test_serde ... ok
[INFO] [stdout] test models::transactions::xchain_add_account_create_attestation::test_serde::test_deserialize ... ok
[INFO] [stdout] test models::transactions::xchain_add_account_create_attestation::test_serde::test_serialize ... ok
[INFO] [stdout] test models::transactions::xchain_commit::test_serde::test_deserialize ... ok
[INFO] [stdout] test models::transactions::xchain_commit::test_serde::test_serialize ... ok
[INFO] [stdout] test core::keypairs::test::test_is_valid_message ... ok
[INFO] [stdout] test utils::test::test_is_hex ... ok
[INFO] [stdout] test models::transactions::test_tx_common_fields::test_get_hash ... ok
[INFO] [stdout] test utils::test::test_is_hex_address ... ok
[INFO] [stdout] test core::keypairs::algorithms::test::test_ed25519_is_valid_message ... ok
[INFO] [stdout] test models::transactions::test_tx_common_fields::test_txn_hash ... ok
[INFO] [stdout] test utils::time_conversion::test::accept_datetime_overflow ... ok
[INFO] [stdout] test utils::time_conversion::test::accept_datetime_round_trip ... ok
[INFO] [stdout] test utils::time_conversion::test::accept_posix_overflow ... ok
[INFO] [stdout] test utils::time_conversion::test::accept_datetime_underflow ... ok
[INFO] [stdout] test utils::time_conversion::test::accept_posix_round_trip ... ok
[INFO] [stdout] test utils::time_conversion::test::test_datetime_to_ripple_time ... ok
[INFO] [stdout] test utils::time_conversion::test::accept_posix_underflow ... ok
[INFO] [stdout] test utils::time_conversion::test::accept_ripple_epoch ... ok
[INFO] [stdout] test utils::time_conversion::test::test_ripple_time_to_posix ... ok
[INFO] [stdout] test utils::time_conversion::test::test_posix_to_ripple_time ... ok
[INFO] [stdout] test utils::time_conversion::test::test_ripple_time_to_datetime ... ok
[INFO] [stdout] test utils::test::test_is_iso_code ... ok
[INFO] [stdout] test utils::xrpl_conversion::test::accept_1mil_drops ... ok
[INFO] [stdout] test utils::xrpl_conversion::test::accept_max_drops ... ok
[INFO] [stdout] test utils::xrpl_conversion::test::accept_max_xrp ... ok
[INFO] [stdout] test utils::xrpl_conversion::test::accept_one_drop ... ok
[INFO] [stdout] test utils::xrpl_conversion::test::accept_min_xrp ... ok
[INFO] [stdout] test utils::xrpl_conversion::test::accept_one_xrp ... ok
[INFO] [stdout] test utils::xrpl_conversion::test::accept_too_big_drops ... ok
[INFO] [stdout] test utils::xrpl_conversion::test::accept_too_big_xrp ... ok
[INFO] [stdout] test utils::xrpl_conversion::test::accept_zero_drops ... ok
[INFO] [stdout] test utils::xrpl_conversion::test::accept_zero_xrp ... ok
[INFO] [stdout] test utils::xrpl_conversion::test::test_drops_to_xrp ... ok
[INFO] [stdout] test utils::xrpl_conversion::test::test_one_drop_decimal ... ok
[INFO] [stdout] test utils::xrpl_conversion::test::accept_too_small_xrp ... ok
[INFO] [stdout] test utils::xrpl_conversion::test::test_verify_valid_xrp_value ... ok
[INFO] [stdout] test utils::xrpl_conversion::test::test_xrp_to_drops ... ok
[INFO] [stdout] test core::keypairs::algorithms::test::test_ed25519_sign ... ok
[INFO] [stdout] test core::keypairs::test::test_sign ... ok
[INFO] [stdout] test utils::xrpl_conversion::test::test_verify_valid_ic_value ... ok
[INFO] [stdout] test core::binarycodec::types::amount::test::accept_amount_value_tests ... ok
[INFO] [stdout] test core::keypairs::test::test_derive_keypair ... ok
[INFO] [stdout] test asynch::transaction::test_sign::test_sign ... ok
[INFO] [stdout] test asynch::transaction::test_autofill::test_autofill_txn ... FAILED
[INFO] [stdout] test models::transactions::xchain_claim::test_sign::test_sign_xchain_claim_xrp ... ok
[INFO] [stdout] test models::transactions::xchain_claim::test_sign::test_sign_xchain_claim_iou ... ok
[INFO] [stdout] test asynch::wallet::test_faucet_wallet_generation::test_generate_faucet_wallet ... FAILED
[INFO] [stdout] test asynch::transaction::submit_and_wait::test_submit_and_wait::test_submit_and_wait ... FAILED
[INFO] [stdout] test asynch::transaction::test_sign::test_autofill_and_sign ... FAILED
[INFO] [stdout] test transaction::multisign::test::test_multisign ... ok
[INFO] [stdout] 
[INFO] [stdout] failures:
[INFO] [stdout] 
[INFO] [stdout] ---- asynch::transaction::test_autofill::test_autofill_txn stdout ----
[INFO] [stdout] thread 'asynch::transaction::test_autofill::test_autofill_txn' panicked at src/asynch/transaction/mod.rs:526:10:
[INFO] [stdout] called `Result::unwrap()` on an `Err` value: XRPLWebSocketError(TungsteniteError(Io(Custom { kind: Uncategorized, error: "failed to lookup address information: Temporary failure in name resolution" })))
[INFO] [stdout] stack backtrace:
[INFO] [stdout]    0:     0x5cd693af4c5a - std::backtrace_rs::backtrace::libunwind::trace::h5a5b8284f2d0c266
[INFO] [stdout]                                at /rustc/90b35a6239c3d8bdabc530a6a0816f7ff89a0aaf/library/std/src/../../backtrace/src/backtrace/libunwind.rs:116:5
[INFO] [stdout]    1:     0x5cd693af4c5a - std::backtrace_rs::backtrace::trace_unsynchronized::h76d4f1c9b0b875e3
[INFO] [stdout]                                at /rustc/90b35a6239c3d8bdabc530a6a0816f7ff89a0aaf/library/std/src/../../backtrace/src/backtrace/mod.rs:66:5
[INFO] [stdout]    2:     0x5cd693af4c5a - std::sys::backtrace::_print_fmt::hc4546b8364a537c6
[INFO] [stdout]                                at /rustc/90b35a6239c3d8bdabc530a6a0816f7ff89a0aaf/library/std/src/sys/backtrace.rs:66:9
[INFO] [stdout]    3:     0x5cd693af4c5a - <std::sys::backtrace::BacktraceLock::print::DisplayBacktrace as core::fmt::Display>::fmt::h5b6bd5631a6d1f6b
[INFO] [stdout]                                at /rustc/90b35a6239c3d8bdabc530a6a0816f7ff89a0aaf/library/std/src/sys/backtrace.rs:39:26
[INFO] [stdout]    4:     0x5cd693b20143 - core::fmt::rt::Argument::fmt::h270f6602a2b96f62
[INFO] [stdout]                                at /rustc/90b35a6239c3d8bdabc530a6a0816f7ff89a0aaf/library/core/src/fmt/rt.rs:177:76
[INFO] [stdout]    5:     0x5cd693b20143 - core::fmt::write::h7550c97b06c86515
[INFO] [stdout]                                at /rustc/90b35a6239c3d8bdabc530a6a0816f7ff89a0aaf/library/core/src/fmt/mod.rs:1186:21
[INFO] [stdout]    6:     0x5cd693af1173 - std::io::Write::write_fmt::h509ff860e5956e5e
[INFO] [stdout]                                at /rustc/90b35a6239c3d8bdabc530a6a0816f7ff89a0aaf/library/std/src/io/mod.rs:1839:15
[INFO] [stdout]    7:     0x5cd693af4aa2 - std::sys::backtrace::BacktraceLock::print::h2395ccd2c84ba3aa
[INFO] [stdout]                                at /rustc/90b35a6239c3d8bdabc530a6a0816f7ff89a0aaf/library/std/src/sys/backtrace.rs:42:9
[INFO] [stdout]    8:     0x5cd693af60ba - std::panicking::default_hook::{{closure}}::he19d4c7230e07961
[INFO] [stdout]                                at /rustc/90b35a6239c3d8bdabc530a6a0816f7ff89a0aaf/library/std/src/panicking.rs:268:22
[INFO] [stdout]    9:     0x5cd693af5ec4 - std::panicking::default_hook::hf614597d3c67bbdb
[INFO] [stdout]                                at /rustc/90b35a6239c3d8bdabc530a6a0816f7ff89a0aaf/library/std/src/panicking.rs:292:9
[INFO] [stdout]   10:     0x5cd6934331b9 - <alloc::boxed::Box<F,A> as core::ops::function::Fn<Args>>::call::h39b51ce4599c23d1
[INFO] [stdout]                                at /rustc/90b35a6239c3d8bdabc530a6a0816f7ff89a0aaf/library/alloc/src/boxed.rs:2468:9
[INFO] [stdout]   11:     0x5cd6934331b9 - test::test_main::{{closure}}::he977ae839a582784
[INFO] [stdout]                                at /rustc/90b35a6239c3d8bdabc530a6a0816f7ff89a0aaf/library/test/src/lib.rs:133:21
[INFO] [stdout]   12:     0x5cd693af6758 - <alloc::boxed::Box<F,A> as core::ops::function::Fn<Args>>::call::h9455091b6b06f9fb
[INFO] [stdout]                                at /rustc/90b35a6239c3d8bdabc530a6a0816f7ff89a0aaf/library/alloc/src/boxed.rs:2468:9
[INFO] [stdout]   13:     0x5cd693af6758 - std::panicking::rust_panic_with_hook::h8942133a8b252070
[INFO] [stdout]                                at /rustc/90b35a6239c3d8bdabc530a6a0816f7ff89a0aaf/library/std/src/panicking.rs:809:13
[INFO] [stdout]   14:     0x5cd693af651a - std::panicking::begin_panic_handler::{{closure}}::hb5f5963570096b29
[INFO] [stdout]                                at /rustc/90b35a6239c3d8bdabc530a6a0816f7ff89a0aaf/library/std/src/panicking.rs:674:13
[INFO] [stdout]   15:     0x5cd693af5139 - std::sys::backtrace::__rust_end_short_backtrace::h6208cedc1922feda
[INFO] [stdout]                                at /rustc/90b35a6239c3d8bdabc530a6a0816f7ff89a0aaf/library/std/src/sys/backtrace.rs:170:18
[INFO] [stdout]   16:     0x5cd693af61ac - rust_begin_unwind
[INFO] [stdout]                                at /rustc/90b35a6239c3d8bdabc530a6a0816f7ff89a0aaf/library/std/src/panicking.rs:665:5
[INFO] [stdout]   17:     0x5cd692f08320 - core::panicking::panic_fmt::h0c3082644d1bf418
[INFO] [stdout]                                at /rustc/90b35a6239c3d8bdabc530a6a0816f7ff89a0aaf/library/core/src/panicking.rs:74:14
[INFO] [stdout]   18:     0x5cd692f08806 - core::result::unwrap_failed::hd20b4aa073bda1e2
[INFO] [stdout]                                at /rustc/90b35a6239c3d8bdabc530a6a0816f7ff89a0aaf/library/core/src/result.rs:1700:5
[INFO] [stdout]   19:     0x5cd693130956 - core::result::Result<T,E>::unwrap::h8b08fb2aa483a352
[INFO] [stdout]                                at /rustc/90b35a6239c3d8bdabc530a6a0816f7ff89a0aaf/library/core/src/result.rs:1104:23
[INFO] [stdout]   20:     0x5cd693130956 - xrpl::asynch::transaction::test_autofill::test_autofill_txn::{{closure}}::ha5fde88a613f18de
[INFO] [stdout]                                at /opt/rustwide/workdir/src/asynch/transaction/mod.rs:522:22
[INFO] [stdout]   21:     0x5cd693171c2f - <core::pin::Pin<P> as core::future::future::Future>::poll::h225e5d0b11d46952
[INFO] [stdout]                                at /rustc/90b35a6239c3d8bdabc530a6a0816f7ff89a0aaf/library/core/src/future/future.rs:123:9
[INFO] [stdout]   22:     0x5cd693171e0b - <core::pin::Pin<P> as core::future::future::Future>::poll::hf8de1d8027332eb4
[INFO] [stdout]                                at /rustc/90b35a6239c3d8bdabc530a6a0816f7ff89a0aaf/library/core/src/future/future.rs:123:9
[INFO] [stdout]   23:     0x5cd6932d4cae - tokio::runtime::scheduler::current_thread::CoreGuard::block_on::{{closure}}::{{closure}}::{{closure}}::h673ce5de5ff9dd5c
[INFO] [stdout]                                at /opt/rustwide/cargo-home/registry/src/index.crates.io-6f17d22bba15001f/tokio-1.42.0/src/runtime/scheduler/current_thread/mod.rs:729:57
[INFO] [stdout]   24:     0x5cd6932d4605 - tokio::runtime::coop::with_budget::hc0a5d89ebe8ec4f1
[INFO] [stdout]                                at /opt/rustwide/cargo-home/registry/src/index.crates.io-6f17d22bba15001f/tokio-1.42.0/src/runtime/coop.rs:107:5
[INFO] [stdout]   25:     0x5cd6932d4605 - tokio::runtime::coop::budget::h6621e81fc2ad26ae
[INFO] [stdout]                                at /opt/rustwide/cargo-home/registry/src/index.crates.io-6f17d22bba15001f/tokio-1.42.0/src/runtime/coop.rs:73:5
[INFO] [stdout]   26:     0x5cd6932d4605 - tokio::runtime::scheduler::current_thread::CoreGuard::block_on::{{closure}}::{{closure}}::h2887a53295683ae7
[INFO] [stdout]                                at /opt/rustwide/cargo-home/registry/src/index.crates.io-6f17d22bba15001f/tokio-1.42.0/src/runtime/scheduler/current_thread/mod.rs:729:25
[INFO] [stdout]   27:     0x5cd6932cfbfd - tokio::runtime::scheduler::current_thread::Context::enter::ha3648d4a0fddd612
[INFO] [stdout]                                at /opt/rustwide/cargo-home/registry/src/index.crates.io-6f17d22bba15001f/tokio-1.42.0/src/runtime/scheduler/current_thread/mod.rs:428:19
[INFO] [stdout]   28:     0x5cd6932d232e - tokio::runtime::scheduler::current_thread::CoreGuard::block_on::{{closure}}::h426dd12ee4c5a13e
[INFO] [stdout]                                at /opt/rustwide/cargo-home/registry/src/index.crates.io-6f17d22bba15001f/tokio-1.42.0/src/runtime/scheduler/current_thread/mod.rs:728:36
[INFO] [stdout]   29:     0x5cd6932d1edb - tokio::runtime::scheduler::current_thread::CoreGuard::enter::{{closure}}::h9f0d1c510d0bff02
[INFO] [stdout]                                at /opt/rustwide/cargo-home/registry/src/index.crates.io-6f17d22bba15001f/tokio-1.42.0/src/runtime/scheduler/current_thread/mod.rs:807:68
[INFO] [stdout]   30:     0x5cd693105d1a - tokio::runtime::context::scoped::Scoped<T>::set::h87903a5d6ec3bd67
[INFO] [stdout]                                at /opt/rustwide/cargo-home/registry/src/index.crates.io-6f17d22bba15001f/tokio-1.42.0/src/runtime/context/scoped.rs:40:9
[INFO] [stdout]   31:     0x5cd692f82bea - tokio::runtime::context::set_scheduler::{{closure}}::h3a854c0fb3ea0ed5
[INFO] [stdout]                                at /opt/rustwide/cargo-home/registry/src/index.crates.io-6f17d22bba15001f/tokio-1.42.0/src/runtime/context.rs:180:26
[INFO] [stdout]   32:     0x5cd6932c1d26 - std::thread::local::LocalKey<T>::try_with::h72fb27808447be3e
[INFO] [stdout]                                at /rustc/90b35a6239c3d8bdabc530a6a0816f7ff89a0aaf/library/std/src/thread/local.rs:283:12
[INFO] [stdout]   33:     0x5cd6932c09d2 - std::thread::local::LocalKey<T>::with::h4dcad46edfd6f26f
[INFO] [stdout]                                at /rustc/90b35a6239c3d8bdabc530a6a0816f7ff89a0aaf/library/std/src/thread/local.rs:260:9
[INFO] [stdout]   34:     0x5cd692f82ac1 - tokio::runtime::context::set_scheduler::h493d0c58d66edaea
[INFO] [stdout]                                at /opt/rustwide/cargo-home/registry/src/index.crates.io-6f17d22bba15001f/tokio-1.42.0/src/runtime/context.rs:180:9
[INFO] [stdout]   35:     0x5cd6932d17fb - tokio::runtime::scheduler::current_thread::CoreGuard::enter::hbe37a8b179857b52
[INFO] [stdout]                                at /opt/rustwide/cargo-home/registry/src/index.crates.io-6f17d22bba15001f/tokio-1.42.0/src/runtime/scheduler/current_thread/mod.rs:807:27
[INFO] [stdout]   36:     0x5cd6932d1fa8 - tokio::runtime::scheduler::current_thread::CoreGuard::block_on::h64c48e3c17252e01
[INFO] [stdout]                                at /opt/rustwide/cargo-home/registry/src/index.crates.io-6f17d22bba15001f/tokio-1.42.0/src/runtime/scheduler/current_thread/mod.rs:716:19
[INFO] [stdout]   37:     0x5cd6932ce3cf - tokio::runtime::scheduler::current_thread::CurrentThread::block_on::{{closure}}::hf7681ef3ffafc551
[INFO] [stdout]                                at /opt/rustwide/cargo-home/registry/src/index.crates.io-6f17d22bba15001f/tokio-1.42.0/src/runtime/scheduler/current_thread/mod.rs:196:28
[INFO] [stdout]   38:     0x5cd69338e597 - tokio::runtime::context::runtime::enter_runtime::ha4e9054e3c987b77
[INFO] [stdout]                                at /opt/rustwide/cargo-home/registry/src/index.crates.io-6f17d22bba15001f/tokio-1.42.0/src/runtime/context/runtime.rs:65:16
[INFO] [stdout]   39:     0x5cd6932cd106 - tokio::runtime::scheduler::current_thread::CurrentThread::block_on::h74fb3cffcbbbc992
[INFO] [stdout]                                at /opt/rustwide/cargo-home/registry/src/index.crates.io-6f17d22bba15001f/tokio-1.42.0/src/runtime/scheduler/current_thread/mod.rs:184:9
[INFO] [stdout]   40:     0x5cd69338f9e2 - tokio::runtime::runtime::Runtime::block_on_inner::hd74ca1372612a0bd
[INFO] [stdout]                                at /opt/rustwide/cargo-home/registry/src/index.crates.io-6f17d22bba15001f/tokio-1.42.0/src/runtime/runtime.rs:368:47
[INFO] [stdout]   41:     0x5cd69339004f - tokio::runtime::runtime::Runtime::block_on::hf388bf52bc57ed20
[INFO] [stdout]                                at /opt/rustwide/cargo-home/registry/src/index.crates.io-6f17d22bba15001f/tokio-1.42.0/src/runtime/runtime.rs:342:13
[INFO] [stdout]   42:     0x5cd69312fcee - xrpl::asynch::transaction::test_autofill::test_autofill_txn::hc13b846127cbd3e3
[INFO] [stdout]                                at /opt/rustwide/workdir/src/asynch/transaction/mod.rs:534:9
[INFO] [stdout]   43:     0x5cd69312fb63 - xrpl::asynch::transaction::test_autofill::test_autofill_txn::{{closure}}::h4db0436d494ff7ec
[INFO] [stdout]                                at /opt/rustwide/workdir/src/asynch/transaction/mod.rs:500:37
[INFO] [stdout]   44:     0x5cd693068fa6 - core::ops::function::FnOnce::call_once::h5f2241529e5dc961
[INFO] [stdout]                                at /rustc/90b35a6239c3d8bdabc530a6a0816f7ff89a0aaf/library/core/src/ops/function.rs:250:5
[INFO] [stdout]   45:     0x5cd693437b7b - core::ops::function::FnOnce::call_once::h109cf8051a59b34e
[INFO] [stdout]                                at /rustc/90b35a6239c3d8bdabc530a6a0816f7ff89a0aaf/library/core/src/ops/function.rs:250:5
[INFO] [stdout]   46:     0x5cd693437b7b - test::__rust_begin_short_backtrace::hf4fff89d377446ba
[INFO] [stdout]                                at /rustc/90b35a6239c3d8bdabc530a6a0816f7ff89a0aaf/library/test/src/lib.rs:621:18
[INFO] [stdout]   47:     0x5cd6934373b7 - test::run_test_in_process::{{closure}}::h0e39181dd7ee5a43
[INFO] [stdout]                                at /rustc/90b35a6239c3d8bdabc530a6a0816f7ff89a0aaf/library/test/src/lib.rs:644:60
[INFO] [stdout]   48:     0x5cd6934373b7 - <core::panic::unwind_safe::AssertUnwindSafe<F> as core::ops::function::FnOnce<()>>::call_once::hc5a66a30f0bdfd1f
[INFO] [stdout]                                at /rustc/90b35a6239c3d8bdabc530a6a0816f7ff89a0aaf/library/core/src/panic/unwind_safe.rs:272:9
[INFO] [stdout]   49:     0x5cd6934373b7 - std::panicking::try::do_call::h873b7cf639554a5e
[INFO] [stdout]                                at /rustc/90b35a6239c3d8bdabc530a6a0816f7ff89a0aaf/library/std/src/panicking.rs:557:40
[INFO] [stdout]   50:     0x5cd6934373b7 - std::panicking::try::hdb19862fad9c8bd1
[INFO] [stdout]                                at /rustc/90b35a6239c3d8bdabc530a6a0816f7ff89a0aaf/library/std/src/panicking.rs:520:19
[INFO] [stdout]   51:     0x5cd6934373b7 - std::panic::catch_unwind::h281fe732d236d260
[INFO] [stdout]                                at /rustc/90b35a6239c3d8bdabc530a6a0816f7ff89a0aaf/library/std/src/panic.rs:358:14
[INFO] [stdout]   52:     0x5cd6934373b7 - test::run_test_in_process::h949b6df8457ed338
[INFO] [stdout]                                at /rustc/90b35a6239c3d8bdabc530a6a0816f7ff89a0aaf/library/test/src/lib.rs:644:27
[INFO] [stdout]   53:     0x5cd6934373b7 - test::run_test::{{closure}}::h52c556a6d4740e10
[INFO] [stdout]                                at /rustc/90b35a6239c3d8bdabc530a6a0816f7ff89a0aaf/library/test/src/lib.rs:565:43
[INFO] [stdout]   54:     0x5cd6933fc694 - test::run_test::{{closure}}::h4237f6381c45ccb9
[INFO] [stdout]                                at /rustc/90b35a6239c3d8bdabc530a6a0816f7ff89a0aaf/library/test/src/lib.rs:595:41
[INFO] [stdout]   55:     0x5cd6933fc694 - std::sys::backtrace::__rust_begin_short_backtrace::h505c97a579eca628
[INFO] [stdout]                                at /rustc/90b35a6239c3d8bdabc530a6a0816f7ff89a0aaf/library/std/src/sys/backtrace.rs:154:18
[INFO] [stdout]   56:     0x5cd6933ffd5e - std::thread::Builder::spawn_unchecked_::{{closure}}::{{closure}}::h9e86b2e2bc107ea3
[INFO] [stdout]                                at /rustc/90b35a6239c3d8bdabc530a6a0816f7ff89a0aaf/library/std/src/thread/mod.rs:538:17
[INFO] [stdout]   57:     0x5cd6933ffd5e - <core::panic::unwind_safe::AssertUnwindSafe<F> as core::ops::function::FnOnce<()>>::call_once::h8b06ddb275ff4a25
[INFO] [stdout]                                at /rustc/90b35a6239c3d8bdabc530a6a0816f7ff89a0aaf/library/core/src/panic/unwind_safe.rs:272:9
[INFO] [stdout]   58:     0x5cd6933ffd5e - std::panicking::try::do_call::hb26ecd7cd9a9355d
[INFO] [stdout]                                at /rustc/90b35a6239c3d8bdabc530a6a0816f7ff89a0aaf/library/std/src/panicking.rs:557:40
[INFO] [stdout]   59:     0x5cd6933ffd5e - std::panicking::try::h8ddeca9d705f9069
[INFO] [stdout]                                at /rustc/90b35a6239c3d8bdabc530a6a0816f7ff89a0aaf/library/std/src/panicking.rs:520:19
[INFO] [stdout]   60:     0x5cd6933ffd5e - std::panic::catch_unwind::h49e1c33078844c46
[INFO] [stdout]                                at /rustc/90b35a6239c3d8bdabc530a6a0816f7ff89a0aaf/library/std/src/panic.rs:358:14
[INFO] [stdout]   61:     0x5cd6933ffd5e - std::thread::Builder::spawn_unchecked_::{{closure}}::h6073db6ff56ad35d
[INFO] [stdout]                                at /rustc/90b35a6239c3d8bdabc530a6a0816f7ff89a0aaf/library/std/src/thread/mod.rs:537:30
[INFO] [stdout]   62:     0x5cd6933ffd5e - core::ops::function::FnOnce::call_once{{vtable.shim}}::h2c5a5f3779c774f1
[INFO] [stdout]                                at /rustc/90b35a6239c3d8bdabc530a6a0816f7ff89a0aaf/library/core/src/ops/function.rs:250:5
[INFO] [stdout]   63:     0x5cd693afaa1b - <alloc::boxed::Box<F,A> as core::ops::function::FnOnce<Args>>::call_once::hf75717d9f28faebf
[INFO] [stdout]                                at /rustc/90b35a6239c3d8bdabc530a6a0816f7ff89a0aaf/library/alloc/src/boxed.rs:2454:9
[INFO] [stdout]   64:     0x5cd693afaa1b - <alloc::boxed::Box<F,A> as core::ops::function::FnOnce<Args>>::call_once::h7bd883a5f3c5f3c1
[INFO] [stdout]                                at /rustc/90b35a6239c3d8bdabc530a6a0816f7ff89a0aaf/library/alloc/src/boxed.rs:2454:9
[INFO] [stdout]   65:     0x5cd693afaa1b - std::sys::pal::unix::thread::Thread::new::thread_start::hcc78f3943333fa94
[INFO] [stdout]                                at /rustc/90b35a6239c3d8bdabc530a6a0816f7ff89a0aaf/library/std/src/sys/pal/unix/thread.rs:105:17
[INFO] [stdout]   66:     0x73a2883ddac3 - <unknown>
[INFO] [stdout]   67:     0x73a28846ea04 - clone
[INFO] [stdout]   68:                0x0 - <unknown>
[INFO] [stdout] 
[INFO] [stdout] ---- asynch::wallet::test_faucet_wallet_generation::test_generate_faucet_wallet stdout ----
[INFO] [stdout] thread 'asynch::wallet::test_faucet_wallet_generation::test_generate_faucet_wallet' panicked at src/asynch/wallet/mod.rs:119:14:
[INFO] [stdout] called `Result::unwrap()` on an `Err` value: XRPLClientError(XRPLJsonRpcError(ReqwestError(reqwest::Error { kind: Request, url: "https://faucet.altnet.rippletest.net/accounts", source: hyper_util::client::legacy::Error(Connect, ConnectError("dns error", Custom { kind: Uncategorized, error: "failed to lookup address information: Temporary failure in name resolution" })) })))
[INFO] [stdout] stack backtrace:
[INFO] [stdout]    0:     0x5cd693af4c5a - std::backtrace_rs::backtrace::libunwind::trace::h5a5b8284f2d0c266
[INFO] [stdout]                                at /rustc/90b35a6239c3d8bdabc530a6a0816f7ff89a0aaf/library/std/src/../../backtrace/src/backtrace/libunwind.rs:116:5
[INFO] [stdout]    1:     0x5cd693af4c5a - std::backtrace_rs::backtrace::trace_unsynchronized::h76d4f1c9b0b875e3
[INFO] [stdout]                                at /rustc/90b35a6239c3d8bdabc530a6a0816f7ff89a0aaf/library/std/src/../../backtrace/src/backtrace/mod.rs:66:5
[INFO] [stdout]    2:     0x5cd693af4c5a - std::sys::backtrace::_print_fmt::hc4546b8364a537c6
[INFO] [stdout]                                at /rustc/90b35a6239c3d8bdabc530a6a0816f7ff89a0aaf/library/std/src/sys/backtrace.rs:66:9
[INFO] [stdout]    3:     0x5cd693af4c5a - <std::sys::backtrace::BacktraceLock::print::DisplayBacktrace as core::fmt::Display>::fmt::h5b6bd5631a6d1f6b
[INFO] [stdout]                                at /rustc/90b35a6239c3d8bdabc530a6a0816f7ff89a0aaf/library/std/src/sys/backtrace.rs:39:26
[INFO] [stdout]    4:     0x5cd693b20143 - core::fmt::rt::Argument::fmt::h270f6602a2b96f62
[INFO] [stdout]                                at /rustc/90b35a6239c3d8bdabc530a6a0816f7ff89a0aaf/library/core/src/fmt/rt.rs:177:76
[INFO] [stdout]    5:     0x5cd693b20143 - core::fmt::write::h7550c97b06c86515
[INFO] [stdout]                                at /rustc/90b35a6239c3d8bdabc530a6a0816f7ff89a0aaf/library/core/src/fmt/mod.rs:1186:21
[INFO] [stdout]    6:     0x5cd693af1173 - std::io::Write::write_fmt::h509ff860e5956e5e
[INFO] [stdout]                                at /rustc/90b35a6239c3d8bdabc530a6a0816f7ff89a0aaf/library/std/src/io/mod.rs:1839:15
[INFO] [stdout]    7:     0x5cd693af4aa2 - std::sys::backtrace::BacktraceLock::print::h2395ccd2c84ba3aa
[INFO] [stdout]                                at /rustc/90b35a6239c3d8bdabc530a6a0816f7ff89a0aaf/library/std/src/sys/backtrace.rs:42:9
[INFO] [stdout]    8:     0x5cd693af60ba - std::panicking::default_hook::{{closure}}::he19d4c7230e07961
[INFO] [stdout]                                at /rustc/90b35a6239c3d8bdabc530a6a0816f7ff89a0aaf/library/std/src/panicking.rs:268:22
[INFO] [stdout]    9:     0x5cd693af5ec4 - std::panicking::default_hook::hf614597d3c67bbdb
[INFO] [stdout]                                at /rustc/90b35a6239c3d8bdabc530a6a0816f7ff89a0aaf/library/std/src/panicking.rs:292:9
[INFO] [stdout]   10:     0x5cd6934331b9 - <alloc::boxed::Box<F,A> as core::ops::function::Fn<Args>>::call::h39b51ce4599c23d1
[INFO] [stdout]                                at /rustc/90b35a6239c3d8bdabc530a6a0816f7ff89a0aaf/library/alloc/src/boxed.rs:2468:9
[INFO] [stdout]   11:     0x5cd6934331b9 - test::test_main::{{closure}}::he977ae839a582784
[INFO] [stdout]                                at /rustc/90b35a6239c3d8bdabc530a6a0816f7ff89a0aaf/library/test/src/lib.rs:133:21
[INFO] [stdout]   12:     0x5cd693af6758 - <alloc::boxed::Box<F,A> as core::ops::function::Fn<Args>>::call::h9455091b6b06f9fb
[INFO] [stdout]                                at /rustc/90b35a6239c3d8bdabc530a6a0816f7ff89a0aaf/library/alloc/src/boxed.rs:2468:9
[INFO] [stdout]   13:     0x5cd693af6758 - std::panicking::rust_panic_with_hook::h8942133a8b252070
[INFO] [stdout]                                at /rustc/90b35a6239c3d8bdabc530a6a0816f7ff89a0aaf/library/std/src/panicking.rs:809:13
[INFO] [stdout]   14:     0x5cd693af651a - std::panicking::begin_panic_handler::{{closure}}::hb5f5963570096b29
[INFO] [stdout]                                at /rustc/90b35a6239c3d8bdabc530a6a0816f7ff89a0aaf/library/std/src/panicking.rs:674:13
[INFO] [stdout]   15:     0x5cd693af5139 - std::sys::backtrace::__rust_end_short_backtrace::h6208cedc1922feda
[INFO] [stdout]                                at /rustc/90b35a6239c3d8bdabc530a6a0816f7ff89a0aaf/library/std/src/sys/backtrace.rs:170:18
[INFO] [stdout]   16:     0x5cd693af61ac - rust_begin_unwind
[INFO] [stdout]                                at /rustc/90b35a6239c3d8bdabc530a6a0816f7ff89a0aaf/library/std/src/panicking.rs:665:5
[INFO] [stdout]   17:     0x5cd692f08320 - core::panicking::panic_fmt::h0c3082644d1bf418
[INFO] [stdout]                                at /rustc/90b35a6239c3d8bdabc530a6a0816f7ff89a0aaf/library/core/src/panicking.rs:74:14
[INFO] [stdout]   18:     0x5cd692f08806 - core::result::unwrap_failed::hd20b4aa073bda1e2
[INFO] [stdout]                                at /rustc/90b35a6239c3d8bdabc530a6a0816f7ff89a0aaf/library/core/src/result.rs:1700:5
[INFO] [stdout]   19:     0x5cd693132ec3 - core::result::Result<T,E>::unwrap::h88f4e5a09c0fd712
[INFO] [stdout]                                at /rustc/90b35a6239c3d8bdabc530a6a0816f7ff89a0aaf/library/core/src/result.rs:1104:23
[INFO] [stdout]   20:     0x5cd693132ec3 - xrpl::asynch::wallet::test_faucet_wallet_generation::test_generate_faucet_wallet::{{closure}}::he8bc585b63ff7f99
[INFO] [stdout]                                at /opt/rustwide/workdir/src/asynch/wallet/mod.rs:117:22
[INFO] [stdout]   21:     0x5cd693171bd2 - <core::pin::Pin<P> as core::future::future::Future>::poll::h09b7c0a7c7ae8812
[INFO] [stdout]                                at /rustc/90b35a6239c3d8bdabc530a6a0816f7ff89a0aaf/library/core/src/future/future.rs:123:9
[INFO] [stdout]   22:     0x5cd693171ccd - <core::pin::Pin<P> as core::future::future::Future>::poll::h92192a35dded3854
[INFO] [stdout]                                at /rustc/90b35a6239c3d8bdabc530a6a0816f7ff89a0aaf/library/core/src/future/future.rs:123:9
[INFO] [stdout]   23:     0x5cd6932d4cef - tokio::runtime::scheduler::current_thread::CoreGuard::block_on::{{closure}}::{{closure}}::{{closure}}::hf66d79815e2b2fbf
[INFO] [stdout]                                at /opt/rustwide/cargo-home/registry/src/index.crates.io-6f17d22bba15001f/tokio-1.42.0/src/runtime/scheduler/current_thread/mod.rs:729:57
[INFO] [stdout]   24:     0x5cd6932d4b45 - tokio::runtime::coop::with_budget::hd2bd45838662c225
[INFO] [stdout]                                at /opt/rustwide/cargo-home/registry/src/index.crates.io-6f17d22bba15001f/tokio-1.42.0/src/runtime/coop.rs:107:5
[INFO] [stdout]   25:     0x5cd6932d4b45 - tokio::runtime::coop::budget::h8361883de31d83ab
[INFO] [stdout]                                at /opt/rustwide/cargo-home/registry/src/index.crates.io-6f17d22bba15001f/tokio-1.42.0/src/runtime/coop.rs:73:5
[INFO] [stdout]   26:     0x5cd6932d4b45 - tokio::runtime::scheduler::current_thread::CoreGuard::block_on::{{closure}}::{{closure}}::hd8a7dcb3a1b0092a
[INFO] [stdout]                                at /opt/rustwide/cargo-home/registry/src/index.crates.io-6f17d22bba15001f/tokio-1.42.0/src/runtime/scheduler/current_thread/mod.rs:729:25
[INFO] [stdout]   27:     0x5cd6932cef50 - tokio::runtime::scheduler::current_thread::Context::enter::h410d236eb890976d
[INFO] [stdout]                                at /opt/rustwide/cargo-home/registry/src/index.crates.io-6f17d22bba15001f/tokio-1.42.0/src/runtime/scheduler/current_thread/mod.rs:428:19
[INFO] [stdout]   28:     0x5cd6932d34fe - tokio::runtime::scheduler::current_thread::CoreGuard::block_on::{{closure}}::hec0e1d216e9e16a7
[INFO] [stdout]                                at /opt/rustwide/cargo-home/registry/src/index.crates.io-6f17d22bba15001f/tokio-1.42.0/src/runtime/scheduler/current_thread/mod.rs:728:36
[INFO] [stdout]   29:     0x5cd6932d1eb4 - tokio::runtime::scheduler::current_thread::CoreGuard::enter::{{closure}}::h07fe30e4f0cc83d1
[INFO] [stdout]                                at /opt/rustwide/cargo-home/registry/src/index.crates.io-6f17d22bba15001f/tokio-1.42.0/src/runtime/scheduler/current_thread/mod.rs:807:68
[INFO] [stdout]   30:     0x5cd69310593b - tokio::runtime::context::scoped::Scoped<T>::set::h0bdd05bfcd286687
[INFO] [stdout]                                at /opt/rustwide/cargo-home/registry/src/index.crates.io-6f17d22bba15001f/tokio-1.42.0/src/runtime/context/scoped.rs:40:9
[INFO] [stdout]   31:     0x5cd692f82c99 - tokio::runtime::context::set_scheduler::{{closure}}::ha320853434c6884a
[INFO] [stdout]                                at /opt/rustwide/cargo-home/registry/src/index.crates.io-6f17d22bba15001f/tokio-1.42.0/src/runtime/context.rs:180:26
[INFO] [stdout]   32:     0x5cd6932c0f8d - std::thread::local::LocalKey<T>::try_with::h17c4459dfa35b488
[INFO] [stdout]                                at /rustc/90b35a6239c3d8bdabc530a6a0816f7ff89a0aaf/library/std/src/thread/local.rs:283:12
[INFO] [stdout]   33:     0x5cd6932c0a0a - std::thread::local::LocalKey<T>::with::h4f1d4a8c7a1cf6d1
[INFO] [stdout]                                at /rustc/90b35a6239c3d8bdabc530a6a0816f7ff89a0aaf/library/std/src/thread/local.rs:260:9
[INFO] [stdout]   34:     0x5cd692f82b3d - tokio::runtime::context::set_scheduler::ha826b33a30c50b00
[INFO] [stdout]                                at /opt/rustwide/cargo-home/registry/src/index.crates.io-6f17d22bba15001f/tokio-1.42.0/src/runtime/context.rs:180:9
[INFO] [stdout]   35:     0x5cd6932d1c40 - tokio::runtime::scheduler::current_thread::CoreGuard::enter::hffbf2be61fd63f5a
[INFO] [stdout]                                at /opt/rustwide/cargo-home/registry/src/index.crates.io-6f17d22bba15001f/tokio-1.42.0/src/runtime/scheduler/current_thread/mod.rs:807:27
[INFO] [stdout]   36:     0x5cd6932d1f33 - tokio::runtime::scheduler::current_thread::CoreGuard::block_on::h09a16aa4b92ce33e
[INFO] [stdout]                                at /opt/rustwide/cargo-home/registry/src/index.crates.io-6f17d22bba15001f/tokio-1.42.0/src/runtime/scheduler/current_thread/mod.rs:716:19
[INFO] [stdout]   37:     0x5cd6932cdf2a - tokio::runtime::scheduler::current_thread::CurrentThread::block_on::{{closure}}::h8bc296cf77d684ff
[INFO] [stdout]                                at /opt/rustwide/cargo-home/registry/src/index.crates.io-6f17d22bba15001f/tokio-1.42.0/src/runtime/scheduler/current_thread/mod.rs:196:28
[INFO] [stdout]   38:     0x5cd69338dc26 - tokio::runtime::context::runtime::enter_runtime::h58c2624ef8cec4e1
[INFO] [stdout]                                at /opt/rustwide/cargo-home/registry/src/index.crates.io-6f17d22bba15001f/tokio-1.42.0/src/runtime/context/runtime.rs:65:16
[INFO] [stdout]   39:     0x5cd6932cd331 - tokio::runtime::scheduler::current_thread::CurrentThread::block_on::hdb74b03378b365e5
[INFO] [stdout]                                at /opt/rustwide/cargo-home/registry/src/index.crates.io-6f17d22bba15001f/tokio-1.42.0/src/runtime/scheduler/current_thread/mod.rs:184:9
[INFO] [stdout]   40:     0x5cd69338fc43 - tokio::runtime::runtime::Runtime::block_on_inner::hf4229f77ebd77823
[INFO] [stdout]                                at /opt/rustwide/cargo-home/registry/src/index.crates.io-6f17d22bba15001f/tokio-1.42.0/src/runtime/runtime.rs:368:47
[INFO] [stdout]   41:     0x5cd69338fe37 - tokio::runtime::runtime::Runtime::block_on::hac9d6479cffea319
[INFO] [stdout]                                at /opt/rustwide/cargo-home/registry/src/index.crates.io-6f17d22bba15001f/tokio-1.42.0/src/runtime/runtime.rs:342:13
[INFO] [stdout]   42:     0x5cd693132a4d - xrpl::asynch::wallet::test_faucet_wallet_generation::test_generate_faucet_wallet::haf2632614cca940d
[INFO] [stdout]                                at /opt/rustwide/workdir/src/asynch/wallet/mod.rs:123:9
[INFO] [stdout]   43:     0x5cd6931328e7 - xrpl::asynch::wallet::test_faucet_wallet_generation::test_generate_faucet_wallet::{{closure}}::h3480af16716c52a4
[INFO] [stdout]                                at /opt/rustwide/workdir/src/asynch/wallet/mod.rs:114:43
[INFO] [stdout]   44:     0x5cd69306da86 - core::ops::function::FnOnce::call_once::hf4754409b9fba100
[INFO] [stdout]                                at /rustc/90b35a6239c3d8bdabc530a6a0816f7ff89a0aaf/library/core/src/ops/function.rs:250:5
[INFO] [stdout]   45:     0x5cd693437b7b - core::ops::function::FnOnce::call_once::h109cf8051a59b34e
[INFO] [stdout]                                at /rustc/90b35a6239c3d8bdabc530a6a0816f7ff89a0aaf/library/core/src/ops/function.rs:250:5
[INFO] [stdout]   46:     0x5cd693437b7b - test::__rust_begin_short_backtrace::hf4fff89d377446ba
[INFO] [stdout]                                at /rustc/90b35a6239c3d8bdabc530a6a0816f7ff89a0aaf/library/test/src/lib.rs:621:18
[INFO] [stdout]   47:     0x5cd6934373b7 - test::run_test_in_process::{{closure}}::h0e39181dd7ee5a43
[INFO] [stdout]                                at /rustc/90b35a6239c3d8bdabc530a6a0816f7ff89a0aaf/library/test/src/lib.rs:644:60
[INFO] [stdout]   48:     0x5cd6934373b7 - <core::panic::unwind_safe::AssertUnwindSafe<F> as core::ops::function::FnOnce<()>>::call_once::hc5a66a30f0bdfd1f
[INFO] [stdout]                                at /rustc/90b35a6239c3d8bdabc530a6a0816f7ff89a0aaf/library/core/src/panic/unwind_safe.rs:272:9
[INFO] [stdout]   49:     0x5cd6934373b7 - std::panicking::try::do_call::h873b7cf639554a5e
[INFO] [stdout]                                at /rustc/90b35a6239c3d8bdabc530a6a0816f7ff89a0aaf/library/std/src/panicking.rs:557:40
[INFO] [stdout]   50:     0x5cd6934373b7 - std::panicking::try::hdb19862fad9c8bd1
[INFO] [stdout]                                at /rustc/90b35a6239c3d8bdabc530a6a0816f7ff89a0aaf/library/std/src/panicking.rs:520:19
[INFO] [stdout]   51:     0x5cd6934373b7 - std::panic::catch_unwind::h281fe732d236d260
[INFO] [stdout]                                at /rustc/90b35a6239c3d8bdabc530a6a0816f7ff89a0aaf/library/std/src/panic.rs:358:14
[INFO] [stdout]   52:     0x5cd6934373b7 - test::run_test_in_process::h949b6df8457ed338
[INFO] [stdout]                                at /rustc/90b35a6239c3d8bdabc530a6a0816f7ff89a0aaf/library/test/src/lib.rs:644:27
[INFO] [stdout]   53:     0x5cd6934373b7 - test::run_test::{{closure}}::h52c556a6d4740e10
[INFO] [stdout]                                at /rustc/90b35a6239c3d8bdabc530a6a0816f7ff89a0aaf/library/test/src/lib.rs:565:43
[INFO] [stdout]   54:     0x5cd6933fc694 - test::run_test::{{closure}}::h4237f6381c45ccb9
[INFO] [stdout]                                at /rustc/90b35a6239c3d8bdabc530a6a0816f7ff89a0aaf/library/test/src/lib.rs:595:41
[INFO] [stdout]   55:     0x5cd6933fc694 - std::sys::backtrace::__rust_begin_short_backtrace::h505c97a579eca628
[INFO] [stdout]                                at /rustc/90b35a6239c3d8bdabc530a6a0816f7ff89a0aaf/library/std/src/sys/backtrace.rs:154:18
[INFO] [stdout]   56:     0x5cd6933ffd5e - std::thread::Builder::spawn_unchecked_::{{closure}}::{{closure}}::h9e86b2e2bc107ea3
[INFO] [stdout]                                at /rustc/90b35a6239c3d8bdabc530a6a0816f7ff89a0aaf/library/std/src/thread/mod.rs:538:17
[INFO] [stdout]   57:     0x5cd6933ffd5e - <core::panic::unwind_safe::AssertUnwindSafe<F> as core::ops::function::FnOnce<()>>::call_once::h8b06ddb275ff4a25
[INFO] [stdout]                                at /rustc/90b35a6239c3d8bdabc530a6a0816f7ff89a0aaf/library/core/src/panic/unwind_safe.rs:272:9
[INFO] [stdout]   58:     0x5cd6933ffd5e - std::panicking::try::do_call::hb26ecd7cd9a9355d
[INFO] [stdout]                                at /rustc/90b35a6239c3d8bdabc530a6a0816f7ff89a0aaf/library/std/src/panicking.rs:557:40
[INFO] [stdout]   59:     0x5cd6933ffd5e - std::panicking::try::h8ddeca9d705f9069
[INFO] [stdout]                                at /rustc/90b35a6239c3d8bdabc530a6a0816f7ff89a0aaf/library/std/src/panicking.rs:520:19
[INFO] [stdout]   60:     0x5cd6933ffd5e - std::panic::catch_unwind::h49e1c33078844c46
[INFO] [stdout]                                at /rustc/90b35a6239c3d8bdabc530a6a0816f7ff89a0aaf/library/std/src/panic.rs:358:14
[INFO] [stdout]   61:     0x5cd6933ffd5e - std::thread::Builder::spawn_unchecked_::{{closure}}::h6073db6ff56ad35d
[INFO] [stdout]                                at /rustc/90b35a6239c3d8bdabc530a6a0816f7ff89a0aaf/library/std/src/thread/mod.rs:537:30
[INFO] [stdout]   62:     0x5cd6933ffd5e - core::ops::function::FnOnce::call_once{{vtable.shim}}::h2c5a5f3779c774f1
[INFO] [stdout]                                at /rustc/90b35a6239c3d8bdabc530a6a0816f7ff89a0aaf/library/core/src/ops/function.rs:250:5
[INFO] [stdout]   63:     0x5cd693afaa1b - <alloc::boxed::Box<F,A> as core::ops::function::FnOnce<Args>>::call_once::hf75717d9f28faebf
[INFO] [stdout]                                at /rustc/90b35a6239c3d8bdabc530a6a0816f7ff89a0aaf/library/alloc/src/boxed.rs:2454:9
[INFO] [stdout]   64:     0x5cd693afaa1b - <alloc::boxed::Box<F,A> as core::ops::function::FnOnce<Args>>::call_once::h7bd883a5f3c5f3c1
[INFO] [stdout]                                at /rustc/90b35a6239c3d8bdabc530a6a0816f7ff89a0aaf/library/alloc/src/boxed.rs:2454:9
[INFO] [stdout]   65:     0x5cd693afaa1b - std::sys::pal::unix::thread::Thread::new::thread_start::hcc78f3943333fa94
[INFO] [stdout]                                at /rustc/90b35a6239c3d8bdabc530a6a0816f7ff89a0aaf/library/std/src/sys/pal/unix/thread.rs:105:17
[INFO] [stdout]   66:     0x73a2883ddac3 - <unknown>
[INFO] [stdout]   67:     0x73a28846ea04 - clone
[INFO] [stdout]   68:                0x0 - <unknown>
[INFO] [stdout] 
[INFO] [stdout] ---- asynch::transaction::submit_and_wait::test_submit_and_wait::test_submit_and_wait stdout ----
[INFO] [stdout] thread 'asynch::transaction::submit_and_wait::test_submit_and_wait::test_submit_and_wait' panicked at src/asynch/transaction/submit_and_wait.rs:191:14:
[INFO] [stdout] called `Result::unwrap()` on an `Err` value: XRPLClientError(XRPLJsonRpcError(ReqwestError(reqwest::Error { kind: Request, url: "https://faucet.altnet.rippletest.net/accounts", source: hyper_util::client::legacy::Error(Connect, ConnectError("dns error", Custom { kind: Uncategorized, error: "failed to lookup address information: Temporary failure in name resolution" })) })))
[INFO] [stdout] stack backtrace:
[INFO] [stdout]    0:     0x5cd693af4c5a - std::backtrace_rs::backtrace::libunwind::trace::h5a5b8284f2d0c266
[INFO] [stdout]                                at /rustc/90b35a6239c3d8bdabc530a6a0816f7ff89a0aaf/library/std/src/../../backtrace/src/backtrace/libunwind.rs:116:5
[INFO] [stdout]    1:     0x5cd693af4c5a - std::backtrace_rs::backtrace::trace_unsynchronized::h76d4f1c9b0b875e3
[INFO] [stdout]                                at /rustc/90b35a6239c3d8bdabc530a6a0816f7ff89a0aaf/library/std/src/../../backtrace/src/backtrace/mod.rs:66:5
[INFO] [stdout]    2:     0x5cd693af4c5a - std::sys::backtrace::_print_fmt::hc4546b8364a537c6
[INFO] [stdout]                                at /rustc/90b35a6239c3d8bdabc530a6a0816f7ff89a0aaf/library/std/src/sys/backtrace.rs:66:9
[INFO] [stdout]    3:     0x5cd693af4c5a - <std::sys::backtrace::BacktraceLock::print::DisplayBacktrace as core::fmt::Display>::fmt::h5b6bd5631a6d1f6b
[INFO] [stdout]                                at /rustc/90b35a6239c3d8bdabc530a6a0816f7ff89a0aaf/library/std/src/sys/backtrace.rs:39:26
[INFO] [stdout]    4:     0x5cd693b20143 - core::fmt::rt::Argument::fmt::h270f6602a2b96f62
[INFO] [stdout]                                at /rustc/90b35a6239c3d8bdabc530a6a0816f7ff89a0aaf/library/core/src/fmt/rt.rs:177:76
[INFO] [stdout]    5:     0x5cd693b20143 - core::fmt::write::h7550c97b06c86515
[INFO] [stdout]                                at /rustc/90b35a6239c3d8bdabc530a6a0816f7ff89a0aaf/library/core/src/fmt/mod.rs:1186:21
[INFO] [stdout]    6:     0x5cd693af1173 - std::io::Write::write_fmt::h509ff860e5956e5e
[INFO] [stdout]                                at /rustc/90b35a6239c3d8bdabc530a6a0816f7ff89a0aaf/library/std/src/io/mod.rs:1839:15
[INFO] [stdout]    7:     0x5cd693af4aa2 - std::sys::backtrace::BacktraceLock::print::h2395ccd2c84ba3aa
[INFO] [stdout]                                at /rustc/90b35a6239c3d8bdabc530a6a0816f7ff89a0aaf/library/std/src/sys/backtrace.rs:42:9
[INFO] [stdout]    8:     0x5cd693af60ba - std::panicking::default_hook::{{closure}}::he19d4c7230e07961
[INFO] [stdout]                                at /rustc/90b35a6239c3d8bdabc530a6a0816f7ff89a0aaf/library/std/src/panicking.rs:268:22
[INFO] [stdout]    9:     0x5cd693af5ec4 - std::panicking::default_hook::hf614597d3c67bbdb
[INFO] [stdout]                                at /rustc/90b35a6239c3d8bdabc530a6a0816f7ff89a0aaf/library/std/src/panicking.rs:292:9
[INFO] [stdout]   10:     0x5cd6934331b9 - <alloc::boxed::Box<F,A> as core::ops::function::Fn<Args>>::call::h39b51ce4599c23d1
[INFO] [stdout]                                at /rustc/90b35a6239c3d8bdabc530a6a0816f7ff89a0aaf/library/alloc/src/boxed.rs:2468:9
[INFO] [stdout]   11:     0x5cd6934331b9 - test::test_main::{{closure}}::he977ae839a582784
[INFO] [stdout]                                at /rustc/90b35a6239c3d8bdabc530a6a0816f7ff89a0aaf/library/test/src/lib.rs:133:21
[INFO] [stdout]   12:     0x5cd693af6758 - <alloc::boxed::Box<F,A> as core::ops::function::Fn<Args>>::call::h9455091b6b06f9fb
[INFO] [stdout]                                at /rustc/90b35a6239c3d8bdabc530a6a0816f7ff89a0aaf/library/alloc/src/boxed.rs:2468:9
[INFO] [stdout]   13:     0x5cd693af6758 - std::panicking::rust_panic_with_hook::h8942133a8b252070
[INFO] [stdout]                                at /rustc/90b35a6239c3d8bdabc530a6a0816f7ff89a0aaf/library/std/src/panicking.rs:809:13
[INFO] [stdout]   14:     0x5cd693af651a - std::panicking::begin_panic_handler::{{closure}}::hb5f5963570096b29
[INFO] [stdout]                                at /rustc/90b35a6239c3d8bdabc530a6a0816f7ff89a0aaf/library/std/src/panicking.rs:674:13
[INFO] [stdout]   15:     0x5cd693af5139 - std::sys::backtrace::__rust_end_short_backtrace::h6208cedc1922feda
[INFO] [stdout]                                at /rustc/90b35a6239c3d8bdabc530a6a0816f7ff89a0aaf/library/std/src/sys/backtrace.rs:170:18
[INFO] [stdout]   16:     0x5cd693af61ac - rust_begin_unwind
[INFO] [stdout]                                at /rustc/90b35a6239c3d8bdabc530a6a0816f7ff89a0aaf/library/std/src/panicking.rs:665:5
[INFO] [stdout]   17:     0x5cd692f08320 - core::panicking::panic_fmt::h0c3082644d1bf418
[INFO] [stdout]                                at /rustc/90b35a6239c3d8bdabc530a6a0816f7ff89a0aaf/library/core/src/panicking.rs:74:14
[INFO] [stdout]   18:     0x5cd692f08806 - core::result::unwrap_failed::hd20b4aa073bda1e2
[INFO] [stdout]                                at /rustc/90b35a6239c3d8bdabc530a6a0816f7ff89a0aaf/library/core/src/result.rs:1700:5
[INFO] [stdout]   19:     0x5cd69312f2c1 - core::result::Result<T,E>::unwrap::h88f4e5a09c0fd712
[INFO] [stdout]                                at /rustc/90b35a6239c3d8bdabc530a6a0816f7ff89a0aaf/library/core/src/result.rs:1104:23
[INFO] [stdout]   20:     0x5cd69312f2c1 - xrpl::asynch::transaction::submit_and_wait::test_submit_and_wait::test_submit_and_wait::{{closure}}::hb29c7a3a29066ec3
[INFO] [stdout]                                at /opt/rustwide/workdir/src/asynch/transaction/submit_and_wait.rs:189:22
[INFO] [stdout]   21:     0x5cd693171bd2 - <core::pin::Pin<P> as core::future::future::Future>::poll::h09b7c0a7c7ae8812
[INFO] [stdout]                                at /rustc/90b35a6239c3d8bdabc530a6a0816f7ff89a0aaf/library/core/src/future/future.rs:123:9
[INFO] [stdout]   22:     0x5cd693171ccd - <core::pin::Pin<P> as core::future::future::Future>::poll::h92192a35dded3854
[INFO] [stdout]                                at /rustc/90b35a6239c3d8bdabc530a6a0816f7ff89a0aaf/library/core/src/future/future.rs:123:9
[INFO] [stdout]   23:     0x5cd6932d4cef - tokio::runtime::scheduler::current_thread::CoreGuard::block_on::{{closure}}::{{closure}}::{{closure}}::hf66d79815e2b2fbf
[INFO] [stdout]                                at /opt/rustwide/cargo-home/registry/src/index.crates.io-6f17d22bba15001f/tokio-1.42.0/src/runtime/scheduler/current_thread/mod.rs:729:57
[INFO] [stdout]   24:     0x5cd6932d4b45 - tokio::runtime::coop::with_budget::hd2bd45838662c225
[INFO] [stdout]                                at /opt/rustwide/cargo-home/registry/src/index.crates.io-6f17d22bba15001f/tokio-1.42.0/src/runtime/coop.rs:107:5
[INFO] [stdout]   25:     0x5cd6932d4b45 - tokio::runtime::coop::budget::h8361883de31d83ab
[INFO] [stdout]                                at /opt/rustwide/cargo-home/registry/src/index.crates.io-6f17d22bba15001f/tokio-1.42.0/src/runtime/coop.rs:73:5
[INFO] [stdout]   26:     0x5cd6932d4b45 - tokio::runtime::scheduler::current_thread::CoreGuard::block_on::{{closure}}::{{closure}}::hd8a7dcb3a1b0092a
[INFO] [stdout]                                at /opt/rustwide/cargo-home/registry/src/index.crates.io-6f17d22bba15001f/tokio-1.42.0/src/runtime/scheduler/current_thread/mod.rs:729:25
[INFO] [stdout]   27:     0x5cd6932cef50 - tokio::runtime::scheduler::current_thread::Context::enter::h410d236eb890976d
[INFO] [stdout]                                at /opt/rustwide/cargo-home/registry/src/index.crates.io-6f17d22bba15001f/tokio-1.42.0/src/runtime/scheduler/current_thread/mod.rs:428:19
[INFO] [stdout]   28:     0x5cd6932d34fe - tokio::runtime::scheduler::current_thread::CoreGuard::block_on::{{closure}}::hec0e1d216e9e16a7
[INFO] [stdout]                                at /opt/rustwide/cargo-home/registry/src/index.crates.io-6f17d22bba15001f/tokio-1.42.0/src/runtime/scheduler/current_thread/mod.rs:728:36
[INFO] [stdout]   29:     0x5cd6932d1eb4 - tokio::runtime::scheduler::current_thread::CoreGuard::enter::{{closure}}::h07fe30e4f0cc83d1
[INFO] [stdout]                                at /opt/rustwide/cargo-home/registry/src/index.crates.io-6f17d22bba15001f/tokio-1.42.0/src/runtime/scheduler/current_thread/mod.rs:807:68
[INFO] [stdout]   30:     0x5cd69310593b - tokio::runtime::context::scoped::Scoped<T>::set::h0bdd05bfcd286687
[INFO] [stdout]                                at /opt/rustwide/cargo-home/registry/src/index.crates.io-6f17d22bba15001f/tokio-1.42.0/src/runtime/context/scoped.rs:40:9
[INFO] [stdout]   31:     0x5cd692f82c99 - tokio::runtime::context::set_scheduler::{{closure}}::ha320853434c6884a
[INFO] [stdout]                                at /opt/rustwide/cargo-home/registry/src/index.crates.io-6f17d22bba15001f/tokio-1.42.0/src/runtime/context.rs:180:26
[INFO] [stdout]   32:     0x5cd6932c0f8d - std::thread::local::LocalKey<T>::try_with::h17c4459dfa35b488
[INFO] [stdout]                                at /rustc/90b35a6239c3d8bdabc530a6a0816f7ff89a0aaf/library/std/src/thread/local.rs:283:12
[INFO] [stdout]   33:     0x5cd6932c0a0a - std::thread::local::LocalKey<T>::with::h4f1d4a8c7a1cf6d1
[INFO] [stdout]                                at /rustc/90b35a6239c3d8bdabc530a6a0816f7ff89a0aaf/library/std/src/thread/local.rs:260:9
[INFO] [stdout]   34:     0x5cd692f82b3d - tokio::runtime::context::set_scheduler::ha826b33a30c50b00
[INFO] [stdout]                                at /opt/rustwide/cargo-home/registry/src/index.crates.io-6f17d22bba15001f/tokio-1.42.0/src/runtime/context.rs:180:9
[INFO] [stdout]   35:     0x5cd6932d1c40 - tokio::runtime::scheduler::current_thread::CoreGuard::enter::hffbf2be61fd63f5a
[INFO] [stdout]                                at /opt/rustwide/cargo-home/registry/src/index.crates.io-6f17d22bba15001f/tokio-1.42.0/src/runtime/scheduler/current_thread/mod.rs:807:27
[INFO] [stdout]   36:     0x5cd6932d1f33 - tokio::runtime::scheduler::current_thread::CoreGuard::block_on::h09a16aa4b92ce33e
[INFO] [stdout]                                at /opt/rustwide/cargo-home/registry/src/index.crates.io-6f17d22bba15001f/tokio-1.42.0/src/runtime/scheduler/current_thread/mod.rs:716:19
[INFO] [stdout]   37:     0x5cd6932cdf2a - tokio::runtime::scheduler::current_thread::CurrentThread::block_on::{{closure}}::h8bc296cf77d684ff
[INFO] [stdout]                                at /opt/rustwide/cargo-home/registry/src/index.crates.io-6f17d22bba15001f/tokio-1.42.0/src/runtime/scheduler/current_thread/mod.rs:196:28
[INFO] [stdout]   38:     0x5cd69338dc26 - tokio::runtime::context::runtime::enter_runtime::h58c2624ef8cec4e1
[INFO] [stdout]                                at /opt/rustwide/cargo-home/registry/src/index.crates.io-6f17d22bba15001f/tokio-1.42.0/src/runtime/context/runtime.rs:65:16
[INFO] [stdout]   39:     0x5cd6932cd331 - tokio::runtime::scheduler::current_thread::CurrentThread::block_on::hdb74b03378b365e5
[INFO] [stdout]                                at /opt/rustwide/cargo-home/registry/src/index.crates.io-6f17d22bba15001f/tokio-1.42.0/src/runtime/scheduler/current_thread/mod.rs:184:9
[INFO] [stdout]   40:     0x5cd69338fc43 - tokio::runtime::runtime::Runtime::block_on_inner::hf4229f77ebd77823
[INFO] [stdout]                                at /opt/rustwide/cargo-home/registry/src/index.crates.io-6f17d22bba15001f/tokio-1.42.0/src/runtime/runtime.rs:368:47
[INFO] [stdout]   41:     0x5cd69338fe37 - tokio::runtime::runtime::Runtime::block_on::hac9d6479cffea319
[INFO] [stdout]                                at /opt/rustwide/cargo-home/registry/src/index.crates.io-6f17d22bba15001f/tokio-1.42.0/src/runtime/runtime.rs:342:13
[INFO] [stdout]   42:     0x5cd69312ed9d - xrpl::asynch::transaction::submit_and_wait::test_submit_and_wait::test_submit_and_wait::hbb9fa910131031f4
[INFO] [stdout]                                at /opt/rustwide/workdir/src/asynch/transaction/submit_and_wait.rs:212:9
[INFO] [stdout]   43:     0x5cd69312ec37 - xrpl::asynch::transaction::submit_and_wait::test_submit_and_wait::test_submit_and_wait::{{closure}}::ha3506eee53d774c5
[INFO] [stdout]                                at /opt/rustwide/workdir/src/asynch/transaction/submit_and_wait.rs:187:36
[INFO] [stdout]   44:     0x5cd6930698e6 - core::ops::function::FnOnce::call_once::h6d7f13cf976818e5
[INFO] [stdout]                                at /rustc/90b35a6239c3d8bdabc530a6a0816f7ff89a0aaf/library/core/src/ops/function.rs:250:5
[INFO] [stdout]   45:     0x5cd693437b7b - core::ops::function::FnOnce::call_once::h109cf8051a59b34e
[INFO] [stdout]                                at /rustc/90b35a6239c3d8bdabc530a6a0816f7ff89a0aaf/library/core/src/ops/function.rs:250:5
[INFO] [stdout]   46:     0x5cd693437b7b - test::__rust_begin_short_backtrace::hf4fff89d377446ba
[INFO] [stdout]                                at /rustc/90b35a6239c3d8bdabc530a6a0816f7ff89a0aaf/library/test/src/lib.rs:621:18
[INFO] [stdout]   47:     0x5cd6934373b7 - test::run_test_in_process::{{closure}}::h0e39181dd7ee5a43
[INFO] [stdout]                                at /rustc/90b35a6239c3d8bdabc530a6a0816f7ff89a0aaf/library/test/src/lib.rs:644:60
[INFO] [stdout]   48:     0x5cd6934373b7 - <core::panic::unwind_safe::AssertUnwindSafe<F> as core::ops::function::FnOnce<()>>::call_once::hc5a66a30f0bdfd1f
[INFO] [stdout]                                at /rustc/90b35a6239c3d8bdabc530a6a0816f7ff89a0aaf/library/core/src/panic/unwind_safe.rs:272:9
[INFO] [stdout]   49:     0x5cd6934373b7 - std::panicking::try::do_call::h873b7cf639554a5e
[INFO] [stdout]                                at /rustc/90b35a6239c3d8bdabc530a6a0816f7ff89a0aaf/library/std/src/panicking.rs:557:40
[INFO] [stdout]   50:     0x5cd6934373b7 - std::panicking::try::hdb19862fad9c8bd1
[INFO] [stdout]                                at /rustc/90b35a6239c3d8bdabc530a6a0816f7ff89a0aaf/library/std/src/panicking.rs:520:19
[INFO] [stdout]   51:     0x5cd6934373b7 - std::panic::catch_unwind::h281fe732d236d260
[INFO] [stdout]                                at /rustc/90b35a6239c3d8bdabc530a6a0816f7ff89a0aaf/library/std/src/panic.rs:358:14
[INFO] [stdout]   52:     0x5cd6934373b7 - test::run_test_in_process::h949b6df8457ed338
[INFO] [stdout]                                at /rustc/90b35a6239c3d8bdabc530a6a0816f7ff89a0aaf/library/test/src/lib.rs:644:27
[INFO] [stdout]   53:     0x5cd6934373b7 - test::run_test::{{closure}}::h52c556a6d4740e10
[INFO] [stdout]                                at /rustc/90b35a6239c3d8bdabc530a6a0816f7ff89a0aaf/library/test/src/lib.rs:565:43
[INFO] [stdout]   54:     0x5cd6933fc694 - test::run_test::{{closure}}::h4237f6381c45ccb9
[INFO] [stdout]                                at /rustc/90b35a6239c3d8bdabc530a6a0816f7ff89a0aaf/library/test/src/lib.rs:595:41
[INFO] [stdout]   55:     0x5cd6933fc694 - std::sys::backtrace::__rust_begin_short_backtrace::h505c97a579eca628
[INFO] [stdout]                                at /rustc/90b35a6239c3d8bdabc530a6a0816f7ff89a0aaf/library/std/src/sys/backtrace.rs:154:18
[INFO] [stdout]   56:     0x5cd6933ffd5e - std::thread::Builder::spawn_unchecked_::{{closure}}::{{closure}}::h9e86b2e2bc107ea3
[INFO] [stdout]                                at /rustc/90b35a6239c3d8bdabc530a6a0816f7ff89a0aaf/library/std/src/thread/mod.rs:538:17
[INFO] [stdout]   57:     0x5cd6933ffd5e - <core::panic::unwind_safe::AssertUnwindSafe<F> as core::ops::function::FnOnce<()>>::call_once::h8b06ddb275ff4a25
[INFO] [stdout]                                at /rustc/90b35a6239c3d8bdabc530a6a0816f7ff89a0aaf/library/core/src/panic/unwind_safe.rs:272:9
[INFO] [stdout]   58:     0x5cd6933ffd5e - std::panicking::try::do_call::hb26ecd7cd9a9355d
[INFO] [stdout]                                at /rustc/90b35a6239c3d8bdabc530a6a0816f7ff89a0aaf/library/std/src/panicking.rs:557:40
[INFO] [stdout]   59:     0x5cd6933ffd5e - std::panicking::try::h8ddeca9d705f9069
[INFO] [stdout]                                at /rustc/90b35a6239c3d8bdabc530a6a0816f7ff89a0aaf/library/std/src/panicking.rs:520:19
[INFO] [stdout]   60:     0x5cd6933ffd5e - std::panic::catch_unwind::h49e1c33078844c46
[INFO] [stdout]                                at /rustc/90b35a6239c3d8bdabc530a6a0816f7ff89a0aaf/library/std/src/panic.rs:358:14
[INFO] [stdout]   61:     0x5cd6933ffd5e - std::thread::Builder::spawn_unchecked_::{{closure}}::h6073db6ff56ad35d
[INFO] [stdout]                                at /rustc/90b35a6239c3d8bdabc530a6a0816f7ff89a0aaf/library/std/src/thread/mod.rs:537:30
[INFO] [stdout]   62:     0x5cd6933ffd5e - core::ops::function::FnOnce::call_once{{vtable.shim}}::h2c5a5f3779c774f1
[INFO] [stdout]                                at /rustc/90b35a6239c3d8bdabc530a6a0816f7ff89a0aaf/library/core/src/ops/function.rs:250:5
[INFO] [stdout]   63:     0x5cd693afaa1b - <alloc::boxed::Box<F,A> as core::ops::function::FnOnce<Args>>::call_once::hf75717d9f28faebf
[INFO] [stdout]                                at /rustc/90b35a6239c3d8bdabc530a6a0816f7ff89a0aaf/library/alloc/src/boxed.rs:2454:9
[INFO] [stdout]   64:     0x5cd693afaa1b - <alloc::boxed::Box<F,A> as core::ops::function::FnOnce<Args>>::call_once::h7bd883a5f3c5f3c1
[INFO] [stdout]                                at /rustc/90b35a6239c3d8bdabc530a6a0816f7ff89a0aaf/library/alloc/src/boxed.rs:2454:9
[INFO] [stdout]   65:     0x5cd693afaa1b - std::sys::pal::unix::thread::Thread::new::thread_start::hcc78f3943333fa94
[INFO] [stdout]                                at /rustc/90b35a6239c3d8bdabc530a6a0816f7ff89a0aaf/library/std/src/sys/pal/unix/thread.rs:105:17
[INFO] [stdout]   66:     0x73a2883ddac3 - <unknown>
[INFO] [stdout]   67:     0x73a28846ea04 - clone
[INFO] [stdout]   68:                0x0 - <unknown>
[INFO] [stdout] 
[INFO] [stdout] ---- asynch::transaction::test_sign::test_autofill_and_sign stdout ----
[INFO] [stdout] thread 'asynch::transaction::test_sign::test_autofill_and_sign' panicked at src/asynch/transaction/mod.rs:590:14:
[INFO] [stdout] called `Result::unwrap()` on an `Err` value: XRPLClientError(XRPLJsonRpcError(ReqwestError(reqwest::Error { kind: Request, url: "https://faucet.altnet.rippletest.net/accounts", source: hyper_util::client::legacy::Error(Connect, ConnectError("dns error", Custom { kind: Uncategorized, error: "failed to lookup address information: Temporary failure in name resolution" })) })))
[INFO] [stdout] stack backtrace:
[INFO] [stdout]    0:     0x5cd693af4c5a - std::backtrace_rs::backtrace::libunwind::trace::h5a5b8284f2d0c266
[INFO] [stdout]                                at /rustc/90b35a6239c3d8bdabc530a6a0816f7ff89a0aaf/library/std/src/../../backtrace/src/backtrace/libunwind.rs:116:5
[INFO] [stdout]    1:     0x5cd693af4c5a - std::backtrace_rs::backtrace::trace_unsynchronized::h76d4f1c9b0b875e3
[INFO] [stdout]                                at /rustc/90b35a6239c3d8bdabc530a6a0816f7ff89a0aaf/library/std/src/../../backtrace/src/backtrace/mod.rs:66:5
[INFO] [stdout]    2:     0x5cd693af4c5a - std::sys::backtrace::_print_fmt::hc4546b8364a537c6
[INFO] [stdout]                                at /rustc/90b35a6239c3d8bdabc530a6a0816f7ff89a0aaf/library/std/src/sys/backtrace.rs:66:9
[INFO] [stdout]    3:     0x5cd693af4c5a - <std::sys::backtrace::BacktraceLock::print::DisplayBacktrace as core::fmt::Display>::fmt::h5b6bd5631a6d1f6b
[INFO] [stdout]                                at /rustc/90b35a6239c3d8bdabc530a6a0816f7ff89a0aaf/library/std/src/sys/backtrace.rs:39:26
[INFO] [stdout]    4:     0x5cd693b20143 - core::fmt::rt::Argument::fmt::h270f6602a2b96f62
[INFO] [stdout]                                at /rustc/90b35a6239c3d8bdabc530a6a0816f7ff89a0aaf/library/core/src/fmt/rt.rs:177:76
[INFO] [stdout]    5:     0x5cd693b20143 - core::fmt::write::h7550c97b06c86515
[INFO] [stdout]                                at /rustc/90b35a6239c3d8bdabc530a6a0816f7ff89a0aaf/library/core/src/fmt/mod.rs:1186:21
[INFO] [stdout]    6:     0x5cd693af1173 - std::io::Write::write_fmt::h509ff860e5956e5e
[INFO] [stdout]                                at /rustc/90b35a6239c3d8bdabc530a6a0816f7ff89a0aaf/library/std/src/io/mod.rs:1839:15
[INFO] [stdout]    7:     0x5cd693af4aa2 - std::sys::backtrace::BacktraceLock::print::h2395ccd2c84ba3aa
[INFO] [stdout]                                at /rustc/90b35a6239c3d8bdabc530a6a0816f7ff89a0aaf/library/std/src/sys/backtrace.rs:42:9
[INFO] [stdout]    8:     0x5cd693af60ba - std::panicking::default_hook::{{closure}}::he19d4c7230e07961
[INFO] [stdout]                                at /rustc/90b35a6239c3d8bdabc530a6a0816f7ff89a0aaf/library/std/src/panicking.rs:268:22
[INFO] [stdout]    9:     0x5cd693af5ec4 - std::panicking::default_hook::hf614597d3c67bbdb
[INFO] [stdout]                                at /rustc/90b35a6239c3d8bdabc530a6a0816f7ff89a0aaf/library/std/src/panicking.rs:292:9
[INFO] [stdout]   10:     0x5cd6934331b9 - <alloc::boxed::Box<F,A> as core::ops::function::Fn<Args>>::call::h39b51ce4599c23d1
[INFO] [stdout]                                at /rustc/90b35a6239c3d8bdabc530a6a0816f7ff89a0aaf/library/alloc/src/boxed.rs:2468:9
[INFO] [stdout]   11:     0x5cd6934331b9 - test::test_main::{{closure}}::he977ae839a582784
[INFO] [stdout]                                at /rustc/90b35a6239c3d8bdabc530a6a0816f7ff89a0aaf/library/test/src/lib.rs:133:21
[INFO] [stdout]   12:     0x5cd693af6758 - <alloc::boxed::Box<F,A> as core::ops::function::Fn<Args>>::call::h9455091b6b06f9fb
[INFO] [stdout]                                at /rustc/90b35a6239c3d8bdabc530a6a0816f7ff89a0aaf/library/alloc/src/boxed.rs:2468:9
[INFO] [stdout]   13:     0x5cd693af6758 - std::panicking::rust_panic_with_hook::h8942133a8b252070
[INFO] [stdout]                                at /rustc/90b35a6239c3d8bdabc530a6a0816f7ff89a0aaf/library/std/src/panicking.rs:809:13
[INFO] [stdout]   14:     0x5cd693af651a - std::panicking::begin_panic_handler::{{closure}}::hb5f5963570096b29
[INFO] [stdout]                                at /rustc/90b35a6239c3d8bdabc530a6a0816f7ff89a0aaf/library/std/src/panicking.rs:674:13
[INFO] [stdout]   15:     0x5cd693af5139 - std::sys::backtrace::__rust_end_short_backtrace::h6208cedc1922feda
[INFO] [stdout]                                at /rustc/90b35a6239c3d8bdabc530a6a0816f7ff89a0aaf/library/std/src/sys/backtrace.rs:170:18
[INFO] [stdout]   16:     0x5cd693af61ac - rust_begin_unwind
[INFO] [stdout]                                at /rustc/90b35a6239c3d8bdabc530a6a0816f7ff89a0aaf/library/std/src/panicking.rs:665:5
[INFO] [stdout]   17:     0x5cd692f08320 - core::panicking::panic_fmt::h0c3082644d1bf418
[INFO] [stdout]                                at /rustc/90b35a6239c3d8bdabc530a6a0816f7ff89a0aaf/library/core/src/panicking.rs:74:14
[INFO] [stdout]   18:     0x5cd692f08806 - core::result::unwrap_failed::hd20b4aa073bda1e2
[INFO] [stdout]                                at /rustc/90b35a6239c3d8bdabc530a6a0816f7ff89a0aaf/library/core/src/result.rs:1700:5
[INFO] [stdout]   19:     0x5cd693132061 - core::result::Result<T,E>::unwrap::h88f4e5a09c0fd712
[INFO] [stdout]                                at /rustc/90b35a6239c3d8bdabc530a6a0816f7ff89a0aaf/library/core/src/result.rs:1104:23
[INFO] [stdout]   20:     0x5cd693132061 - xrpl::asynch::transaction::test_sign::test_autofill_and_sign::{{closure}}::h581c4ea8e65fe68d
[INFO] [stdout]                                at /opt/rustwide/workdir/src/asynch/transaction/mod.rs:588:22
[INFO] [stdout]   21:     0x5cd693171bd2 - <core::pin::Pin<P> as core::future::future::Future>::poll::h09b7c0a7c7ae8812
[INFO] [stdout]                                at /rustc/90b35a6239c3d8bdabc530a6a0816f7ff89a0aaf/library/core/src/future/future.rs:123:9
[INFO] [stdout]   22:     0x5cd693171ccd - <core::pin::Pin<P> as core::future::future::Future>::poll::h92192a35dded3854
[INFO] [stdout]                                at /rustc/90b35a6239c3d8bdabc530a6a0816f7ff89a0aaf/library/core/src/future/future.rs:123:9
[INFO] [stdout]   23:     0x5cd6932d4cef - tokio::runtime::scheduler::current_thread::CoreGuard::block_on::{{closure}}::{{closure}}::{{closure}}::hf66d79815e2b2fbf
[INFO] [stdout]                                at /opt/rustwide/cargo-home/registry/src/index.crates.io-6f17d22bba15001f/tokio-1.42.0/src/runtime/scheduler/current_thread/mod.rs:729:57
[INFO] [stdout]   24:     0x5cd6932d4b45 - tokio::runtime::coop::with_budget::hd2bd45838662c225
[INFO] [stdout]                                at /opt/rustwide/cargo-home/registry/src/index.crates.io-6f17d22bba15001f/tokio-1.42.0/src/runtime/coop.rs:107:5
[INFO] [stdout]   25:     0x5cd6932d4b45 - tokio::runtime::coop::budget::h8361883de31d83ab
[INFO] [stdout]                                at /opt/rustwide/cargo-home/registry/src/index.crates.io-6f17d22bba15001f/tokio-1.42.0/src/runtime/coop.rs:73:5
[INFO] [stdout]   26:     0x5cd6932d4b45 - tokio::runtime::scheduler::current_thread::CoreGuard::block_on::{{closure}}::{{closure}}::hd8a7dcb3a1b0092a
[INFO] [stdout]                                at /opt/rustwide/cargo-home/registry/src/index.crates.io-6f17d22bba15001f/tokio-1.42.0/src/runtime/scheduler/current_thread/mod.rs:729:25
[INFO] [stdout]   27:     0x5cd6932cef50 - tokio::runtime::scheduler::current_thread::Context::enter::h410d236eb890976d
[INFO] [stdout]                                at /opt/rustwide/cargo-home/registry/src/index.crates.io-6f17d22bba15001f/tokio-1.42.0/src/runtime/scheduler/current_thread/mod.rs:428:19
[INFO] [stdout]   28:     0x5cd6932d34fe - tokio::runtime::scheduler::current_thread::CoreGuard::block_on::{{closure}}::hec0e1d216e9e16a7
[INFO] [stdout]                                at /opt/rustwide/cargo-home/registry/src/index.crates.io-6f17d22bba15001f/tokio-1.42.0/src/runtime/scheduler/current_thread/mod.rs:728:36
[INFO] [stdout]   29:     0x5cd6932d1eb4 - tokio::runtime::scheduler::current_thread::CoreGuard::enter::{{closure}}::h07fe30e4f0cc83d1
[INFO] [stdout]                                at /opt/rustwide/cargo-home/registry/src/index.crates.io-6f17d22bba15001f/tokio-1.42.0/src/runtime/scheduler/current_thread/mod.rs:807:68
[INFO] [stdout]   30:     0x5cd69310593b - tokio::runtime::context::scoped::Scoped<T>::set::h0bdd05bfcd286687
[INFO] [stdout]                                at /opt/rustwide/cargo-home/registry/src/index.crates.io-6f17d22bba15001f/tokio-1.42.0/src/runtime/context/scoped.rs:40:9
[INFO] [stdout]   31:     0x5cd692f82c99 - tokio::runtime::context::set_scheduler::{{closure}}::ha320853434c6884a
[INFO] [stdout]                                at /opt/rustwide/cargo-home/registry/src/index.crates.io-6f17d22bba15001f/tokio-1.42.0/src/runtime/context.rs:180:26
[INFO] [stdout]   32:     0x5cd6932c0f8d - std::thread::local::LocalKey<T>::try_with::h17c4459dfa35b488
[INFO] [stdout]                                at /rustc/90b35a6239c3d8bdabc530a6a0816f7ff89a0aaf/library/std/src/thread/local.rs:283:12
[INFO] [stdout]   33:     0x5cd6932c0a0a - std::thread::local::LocalKey<T>::with::h4f1d4a8c7a1cf6d1
[INFO] [stdout]                                at /rustc/90b35a6239c3d8bdabc530a6a0816f7ff89a0aaf/library/std/src/thread/local.rs:260:9
[INFO] [stdout]   34:     0x5cd692f82b3d - tokio::runtime::context::set_scheduler::ha826b33a30c50b00
[INFO] [stdout]                                at /opt/rustwide/cargo-home/registry/src/index.crates.io-6f17d22bba15001f/tokio-1.42.0/src/runtime/context.rs:180:9
[INFO] [stdout]   35:     0x5cd6932d1c40 - tokio::runtime::scheduler::current_thread::CoreGuard::enter::hffbf2be61fd63f5a
[INFO] [stdout]                                at /opt/rustwide/cargo-home/registry/src/index.crates.io-6f17d22bba15001f/tokio-1.42.0/src/runtime/scheduler/current_thread/mod.rs:807:27
[INFO] [stdout]   36:     0x5cd6932d1f33 - tokio::runtime::scheduler::current_thread::CoreGuard::block_on::h09a16aa4b92ce33e
[INFO] [stdout]                                at /opt/rustwide/cargo-home/registry/src/index.crates.io-6f17d22bba15001f/tokio-1.42.0/src/runtime/scheduler/current_thread/mod.rs:716:19
[INFO] [stdout]   37:     0x5cd6932cdf2a - tokio::runtime::scheduler::current_thread::CurrentThread::block_on::{{closure}}::h8bc296cf77d684ff
[INFO] [stdout]                                at /opt/rustwide/cargo-home/registry/src/index.crates.io-6f17d22bba15001f/tokio-1.42.0/src/runtime/scheduler/current_thread/mod.rs:196:28
[INFO] [stdout]   38:     0x5cd69338dc26 - tokio::runtime::context::runtime::enter_runtime::h58c2624ef8cec4e1
[INFO] [stdout]                                at /opt/rustwide/cargo-home/registry/src/index.crates.io-6f17d22bba15001f/tokio-1.42.0/src/runtime/context/runtime.rs:65:16
[INFO] [stdout]   39:     0x5cd6932cd331 - tokio::runtime::scheduler::current_thread::CurrentThread::block_on::hdb74b03378b365e5
[INFO] [stdout]                                at /opt/rustwide/cargo-home/registry/src/index.crates.io-6f17d22bba15001f/tokio-1.42.0/src/runtime/scheduler/current_thread/mod.rs:184:9
[INFO] [stdout]   40:     0x5cd69338fc43 - tokio::runtime::runtime::Runtime::block_on_inner::hf4229f77ebd77823
[INFO] [stdout]                                at /opt/rustwide/cargo-home/registry/src/index.crates.io-6f17d22bba15001f/tokio-1.42.0/src/runtime/runtime.rs:368:47
[INFO] [stdout]   41:     0x5cd69338fe37 - tokio::runtime::runtime::Runtime::block_on::hac9d6479cffea319
[INFO] [stdout]                                at /opt/rustwide/cargo-home/registry/src/index.crates.io-6f17d22bba15001f/tokio-1.42.0/src/runtime/runtime.rs:342:13
[INFO] [stdout]   42:     0x5cd693131b3d - xrpl::asynch::transaction::test_sign::test_autofill_and_sign::hd6feaf40c51ff658
[INFO] [stdout]                                at /opt/rustwide/workdir/src/asynch/transaction/mod.rs:615:9
[INFO] [stdout]   43:     0x5cd6931319d7 - xrpl::asynch::transaction::test_sign::test_autofill_and_sign::{{closure}}::ha4d3eced70ea12be
[INFO] [stdout]                                at /opt/rustwide/workdir/src/asynch/transaction/mod.rs:586:38
[INFO] [stdout]   44:     0x5cd69306ba06 - core::ops::function::FnOnce::call_once::hacc0a81d94883649
[INFO] [stdout]                                at /rustc/90b35a6239c3d8bdabc530a6a0816f7ff89a0aaf/library/core/src/ops/function.rs:250:5
[INFO] [stdout]   45:     0x5cd693437b7b - core::ops::function::FnOnce::call_once::h109cf8051a59b34e
[INFO] [stdout]                                at /rustc/90b35a6239c3d8bdabc530a6a0816f7ff89a0aaf/library/core/src/ops/function.rs:250:5
[INFO] [stdout]   46:     0x5cd693437b7b - test::__rust_begin_short_backtrace::hf4fff89d377446ba
[INFO] [stdout]                                at /rustc/90b35a6239c3d8bdabc530a6a0816f7ff89a0aaf/library/test/src/lib.rs:621:18
[INFO] [stdout]   47:     0x5cd6934373b7 - test::run_test_in_process::{{closure}}::h0e39181dd7ee5a43
[INFO] [stdout]                                at /rustc/90b35a6239c3d8bdabc530a6a0816f7ff89a0aaf/library/test/src/lib.rs:644:60
[INFO] [stdout]   48:     0x5cd6934373b7 - <core::panic::unwind_safe::AssertUnwindSafe<F> as core::ops::function::FnOnce<()>>::call_once::hc5a66a30f0bdfd1f
[INFO] [stdout]                                at /rustc/90b35a6239c3d8bdabc530a6a0816f7ff89a0aaf/library/core/src/panic/unwind_safe.rs:272:9
[INFO] [stdout]   49:     0x5cd6934373b7 - std::panicking::try::do_call::h873b7cf639554a5e
[INFO] [stdout]                                at /rustc/90b35a6239c3d8bdabc530a6a0816f7ff89a0aaf/library/std/src/panicking.rs:557:40
[INFO] [stdout]   50:     0x5cd6934373b7 - std::panicking::try::hdb19862fad9c8bd1
[INFO] [stdout]                                at /rustc/90b35a6239c3d8bdabc530a6a0816f7ff89a0aaf/library/std/src/panicking.rs:520:19
[INFO] [stdout]   51:     0x5cd6934373b7 - std::panic::catch_unwind::h281fe732d236d260
[INFO] [stdout]                                at /rustc/90b35a6239c3d8bdabc530a6a0816f7ff89a0aaf/library/std/src/panic.rs:358:14
[INFO] [stdout]   52:     0x5cd6934373b7 - test::run_test_in_process::h949b6df8457ed338
[INFO] [stdout]                                at /rustc/90b35a6239c3d8bdabc530a6a0816f7ff89a0aaf/library/test/src/lib.rs:644:27
[INFO] [stdout]   53:     0x5cd6934373b7 - test::run_test::{{closure}}::h52c556a6d4740e10
[INFO] [stdout]                                at /rustc/90b35a6239c3d8bdabc530a6a0816f7ff89a0aaf/library/test/src/lib.rs:565:43
[INFO] [stdout]   54:     0x5cd6933fc694 - test::run_test::{{closure}}::h4237f6381c45ccb9
[INFO] [stdout]                                at /rustc/90b35a6239c3d8bdabc530a6a0816f7ff89a0aaf/library/test/src/lib.rs:595:41
[INFO] [stdout]   55:     0x5cd6933fc694 - std::sys::backtrace::__rust_begin_short_backtrace::h505c97a579eca628
[INFO] [stdout]                                at /rustc/90b35a6239c3d8bdabc530a6a0816f7ff89a0aaf/library/std/src/sys/backtrace.rs:154:18
[INFO] [stdout]   56:     0x5cd6933ffd5e - std::thread::Builder::spawn_unchecked_::{{closure}}::{{closure}}::h9e86b2e2bc107ea3
[INFO] [stdout]                                at /rustc/90b35a6239c3d8bdabc530a6a0816f7ff89a0aaf/library/std/src/thread/mod.rs:538:17
[INFO] [stdout]   57:     0x5cd6933ffd5e - <core::panic::unwind_safe::AssertUnwindSafe<F> as core::ops::function::FnOnce<()>>::call_once::h8b06ddb275ff4a25
[INFO] [stdout]                                at /rustc/90b35a6239c3d8bdabc530a6a0816f7ff89a0aaf/library/core/src/panic/unwind_safe.rs:272:9
[INFO] [stdout]   58:     0x5cd6933ffd5e - std::panicking::try::do_call::hb26ecd7cd9a9355d
[INFO] [stdout]                                at /rustc/90b35a6239c3d8bdabc530a6a0816f7ff89a0aaf/library/std/src/panicking.rs:557:40
[INFO] [stdout]   59:     0x5cd6933ffd5e - std::panicking::try::h8ddeca9d705f9069
[INFO] [stdout]                                at /rustc/90b35a6239c3d8bdabc530a6a0816f7ff89a0aaf/library/std/src/panicking.rs:520:19
[INFO] [stdout]   60:     0x5cd6933ffd5e - std::panic::catch_unwind::h49e1c33078844c46
[INFO] [stdout]                                at /rustc/90b35a6239c3d8bdabc530a6a0816f7ff89a0aaf/library/std/src/panic.rs:358:14
[INFO] [stdout]   61:     0x5cd6933ffd5e - std::thread::Builder::spawn_unchecked_::{{closure}}::h6073db6ff56ad35d
[INFO] [stdout]                                at /rustc/90b35a6239c3d8bdabc530a6a0816f7ff89a0aaf/library/std/src/thread/mod.rs:537:30
[INFO] [stdout]   62:     0x5cd6933ffd5e - core::ops::function::FnOnce::call_once{{vtable.shim}}::h2c5a5f3779c774f1
[INFO] [stdout]                                at /rustc/90b35a6239c3d8bdabc530a6a0816f7ff89a0aaf/library/core/src/ops/function.rs:250:5
[INFO] [stdout]   63:     0x5cd693afaa1b - <alloc::boxed::Box<F,A> as core::ops::function::FnOnce<Args>>::call_once::hf75717d9f28faebf
[INFO] [stdout]                                at /rustc/90b35a6239c3d8bdabc530a6a0816f7ff89a0aaf/library/alloc/src/boxed.rs:2454:9
[INFO] [stdout]   64:     0x5cd693afaa1b - <alloc::boxed::Box<F,A> as core::ops::function::FnOnce<Args>>::call_once::h7bd883a5f3c5f3c1
[INFO] [stdout]                                at /rustc/90b35a6239c3d8bdabc530a6a0816f7ff89a0aaf/library/alloc/src/boxed.rs:2454:9
[INFO] [stdout]   65:     0x5cd693afaa1b - std::sys::pal::unix::thread::Thread::new::thread_start::hcc78f3943333fa94
[INFO] [stdout]                                at /rustc/90b35a6239c3d8bdabc530a6a0816f7ff89a0aaf/library/std/src/sys/pal/unix/thread.rs:105:17
[INFO] [stdout]   66:     0x73a2883ddac3 - <unknown>
[INFO] [stdout]   67:     0x73a28846ea04 - clone
[INFO] [stdout]   68:                0x0 - <unknown>
[INFO] [stdout] 
[INFO] [stdout] 
[INFO] [stdout] failures:
[INFO] [stdout]     asynch::transaction::submit_and_wait::test_submit_and_wait::test_submit_and_wait
[INFO] [stdout]     asynch::transaction::test_autofill::test_autofill_txn
[INFO] [stdout]     asynch::transaction::test_sign::test_autofill_and_sign
[INFO] [stdout]     asynch::wallet::test_faucet_wallet_generation::test_generate_faucet_wallet
[INFO] [stdout] 
[INFO] [stdout] test result: FAILED. 222 passed; 4 failed; 0 ignored; 0 measured; 0 filtered out; finished in 0.25s
[INFO] [stdout] 
[INFO] [stderr] error: test failed, to rerun pass `--lib`
[INFO] running `Command { std: "docker" "inspect" "a543599f823cb2366dfbe42e04e9893bdab662cd35bdb559871e4131e2197501", kill_on_drop: false }`
[INFO] running `Command { std: "docker" "rm" "-f" "a543599f823cb2366dfbe42e04e9893bdab662cd35bdb559871e4131e2197501", kill_on_drop: false }`
[INFO] [stdout] a543599f823cb2366dfbe42e04e9893bdab662cd35bdb559871e4131e2197501
