[INFO] fetching crate xous-api-names 0.9.64...
[INFO] testing xous-api-names-0.9.64 against 1.83.0 for beta-1.84.0-4-retry
[INFO] extracting crate xous-api-names 0.9.64 into /workspace/builds/worker-5-tc1/source
[INFO] validating manifest of crates.io crate xous-api-names 0.9.64 on toolchain 1.83.0
[INFO] running `Command { std: CARGO_HOME="/workspace/cargo-home" RUSTUP_HOME="/workspace/rustup-home" "/workspace/cargo-home/bin/cargo" "+1.83.0" "metadata" "--manifest-path" "Cargo.toml" "--no-deps", kill_on_drop: false }`
[INFO] started tweaking crates.io crate xous-api-names 0.9.64
[INFO] finished tweaking crates.io crate xous-api-names 0.9.64
[INFO] tweaked toml for crates.io crate xous-api-names 0.9.64 written to /workspace/builds/worker-5-tc1/source/Cargo.toml
[INFO] running `Command { std: CARGO_HOME="/workspace/cargo-home" RUSTUP_HOME="/workspace/rustup-home" "/workspace/cargo-home/bin/cargo" "+1.83.0" "generate-lockfile" "--manifest-path" "Cargo.toml", kill_on_drop: false }`
[INFO] [stderr]     Updating crates.io index
[INFO] [stderr]      Locking 28 packages to latest compatible versions
[INFO] running `Command { std: CARGO_HOME="/workspace/cargo-home" RUSTUP_HOME="/workspace/rustup-home" "/workspace/cargo-home/bin/cargo" "+1.83.0" "fetch" "--manifest-path" "Cargo.toml", kill_on_drop: false }`
[INFO] [stderr]  Downloading crates ...
[INFO] [stderr]   Downloaded xous v0.9.64
[INFO] [stderr]   Downloaded xous-api-log v0.1.62
[INFO] [stderr]   Downloaded rkyv_derive v0.8.9
[INFO] [stderr]   Downloaded xous-ipc v0.10.3
[INFO] [stderr]   Downloaded rkyv v0.8.9
[INFO] running `Command { std: "docker" "create" "-v" "/var/lib/crater-agent-workspace/builds/worker-5-tc1/target:/opt/rustwide/target:rw,Z" "-v" "/var/lib/crater-agent-workspace/builds/worker-5-tc1/source:/opt/rustwide/workdir:ro,Z" "-v" "/var/lib/crater-agent-workspace/cargo-home:/opt/rustwide/cargo-home:ro,Z" "-v" "/var/lib/crater-agent-workspace/rustup-home:/opt/rustwide/rustup-home:ro,Z" "-e" "SOURCE_DIR=/opt/rustwide/workdir" "-e" "CARGO_TARGET_DIR=/opt/rustwide/target" "-e" "CARGO_HOME=/opt/rustwide/cargo-home" "-e" "RUSTUP_HOME=/opt/rustwide/rustup-home" "-w" "/opt/rustwide/workdir" "-m" "1610612736" "--user" "0:0" "--network" "none" "ghcr.io/rust-lang/crates-build-env/linux@sha256:f3a9d4ad9d972b27faf3965f35b62e55ba32bbce8f20bc8fe909558a86702fde" "/opt/rustwide/cargo-home/bin/cargo" "+1.83.0" "metadata" "--no-deps" "--format-version=1", kill_on_drop: false }`
[INFO] [stdout] 0e7d8ba6ea1618dedfb24061c6cc3d35ba8e2e18e12ee37cba4ddc2f23023412
[INFO] running `Command { std: "docker" "start" "-a" "0e7d8ba6ea1618dedfb24061c6cc3d35ba8e2e18e12ee37cba4ddc2f23023412", kill_on_drop: false }`
[INFO] running `Command { std: "docker" "inspect" "0e7d8ba6ea1618dedfb24061c6cc3d35ba8e2e18e12ee37cba4ddc2f23023412", kill_on_drop: false }`
[INFO] running `Command { std: "docker" "rm" "-f" "0e7d8ba6ea1618dedfb24061c6cc3d35ba8e2e18e12ee37cba4ddc2f23023412", kill_on_drop: false }`
[INFO] [stdout] 0e7d8ba6ea1618dedfb24061c6cc3d35ba8e2e18e12ee37cba4ddc2f23023412
[INFO] running `Command { std: "docker" "create" "-v" "/var/lib/crater-agent-workspace/builds/worker-5-tc1/target:/opt/rustwide/target:rw,Z" "-v" "/var/lib/crater-agent-workspace/builds/worker-5-tc1/source:/opt/rustwide/workdir:ro,Z" "-v" "/var/lib/crater-agent-workspace/cargo-home:/opt/rustwide/cargo-home:ro,Z" "-v" "/var/lib/crater-agent-workspace/rustup-home:/opt/rustwide/rustup-home:ro,Z" "-e" "SOURCE_DIR=/opt/rustwide/workdir" "-e" "CARGO_TARGET_DIR=/opt/rustwide/target" "-e" "CARGO_INCREMENTAL=0" "-e" "RUST_BACKTRACE=full" "-e" "RUSTFLAGS=--cap-lints=warn" "-e" "RUSTDOCFLAGS=--cap-lints=warn" "-e" "CARGO_HOME=/opt/rustwide/cargo-home" "-e" "RUSTUP_HOME=/opt/rustwide/rustup-home" "-w" "/opt/rustwide/workdir" "-m" "1610612736" "--user" "0:0" "--network" "none" "ghcr.io/rust-lang/crates-build-env/linux@sha256:f3a9d4ad9d972b27faf3965f35b62e55ba32bbce8f20bc8fe909558a86702fde" "/opt/rustwide/cargo-home/bin/cargo" "+1.83.0" "build" "--frozen" "--message-format=json", kill_on_drop: false }`
[INFO] [stdout] db62dcf147150edb4526bc99ff4f43ef21dc019b79acf6a480be107ead0052c7
[INFO] running `Command { std: "docker" "start" "-a" "db62dcf147150edb4526bc99ff4f43ef21dc019b79acf6a480be107ead0052c7", kill_on_drop: false }`
[INFO] [stderr]    Compiling proc-macro2 v1.0.92
[INFO] [stderr]    Compiling unicode-ident v1.0.14
[INFO] [stderr]    Compiling autocfg v1.4.0
[INFO] [stderr]    Compiling lazy_static v1.5.0
[INFO] [stderr]    Compiling rend v0.5.2
[INFO] [stderr]    Compiling hashbrown v0.15.2
[INFO] [stderr]    Compiling bitflags v1.3.2
[INFO] [stderr]    Compiling log v0.4.22
[INFO] [stderr]    Compiling xous v0.9.64
[INFO] [stderr]    Compiling num-traits v0.2.19
[INFO] [stderr]    Compiling quote v1.0.37
[INFO] [stderr]    Compiling syn v2.0.90
[INFO] [stderr]    Compiling ptr_meta_derive v0.3.0
[INFO] [stderr]    Compiling munge_macro v0.4.1
[INFO] [stderr]    Compiling rkyv_derive v0.8.9
[INFO] [stderr]    Compiling num-derive v0.4.2
[INFO] [stderr]    Compiling ptr_meta v0.3.0
[INFO] [stderr]    Compiling munge v0.4.1
[INFO] [stderr]    Compiling rancor v0.1.0
[INFO] [stderr]    Compiling rkyv v0.8.9
[INFO] [stderr]    Compiling xous-ipc v0.10.3
[INFO] [stderr]    Compiling xous-api-log v0.1.62
[INFO] [stderr]    Compiling xous-api-names v0.9.64 (/opt/rustwide/workdir)
[INFO] [stderr]     Finished `dev` profile [unoptimized + debuginfo] target(s) in 9.27s
[INFO] running `Command { std: "docker" "inspect" "db62dcf147150edb4526bc99ff4f43ef21dc019b79acf6a480be107ead0052c7", kill_on_drop: false }`
[INFO] running `Command { std: "docker" "rm" "-f" "db62dcf147150edb4526bc99ff4f43ef21dc019b79acf6a480be107ead0052c7", kill_on_drop: false }`
[INFO] [stdout] db62dcf147150edb4526bc99ff4f43ef21dc019b79acf6a480be107ead0052c7
[INFO] running `Command { std: "docker" "create" "-v" "/var/lib/crater-agent-workspace/builds/worker-5-tc1/target:/opt/rustwide/target:rw,Z" "-v" "/var/lib/crater-agent-workspace/builds/worker-5-tc1/source:/opt/rustwide/workdir:ro,Z" "-v" "/var/lib/crater-agent-workspace/cargo-home:/opt/rustwide/cargo-home:ro,Z" "-v" "/var/lib/crater-agent-workspace/rustup-home:/opt/rustwide/rustup-home:ro,Z" "-e" "SOURCE_DIR=/opt/rustwide/workdir" "-e" "CARGO_TARGET_DIR=/opt/rustwide/target" "-e" "CARGO_INCREMENTAL=0" "-e" "RUST_BACKTRACE=full" "-e" "RUSTFLAGS=--cap-lints=warn" "-e" "RUSTDOCFLAGS=--cap-lints=warn" "-e" "CARGO_HOME=/opt/rustwide/cargo-home" "-e" "RUSTUP_HOME=/opt/rustwide/rustup-home" "-w" "/opt/rustwide/workdir" "-m" "1610612736" "--user" "0:0" "--network" "none" "ghcr.io/rust-lang/crates-build-env/linux@sha256:f3a9d4ad9d972b27faf3965f35b62e55ba32bbce8f20bc8fe909558a86702fde" "/opt/rustwide/cargo-home/bin/cargo" "+1.83.0" "test" "--frozen" "--no-run" "--message-format=json", kill_on_drop: false }`
[INFO] [stdout] 9816bc8595be6d94cf4ce48824aacaaa79b465c78475577b73a36baa3b75d46a
[INFO] running `Command { std: "docker" "start" "-a" "9816bc8595be6d94cf4ce48824aacaaa79b465c78475577b73a36baa3b75d46a", kill_on_drop: false }`
[INFO] [stderr]    Compiling xous-api-names v0.9.64 (/opt/rustwide/workdir)
[INFO] [stderr]     Finished `test` profile [unoptimized + debuginfo] target(s) in 0.61s
[INFO] running `Command { std: "docker" "inspect" "9816bc8595be6d94cf4ce48824aacaaa79b465c78475577b73a36baa3b75d46a", kill_on_drop: false }`
[INFO] running `Command { std: "docker" "rm" "-f" "9816bc8595be6d94cf4ce48824aacaaa79b465c78475577b73a36baa3b75d46a", kill_on_drop: false }`
[INFO] [stdout] 9816bc8595be6d94cf4ce48824aacaaa79b465c78475577b73a36baa3b75d46a
[INFO] running `Command { std: "docker" "create" "-v" "/var/lib/crater-agent-workspace/builds/worker-5-tc1/target:/opt/rustwide/target:rw,Z" "-v" "/var/lib/crater-agent-workspace/builds/worker-5-tc1/source:/opt/rustwide/workdir:ro,Z" "-v" "/var/lib/crater-agent-workspace/cargo-home:/opt/rustwide/cargo-home:ro,Z" "-v" "/var/lib/crater-agent-workspace/rustup-home:/opt/rustwide/rustup-home:ro,Z" "-e" "SOURCE_DIR=/opt/rustwide/workdir" "-e" "CARGO_TARGET_DIR=/opt/rustwide/target" "-e" "CARGO_INCREMENTAL=0" "-e" "RUST_BACKTRACE=full" "-e" "RUSTFLAGS=--cap-lints=warn" "-e" "RUSTDOCFLAGS=--cap-lints=warn" "-e" "CARGO_HOME=/opt/rustwide/cargo-home" "-e" "RUSTUP_HOME=/opt/rustwide/rustup-home" "-w" "/opt/rustwide/workdir" "-m" "1610612736" "--user" "0:0" "--network" "none" "ghcr.io/rust-lang/crates-build-env/linux@sha256:f3a9d4ad9d972b27faf3965f35b62e55ba32bbce8f20bc8fe909558a86702fde" "/opt/rustwide/cargo-home/bin/cargo" "+1.83.0" "test" "--frozen", kill_on_drop: false }`
[INFO] [stdout] 12a9360ad2ade3ae4392c0869fe53d03c79e8f76c8d51dd839c1d897789adb1d
[INFO] running `Command { std: "docker" "start" "-a" "12a9360ad2ade3ae4392c0869fe53d03c79e8f76c8d51dd839c1d897789adb1d", kill_on_drop: false }`
[INFO] [stderr]     Finished `test` profile [unoptimized + debuginfo] target(s) in 0.04s
[INFO] [stderr]      Running unittests src/lib.rs (/opt/rustwide/target/debug/deps/xous_api_names-202f5f9c9d963566)
[INFO] [stdout] 
[INFO] [stdout] running 0 tests
[INFO] [stdout] 
[INFO] [stdout] test result: ok. 0 passed; 0 failed; 0 ignored; 0 measured; 0 filtered out; finished in 0.00s
[INFO] [stdout] 
[INFO] [stderr]    Doc-tests xous_api_names
[INFO] [stdout] 
[INFO] [stdout] running 4 tests
[INFO] [stdout] test src/api.rs - api::Opcode::TryConnect (line 62) ... FAILED
[INFO] [stdout] test src/api.rs - api::Opcode::BlockingConnect (line 34) ... FAILED
[INFO] [stdout] test src/api.rs - api::Opcode::BlockingConnect (line 46) ... ok
[INFO] [stdout] test src/api.rs - api::Opcode::TryConnect (line 74) ... ok
[INFO] [stderr] error: doctest failed, to rerun pass `--doc`
[INFO] [stdout] 
[INFO] [stdout] failures:
[INFO] [stdout] 
[INFO] [stdout] ---- src/api.rs - api::Opcode::TryConnect (line 62) stdout ----
[INFO] [stdout] error[E0425]: cannot find value `MutableLend` in this scope
[INFO] [stdout]  --> src/api.rs:63:3
[INFO] [stdout]   |
[INFO] [stdout] 3 | * MutableLend
[INFO] [stdout]   |   ^^^^^^^^^^^ not found in this scope
[INFO] [stdout] 
[INFO] [stdout] error: aborting due to 1 previous error
[INFO] [stdout] 
[INFO] [stdout] For more information about this error, try `rustc --explain E0425`.
[INFO] [stdout] Couldn't compile the test.
[INFO] [stdout] ---- src/api.rs - api::Opcode::BlockingConnect (line 34) stdout ----
[INFO] [stdout] error[E0425]: cannot find value `MutableLend` in this scope
[INFO] [stdout]  --> src/api.rs:35:3
[INFO] [stdout]   |
[INFO] [stdout] 3 | * MutableLend
[INFO] [stdout]   |   ^^^^^^^^^^^ not found in this scope
[INFO] [stdout] 
[INFO] [stdout] error: aborting due to 1 previous error
[INFO] [stdout] 
[INFO] [stdout] For more information about this error, try `rustc --explain E0425`.
[INFO] [stdout] Couldn't compile the test.
[INFO] [stdout] 
[INFO] [stdout] failures:
[INFO] [stdout]     src/api.rs - api::Opcode::BlockingConnect (line 34)
[INFO] [stdout]     src/api.rs - api::Opcode::TryConnect (line 62)
[INFO] [stdout] 
[INFO] [stdout] test result: FAILED. 2 passed; 2 failed; 0 ignored; 0 measured; 0 filtered out; finished in 0.32s
[INFO] [stdout] 
[INFO] running `Command { std: "docker" "inspect" "12a9360ad2ade3ae4392c0869fe53d03c79e8f76c8d51dd839c1d897789adb1d", kill_on_drop: false }`
[INFO] running `Command { std: "docker" "rm" "-f" "12a9360ad2ade3ae4392c0869fe53d03c79e8f76c8d51dd839c1d897789adb1d", kill_on_drop: false }`
[INFO] [stdout] 12a9360ad2ade3ae4392c0869fe53d03c79e8f76c8d51dd839c1d897789adb1d
