[INFO] fetching crate xlsx_group_write_macro_derive 0.4.3...
[INFO] testing xlsx_group_write_macro_derive-0.4.3 against 1.83.0 for beta-1.84.0-4-retry
[INFO] extracting crate xlsx_group_write_macro_derive 0.4.3 into /workspace/builds/worker-5-tc1/source
[INFO] validating manifest of crates.io crate xlsx_group_write_macro_derive 0.4.3 on toolchain 1.83.0
[INFO] running `Command { std: CARGO_HOME="/workspace/cargo-home" RUSTUP_HOME="/workspace/rustup-home" "/workspace/cargo-home/bin/cargo" "+1.83.0" "metadata" "--manifest-path" "Cargo.toml" "--no-deps", kill_on_drop: false }`
[INFO] started tweaking crates.io crate xlsx_group_write_macro_derive 0.4.3
[INFO] finished tweaking crates.io crate xlsx_group_write_macro_derive 0.4.3
[INFO] tweaked toml for crates.io crate xlsx_group_write_macro_derive 0.4.3 written to /workspace/builds/worker-5-tc1/source/Cargo.toml
[INFO] running `Command { std: CARGO_HOME="/workspace/cargo-home" RUSTUP_HOME="/workspace/rustup-home" "/workspace/cargo-home/bin/cargo" "+1.83.0" "generate-lockfile" "--manifest-path" "Cargo.toml", kill_on_drop: false }`
[INFO] [stderr]     Updating crates.io index
[INFO] [stderr]      Locking 4 packages to latest compatible versions
[INFO] [stderr]       Adding syn v1.0.109 (available: v2.0.90)
[INFO] running `Command { std: CARGO_HOME="/workspace/cargo-home" RUSTUP_HOME="/workspace/rustup-home" "/workspace/cargo-home/bin/cargo" "+1.83.0" "fetch" "--manifest-path" "Cargo.toml", kill_on_drop: false }`
[INFO] running `Command { std: "docker" "create" "-v" "/var/lib/crater-agent-workspace/builds/worker-5-tc1/target:/opt/rustwide/target:rw,Z" "-v" "/var/lib/crater-agent-workspace/builds/worker-5-tc1/source:/opt/rustwide/workdir:ro,Z" "-v" "/var/lib/crater-agent-workspace/cargo-home:/opt/rustwide/cargo-home:ro,Z" "-v" "/var/lib/crater-agent-workspace/rustup-home:/opt/rustwide/rustup-home:ro,Z" "-e" "SOURCE_DIR=/opt/rustwide/workdir" "-e" "CARGO_TARGET_DIR=/opt/rustwide/target" "-e" "CARGO_HOME=/opt/rustwide/cargo-home" "-e" "RUSTUP_HOME=/opt/rustwide/rustup-home" "-w" "/opt/rustwide/workdir" "-m" "1610612736" "--user" "0:0" "--network" "none" "ghcr.io/rust-lang/crates-build-env/linux@sha256:f3a9d4ad9d972b27faf3965f35b62e55ba32bbce8f20bc8fe909558a86702fde" "/opt/rustwide/cargo-home/bin/cargo" "+1.83.0" "metadata" "--no-deps" "--format-version=1", kill_on_drop: false }`
[INFO] [stdout] 4daba1f075fe506392d5551b1d9de668bde65cd6f369473155002cc634f3a6ae
[INFO] running `Command { std: "docker" "start" "-a" "4daba1f075fe506392d5551b1d9de668bde65cd6f369473155002cc634f3a6ae", kill_on_drop: false }`
[INFO] running `Command { std: "docker" "inspect" "4daba1f075fe506392d5551b1d9de668bde65cd6f369473155002cc634f3a6ae", kill_on_drop: false }`
[INFO] running `Command { std: "docker" "rm" "-f" "4daba1f075fe506392d5551b1d9de668bde65cd6f369473155002cc634f3a6ae", kill_on_drop: false }`
[INFO] [stdout] 4daba1f075fe506392d5551b1d9de668bde65cd6f369473155002cc634f3a6ae
[INFO] running `Command { std: "docker" "create" "-v" "/var/lib/crater-agent-workspace/builds/worker-5-tc1/target:/opt/rustwide/target:rw,Z" "-v" "/var/lib/crater-agent-workspace/builds/worker-5-tc1/source:/opt/rustwide/workdir:ro,Z" "-v" "/var/lib/crater-agent-workspace/cargo-home:/opt/rustwide/cargo-home:ro,Z" "-v" "/var/lib/crater-agent-workspace/rustup-home:/opt/rustwide/rustup-home:ro,Z" "-e" "SOURCE_DIR=/opt/rustwide/workdir" "-e" "CARGO_TARGET_DIR=/opt/rustwide/target" "-e" "CARGO_INCREMENTAL=0" "-e" "RUST_BACKTRACE=full" "-e" "RUSTFLAGS=--cap-lints=warn" "-e" "RUSTDOCFLAGS=--cap-lints=warn" "-e" "CARGO_HOME=/opt/rustwide/cargo-home" "-e" "RUSTUP_HOME=/opt/rustwide/rustup-home" "-w" "/opt/rustwide/workdir" "-m" "1610612736" "--user" "0:0" "--network" "none" "ghcr.io/rust-lang/crates-build-env/linux@sha256:f3a9d4ad9d972b27faf3965f35b62e55ba32bbce8f20bc8fe909558a86702fde" "/opt/rustwide/cargo-home/bin/cargo" "+1.83.0" "build" "--frozen" "--message-format=json", kill_on_drop: false }`
[INFO] [stdout] c463dcf9db4a2ee095a91436761e605528855043de9fdcb93fcb932958783d08
[INFO] running `Command { std: "docker" "start" "-a" "c463dcf9db4a2ee095a91436761e605528855043de9fdcb93fcb932958783d08", kill_on_drop: false }`
[INFO] [stderr]    Compiling proc-macro2 v1.0.92
[INFO] [stderr]    Compiling unicode-ident v1.0.14
[INFO] [stderr]    Compiling syn v1.0.109
[INFO] [stderr]    Compiling quote v1.0.37
[INFO] [stderr]    Compiling xlsx_group_write_macro_derive v0.4.3 (/opt/rustwide/workdir)
[INFO] [stderr]     Finished `dev` profile [unoptimized + debuginfo] target(s) in 7.71s
[INFO] running `Command { std: "docker" "inspect" "c463dcf9db4a2ee095a91436761e605528855043de9fdcb93fcb932958783d08", kill_on_drop: false }`
[INFO] running `Command { std: "docker" "rm" "-f" "c463dcf9db4a2ee095a91436761e605528855043de9fdcb93fcb932958783d08", kill_on_drop: false }`
[INFO] [stdout] c463dcf9db4a2ee095a91436761e605528855043de9fdcb93fcb932958783d08
[INFO] running `Command { std: "docker" "create" "-v" "/var/lib/crater-agent-workspace/builds/worker-5-tc1/target:/opt/rustwide/target:rw,Z" "-v" "/var/lib/crater-agent-workspace/builds/worker-5-tc1/source:/opt/rustwide/workdir:ro,Z" "-v" "/var/lib/crater-agent-workspace/cargo-home:/opt/rustwide/cargo-home:ro,Z" "-v" "/var/lib/crater-agent-workspace/rustup-home:/opt/rustwide/rustup-home:ro,Z" "-e" "SOURCE_DIR=/opt/rustwide/workdir" "-e" "CARGO_TARGET_DIR=/opt/rustwide/target" "-e" "CARGO_INCREMENTAL=0" "-e" "RUST_BACKTRACE=full" "-e" "RUSTFLAGS=--cap-lints=warn" "-e" "RUSTDOCFLAGS=--cap-lints=warn" "-e" "CARGO_HOME=/opt/rustwide/cargo-home" "-e" "RUSTUP_HOME=/opt/rustwide/rustup-home" "-w" "/opt/rustwide/workdir" "-m" "1610612736" "--user" "0:0" "--network" "none" "ghcr.io/rust-lang/crates-build-env/linux@sha256:f3a9d4ad9d972b27faf3965f35b62e55ba32bbce8f20bc8fe909558a86702fde" "/opt/rustwide/cargo-home/bin/cargo" "+1.83.0" "test" "--frozen" "--no-run" "--message-format=json", kill_on_drop: false }`
[INFO] [stdout] a2199218c21434060573349a3298392cc6cb858039d154bddc0be70a9303624f
[INFO] running `Command { std: "docker" "start" "-a" "a2199218c21434060573349a3298392cc6cb858039d154bddc0be70a9303624f", kill_on_drop: false }`
[INFO] [stderr]    Compiling xlsx_group_write_macro_derive v0.4.3 (/opt/rustwide/workdir)
[INFO] [stderr]     Finished `test` profile [unoptimized + debuginfo] target(s) in 1.24s
[INFO] running `Command { std: "docker" "inspect" "a2199218c21434060573349a3298392cc6cb858039d154bddc0be70a9303624f", kill_on_drop: false }`
[INFO] running `Command { std: "docker" "rm" "-f" "a2199218c21434060573349a3298392cc6cb858039d154bddc0be70a9303624f", kill_on_drop: false }`
[INFO] [stdout] a2199218c21434060573349a3298392cc6cb858039d154bddc0be70a9303624f
[INFO] running `Command { std: "docker" "create" "-v" "/var/lib/crater-agent-workspace/builds/worker-5-tc1/target:/opt/rustwide/target:rw,Z" "-v" "/var/lib/crater-agent-workspace/builds/worker-5-tc1/source:/opt/rustwide/workdir:ro,Z" "-v" "/var/lib/crater-agent-workspace/cargo-home:/opt/rustwide/cargo-home:ro,Z" "-v" "/var/lib/crater-agent-workspace/rustup-home:/opt/rustwide/rustup-home:ro,Z" "-e" "SOURCE_DIR=/opt/rustwide/workdir" "-e" "CARGO_TARGET_DIR=/opt/rustwide/target" "-e" "CARGO_INCREMENTAL=0" "-e" "RUST_BACKTRACE=full" "-e" "RUSTFLAGS=--cap-lints=warn" "-e" "RUSTDOCFLAGS=--cap-lints=warn" "-e" "CARGO_HOME=/opt/rustwide/cargo-home" "-e" "RUSTUP_HOME=/opt/rustwide/rustup-home" "-w" "/opt/rustwide/workdir" "-m" "1610612736" "--user" "0:0" "--network" "none" "ghcr.io/rust-lang/crates-build-env/linux@sha256:f3a9d4ad9d972b27faf3965f35b62e55ba32bbce8f20bc8fe909558a86702fde" "/opt/rustwide/cargo-home/bin/cargo" "+1.83.0" "test" "--frozen", kill_on_drop: false }`
[INFO] [stdout] 050c5ef751f4a37d53589ae3fd64db9ea146edc2507c21b5cdc99697900fcb29
[INFO] running `Command { std: "docker" "start" "-a" "050c5ef751f4a37d53589ae3fd64db9ea146edc2507c21b5cdc99697900fcb29", kill_on_drop: false }`
[INFO] [stderr]     Finished `test` profile [unoptimized + debuginfo] target(s) in 0.02s
[INFO] [stderr]      Running unittests src/lib.rs (/opt/rustwide/target/debug/deps/xlsx_group_write_macro_derive-697d4f5f3d71739f)
[INFO] [stdout] 
[INFO] [stdout] running 0 tests
[INFO] [stdout] 
[INFO] [stdout] test result: ok. 0 passed; 0 failed; 0 ignored; 0 measured; 0 filtered out; finished in 0.00s
[INFO] [stdout] 
[INFO] [stderr]    Doc-tests xlsx_group_write_macro_derive
[INFO] [stdout] 
[INFO] [stdout] running 6 tests
[INFO] [stdout] test src/../README.md - (line 65) ... FAILED
[INFO] [stdout] test src/../README.md - (line 239) ... FAILED
[INFO] [stdout] test src/../README.md - (line 7) ... FAILED
[INFO] [stdout] test src/../README.md - (line 111) ... FAILED
[INFO] [stdout] test src/../README.md - (line 175) ... FAILED
[INFO] [stdout] test src/../README.md - (line 302) ... FAILED
[INFO] [stdout] 
[INFO] [stdout] failures:
[INFO] [stdout] 
[INFO] [stdout] ---- src/../README.md - (line 65) stdout ----
[INFO] [stdout] error: expected one of `::`, `;`, or `as`, found `.`
[INFO] [stdout]  --> src/../README.md:66:30
[INFO] [stdout]   |
[INFO] [stdout] 3 | use xlsx_group_write::prelude.*;
[INFO] [stdout]   |                              ^ expected one of `::`, `;`, or `as`
[INFO] [stdout] 
[INFO] [stdout] error: aborting due to 1 previous error
[INFO] [stdout] 
[INFO] [stdout] Couldn't compile the test.
[INFO] [stdout] ---- src/../README.md - (line 239) stdout ----
[INFO] [stdout] error[E0433]: failed to resolve: use of undeclared crate or module `xlsx_group_write`
[INFO] [stdout]  --> src/../README.md:242:5
[INFO] [stdout]   |
[INFO] [stdout] 6 | use xlsx_group_write::data::{
[INFO] [stdout]   |     ^^^^^^^^^^^^^^^^ use of undeclared crate or module `xlsx_group_write`
[INFO] [stdout] 
[INFO] [stdout] error[E0432]: unresolved import `umya_spreadsheet`
[INFO] [stdout]  --> src/../README.md:241:5
[INFO] [stdout]   |
[INFO] [stdout] 5 | use umya_spreadsheet::Worksheet;
[INFO] [stdout]   |     ^^^^^^^^^^^^^^^^ use of undeclared crate or module `umya_spreadsheet`
[INFO] [stdout] 
[INFO] [stdout] error[E0433]: failed to resolve: use of undeclared crate or module `xlsx_group_write`
[INFO] [stdout]   --> src/../README.md:247:5
[INFO] [stdout]    |
[INFO] [stdout] 11 | use xlsx_group_write::xlsx_util::XlsxWriterTool;
[INFO] [stdout]    |     ^^^^^^^^^^^^^^^^ use of undeclared crate or module `xlsx_group_write`
[INFO] [stdout] 
[INFO] [stdout] error[E0432]: unresolved import `xlsx_group_write`
[INFO] [stdout]   --> src/../README.md:246:5
[INFO] [stdout]    |
[INFO] [stdout] 10 | use xlsx_group_write::XlsxGroupWrite;
[INFO] [stdout]    |     ^^^^^^^^^^^^^^^^ use of undeclared crate or module `xlsx_group_write`
[INFO] [stdout] 
[INFO] [stdout] error: aborting due to 4 previous errors
[INFO] [stdout] 
[INFO] [stdout] Some errors have detailed explanations: E0432, E0433.
[INFO] [stdout] For more information about an error, try `rustc --explain E0432`.
[INFO] [stdout] Couldn't compile the test.
[INFO] [stdout] ---- src/../README.md - (line 7) stdout ----
[INFO] [stdout] error: expected statement after outer attribute
[INFO] [stdout]   --> src/../README.md:12:1
[INFO] [stdout]    |
[INFO] [stdout] 8  | / #[xlsx_group_write(
[INFO] [stdout] 9  | |     // 快捷行数据写入定义
[INFO] [stdout] 10 | |     // 各列以逗号分隔，可使用两个函数参数：
[INFO] [stdout] 11 | |     // * line_index 为行号
[INFO] [stdout] ...  |
[INFO] [stdout] 54 | |
[INFO] [stdout] 55 | | )]
[INFO] [stdout]    | |__^
[INFO] [stdout] 
[INFO] [stdout] error: aborting due to 1 previous error
[INFO] [stdout] 
[INFO] [stdout] Couldn't compile the test.
[INFO] [stdout] ---- src/../README.md - (line 111) stdout ----
[INFO] [stdout] error[E0433]: failed to resolve: use of undeclared crate or module `xlsx_group_write`
[INFO] [stdout]  --> src/../README.md:115:5
[INFO] [stdout]   |
[INFO] [stdout] 7 | use xlsx_group_write::data::{XlsxLineWriterModel,XlsxColValueType,XlsxColValue,XlsxInitTemplet,OutputFileNameSimpleGetter};
[INFO] [stdout]   |     ^^^^^^^^^^^^^^^^ use of undeclared crate or module `xlsx_group_write`
[INFO] [stdout] 
[INFO] [stdout] error[E0432]: unresolved import `xlsx_group_write`
[INFO] [stdout]  --> src/../README.md:114:5
[INFO] [stdout]   |
[INFO] [stdout] 6 | use xlsx_group_write::XlsxGroupWrite;
[INFO] [stdout]   |     ^^^^^^^^^^^^^^^^ use of undeclared crate or module `xlsx_group_write`
[INFO] [stdout] 
[INFO] [stdout] error[E0412]: cannot find type `Worksheet` in this scope
[INFO] [stdout]   --> src/../README.md:118:10
[INFO] [stdout]    |
[INFO] [stdout] 10 | #[derive(XlsxGroupWriteQuicker)]
[INFO] [stdout]    |          ^^^^^^^^^^^^^^^^^^^^^ not found in this scope
[INFO] [stdout]    |
[INFO] [stdout]    = note: this error originates in the derive macro `XlsxGroupWriteQuicker` (in Nightly builds, run with -Z macro-backtrace for more info)
[INFO] [stdout] 
[INFO] [stdout] error[E0412]: cannot find type `Worksheet` in this scope
[INFO] [stdout]   --> src/../README.md:149:36
[INFO] [stdout]    |
[INFO] [stdout] 41 |     fn add_custom_info(sheet: &mut Worksheet, group_id: &str) {
[INFO] [stdout]    |                                    ^^^^^^^^^ not found in this scope
[INFO] [stdout] 
[INFO] [stdout] error: aborting due to 4 previous errors
[INFO] [stdout] 
[INFO] [stdout] Some errors have detailed explanations: E0412, E0432, E0433.
[INFO] [stdout] For more information about an error, try `rustc --explain E0412`.
[INFO] [stdout] Couldn't compile the test.
[INFO] [stdout] ---- src/../README.md - (line 175) stdout ----
[INFO] [stdout] error[E0433]: failed to resolve: use of undeclared crate or module `xlsx_group_write`
[INFO] [stdout]  --> src/../README.md:178:5
[INFO] [stdout]   |
[INFO] [stdout] 6 | use xlsx_group_write::data::{
[INFO] [stdout]   |     ^^^^^^^^^^^^^^^^ use of undeclared crate or module `xlsx_group_write`
[INFO] [stdout] 
[INFO] [stdout] error[E0432]: unresolved import `umya_spreadsheet`
[INFO] [stdout]  --> src/../README.md:177:5
[INFO] [stdout]   |
[INFO] [stdout] 5 | use umya_spreadsheet::Worksheet;
[INFO] [stdout]   |     ^^^^^^^^^^^^^^^^ use of undeclared crate or module `umya_spreadsheet`
[INFO] [stdout] 
[INFO] [stdout] error[E0433]: failed to resolve: use of undeclared crate or module `xlsx_group_write`
[INFO] [stdout]   --> src/../README.md:183:5
[INFO] [stdout]    |
[INFO] [stdout] 11 | use xlsx_group_write::xlsx_util::XlsxWriterTool;
[INFO] [stdout]    |     ^^^^^^^^^^^^^^^^ use of undeclared crate or module `xlsx_group_write`
[INFO] [stdout] 
[INFO] [stdout] error[E0432]: unresolved import `xlsx_group_write`
[INFO] [stdout]   --> src/../README.md:182:5
[INFO] [stdout]    |
[INFO] [stdout] 10 | use xlsx_group_write::XlsxGroupWrite;
[INFO] [stdout]    |     ^^^^^^^^^^^^^^^^ use of undeclared crate or module `xlsx_group_write`
[INFO] [stdout] 
[INFO] [stdout] error: aborting due to 4 previous errors
[INFO] [stdout] 
[INFO] [stdout] Some errors have detailed explanations: E0432, E0433.
[INFO] [stdout] For more information about an error, try `rustc --explain E0432`.
[INFO] [stdout] Couldn't compile the test.
[INFO] [stdout] ---- src/../README.md - (line 302) stdout ----
[INFO] [stdout] error[E0432]: unresolved import `xlsx_group_write`
[INFO] [stdout]  --> src/../README.md:303:5
[INFO] [stdout]   |
[INFO] [stdout] 3 | use xlsx_group_write::*;
[INFO] [stdout]   |     ^^^^^^^^^^^^^^^^ use of undeclared crate or module `xlsx_group_write`
[INFO] [stdout] 
[INFO] [stdout] error: cannot find derive macro `XlsxGroupWriteQuicker` in this scope
[INFO] [stdout]  --> src/../README.md:305:10
[INFO] [stdout]   |
[INFO] [stdout] 5 | #[derive(XlsxGroupWriteQuicker)]
[INFO] [stdout]   |          ^^^^^^^^^^^^^^^^^^^^^
[INFO] [stdout]   |
[INFO] [stdout] help: consider importing this derive macro
[INFO] [stdout]   |
[INFO] [stdout] 2 + use xlsx_group_write_macro_derive::XlsxGroupWriteQuicker;
[INFO] [stdout]   |
[INFO] [stdout] 
[INFO] [stdout] error: cannot find attribute `xlsx_group_write` in this scope
[INFO] [stdout]  --> src/../README.md:306:3
[INFO] [stdout]   |
[INFO] [stdout] 6 | #[xlsx_group_write(
[INFO] [stdout]   |   ^^^^^^^^^^^^^^^^
[INFO] [stdout] 
[INFO] [stdout] error: aborting due to 3 previous errors
[INFO] [stdout] 
[INFO] [stdout] For more information about this error, try `rustc --explain E0432`.
[INFO] [stdout] Couldn't compile the test.
[INFO] [stdout] 
[INFO] [stdout] failures:
[INFO] [stdout]     src/../README.md - (line 111)
[INFO] [stdout]     src/../README.md - (line 175)
[INFO] [stdout]     src/../README.md - (line 239)
[INFO] [stdout]     src/../README.md - (line 302)
[INFO] [stdout]     src/../README.md - (line 65)
[INFO] [stdout]     src/../README.md - (line 7)
[INFO] [stdout] 
[INFO] [stdout] test result: FAILED. 0 passed; 6 failed; 0 ignored; 0 measured; 0 filtered out; finished in 0.27s
[INFO] [stdout] 
[INFO] [stderr] error: doctest failed, to rerun pass `--doc`
[INFO] running `Command { std: "docker" "inspect" "050c5ef751f4a37d53589ae3fd64db9ea146edc2507c21b5cdc99697900fcb29", kill_on_drop: false }`
[INFO] running `Command { std: "docker" "rm" "-f" "050c5ef751f4a37d53589ae3fd64db9ea146edc2507c21b5cdc99697900fcb29", kill_on_drop: false }`
[INFO] [stdout] 050c5ef751f4a37d53589ae3fd64db9ea146edc2507c21b5cdc99697900fcb29
