[INFO] fetching crate xkb-parser 0.1.0...
[INFO] testing xkb-parser-0.1.0 against beta-2024-12-08 for beta-1.84.0-4-retry
[INFO] extracting crate xkb-parser 0.1.0 into /workspace/builds/worker-5-tc2/source
[INFO] validating manifest of crates.io crate xkb-parser 0.1.0 on toolchain beta-2024-12-08
[INFO] running `Command { std: CARGO_HOME="/workspace/cargo-home" RUSTUP_HOME="/workspace/rustup-home" "/workspace/cargo-home/bin/cargo" "+beta-2024-12-08" "metadata" "--manifest-path" "Cargo.toml" "--no-deps", kill_on_drop: false }`
[INFO] started tweaking crates.io crate xkb-parser 0.1.0
[INFO] finished tweaking crates.io crate xkb-parser 0.1.0
[INFO] tweaked toml for crates.io crate xkb-parser 0.1.0 written to /workspace/builds/worker-5-tc2/source/Cargo.toml
[INFO] crate crates.io crate xkb-parser 0.1.0 already has a lockfile, it will not be regenerated
[INFO] running `Command { std: CARGO_HOME="/workspace/cargo-home" RUSTUP_HOME="/workspace/rustup-home" "/workspace/cargo-home/bin/cargo" "+beta-2024-12-08" "fetch" "--manifest-path" "Cargo.toml", kill_on_drop: false }`
[INFO] running `Command { std: "docker" "create" "-v" "/var/lib/crater-agent-workspace/builds/worker-5-tc2/target:/opt/rustwide/target:rw,Z" "-v" "/var/lib/crater-agent-workspace/builds/worker-5-tc2/source:/opt/rustwide/workdir:ro,Z" "-v" "/var/lib/crater-agent-workspace/cargo-home:/opt/rustwide/cargo-home:ro,Z" "-v" "/var/lib/crater-agent-workspace/rustup-home:/opt/rustwide/rustup-home:ro,Z" "-e" "SOURCE_DIR=/opt/rustwide/workdir" "-e" "CARGO_TARGET_DIR=/opt/rustwide/target" "-e" "CARGO_HOME=/opt/rustwide/cargo-home" "-e" "RUSTUP_HOME=/opt/rustwide/rustup-home" "-w" "/opt/rustwide/workdir" "-m" "1610612736" "--user" "0:0" "--network" "none" "ghcr.io/rust-lang/crates-build-env/linux@sha256:f3a9d4ad9d972b27faf3965f35b62e55ba32bbce8f20bc8fe909558a86702fde" "/opt/rustwide/cargo-home/bin/cargo" "+beta-2024-12-08" "metadata" "--no-deps" "--format-version=1", kill_on_drop: false }`
[INFO] [stdout] 0cde1d75b79108668efdec523aca59b39cb471e63f3d74e05ea344f0a245e275
[INFO] running `Command { std: "docker" "start" "-a" "0cde1d75b79108668efdec523aca59b39cb471e63f3d74e05ea344f0a245e275", kill_on_drop: false }`
[INFO] running `Command { std: "docker" "inspect" "0cde1d75b79108668efdec523aca59b39cb471e63f3d74e05ea344f0a245e275", kill_on_drop: false }`
[INFO] running `Command { std: "docker" "rm" "-f" "0cde1d75b79108668efdec523aca59b39cb471e63f3d74e05ea344f0a245e275", kill_on_drop: false }`
[INFO] [stdout] 0cde1d75b79108668efdec523aca59b39cb471e63f3d74e05ea344f0a245e275
[INFO] running `Command { std: "docker" "create" "-v" "/var/lib/crater-agent-workspace/builds/worker-5-tc2/target:/opt/rustwide/target:rw,Z" "-v" "/var/lib/crater-agent-workspace/builds/worker-5-tc2/source:/opt/rustwide/workdir:ro,Z" "-v" "/var/lib/crater-agent-workspace/cargo-home:/opt/rustwide/cargo-home:ro,Z" "-v" "/var/lib/crater-agent-workspace/rustup-home:/opt/rustwide/rustup-home:ro,Z" "-e" "SOURCE_DIR=/opt/rustwide/workdir" "-e" "CARGO_TARGET_DIR=/opt/rustwide/target" "-e" "CARGO_INCREMENTAL=0" "-e" "RUST_BACKTRACE=full" "-e" "RUSTFLAGS=--cap-lints=warn" "-e" "RUSTDOCFLAGS=--cap-lints=warn" "-e" "CARGO_HOME=/opt/rustwide/cargo-home" "-e" "RUSTUP_HOME=/opt/rustwide/rustup-home" "-w" "/opt/rustwide/workdir" "-m" "1610612736" "--user" "0:0" "--network" "none" "ghcr.io/rust-lang/crates-build-env/linux@sha256:f3a9d4ad9d972b27faf3965f35b62e55ba32bbce8f20bc8fe909558a86702fde" "/opt/rustwide/cargo-home/bin/cargo" "+beta-2024-12-08" "build" "--frozen" "--message-format=json", kill_on_drop: false }`
[INFO] [stdout] 918aba1f1970da0412bdf1cf1927b6962596773f995ec86f107a62c329168581
[INFO] running `Command { std: "docker" "start" "-a" "918aba1f1970da0412bdf1cf1927b6962596773f995ec86f107a62c329168581", kill_on_drop: false }`
[INFO] [stderr]    Compiling unicode-xid v0.1.0
[INFO] [stderr]    Compiling proc-macro2 v0.4.30
[INFO] [stderr]    Compiling syn v0.15.44
[INFO] [stderr]    Compiling ryu v1.0.0
[INFO] [stderr]    Compiling serde v1.0.98
[INFO] [stderr]    Compiling cc v1.0.40
[INFO] [stderr]    Compiling libc v0.2.61
[INFO] [stderr]    Compiling itoa v0.4.4
[INFO] [stderr]    Compiling cfg-if v0.1.9
[INFO] [stderr]    Compiling ucd-trie v0.1.2
[INFO] [stderr]    Compiling failure_derive v0.1.5
[INFO] [stderr]    Compiling rustc-demangle v0.1.15
[INFO] [stderr]    Compiling either v1.5.2
[INFO] [stderr]    Compiling maplit v1.0.1
[INFO] [stderr]    Compiling bitflags v1.1.0
[INFO] [stderr]    Compiling log v0.4.8
[INFO] [stderr]    Compiling void v1.0.2
[INFO] [stderr]    Compiling proc-macro2 v0.2.3
[INFO] [stderr]    Compiling itertools v0.7.11
[INFO] [stderr]    Compiling quote v0.4.2
[INFO] [stderr]    Compiling syn v0.12.15
[INFO] [stderr]    Compiling backtrace-sys v0.1.31
[INFO] [stderr]    Compiling quote v0.6.13
[INFO] [stderr]    Compiling backtrace v0.3.34
[INFO] [stderr]    Compiling shrinkwraprs v0.2.1
[INFO] [stderr]    Compiling serde_json v1.0.40
[INFO] [stderr]    Compiling pest v2.1.1
[INFO] [stderr]    Compiling synstructure v0.10.2
[INFO] [stderr]    Compiling pest_meta v2.1.1
[INFO] [stderr]    Compiling from-pest v0.3.1
[INFO] [stderr]    Compiling derivative v1.0.2
[INFO] [stderr]    Compiling pest_generator v2.1.0
[INFO] [stderr]    Compiling failure v0.1.5
[INFO] [stderr]    Compiling single v1.0.0
[INFO] [stderr]    Compiling pest_derive v2.1.0
[INFO] [stderr]    Compiling pest-ast v0.3.3
[INFO] [stderr]    Compiling xkb-parser v0.1.0 (/opt/rustwide/workdir)
[INFO] [stderr]     Finished `dev` profile [unoptimized + debuginfo] target(s) in 18.19s
[INFO] [stderr] warning: the following packages contain code that will be rejected by a future version of Rust: syn v0.12.15
[INFO] [stderr] note: to see what the problems were, use the option `--future-incompat-report`, or run `cargo report future-incompatibilities --id 1`
[INFO] running `Command { std: "docker" "inspect" "918aba1f1970da0412bdf1cf1927b6962596773f995ec86f107a62c329168581", kill_on_drop: false }`
[INFO] running `Command { std: "docker" "rm" "-f" "918aba1f1970da0412bdf1cf1927b6962596773f995ec86f107a62c329168581", kill_on_drop: false }`
[INFO] [stdout] 918aba1f1970da0412bdf1cf1927b6962596773f995ec86f107a62c329168581
[INFO] running `Command { std: "docker" "create" "-v" "/var/lib/crater-agent-workspace/builds/worker-5-tc2/target:/opt/rustwide/target:rw,Z" "-v" "/var/lib/crater-agent-workspace/builds/worker-5-tc2/source:/opt/rustwide/workdir:ro,Z" "-v" "/var/lib/crater-agent-workspace/cargo-home:/opt/rustwide/cargo-home:ro,Z" "-v" "/var/lib/crater-agent-workspace/rustup-home:/opt/rustwide/rustup-home:ro,Z" "-e" "SOURCE_DIR=/opt/rustwide/workdir" "-e" "CARGO_TARGET_DIR=/opt/rustwide/target" "-e" "CARGO_INCREMENTAL=0" "-e" "RUST_BACKTRACE=full" "-e" "RUSTFLAGS=--cap-lints=warn" "-e" "RUSTDOCFLAGS=--cap-lints=warn" "-e" "CARGO_HOME=/opt/rustwide/cargo-home" "-e" "RUSTUP_HOME=/opt/rustwide/rustup-home" "-w" "/opt/rustwide/workdir" "-m" "1610612736" "--user" "0:0" "--network" "none" "ghcr.io/rust-lang/crates-build-env/linux@sha256:f3a9d4ad9d972b27faf3965f35b62e55ba32bbce8f20bc8fe909558a86702fde" "/opt/rustwide/cargo-home/bin/cargo" "+beta-2024-12-08" "test" "--frozen" "--no-run" "--message-format=json", kill_on_drop: false }`
[INFO] [stdout] 6a0f48adf152b651df0d601f8c92f33d6471c485a067ce4f0625382e5aa421c6
[INFO] running `Command { std: "docker" "start" "-a" "6a0f48adf152b651df0d601f8c92f33d6471c485a067ce4f0625382e5aa421c6", kill_on_drop: false }`
[INFO] [stderr]    Compiling lazy_static v1.3.0
[INFO] [stderr]    Compiling semver-parser v0.7.0
[INFO] [stderr]    Compiling arrayvec v0.4.11
[INFO] [stderr]    Compiling either v1.5.2
[INFO] [stderr]    Compiling nodrop v0.1.13
[INFO] [stderr]    Compiling libc v0.2.61
[INFO] [stderr]    Compiling memchr v2.2.1
[INFO] [stderr]    Compiling scopeguard v1.0.0
[INFO] [stderr]    Compiling rayon-core v1.5.0
[INFO] [stderr]    Compiling regex-syntax v0.6.11
[INFO] [stderr]    Compiling quick-error v1.2.2
[INFO] [stderr]    Compiling same-file v1.0.5
[INFO] [stderr]    Compiling termcolor v1.0.5
[INFO] [stderr]    Compiling crossbeam-utils v0.6.6
[INFO] [stderr]    Compiling thread_local v0.3.6
[INFO] [stderr]    Compiling humantime v1.2.0
[INFO] [stderr]    Compiling itertools v0.7.11
[INFO] [stderr]    Compiling walkdir v2.2.9
[INFO] [stderr]    Compiling semver v0.9.0
[INFO] [stderr]    Compiling crossbeam-queue v0.1.2
[INFO] [stderr]    Compiling backtrace-sys v0.1.31
[INFO] [stderr]    Compiling num_cpus v1.10.1
[INFO] [stderr]    Compiling atty v0.2.13
[INFO] [stderr]    Compiling backtrace v0.3.34
[INFO] [stderr]    Compiling rustc_version v0.2.3
[INFO] [stderr]    Compiling aho-corasick v0.7.6
[INFO] [stderr]    Compiling memoffset v0.5.1
[INFO] [stderr]    Compiling failure v0.1.5
[INFO] [stderr]    Compiling single v1.0.0
[INFO] [stderr]    Compiling pest-ast v0.3.3
[INFO] [stderr]    Compiling shrinkwraprs v0.2.1
[INFO] [stderr]    Compiling crossbeam-epoch v0.7.2
[INFO] [stderr]    Compiling crossbeam-deque v0.6.3
[INFO] [stderr]    Compiling regex v1.2.1
[INFO] [stderr]    Compiling rayon v1.1.0
[INFO] [stderr]    Compiling xkb-parser v0.1.0 (/opt/rustwide/workdir)
[INFO] [stderr]    Compiling env_logger v0.6.2
[INFO] [stderr]     Finished `test` profile [unoptimized + debuginfo] target(s) in 10.69s
[INFO] [stderr] warning: the following packages contain code that will be rejected by a future version of Rust: syn v0.12.15
[INFO] [stderr] note: to see what the problems were, use the option `--future-incompat-report`, or run `cargo report future-incompatibilities --id 1`
[INFO] running `Command { std: "docker" "inspect" "6a0f48adf152b651df0d601f8c92f33d6471c485a067ce4f0625382e5aa421c6", kill_on_drop: false }`
[INFO] running `Command { std: "docker" "rm" "-f" "6a0f48adf152b651df0d601f8c92f33d6471c485a067ce4f0625382e5aa421c6", kill_on_drop: false }`
[INFO] [stdout] 6a0f48adf152b651df0d601f8c92f33d6471c485a067ce4f0625382e5aa421c6
[INFO] running `Command { std: "docker" "create" "-v" "/var/lib/crater-agent-workspace/builds/worker-5-tc2/target:/opt/rustwide/target:rw,Z" "-v" "/var/lib/crater-agent-workspace/builds/worker-5-tc2/source:/opt/rustwide/workdir:ro,Z" "-v" "/var/lib/crater-agent-workspace/cargo-home:/opt/rustwide/cargo-home:ro,Z" "-v" "/var/lib/crater-agent-workspace/rustup-home:/opt/rustwide/rustup-home:ro,Z" "-e" "SOURCE_DIR=/opt/rustwide/workdir" "-e" "CARGO_TARGET_DIR=/opt/rustwide/target" "-e" "CARGO_INCREMENTAL=0" "-e" "RUST_BACKTRACE=full" "-e" "RUSTFLAGS=--cap-lints=warn" "-e" "RUSTDOCFLAGS=--cap-lints=warn" "-e" "CARGO_HOME=/opt/rustwide/cargo-home" "-e" "RUSTUP_HOME=/opt/rustwide/rustup-home" "-w" "/opt/rustwide/workdir" "-m" "1610612736" "--user" "0:0" "--network" "none" "ghcr.io/rust-lang/crates-build-env/linux@sha256:f3a9d4ad9d972b27faf3965f35b62e55ba32bbce8f20bc8fe909558a86702fde" "/opt/rustwide/cargo-home/bin/cargo" "+beta-2024-12-08" "test" "--frozen", kill_on_drop: false }`
[INFO] [stdout] ccd9ee8f5ab19d94464d0e7186ba9a6655d7fcc8c0aa88adc2283c29f3c55961
[INFO] running `Command { std: "docker" "start" "-a" "ccd9ee8f5ab19d94464d0e7186ba9a6655d7fcc8c0aa88adc2283c29f3c55961", kill_on_drop: false }`
[INFO] [stderr]     Finished `test` profile [unoptimized + debuginfo] target(s) in 0.08s
[INFO] [stderr] warning: the following packages contain code that will be rejected by a future version of Rust: syn v0.12.15
[INFO] [stderr] note: to see what the problems were, use the option `--future-incompat-report`, or run `cargo report future-incompatibilities --id 1`
[INFO] [stderr]      Running unittests src/lib.rs (/opt/rustwide/target/debug/deps/xkb_parser-0197253e91718ee1)
[INFO] [stdout] 
[INFO] [stdout] running 8 tests
[INFO] [stdout] test ast::tests::test_ast_what ... ok
[INFO] [stdout] test ast::tests::test_geometry_assigment ... ok
[INFO] [stdout] test ast::tests::test_ast_modifiers ... ok
[INFO] [stdout] test ast::tests::test_geometry_section ... ok
[INFO] [stdout] test ast::tests::test_ast_ident ... ok
[INFO] [stdout] test ast::tests::test_ast_string ... ok
[INFO] [stdout] test ast::tests::test_ast_key_combo ... ok
[INFO] [stdout] test ast::tests::test_ast_symbol ... ok
[INFO] [stdout] 
[INFO] [stdout] test result: ok. 8 passed; 0 failed; 0 ignored; 0 measured; 0 filtered out; finished in 0.01s
[INFO] [stdout] 
[INFO] [stdout] 
[INFO] [stdout] running 1 test
[INFO] [stderr]      Running tests/errors.rs (/opt/rustwide/target/debug/deps/errors-81b64091246eb78e)
[INFO] [stdout] test garbage ... ok
[INFO] [stdout] 
[INFO] [stdout] test result: ok. 1 passed; 0 failed; 0 ignored; 0 measured; 0 filtered out; finished in 0.00s
[INFO] [stdout] 
[INFO] [stderr]      Running tests/fixtures.rs (/opt/rustwide/target/debug/deps/fixtures-a99003a5e48b19af)
[INFO] [stdout] 
[INFO] [stdout] running 7 tests
[INFO] [stdout] test parse_x11_rules ... ignored
[INFO] [stdout] test parse_custom_fixtures ... FAILED
[INFO] [stdout] test parse_x11_keycodes ... FAILED
[INFO] [stdout] test parse_x11_types ... FAILED
[INFO] [stdout] test parse_x11_symbols ... FAILED
[INFO] [stdout] test parse_kbdgen_fixtures ... FAILED
[INFO] [stdout] test parse_x11_geometry ... FAILED
[INFO] [stdout] 
[INFO] [stdout] failures:
[INFO] [stdout] 
[INFO] [stdout] ---- parse_custom_fixtures stdout ----
[INFO] [stdout] [ERROR fixtures] failed: tests/fixtures/custom/test.xkb
[INFO] [stdout] thread 'parse_custom_fixtures' panicked at tests/fixtures.rs:140:9:
[INFO] [stdout] 1 tests failed -- Set `VERBOSE_PARSE_ERRORS=1` for error messages
[INFO] [stdout] stack backtrace:
[INFO] [stdout]    0:     0x638e0df314fa - std::backtrace_rs::backtrace::libunwind::trace::h8810477743020387
[INFO] [stdout]                                at /rustc/202008a1b8de96d2e5b6bc02d379db03a877d34d/library/std/src/../../backtrace/src/backtrace/libunwind.rs:116:5
[INFO] [stdout]    1:     0x638e0df314fa - std::backtrace_rs::backtrace::trace_unsynchronized::h3aa55355dd6c54a6
[INFO] [stdout]                                at /rustc/202008a1b8de96d2e5b6bc02d379db03a877d34d/library/std/src/../../backtrace/src/backtrace/mod.rs:66:5
[INFO] [stdout]    2:     0x638e0df314fa - std::sys::backtrace::_print_fmt::h8588b0f62410823f
[INFO] [stdout]                                at /rustc/202008a1b8de96d2e5b6bc02d379db03a877d34d/library/std/src/sys/backtrace.rs:66:9
[INFO] [stdout]    3:     0x638e0df314fa - <std::sys::backtrace::BacktraceLock::print::DisplayBacktrace as core::fmt::Display>::fmt::h98c26ac25ffe89bb
[INFO] [stdout]                                at /rustc/202008a1b8de96d2e5b6bc02d379db03a877d34d/library/std/src/sys/backtrace.rs:39:26
[INFO] [stdout]    4:     0x638e0df57b73 - core::fmt::rt::Argument::fmt::hf95377f4aebd453b
[INFO] [stdout]                                at /rustc/202008a1b8de96d2e5b6bc02d379db03a877d34d/library/core/src/fmt/rt.rs:177:76
[INFO] [stdout]    5:     0x638e0df57b73 - core::fmt::write::h0dd5f6e2238c7982
[INFO] [stdout]                                at /rustc/202008a1b8de96d2e5b6bc02d379db03a877d34d/library/core/src/fmt/mod.rs:1189:21
[INFO] [stdout]    6:     0x638e0df2e173 - std::io::Write::write_fmt::h03bb0ca26e6faf8c
[INFO] [stdout]                                at /rustc/202008a1b8de96d2e5b6bc02d379db03a877d34d/library/std/src/io/mod.rs:1884:15
[INFO] [stdout]    7:     0x638e0df31342 - std::sys::backtrace::BacktraceLock::print::h5c19c1c038ee186d
[INFO] [stdout]                                at /rustc/202008a1b8de96d2e5b6bc02d379db03a877d34d/library/std/src/sys/backtrace.rs:42:9
[INFO] [stdout]    8:     0x638e0df3297d - std::panicking::default_hook::{{closure}}::h77172f079a1fcb13
[INFO] [stdout]                                at /rustc/202008a1b8de96d2e5b6bc02d379db03a877d34d/library/std/src/panicking.rs:268:22
[INFO] [stdout]    9:     0x638e0df32787 - std::panicking::default_hook::he5f8e3b203ccddba
[INFO] [stdout]                                at /rustc/202008a1b8de96d2e5b6bc02d379db03a877d34d/library/std/src/panicking.rs:292:9
[INFO] [stdout]   10:     0x638e0ddf0287 - <alloc::boxed::Box<F,A> as core::ops::function::Fn<Args>>::call::h7a3c7b4a1ae77f2f
[INFO] [stdout]                                at /rustc/202008a1b8de96d2e5b6bc02d379db03a877d34d/library/alloc/src/boxed.rs:1986:9
[INFO] [stdout]   11:     0x638e0ddf0287 - test::test_main::{{closure}}::hf0d3b69ae9b353d1
[INFO] [stdout]                                at /rustc/202008a1b8de96d2e5b6bc02d379db03a877d34d/library/test/src/lib.rs:134:21
[INFO] [stdout]   12:     0x638e0df33028 - <alloc::boxed::Box<F,A> as core::ops::function::Fn<Args>>::call::h6332e82e7b189abd
[INFO] [stdout]                                at /rustc/202008a1b8de96d2e5b6bc02d379db03a877d34d/library/alloc/src/boxed.rs:1986:9
[INFO] [stdout]   13:     0x638e0df33028 - std::panicking::rust_panic_with_hook::h53863d4e9018df39
[INFO] [stdout]                                at /rustc/202008a1b8de96d2e5b6bc02d379db03a877d34d/library/std/src/panicking.rs:809:13
[INFO] [stdout]   14:     0x638e0df32dea - std::panicking::begin_panic_handler::{{closure}}::h67280e6fa0757873
[INFO] [stdout]                                at /rustc/202008a1b8de96d2e5b6bc02d379db03a877d34d/library/std/src/panicking.rs:674:13
[INFO] [stdout]   15:     0x638e0df319d9 - std::sys::backtrace::__rust_end_short_backtrace::h1dac3f54d6fbbeb2
[INFO] [stdout]                                at /rustc/202008a1b8de96d2e5b6bc02d379db03a877d34d/library/std/src/sys/backtrace.rs:170:18
[INFO] [stdout]   16:     0x638e0df32a7c - rust_begin_unwind
[INFO] [stdout]                                at /rustc/202008a1b8de96d2e5b6bc02d379db03a877d34d/library/std/src/panicking.rs:665:5
[INFO] [stdout]   17:     0x638e0dc551b0 - core::panicking::panic_fmt::h6792bd1b2bf01041
[INFO] [stdout]                                at /rustc/202008a1b8de96d2e5b6bc02d379db03a877d34d/library/core/src/panicking.rs:76:14
[INFO] [stdout]   18:     0x638e0dc5f2d3 - fixtures::parse_files::h72d75d63b0a7b726
[INFO] [stdout]                                at /opt/rustwide/workdir/tests/fixtures.rs:140:9
[INFO] [stdout]   19:     0x638e0dc60bba - fixtures::parse_custom_fixtures::h9f72ec4834fa7ccf
[INFO] [stdout]                                at /opt/rustwide/workdir/tests/fixtures.rs:21:5
[INFO] [stdout]   20:     0x638e0dc60ae7 - fixtures::parse_custom_fixtures::{{closure}}::h7a0c7e0ff221ae52
[INFO] [stdout]                                at /opt/rustwide/workdir/tests/fixtures.rs:18:31
[INFO] [stdout]   21:     0x638e0dc65cc6 - core::ops::function::FnOnce::call_once::hb71d734e24abc6a7
[INFO] [stdout]                                at /rustc/202008a1b8de96d2e5b6bc02d379db03a877d34d/library/core/src/ops/function.rs:250:5
[INFO] [stdout]   22:     0x638e0ddf4dab - core::ops::function::FnOnce::call_once::h871bf86719ec9aa4
[INFO] [stdout]                                at /rustc/202008a1b8de96d2e5b6bc02d379db03a877d34d/library/core/src/ops/function.rs:250:5
[INFO] [stdout]   23:     0x638e0ddf4dab - test::__rust_begin_short_backtrace::h2167df1e2b7d76fd
[INFO] [stdout]                                at /rustc/202008a1b8de96d2e5b6bc02d379db03a877d34d/library/test/src/lib.rs:632:18
[INFO] [stdout]   24:     0x638e0ddf4798 - test::run_test_in_process::{{closure}}::h15d92f75a3adfb79
[INFO] [stdout]                                at /rustc/202008a1b8de96d2e5b6bc02d379db03a877d34d/library/test/src/lib.rs:655:60
[INFO] [stdout]   25:     0x638e0ddf4798 - <core::panic::unwind_safe::AssertUnwindSafe<F> as core::ops::function::FnOnce<()>>::call_once::hb6c8955835a8dbbb
[INFO] [stdout]                                at /rustc/202008a1b8de96d2e5b6bc02d379db03a877d34d/library/core/src/panic/unwind_safe.rs:272:9
[INFO] [stdout]   26:     0x638e0ddf4798 - std::panicking::try::do_call::hc79d0fc888a0bd30
[INFO] [stdout]                                at /rustc/202008a1b8de96d2e5b6bc02d379db03a877d34d/library/std/src/panicking.rs:557:40
[INFO] [stdout]   27:     0x638e0ddf4798 - std::panicking::try::hb8a7878e3a8589d6
[INFO] [stdout]                                at /rustc/202008a1b8de96d2e5b6bc02d379db03a877d34d/library/std/src/panicking.rs:520:19
[INFO] [stdout]   28:     0x638e0ddf4798 - std::panic::catch_unwind::hb8e4600ff0ff5cfa
[INFO] [stdout]                                at /rustc/202008a1b8de96d2e5b6bc02d379db03a877d34d/library/std/src/panic.rs:358:14
[INFO] [stdout]   29:     0x638e0ddf4798 - test::run_test_in_process::hc2900b0b18688dd6
[INFO] [stdout]                                at /rustc/202008a1b8de96d2e5b6bc02d379db03a877d34d/library/test/src/lib.rs:655:27
[INFO] [stdout]   30:     0x638e0ddf4798 - test::run_test::{{closure}}::hac2a9cb07be3d48d
[INFO] [stdout]                                at /rustc/202008a1b8de96d2e5b6bc02d379db03a877d34d/library/test/src/lib.rs:576:43
[INFO] [stdout]   31:     0x638e0ddb823a - test::run_test::{{closure}}::h4a5b729e66a38cd8
[INFO] [stdout]                                at /rustc/202008a1b8de96d2e5b6bc02d379db03a877d34d/library/test/src/lib.rs:606:41
[INFO] [stdout]   32:     0x638e0ddb823a - std::sys::backtrace::__rust_begin_short_backtrace::h0496fb742492f573
[INFO] [stdout]                                at /rustc/202008a1b8de96d2e5b6bc02d379db03a877d34d/library/std/src/sys/backtrace.rs:154:18
[INFO] [stdout]   33:     0x638e0ddbbbb4 - std::thread::Builder::spawn_unchecked_::{{closure}}::{{closure}}::hbb6d257c550a54bd
[INFO] [stdout]                                at /rustc/202008a1b8de96d2e5b6bc02d379db03a877d34d/library/std/src/thread/mod.rs:561:17
[INFO] [stdout]   34:     0x638e0ddbbbb4 - <core::panic::unwind_safe::AssertUnwindSafe<F> as core::ops::function::FnOnce<()>>::call_once::h46696fe4a6832328
[INFO] [stdout]                                at /rustc/202008a1b8de96d2e5b6bc02d379db03a877d34d/library/core/src/panic/unwind_safe.rs:272:9
[INFO] [stdout]   35:     0x638e0ddbbbb4 - std::panicking::try::do_call::h2625a51b667bfb64
[INFO] [stdout]                                at /rustc/202008a1b8de96d2e5b6bc02d379db03a877d34d/library/std/src/panicking.rs:557:40
[INFO] [stdout]   36:     0x638e0ddbbbb4 - std::panicking::try::hb956a59a1973aa4c
[INFO] [stdout]                                at /rustc/202008a1b8de96d2e5b6bc02d379db03a877d34d/library/std/src/panicking.rs:520:19
[INFO] [stdout]   37:     0x638e0ddbbbb4 - std::panic::catch_unwind::h64f3b9d1067ef6a0
[INFO] [stdout]                                at /rustc/202008a1b8de96d2e5b6bc02d379db03a877d34d/library/std/src/panic.rs:358:14
[INFO] [stdout]   38:     0x638e0ddbbbb4 - std::thread::Builder::spawn_unchecked_::{{closure}}::h42b2841295b6c0b2
[INFO] [stdout]                                at /rustc/202008a1b8de96d2e5b6bc02d379db03a877d34d/library/std/src/thread/mod.rs:559:30
[INFO] [stdout]   39:     0x638e0ddbbbb4 - core::ops::function::FnOnce::call_once{{vtable.shim}}::h6127de71b8124639
[INFO] [stdout]                                at /rustc/202008a1b8de96d2e5b6bc02d379db03a877d34d/library/core/src/ops/function.rs:250:5
[INFO] [stdout]   40:     0x638e0df3789b - <alloc::boxed::Box<F,A> as core::ops::function::FnOnce<Args>>::call_once::h42f0ba71002a1b2c
[INFO] [stdout]                                at /rustc/202008a1b8de96d2e5b6bc02d379db03a877d34d/library/alloc/src/boxed.rs:1972:9
[INFO] [stdout]   41:     0x638e0df3789b - <alloc::boxed::Box<F,A> as core::ops::function::FnOnce<Args>>::call_once::had9e47d7a3dcecb8
[INFO] [stdout]                                at /rustc/202008a1b8de96d2e5b6bc02d379db03a877d34d/library/alloc/src/boxed.rs:1972:9
[INFO] [stdout]   42:     0x638e0df3789b - std::sys::pal::unix::thread::Thread::new::thread_start::h48cf765408f6f5f2
[INFO] [stdout]                                at /rustc/202008a1b8de96d2e5b6bc02d379db03a877d34d/library/std/src/sys/pal/unix/thread.rs:105:17
[INFO] [stdout]   43:     0x7dc3a590eac3 - <unknown>
[INFO] [stdout]   44:     0x7dc3a599fa04 - clone
[INFO] [stdout]   45:                0x0 - <unknown>
[INFO] [stdout] 
[INFO] [stdout] ---- parse_x11_keycodes stdout ----
[INFO] [stdout] thread 'parse_x11_keycodes' panicked at tests/fixtures.rs:140:9:
[INFO] [stdout] 20 tests failed -- Set `VERBOSE_PARSE_ERRORS=1` for error messages
[INFO] [stdout] stack backtrace:
[INFO] [stdout]    0:     0x638e0df314fa - std::backtrace_rs::backtrace::libunwind::trace::h8810477743020387
[INFO] [stdout]                                at /rustc/202008a1b8de96d2e5b6bc02d379db03a877d34d/library/std/src/../../backtrace/src/backtrace/libunwind.rs:116:5
[INFO] [stdout]    1:     0x638e0df314fa - std::backtrace_rs::backtrace::trace_unsynchronized::h3aa55355dd6c54a6
[INFO] [stdout]                                at /rustc/202008a1b8de96d2e5b6bc02d379db03a877d34d/library/std/src/../../backtrace/src/backtrace/mod.rs:66:5
[INFO] [stdout]    2:     0x638e0df314fa - std::sys::backtrace::_print_fmt::h8588b0f62410823f
[INFO] [stdout]                                at /rustc/202008a1b8de96d2e5b6bc02d379db03a877d34d/library/std/src/sys/backtrace.rs:66:9
[INFO] [stdout]    3:     0x638e0df314fa - <std::sys::backtrace::BacktraceLock::print::DisplayBacktrace as core::fmt::Display>::fmt::h98c26ac25ffe89bb
[INFO] [stdout]                                at /rustc/202008a1b8de96d2e5b6bc02d379db03a877d34d/library/std/src/sys/backtrace.rs:39:26
[INFO] [stdout]    4:     0x638e0df57b73 - core::fmt::rt::Argument::fmt::hf95377f4aebd453b
[INFO] [stdout]                                at /rustc/202008a1b8de96d2e5b6bc02d379db03a877d34d/library/core/src/fmt/rt.rs:177:76
[INFO] [stdout]    5:     0x638e0df57b73 - core::fmt::write::h0dd5f6e2238c7982
[INFO] [stdout]                                at /rustc/202008a1b8de96d2e5b6bc02d379db03a877d34d/library/core/src/fmt/mod.rs:1189:21
[INFO] [stdout]    6:     0x638e0df2e173 - std::io::Write::write_fmt::h03bb0ca26e6faf8c
[INFO] [stdout]                                at /rustc/202008a1b8de96d2e5b6bc02d379db03a877d34d/library/std/src/io/mod.rs:1884:15
[INFO] [stdout]    7:     0x638e0df31342 - std::sys::backtrace::BacktraceLock::print::h5c19c1c038ee186d
[INFO] [stdout]                                at /rustc/202008a1b8de96d2e5b6bc02d379db03a877d34d/library/std/src/sys/backtrace.rs:42:9
[INFO] [stdout]    8:     0x638e0df3297d - std::panicking::default_hook::{{closure}}::h77172f079a1fcb13
[INFO] [stdout]                                at /rustc/202008a1b8de96d2e5b6bc02d379db03a877d34d/library/std/src/panicking.rs:268:22
[INFO] [stdout]    9:     0x638e0df32787 - std::panicking::default_hook::he5f8e3b203ccddba
[INFO] [stdout]                                at /rustc/202008a1b8de96d2e5b6bc02d379db03a877d34d/library/std/src/panicking.rs:292:9
[INFO] [stdout]   10:     0x638e0ddf0287 - <alloc::boxed::Box<F,A> as core::ops::function::Fn<Args>>::call::h7a3c7b4a1ae77f2f
[INFO] [stdout]                                at /rustc/202008a1b8de96d2e5b6bc02d379db03a877d34d/library/alloc/src/boxed.rs:1986:9
[INFO] [stdout]   11:     0x638e0ddf0287 - test::test_main::{{closure}}::hf0d3b69ae9b353d1
[INFO] [stdout]                                at /rustc/202008a1b8de96d2e5b6bc02d379db03a877d34d/library/test/src/lib.rs:134:21
[INFO] [stdout]   12:     0x638e0df33028 - <alloc::boxed::Box<F,A> as core::ops::function::Fn<Args>>::call::h6332e82e7b189abd
[INFO] [stdout]                                at /rustc/202008a1b8de96d2e5b6bc02d379db03a877d34d/library/alloc/src/boxed.rs:1986:9
[INFO] [stdout]   13:     0x638e0df33028 - std::panicking::rust_panic_with_hook::h53863d4e9018df39
[INFO] [stdout]                                at /rustc/202008a1b8de96d2e5b6bc02d379db03a877d34d/library/std/src/panicking.rs:809:13
[INFO] [stdout]   14:     0x638e0df32dea - std::panicking::begin_panic_handler::{{closure}}::h67280e6fa0757873
[INFO] [stdout]                                at /rustc/202008a1b8de96d2e5b6bc02d379db03a877d34d/library/std/src/panicking.rs:674:13
[INFO] [stdout]   15:     0x638e0df319d9 - std::sys::backtrace::__rust_end_short_backtrace::h1dac3f54d6fbbeb2
[INFO] [stdout]                                at /rustc/202008a1b8de96d2e5b6bc02d379db03a877d34d/library/std/src/sys/backtrace.rs:170:18
[INFO] [stdout]   16:     0x638e0df32a7c - rust_begin_unwind
[INFO] [stdout]                                at /rustc/202008a1b8de96d2e5b6bc02d379db03a877d34d/library/std/src/panicking.rs:665:5
[INFO] [stdout]   17:     0x638e0dc551b0 - core::panicking::panic_fmt::h6792bd1b2bf01041
[INFO] [stdout]                                at /rustc/202008a1b8de96d2e5b6bc02d379db03a877d34d/library/core/src/panicking.rs:76:14
[INFO] [stdout]   18:     0x638e0dc5f2d3 - fixtures::parse_files::h72d75d63b0a7b726
[INFO] [stdout]                                at /opt/rustwide/workdir/tests/fixtures.rs:140:9
[INFO] [stdout]   19:     0x638e0dc61295 - fixtures::parse_x11_keycodes::h9d63cf46fb9b3c34
[INFO] [stdout]                                at /opt/rustwide/workdir/tests/fixtures.rs:65:5
[INFO] [stdout]   20:     0x638e0dc611d7 - fixtures::parse_x11_keycodes::{{closure}}::hb5ca6e3fc5449486
[INFO] [stdout]                                at /opt/rustwide/workdir/tests/fixtures.rs:62:28
[INFO] [stdout]   21:     0x638e0dc65c46 - core::ops::function::FnOnce::call_once::h4b0017f33214eefc
[INFO] [stdout]                                at /rustc/202008a1b8de96d2e5b6bc02d379db03a877d34d/library/core/src/ops/function.rs:250:5
[INFO] [stdout]   22:     0x638e0ddf4dab - core::ops::function::FnOnce::call_once::h871bf86719ec9aa4
[INFO] [stdout]                                at /rustc/202008a1b8de96d2e5b6bc02d379db03a877d34d/library/core/src/ops/function.rs:250:5
[INFO] [stdout]   23:     0x638e0ddf4dab - test::__rust_begin_short_backtrace::h2167df1e2b7d76fd
[INFO] [stdout]                                at /rustc/202008a1b8de96d2e5b6bc02d379db03a877d34d/library/test/src/lib.rs:632:18
[INFO] [stdout]   24:     0x638e0ddf4798 - test::run_test_in_process::{{closure}}::h15d92f75a3adfb79
[INFO] [stdout]                                at /rustc/202008a1b8de96d2e5b6bc02d379db03a877d34d/library/test/src/lib.rs:655:60
[INFO] [stdout]   25:     0x638e0ddf4798 - <core::panic::unwind_safe::AssertUnwindSafe<F> as core::ops::function::FnOnce<()>>::call_once::hb6c8955835a8dbbb
[INFO] [stdout]                                at /rustc/202008a1b8de96d2e5b6bc02d379db03a877d34d/library/core/src/panic/unwind_safe.rs:272:9
[INFO] [stdout]   26:     0x638e0ddf4798 - std::panicking::try::do_call::hc79d0fc888a0bd30
[INFO] [stdout]                                at /rustc/202008a1b8de96d2e5b6bc02d379db03a877d34d/library/std/src/panicking.rs:557:40
[INFO] [stdout]   27:     0x638e0ddf4798 - std::panicking::try::hb8a7878e3a8589d6
[INFO] [stdout]                                at /rustc/202008a1b8de96d2e5b6bc02d379db03a877d34d/library/std/src/panicking.rs:520:19
[INFO] [stdout]   28:     0x638e0ddf4798 - std::panic::catch_unwind::hb8e4600ff0ff5cfa
[INFO] [stdout]                                at /rustc/202008a1b8de96d2e5b6bc02d379db03a877d34d/library/std/src/panic.rs:358:14
[INFO] [stdout]   29:     0x638e0ddf4798 - test::run_test_in_process::hc2900b0b18688dd6
[INFO] [stdout]                                at /rustc/202008a1b8de96d2e5b6bc02d379db03a877d34d/library/test/src/lib.rs:655:27
[INFO] [stdout]   30:     0x638e0ddf4798 - test::run_test::{{closure}}::hac2a9cb07be3d48d
[INFO] [stdout]                                at /rustc/202008a1b8de96d2e5b6bc02d379db03a877d34d/library/test/src/lib.rs:576:43
[INFO] [stdout]   31:     0x638e0ddb823a - test::run_test::{{closure}}::h4a5b729e66a38cd8
[INFO] [stdout]                                at /rustc/202008a1b8de96d2e5b6bc02d379db03a877d34d/library/test/src/lib.rs:606:41
[INFO] [stdout]   32:     0x638e0ddb823a - std::sys::backtrace::__rust_begin_short_backtrace::h0496fb742492f573
[INFO] [stdout]                                at /rustc/202008a1b8de96d2e5b6bc02d379db03a877d34d/library/std/src/sys/backtrace.rs:154:18
[INFO] [stdout]   33:     0x638e0ddbbbb4 - std::thread::Builder::spawn_unchecked_::{{closure}}::{{closure}}::hbb6d257c550a54bd
[INFO] [stdout]                                at /rustc/202008a1b8de96d2e5b6bc02d379db03a877d34d/library/std/src/thread/mod.rs:561:17
[INFO] [stdout]   34:     0x638e0ddbbbb4 - <core::panic::unwind_safe::AssertUnwindSafe<F> as core::ops::function::FnOnce<()>>::call_once::h46696fe4a6832328
[INFO] [stdout]                                at /rustc/202008a1b8de96d2e5b6bc02d379db03a877d34d/library/core/src/panic/unwind_safe.rs:272:9
[INFO] [stdout]   35:     0x638e0ddbbbb4 - std::panicking::try::do_call::h2625a51b667bfb64
[INFO] [stdout]                                at /rustc/202008a1b8de96d2e5b6bc02d379db03a877d34d/library/std/src/panicking.rs:557:40
[INFO] [stdout]   36:     0x638e0ddbbbb4 - std::panicking::try::hb956a59a1973aa4c
[INFO] [stdout]                                at /rustc/202008a1b8de96d2e5b6bc02d379db03a877d34d/library/std/src/panicking.rs:520:19
[INFO] [stdout]   37:     0x638e0ddbbbb4 - std::panic::catch_unwind::h64f3b9d1067ef6a0
[INFO] [stdout]                                at /rustc/202008a1b8de96d2e5b6bc02d379db03a877d34d/library/std/src/panic.rs:358:14
[INFO] [stdout]   38:     0x638e0ddbbbb4 - std::thread::Builder::spawn_unchecked_::{{closure}}::h42b2841295b6c0b2
[INFO] [stdout]                                at /rustc/202008a1b8de96d2e5b6bc02d379db03a877d34d/library/std/src/thread/mod.rs:559:30
[INFO] [stdout]   39:     0x638e0ddbbbb4 - core::ops::function::FnOnce::call_once{{vtable.shim}}::h6127de71b8124639
[INFO] [stdout]                                at /rustc/202008a1b8de96d2e5b6bc02d379db03a877d34d/library/core/src/ops/function.rs:250:5
[INFO] [stdout]   40:     0x638e0df3789b - <alloc::boxed::Box<F,A> as core::ops::function::FnOnce<Args>>::call_once::h42f0ba71002a1b2c
[INFO] [stdout]                                at /rustc/202008a1b8de96d2e5b6bc02d379db03a877d34d/library/alloc/src/boxed.rs:1972:9
[INFO] [stdout]   41:     0x638e0df3789b - <alloc::boxed::Box<F,A> as core::ops::function::FnOnce<Args>>::call_once::had9e47d7a3dcecb8
[INFO] [stdout]                                at /rustc/202008a1b8de96d2e5b6bc02d379db03a877d34d/library/alloc/src/boxed.rs:1972:9
[INFO] [stdout]   42:     0x638e0df3789b - std::sys::pal::unix::thread::Thread::new::thread_start::h48cf765408f6f5f2
[INFO] [stdout]                                at /rustc/202008a1b8de96d2e5b6bc02d379db03a877d34d/library/std/src/sys/pal/unix/thread.rs:105:17
[INFO] [stdout]   43:     0x7dc3a590eac3 - <unknown>
[INFO] [stdout]   44:     0x7dc3a599fa04 - clone
[INFO] [stdout]   45:                0x0 - <unknown>
[INFO] [stdout] 
[INFO] [stdout] ---- parse_x11_types stdout ----
[INFO] [stdout] [ERROR fixtures] failed: tests/fixtures/x11/types/default
[INFO] [stdout] [ERROR fixtures] failed: tests/fixtures/x11/types/nokia
[INFO] [stdout] [ERROR fixtures] failed: tests/fixtures/x11/types/iso9995
[INFO] [stdout] [ERROR fixtures] failed: tests/fixtures/x11/types/complete
[INFO] [stdout] [ERROR fixtures] failed: tests/fixtures/x11/types/cancel
[INFO] [stdout] [ERROR fixtures] failed: tests/fixtures/x11/types/mousekeys
[INFO] [stdout] [ERROR fixtures] failed: tests/fixtures/x11/types/numpad
[INFO] [stdout] [ERROR fixtures] failed: tests/fixtures/x11/types/basic
[INFO] [stdout] [ERROR fixtures] failed: tests/fixtures/x11/types/caps
[INFO] [stdout] [ERROR fixtures] failed: tests/fixtures/x11/types/pc
[INFO] [stdout] [ERROR fixtures] failed: tests/fixtures/x11/types/extra
[INFO] [stdout] [ERROR fixtures] failed: tests/fixtures/x11/geometry/hhk
[INFO] [stdout] [ERROR fixtures] failed: tests/fixtures/x11/types/level5
[INFO] [stdout] [ERROR fixtures] failed: tests/fixtures/x11/geometry/sanwa
[INFO] [stdout] [ERROR fixtures] failed: tests/fixtures/x11/geometry/chicony
[INFO] [stdout] [ERROR fixtures] failed: tests/fixtures/x11/geometry/northgate
[INFO] [stdout] [ERROR fixtures] failed: tests/fixtures/x11/geometry/nec
[INFO] [stdout] [ERROR fixtures] failed: tests/fixtures/x11/geometry/digital_vndr/unix
[INFO] [stdout] [ERROR fixtures] failed: tests/fixtures/x11/geometry/thinkpad
[INFO] [stdout] [ERROR fixtures] failed: tests/fixtures/x11/geometry/nokia
[INFO] [stdout] [ERROR fixtures] failed: tests/fixtures/x11/geometry/kinesis
[INFO] [stdout] [ERROR fixtures] failed: tests/fixtures/x11/geometry/fujitsu
[INFO] [stdout] [ERROR fixtures] failed: tests/fixtures/x11/geometry/teck
[INFO] [stdout] [ERROR fixtures] failed: tests/fixtures/x11/geometry/winbook
[INFO] [stdout] [ERROR fixtures] failed: tests/fixtures/x11/geometry/ataritt
[INFO] [stdout] [ERROR fixtures] failed: tests/fixtures/x11/geometry/keytronic
[INFO] [stdout] [ERROR fixtures] failed: tests/fixtures/x11/geometry/amiga
[INFO] [stdout] [ERROR fixtures] failed: tests/fixtures/kbdgen/crk.xkb
[INFO] [stdout] [ERROR fixtures] failed: tests/fixtures/x11/geometry/everex
[INFO] [stdout] [ERROR fixtures] failed: tests/fixtures/kbdgen/smn.xkb
[INFO] [stdout] [ERROR fixtures] failed: tests/fixtures/x11/geometry/digital_vndr/pc
[INFO] [stdout] [ERROR fixtures] failed: tests/fixtures/kbdgen/sms.xkb
[INFO] [stdout] [ERROR fixtures] failed: tests/fixtures/kbdgen/sme.xkb
[INFO] [stdout] [ERROR fixtures] failed: tests/fixtures/x11/symbols/tg
[INFO] [stdout] [ERROR fixtures] failed: tests/fixtures/x11/geometry/steelseries
[INFO] [stdout] [ERROR fixtures] failed: tests/fixtures/x11/geometry/sgi_vndr/indigo
[INFO] [stdout] [ERROR fixtures] failed: tests/fixtures/x11/geometry/hp
[INFO] [stdout] [ERROR fixtures] failed: tests/fixtures/x11/symbols/uz
[INFO] [stdout] [ERROR fixtures] failed: tests/fixtures/x11/symbols/digital_vndr/us
[INFO] [stdout] [ERROR fixtures] failed: tests/fixtures/x11/symbols/au
[INFO] [stdout] [ERROR fixtures] failed: tests/fixtures/x11/symbols/tw
[INFO] [stdout] [ERROR fixtures] failed: tests/fixtures/kbdgen/sma.xkb
[INFO] [stdout] [ERROR fixtures] failed: tests/fixtures/x11/symbols/et
[INFO] [stdout] [ERROR fixtures] failed: tests/fixtures/x11/geometry/microsoft
[INFO] [stdout] [ERROR fixtures] failed: tests/fixtures/x11/geometry/sony
[INFO] [stdout] [ERROR fixtures] failed: tests/fixtures/x11/symbols/sun_vndr/se
[INFO] [stdout] [ERROR fixtures] failed: tests/fixtures/x11/symbols/is
[INFO] [stdout] [ERROR fixtures] failed: tests/fixtures/x11/geometry/sun
[INFO] [stdout] [ERROR fixtures] failed: tests/fixtures/x11/symbols/kz
[INFO] [stdout] [ERROR fixtures] failed: tests/fixtures/x11/geometry/sgi_vndr/indy
[INFO] [stdout] [ERROR fixtures] failed: tests/fixtures/x11/symbols/sun_vndr/us
[INFO] [stdout] [ERROR fixtures] failed: tests/fixtures/x11/geometry/sgi_vndr/O2
[INFO] [stdout] [ERROR fixtures] failed: tests/fixtures/x11/symbols/sharp_vndr/ws011sh
[INFO] [stdout] [ERROR fixtures] failed: tests/fixtures/x11/symbols/sharp_vndr/ws020sh
[INFO] [stdout] [ERROR fixtures] failed: tests/fixtures/x11/symbols/sharp_vndr/ws003sh
[INFO] [stdout] [ERROR fixtures] failed: tests/fixtures/x11/symbols/gr
[INFO] [stdout] [ERROR fixtures] failed: tests/fixtures/x11/symbols/sharp_vndr/sl-c3x00
[INFO] [stdout] [ERROR fixtures] failed: tests/fixtures/x11/symbols/sun_vndr/lt
[INFO] [stdout] [ERROR fixtures] failed: tests/fixtures/x11/symbols/no
[INFO] [stdout] [ERROR fixtures] failed: tests/fixtures/x11/symbols/sun_vndr/pl
[INFO] [stdout] [ERROR fixtures] failed: tests/fixtures/x11/symbols/latam
[INFO] [stdout] [ERROR fixtures] failed: tests/fixtures/x11/symbols/sun_vndr/ara
[INFO] [stdout] [ERROR fixtures] failed: tests/fixtures/x11/symbols/sun_vndr/fi
[INFO] [stdout] [ERROR fixtures] failed: tests/fixtures/x11/symbols/sn
[INFO] [stdout] [ERROR fixtures] failed: tests/fixtures/x11/symbols/sun_vndr/it
[INFO] [stdout] [ERROR fixtures] failed: tests/fixtures/x11/symbols/sharp_vndr/ws007sh
[INFO] [stdout] [ERROR fixtures] failed: tests/fixtures/x11/symbols/id
[INFO] [stdout] [ERROR fixtures] failed: tests/fixtures/x11/symbols/parens
[INFO] [stdout] [ERROR fixtures] failed: tests/fixtures/x11/symbols/ir
[INFO] [stdout] [ERROR fixtures] failed: tests/fixtures/x11/symbols/sun_vndr/ch
[INFO] [stdout] [ERROR fixtures] failed: tests/fixtures/x11/symbols/sun_vndr/pt
[INFO] [stdout] [ERROR fixtures] failed: tests/fixtures/x11/symbols/la
[INFO] [stdout] [ERROR fixtures] failed: tests/fixtures/x11/geometry/digital_vndr/lk
[INFO] [stdout] [ERROR fixtures] failed: tests/fixtures/x11/symbols/sun_vndr/ru
[INFO] [stdout] [ERROR fixtures] failed: tests/fixtures/x11/symbols/sun_vndr/gb
[INFO] [stdout] [ERROR fixtures] failed: tests/fixtures/x11/symbols/sun_vndr/br
[INFO] [stdout] [ERROR fixtures] failed: tests/fixtures/x11/symbols/sun_vndr/fr
[INFO] [stdout] [ERROR fixtures] failed: tests/fixtures/x11/symbols/sun_vndr/ee
[INFO] [stdout] [ERROR fixtures] failed: tests/fixtures/x11/symbols/sun_vndr/es
[INFO] [stdout] [ERROR fixtures] failed: tests/fixtures/x11/symbols/nokia_vndr/su-8w
[INFO] [stdout] [ERROR fixtures] failed: tests/fixtures/x11/symbols/sun_vndr/de
[INFO] [stdout] [ERROR fixtures] failed: tests/fixtures/x11/symbols/cz
[INFO] [stdout] [ERROR fixtures] failed: tests/fixtures/x11/symbols/sun_vndr/sk
[INFO] [stdout] [ERROR fixtures] failed: tests/fixtures/x11/symbols/my
[INFO] [stdout] [ERROR fixtures] failed: tests/fixtures/x11/symbols/pc
[INFO] [stdout] [ERROR fixtures] failed: tests/fixtures/x11/symbols/nl
[INFO] [stdout] [ERROR fixtures] failed: tests/fixtures/x11/symbols/ke
[INFO] [stdout] [ERROR fixtures] failed: tests/fixtures/x11/symbols/sy
[INFO] [stdout] [ERROR fixtures] failed: tests/fixtures/x11/symbols/sgi_vndr/jp
[INFO] [stdout] [ERROR fixtures] failed: tests/fixtures/x11/symbols/fo
[INFO] [stdout] [ERROR fixtures] failed: tests/fixtures/x11/symbols/za
[INFO] [stdout] [ERROR fixtures] failed: tests/fixtures/x11/symbols/altwin
[INFO] [stdout] [ERROR fixtures] failed: tests/fixtures/x11/symbols/kh
[INFO] [stdout] [ERROR fixtures] failed: tests/fixtures/x11/symbols/it
[INFO] [stdout] [ERROR fixtures] failed: tests/fixtures/x11/symbols/mao
[INFO] [stdout] [ERROR fixtures] failed: tests/fixtures/x11/symbols/apl
[INFO] [stdout] [ERROR fixtures] failed: tests/fixtures/x11/symbols/compose
[INFO] [stdout] [ERROR fixtures] failed: tests/fixtures/x11/symbols/ba
[INFO] [stdout] [ERROR fixtures] failed: tests/fixtures/x11/symbols/lv
[INFO] [stdout] [ERROR fixtures] failed: tests/fixtures/x11/symbols/fujitsu_vndr/jp
[INFO] [stdout] [ERROR fixtures] failed: tests/fixtures/x11/symbols/ctrl
[INFO] [stdout] [ERROR fixtures] failed: tests/fixtures/x11/geometry/typematrix
[INFO] [stdout] [ERROR fixtures] failed: tests/fixtures/x11/symbols/ge
[INFO] [stdout] [ERROR fixtures] failed: tests/fixtures/x11/symbols/bg
[INFO] [stdout] [ERROR fixtures] failed: tests/fixtures/x11/symbols/ee
[INFO] [stdout] [ERROR fixtures] failed: tests/fixtures/x11/symbols/gh
[INFO] [stdout] [ERROR fixtures] failed: tests/fixtures/x11/symbols/kpdl
[INFO] [stdout] [ERROR fixtures] failed: tests/fixtures/x11/symbols/fujitsu_vndr/us
[INFO] [stdout] [ERROR fixtures] failed: tests/fixtures/x11/symbols/macintosh_vndr/latam
[INFO] [stdout] [ERROR fixtures] failed: tests/fixtures/x11/symbols/bw
[INFO] [stdout] [ERROR fixtures] failed: tests/fixtures/x11/symbols/macintosh_vndr/jp
[INFO] [stdout] [ERROR fixtures] failed: tests/fixtures/x11/symbols/macintosh_vndr/nl
[INFO] [stdout] [ERROR fixtures] failed: tests/fixtures/x11/symbols/tz
[INFO] [stdout] [ERROR fixtures] failed: tests/fixtures/x11/symbols/pl
[INFO] [stdout] [ERROR fixtures] failed: tests/fixtures/x11/symbols/fr
[INFO] [stdout] [ERROR fixtures] failed: tests/fixtures/x11/symbols/dz
[INFO] [stdout] [ERROR fixtures] failed: tests/fixtures/x11/symbols/macintosh_vndr/se
[INFO] [stdout] [ERROR fixtures] failed: tests/fixtures/x11/symbols/sony_vndr/us
[INFO] [stdout] [ERROR fixtures] failed: tests/fixtures/x11/symbols/ua
[INFO] [stdout] [ERROR fixtures] failed: tests/fixtures/x11/symbols/np
[INFO] [stdout] [ERROR fixtures] failed: tests/fixtures/x11/geometry/dell
[INFO] [stdout] [ERROR fixtures] failed: tests/fixtures/x11/symbols/kr
[INFO] [stdout] [ERROR fixtures] failed: tests/fixtures/x11/symbols/mk
[INFO] [stdout] [ERROR fixtures] failed: tests/fixtures/x11/symbols/eu
[INFO] [stdout] [ERROR fixtures] failed: tests/fixtures/x11/symbols/ma
[INFO] [stdout] [ERROR fixtures] failed: tests/fixtures/x11/symbols/sun_vndr/dk
[INFO] [stdout] [ERROR fixtures] failed: tests/fixtures/x11/symbols/rs
[INFO] [stdout] [ERROR fixtures] failed: tests/fixtures/x11/symbols/az
[INFO] [stdout] [ERROR fixtures] failed: tests/fixtures/x11/symbols/empty
[INFO] [stdout] [ERROR fixtures] failed: tests/fixtures/x11/symbols/th
[INFO] [stdout] [ERROR fixtures] failed: tests/fixtures/x11/symbols/si
[INFO] [stdout] [ERROR fixtures] failed: tests/fixtures/x11/symbols/group
[INFO] [stdout] [ERROR fixtures] failed: tests/fixtures/x11/symbols/ie
[INFO] [stdout] [ERROR fixtures] failed: tests/fixtures/x11/symbols/sun_vndr/solaris
[INFO] [stdout] [ERROR fixtures] failed: tests/fixtures/x11/symbols/shift
[INFO] [stdout] [ERROR fixtures] failed: tests/fixtures/x11/symbols/macintosh_vndr/us
[INFO] [stdout] [ERROR fixtures] failed: tests/fixtures/x11/symbols/nbsp
[INFO] [stdout] [ERROR fixtures] failed: tests/fixtures/x11/symbols/at
[INFO] [stdout] [ERROR fixtures] failed: tests/fixtures/x11/symbols/md
[INFO] [stdout] [ERROR fixtures] failed: tests/fixtures/x11/symbols/macintosh_vndr/fr
[INFO] [stdout] [ERROR fixtures] failed: tests/fixtures/x11/symbols/srvr_ctrl
[INFO] [stdout] [ERROR fixtures] failed: tests/fixtures/x11/symbols/kg
[INFO] [stdout] [ERROR fixtures] failed: tests/fixtures/x11/symbols/sun_vndr/ro
[INFO] [stdout] [ERROR fixtures] failed: tests/fixtures/x11/symbols/macintosh_vndr/de
[INFO] [stdout] [ERROR fixtures] failed: tests/fixtures/x11/symbols/macintosh_vndr/ch
[INFO] [stdout] [ERROR fixtures] failed: tests/fixtures/x11/symbols/digital_vndr/vt
[INFO] [stdout] [ERROR fixtures] failed: tests/fixtures/x11/symbols/macintosh_vndr/it
[INFO] [stdout] [ERROR fixtures] failed: tests/fixtures/x11/symbols/pt
[INFO] [stdout] [ERROR fixtures] failed: tests/fixtures/x11/symbols/sun_vndr/ca
[INFO] [stdout] [ERROR fixtures] failed: tests/fixtures/x11/symbols/digital_vndr/lk
[INFO] [stdout] [ERROR fixtures] failed: tests/fixtures/x11/symbols/macintosh_vndr/pt
[INFO] [stdout] [ERROR fixtures] failed: tests/fixtures/x11/symbols/macintosh_vndr/fi
[INFO] [stdout] [ERROR fixtures] failed: tests/fixtures/x11/symbols/il
[INFO] [stdout] [ERROR fixtures] failed: tests/fixtures/x11/symbols/macintosh_vndr/gb
[INFO] [stdout] [ERROR fixtures] failed: tests/fixtures/x11/symbols/jp
[INFO] [stdout] [ERROR fixtures] failed: tests/fixtures/x11/symbols/lk
[INFO] [stdout] [ERROR fixtures] failed: tests/fixtures/x11/symbols/sun_vndr/cz
[INFO] [stdout] [ERROR fixtures] failed: tests/fixtures/x11/symbols/se
[INFO] [stdout] [ERROR fixtures] failed: tests/fixtures/x11/symbols/ro
[INFO] [stdout] [ERROR fixtures] failed: tests/fixtures/x11/symbols/tj
[INFO] [stdout] [ERROR fixtures] failed: tests/fixtures/x11/symbols/digital_vndr/pc
[INFO] [stdout] [ERROR fixtures] failed: tests/fixtures/x11/symbols/sun_vndr/ua
[INFO] [stdout] [ERROR fixtures] failed: tests/fixtures/x11/symbols/mm
[INFO] [stdout] [ERROR fixtures] failed: tests/fixtures/x11/symbols/sun_vndr/kr
[INFO] [stdout] [ERROR fixtures] failed: tests/fixtures/x11/symbols/macintosh_vndr/apple
[INFO] [stdout] [ERROR fixtures] failed: tests/fixtures/x11/symbols/es
[INFO] [stdout] [ERROR fixtures] failed: tests/fixtures/x11/symbols/sun_vndr/be
[INFO] [stdout] [ERROR fixtures] failed: tests/fixtures/x11/symbols/macintosh_vndr/dk
[INFO] [stdout] [ERROR fixtures] failed: tests/fixtures/x11/symbols/epo
[INFO] [stdout] [ERROR fixtures] failed: tests/fixtures/x11/symbols/br
[INFO] [stdout] [ERROR fixtures] failed: tests/fixtures/x11/symbols/am
[INFO] [stdout] [ERROR fixtures] failed: tests/fixtures/x11/symbols/mt
[INFO] [stdout] [ERROR fixtures] failed: tests/fixtures/x11/symbols/macintosh_vndr/no
[INFO] [stdout] [ERROR fixtures] failed: tests/fixtures/x11/symbols/macintosh_vndr/is
[INFO] [stdout] [ERROR fixtures] failed: tests/fixtures/x11/symbols/sun_vndr/tw
[INFO] [stdout] [ERROR fixtures] failed: tests/fixtures/x11/symbols/ng
[INFO] [stdout] [ERROR fixtures] failed: tests/fixtures/x11/symbols/sun_vndr/no
[INFO] [stdout] [ERROR fixtures] failed: tests/fixtures/x11/symbols/lt
[INFO] [stdout] [ERROR fixtures] failed: tests/fixtures/x11/symbols/sun_vndr/tr
[INFO] [stdout] [ERROR fixtures] failed: tests/fixtures/x11/symbols/sun_vndr/jp
[INFO] [stdout] [ERROR fixtures] failed: tests/fixtures/x11/symbols/tm
[INFO] [stdout] [ERROR fixtures] failed: tests/fixtures/x11/symbols/rupeesign
[INFO] [stdout] [ERROR fixtures] failed: tests/fixtures/x11/symbols/nec_vndr/jp
[INFO] [stdout] [ERROR fixtures] failed: tests/fixtures/x11/symbols/ca
[INFO] [stdout] [ERROR fixtures] failed: tests/fixtures/x11/geometry/pc
[INFO] [stdout] [ERROR fixtures] failed: tests/fixtures/x11/symbols/jolla_vndr/sbj
[INFO] [stdout] [ERROR fixtures] failed: tests/fixtures/x11/symbols/brai
[INFO] [stdout] [ERROR fixtures] failed: tests/fixtures/x11/symbols/gb
[INFO] [stdout] [ERROR fixtures] failed: tests/fixtures/x11/symbols/mn
[INFO] [stdout] [ERROR fixtures] failed: tests/fixtures/x11/symbols/me
[INFO] [stdout] [ERROR fixtures] failed: tests/fixtures/x11/symbols/sk
[INFO] [stdout] [ERROR fixtures] failed: tests/fixtures/x11/symbols/sun_vndr/lv
[INFO] [stdout] [ERROR fixtures] failed: tests/fixtures/x11/symbols/hp_vndr/us
[INFO] [stdout] [ERROR fixtures] failed: tests/fixtures/x11/symbols/sun_vndr/nl
[INFO] [stdout] [ERROR fixtures] failed: tests/fixtures/x11/symbols/eurosign
[INFO] [stdout] [ERROR fixtures] failed: tests/fixtures/x11/symbols/typo
[INFO] [stdout] [ERROR fixtures] failed: tests/fixtures/x11/symbols/terminate
[INFO] [stdout] [ERROR fixtures] failed: tests/fixtures/x11/symbols/latin
[INFO] [stdout] [ERROR fixtures] failed: tests/fixtures/x11/symbols/sun_vndr/gr
[INFO] [stdout] [ERROR fixtures] failed: tests/fixtures/x11/symbols/capslock
[INFO] [stdout] [ERROR fixtures] failed: tests/fixtures/x11/symbols/ml
[INFO] [stdout] [ERROR fixtures] failed: tests/fixtures/x11/symbols/olpc
[INFO] [stdout] [ERROR fixtures] failed: tests/fixtures/x11/symbols/vn
[INFO] [stdout] [ERROR fixtures] failed: tests/fixtures/x11/symbols/mv
[INFO] [stdout] [ERROR fixtures] failed: tests/fixtures/x11/symbols/pk
[INFO] [stdout] [ERROR fixtures] failed: tests/fixtures/x11/symbols/by
[INFO] [stdout] [ERROR fixtures] failed: tests/fixtures/x11/symbols/al
[INFO] [stdout] [ERROR fixtures] failed: tests/fixtures/x11/symbols/ru
[INFO] [stdout] [ERROR fixtures] failed: tests/fixtures/x11/symbols/af
[INFO] [stdout] [ERROR fixtures] failed: tests/fixtures/x11/symbols/hu
[INFO] [stdout] [ERROR fixtures] failed: tests/fixtures/x11/symbols/xfree68_vndr/ataritt
[INFO] [stdout] [ERROR fixtures] failed: tests/fixtures/x11/symbols/bd
[INFO] [stdout] [ERROR fixtures] failed: tests/fixtures/x11/symbols/dk
[INFO] [stdout] [ERROR fixtures] failed: tests/fixtures/x11/symbols/keypad
[INFO] [stdout] [ERROR fixtures] failed: tests/fixtures/x11/symbols/be
[INFO] [stdout] [ERROR fixtures] failed: tests/fixtures/x11/symbols/xfree68_vndr/amiga
[INFO] [stdout] [ERROR fixtures] failed: tests/fixtures/x11/symbols/cd
[INFO] [stdout] [ERROR fixtures] failed: tests/fixtures/x11/symbols/gn
[INFO] [stdout] [ERROR fixtures] failed: tests/fixtures/x11/symbols/hr
[INFO] [stdout] [ERROR fixtures] failed: tests/fixtures/x11/symbols/cn
[INFO] [stdout] [ERROR fixtures] failed: tests/fixtures/x11/symbols/level3
[INFO] [stdout] [ERROR fixtures] failed: tests/fixtures/x11/symbols/fi
[INFO] [stdout] [ERROR fixtures] failed: tests/fixtures/x11/symbols/bt
[INFO] [stdout] [ERROR fixtures] failed: tests/fixtures/x11/symbols/iq
[INFO] [stdout] [ERROR fixtures] failed: tests/fixtures/x11/keycodes/olpc
[INFO] [stdout] [ERROR fixtures] failed: tests/fixtures/x11/symbols/ch
[INFO] [stdout] [ERROR fixtures] failed: tests/fixtures/x11/keycodes/empty
[INFO] [stdout] [ERROR fixtures] failed: tests/fixtures/x11/symbols/tr
[INFO] [stdout] [ERROR fixtures] failed: tests/fixtures/x11/keycodes/sony
[INFO] [stdout] [ERROR fixtures] failed: tests/fixtures/x11/geometry/macintosh
[INFO] [stdout] [ERROR fixtures] failed: tests/fixtures/x11/keycodes/ibm
[INFO] [stdout] [ERROR fixtures] failed: tests/fixtures/x11/symbols/level5
[INFO] [stdout] [ERROR fixtures] failed: tests/fixtures/x11/keycodes/jolla
[INFO] [stdout] [ERROR fixtures] failed: tests/fixtures/x11/keycodes/sgi_vndr/indigo
[INFO] [stdout] [ERROR fixtures] failed: tests/fixtures/x11/keycodes/amiga
[INFO] [stdout] [ERROR fixtures] failed: tests/fixtures/x11/keycodes/sgi_vndr/iris
[INFO] [stdout] [ERROR fixtures] failed: tests/fixtures/x11/keycodes/macintosh
[INFO] [stdout] [ERROR fixtures] failed: tests/fixtures/x11/keycodes/aliases
[INFO] [stdout] [ERROR fixtures] failed: tests/fixtures/x11/keycodes/xfree98
[INFO] [stdout] [ERROR fixtures] failed: tests/fixtures/x11/keycodes/digital_vndr/pc
[INFO] [stdout] [ERROR fixtures] failed: tests/fixtures/x11/symbols/inet
[INFO] [stdout] [ERROR fixtures] failed: tests/fixtures/x11/keycodes/ataritt
[INFO] [stdout] [ERROR fixtures] failed: tests/fixtures/x11/keycodes/xfree86
[INFO] [stdout] [ERROR fixtures] failed: tests/fixtures/x11/keycodes/sgi_vndr/indy
[INFO] [stdout] [ERROR fixtures] failed: tests/fixtures/x11/keycodes/fujitsu
[INFO] [stdout] [ERROR fixtures] failed: tests/fixtures/x11/symbols/nokia_vndr/rx-44
[INFO] [stdout] [ERROR fixtures] failed: tests/fixtures/x11/keycodes/digital_vndr/lk
[INFO] [stdout] [ERROR fixtures] failed: tests/fixtures/x11/keycodes/sun
[INFO] [stdout] [ERROR fixtures] failed: tests/fixtures/x11/symbols/ara
[INFO] [stdout] [ERROR fixtures] failed: tests/fixtures/x11/keycodes/hp
[INFO] [stdout] [ERROR fixtures] failed: tests/fixtures/x11/keycodes/evdev
[INFO] [stdout] [ERROR fixtures] failed: tests/fixtures/x11/symbols/de
[INFO] [stdout] [ERROR fixtures] failed: tests/fixtures/x11/symbols/cm
[INFO] [stdout] [ERROR fixtures] failed: tests/fixtures/x11/symbols/nokia_vndr/rx-51
[INFO] [stdout] [ERROR fixtures] failed: tests/fixtures/x11/symbols/us
[INFO] [stdout] [ERROR fixtures] failed: tests/fixtures/x11/symbols/in
[INFO] [stdout] [ERROR fixtures] failed: tests/fixtures/x11/symbols/ph
[INFO] [stdout] thread 'parse_x11_types' panicked at tests/fixtures.rs:140:9:
[INFO] [stdout] 12 tests failed -- Set `VERBOSE_PARSE_ERRORS=1` for error messages
[INFO] [stdout] stack backtrace:
[INFO] [stdout]    0:     0x638e0df314fa - std::backtrace_rs::backtrace::libunwind::trace::h8810477743020387
[INFO] [stdout]                                at /rustc/202008a1b8de96d2e5b6bc02d379db03a877d34d/library/std/src/../../backtrace/src/backtrace/libunwind.rs:116:5
[INFO] [stdout]    1:     0x638e0df314fa - std::backtrace_rs::backtrace::trace_unsynchronized::h3aa55355dd6c54a6
[INFO] [stdout]                                at /rustc/202008a1b8de96d2e5b6bc02d379db03a877d34d/library/std/src/../../backtrace/src/backtrace/mod.rs:66:5
[INFO] [stdout]    2:     0x638e0df314fa - std::sys::backtrace::_print_fmt::h8588b0f62410823f
[INFO] [stdout]                                at /rustc/202008a1b8de96d2e5b6bc02d379db03a877d34d/library/std/src/sys/backtrace.rs:66:9
[INFO] [stdout]    3:     0x638e0df314fa - <std::sys::backtrace::BacktraceLock::print::DisplayBacktrace as core::fmt::Display>::fmt::h98c26ac25ffe89bb
[INFO] [stdout]                                at /rustc/202008a1b8de96d2e5b6bc02d379db03a877d34d/library/std/src/sys/backtrace.rs:39:26
[INFO] [stdout]    4:     0x638e0df57b73 - core::fmt::rt::Argument::fmt::hf95377f4aebd453b
[INFO] [stdout]                                at /rustc/202008a1b8de96d2e5b6bc02d379db03a877d34d/library/core/src/fmt/rt.rs:177:76
[INFO] [stdout]    5:     0x638e0df57b73 - core::fmt::write::h0dd5f6e2238c7982
[INFO] [stdout]                                at /rustc/202008a1b8de96d2e5b6bc02d379db03a877d34d/library/core/src/fmt/mod.rs:1189:21
[INFO] [stdout]    6:     0x638e0df2e173 - std::io::Write::write_fmt::h03bb0ca26e6faf8c
[INFO] [stdout]                                at /rustc/202008a1b8de96d2e5b6bc02d379db03a877d34d/library/std/src/io/mod.rs:1884:15
[INFO] [stdout]    7:     0x638e0df31342 - std::sys::backtrace::BacktraceLock::print::h5c19c1c038ee186d
[INFO] [stdout]                                at /rustc/202008a1b8de96d2e5b6bc02d379db03a877d34d/library/std/src/sys/backtrace.rs:42:9
[INFO] [stdout]    8:     0x638e0df3297d - std::panicking::default_hook::{{closure}}::h77172f079a1fcb13
[INFO] [stdout]                                at /rustc/202008a1b8de96d2e5b6bc02d379db03a877d34d/library/std/src/panicking.rs:268:22
[INFO] [stdout]    9:     0x638e0df32787 - std::panicking::default_hook::he5f8e3b203ccddba
[INFO] [stdout]                                at /rustc/202008a1b8de96d2e5b6bc02d379db03a877d34d/library/std/src/panicking.rs:292:9
[INFO] [stdout]   10:     0x638e0ddf0287 - <alloc::boxed::Box<F,A> as core::ops::function::Fn<Args>>::call::h7a3c7b4a1ae77f2f
[INFO] [stdout]                                at /rustc/202008a1b8de96d2e5b6bc02d379db03a877d34d/library/alloc/src/boxed.rs:1986:9
[INFO] [stdout]   11:     0x638e0ddf0287 - test::test_main::{{closure}}::hf0d3b69ae9b353d1
[INFO] [stdout]                                at /rustc/202008a1b8de96d2e5b6bc02d379db03a877d34d/library/test/src/lib.rs:134:21
[INFO] [stdout]   12:     0x638e0df33028 - <alloc::boxed::Box<F,A> as core::ops::function::Fn<Args>>::call::h6332e82e7b189abd
[INFO] [stdout]                                at /rustc/202008a1b8de96d2e5b6bc02d379db03a877d34d/library/alloc/src/boxed.rs:1986:9
[INFO] [stdout]   13:     0x638e0df33028 - std::panicking::rust_panic_with_hook::h53863d4e9018df39
[INFO] [stdout]                                at /rustc/202008a1b8de96d2e5b6bc02d379db03a877d34d/library/std/src/panicking.rs:809:13
[INFO] [stdout]   14:     0x638e0df32dea - std::panicking::begin_panic_handler::{{closure}}::h67280e6fa0757873
[INFO] [stdout]                                at /rustc/202008a1b8de96d2e5b6bc02d379db03a877d34d/library/std/src/panicking.rs:674:13
[INFO] [stdout]   15:     0x638e0df319d9 - std::sys::backtrace::__rust_end_short_backtrace::h1dac3f54d6fbbeb2
[INFO] [stdout]                                at /rustc/202008a1b8de96d2e5b6bc02d379db03a877d34d/library/std/src/sys/backtrace.rs:170:18
[INFO] [stdout]   16:     0x638e0df32a7c - rust_begin_unwind
[INFO] [stdout]                                at /rustc/202008a1b8de96d2e5b6bc02d379db03a877d34d/library/std/src/panicking.rs:665:5
[INFO] [stdout]   17:     0x638e0dc551b0 - core::panicking::panic_fmt::h6792bd1b2bf01041
[INFO] [stdout]                                at /rustc/202008a1b8de96d2e5b6bc02d379db03a877d34d/library/core/src/panicking.rs:76:14
[INFO] [stdout]   18:     0x638e0dc5f2d3 - fixtures::parse_files::h72d75d63b0a7b726
[INFO] [stdout]                                at /opt/rustwide/workdir/tests/fixtures.rs:140:9
[INFO] [stdout]   19:     0x638e0dc61485 - fixtures::parse_x11_types::h6bf14b83043f07f8
[INFO] [stdout]                                at /opt/rustwide/workdir/tests/fixtures.rs:79:5
[INFO] [stdout]   20:     0x638e0dc613c7 - fixtures::parse_x11_types::{{closure}}::h549a7d715e2913ad
[INFO] [stdout]                                at /opt/rustwide/workdir/tests/fixtures.rs:76:25
[INFO] [stdout]   21:     0x638e0dc65b86 - core::ops::function::FnOnce::call_once::h3bb4a3b69fafc36a
[INFO] [stdout]                                at /rustc/202008a1b8de96d2e5b6bc02d379db03a877d34d/library/core/src/ops/function.rs:250:5
[INFO] [stdout]   22:     0x638e0ddf4dab - core::ops::function::FnOnce::call_once::h871bf86719ec9aa4
[INFO] [stdout]                                at /rustc/202008a1b8de96d2e5b6bc02d379db03a877d34d/library/core/src/ops/function.rs:250:5
[INFO] [stdout]   23:     0x638e0ddf4dab - test::__rust_begin_short_backtrace::h2167df1e2b7d76fd
[INFO] [stdout]                                at /rustc/202008a1b8de96d2e5b6bc02d379db03a877d34d/library/test/src/lib.rs:632:18
[INFO] [stdout]   24:     0x638e0ddf4798 - test::run_test_in_process::{{closure}}::h15d92f75a3adfb79
[INFO] [stdout]                                at /rustc/202008a1b8de96d2e5b6bc02d379db03a877d34d/library/test/src/lib.rs:655:60
[INFO] [stdout]   25:     0x638e0ddf4798 - <core::panic::unwind_safe::AssertUnwindSafe<F> as core::ops::function::FnOnce<()>>::call_once::hb6c8955835a8dbbb
[INFO] [stdout]                                at /rustc/202008a1b8de96d2e5b6bc02d379db03a877d34d/library/core/src/panic/unwind_safe.rs:272:9
[INFO] [stdout]   26:     0x638e0ddf4798 - std::panicking::try::do_call::hc79d0fc888a0bd30
[INFO] [stdout]                                at /rustc/202008a1b8de96d2e5b6bc02d379db03a877d34d/library/std/src/panicking.rs:557:40
[INFO] [stdout]   27:     0x638e0ddf4798 - std::panicking::try::hb8a7878e3a8589d6
[INFO] [stdout]                                at /rustc/202008a1b8de96d2e5b6bc02d379db03a877d34d/library/std/src/panicking.rs:520:19
[INFO] [stdout]   28:     0x638e0ddf4798 - std::panic::catch_unwind::hb8e4600ff0ff5cfa
[INFO] [stdout]                                at /rustc/202008a1b8de96d2e5b6bc02d379db03a877d34d/library/std/src/panic.rs:358:14
[INFO] [stdout]   29:     0x638e0ddf4798 - test::run_test_in_process::hc2900b0b18688dd6
[INFO] [stdout]                                at /rustc/202008a1b8de96d2e5b6bc02d379db03a877d34d/library/test/src/lib.rs:655:27
[INFO] [stdout]   30:     0x638e0ddf4798 - test::run_test::{{closure}}::hac2a9cb07be3d48d
[INFO] [stdout]                                at /rustc/202008a1b8de96d2e5b6bc02d379db03a877d34d/library/test/src/lib.rs:576:43
[INFO] [stdout]   31:     0x638e0ddb823a - test::run_test::{{closure}}::h4a5b729e66a38cd8
[INFO] [stdout]                                at /rustc/202008a1b8de96d2e5b6bc02d379db03a877d34d/library/test/src/lib.rs:606:41
[INFO] [stdout]   32:     0x638e0ddb823a - std::sys::backtrace::__rust_begin_short_backtrace::h0496fb742492f573
[INFO] [stdout]                                at /rustc/202008a1b8de96d2e5b6bc02d379db03a877d34d/library/std/src/sys/backtrace.rs:154:18
[INFO] [stdout]   33:     0x638e0ddbbbb4 - std::thread::Builder::spawn_unchecked_::{{closure}}::{{closure}}::hbb6d257c550a54bd
[INFO] [stdout]                                at /rustc/202008a1b8de96d2e5b6bc02d379db03a877d34d/library/std/src/thread/mod.rs:561:17
[INFO] [stdout]   34:     0x638e0ddbbbb4 - <core::panic::unwind_safe::AssertUnwindSafe<F> as core::ops::function::FnOnce<()>>::call_once::h46696fe4a6832328
[INFO] [stdout]                                at /rustc/202008a1b8de96d2e5b6bc02d379db03a877d34d/library/core/src/panic/unwind_safe.rs:272:9
[INFO] [stdout]   35:     0x638e0ddbbbb4 - std::panicking::try::do_call::h2625a51b667bfb64
[INFO] [stdout]                                at /rustc/202008a1b8de96d2e5b6bc02d379db03a877d34d/library/std/src/panicking.rs:557:40
[INFO] [stdout]   36:     0x638e0ddbbbb4 - std::panicking::try::hb956a59a1973aa4c
[INFO] [stdout]                                at /rustc/202008a1b8de96d2e5b6bc02d379db03a877d34d/library/std/src/panicking.rs:520:19
[INFO] [stdout]   37:     0x638e0ddbbbb4 - std::panic::catch_unwind::h64f3b9d1067ef6a0
[INFO] [stdout]                                at /rustc/202008a1b8de96d2e5b6bc02d379db03a877d34d/library/std/src/panic.rs:358:14
[INFO] [stdout]   38:     0x638e0ddbbbb4 - std::thread::Builder::spawn_unchecked_::{{closure}}::h42b2841295b6c0b2
[INFO] [stdout]                                at /rustc/202008a1b8de96d2e5b6bc02d379db03a877d34d/library/std/src/thread/mod.rs:559:30
[INFO] [stdout]   39:     0x638e0ddbbbb4 - core::ops::function::FnOnce::call_once{{vtable.shim}}::h6127de71b8124639
[INFO] [stdout]                                at /rustc/202008a1b8de96d2e5b6bc02d379db03a877d34d/library/core/src/ops/function.rs:250:5
[INFO] [stdout]   40:     0x638e0df3789b - <alloc::boxed::Box<F,A> as core::ops::function::FnOnce<Args>>::call_once::h42f0ba71002a1b2c
[INFO] [stdout]                                at /rustc/202008a1b8de96d2e5b6bc02d379db03a877d34d/library/alloc/src/boxed.rs:1972:9
[INFO] [stdout]   41:     0x638e0df3789b - <alloc::boxed::Box<F,A> as core::ops::function::FnOnce<Args>>::call_once::had9e47d7a3dcecb8
[INFO] [stdout]                                at /rustc/202008a1b8de96d2e5b6bc02d379db03a877d34d/library/alloc/src/boxed.rs:1972:9
[INFO] [stdout]   42:     0x638e0df3789b - std::sys::pal::unix::thread::Thread::new::thread_start::h48cf765408f6f5f2
[INFO] [stdout]                                at /rustc/202008a1b8de96d2e5b6bc02d379db03a877d34d/library/std/src/sys/pal/unix/thread.rs:105:17
[INFO] [stdout]   43:     0x7dc3a590eac3 - <unknown>
[INFO] [stdout]   44:     0x7dc3a599fa04 - clone
[INFO] [stdout]   45:                0x0 - <unknown>
[INFO] [stdout] 
[INFO] [stdout] ---- parse_x11_symbols stdout ----
[INFO] [stdout] thread 'parse_x11_symbols' panicked at tests/fixtures.rs:140:9:
[INFO] [stdout] 190 tests failed -- Set `VERBOSE_PARSE_ERRORS=1` for error messages
[INFO] [stdout] stack backtrace:
[INFO] [stdout]    0:     0x638e0df314fa - std::backtrace_rs::backtrace::libunwind::trace::h8810477743020387
[INFO] [stdout]                                at /rustc/202008a1b8de96d2e5b6bc02d379db03a877d34d/library/std/src/../../backtrace/src/backtrace/libunwind.rs:116:5
[INFO] [stdout]    1:     0x638e0df314fa - std::backtrace_rs::backtrace::trace_unsynchronized::h3aa55355dd6c54a6
[INFO] [stdout]                                at /rustc/202008a1b8de96d2e5b6bc02d379db03a877d34d/library/std/src/../../backtrace/src/backtrace/mod.rs:66:5
[INFO] [stdout]    2:     0x638e0df314fa - std::sys::backtrace::_print_fmt::h8588b0f62410823f
[INFO] [stdout]                                at /rustc/202008a1b8de96d2e5b6bc02d379db03a877d34d/library/std/src/sys/backtrace.rs:66:9
[INFO] [stdout]    3:     0x638e0df314fa - <std::sys::backtrace::BacktraceLock::print::DisplayBacktrace as core::fmt::Display>::fmt::h98c26ac25ffe89bb
[INFO] [stdout]                                at /rustc/202008a1b8de96d2e5b6bc02d379db03a877d34d/library/std/src/sys/backtrace.rs:39:26
[INFO] [stdout]    4:     0x638e0df57b73 - core::fmt::rt::Argument::fmt::hf95377f4aebd453b
[INFO] [stdout]                                at /rustc/202008a1b8de96d2e5b6bc02d379db03a877d34d/library/core/src/fmt/rt.rs:177:76
[INFO] [stdout]    5:     0x638e0df57b73 - core::fmt::write::h0dd5f6e2238c7982
[INFO] [stdout]                                at /rustc/202008a1b8de96d2e5b6bc02d379db03a877d34d/library/core/src/fmt/mod.rs:1189:21
[INFO] [stdout]    6:     0x638e0df2e173 - std::io::Write::write_fmt::h03bb0ca26e6faf8c
[INFO] [stdout]                                at /rustc/202008a1b8de96d2e5b6bc02d379db03a877d34d/library/std/src/io/mod.rs:1884:15
[INFO] [stdout]    7:     0x638e0df31342 - std::sys::backtrace::BacktraceLock::print::h5c19c1c038ee186d
[INFO] [stdout]                                at /rustc/202008a1b8de96d2e5b6bc02d379db03a877d34d/library/std/src/sys/backtrace.rs:42:9
[INFO] [stdout]    8:     0x638e0df3297d - std::panicking::default_hook::{{closure}}::h77172f079a1fcb13
[INFO] [stdout]                                at /rustc/202008a1b8de96d2e5b6bc02d379db03a877d34d/library/std/src/panicking.rs:268:22
[INFO] [stdout]    9:     0x638e0df32787 - std::panicking::default_hook::he5f8e3b203ccddba
[INFO] [stdout]                                at /rustc/202008a1b8de96d2e5b6bc02d379db03a877d34d/library/std/src/panicking.rs:292:9
[INFO] [stdout]   10:     0x638e0ddf0287 - <alloc::boxed::Box<F,A> as core::ops::function::Fn<Args>>::call::h7a3c7b4a1ae77f2f
[INFO] [stdout]                                at /rustc/202008a1b8de96d2e5b6bc02d379db03a877d34d/library/alloc/src/boxed.rs:1986:9
[INFO] [stdout]   11:     0x638e0ddf0287 - test::test_main::{{closure}}::hf0d3b69ae9b353d1
[INFO] [stdout]                                at /rustc/202008a1b8de96d2e5b6bc02d379db03a877d34d/library/test/src/lib.rs:134:21
[INFO] [stdout]   12:     0x638e0df33028 - <alloc::boxed::Box<F,A> as core::ops::function::Fn<Args>>::call::h6332e82e7b189abd
[INFO] [stdout]                                at /rustc/202008a1b8de96d2e5b6bc02d379db03a877d34d/library/alloc/src/boxed.rs:1986:9
[INFO] [stdout]   13:     0x638e0df33028 - std::panicking::rust_panic_with_hook::h53863d4e9018df39
[INFO] [stdout]                                at /rustc/202008a1b8de96d2e5b6bc02d379db03a877d34d/library/std/src/panicking.rs:809:13
[INFO] [stdout]   14:     0x638e0df32dea - std::panicking::begin_panic_handler::{{closure}}::h67280e6fa0757873
[INFO] [stdout]                                at /rustc/202008a1b8de96d2e5b6bc02d379db03a877d34d/library/std/src/panicking.rs:674:13
[INFO] [stdout]   15:     0x638e0df319d9 - std::sys::backtrace::__rust_end_short_backtrace::h1dac3f54d6fbbeb2
[INFO] [stdout]                                at /rustc/202008a1b8de96d2e5b6bc02d379db03a877d34d/library/std/src/sys/backtrace.rs:170:18
[INFO] [stdout]   16:     0x638e0df32a7c - rust_begin_unwind
[INFO] [stdout]                                at /rustc/202008a1b8de96d2e5b6bc02d379db03a877d34d/library/std/src/panicking.rs:665:5
[INFO] [stdout]   17:     0x638e0dc551b0 - core::panicking::panic_fmt::h6792bd1b2bf01041
[INFO] [stdout]                                at /rustc/202008a1b8de96d2e5b6bc02d379db03a877d34d/library/core/src/panicking.rs:76:14
[INFO] [stdout]   18:     0x638e0dc5f2d3 - fixtures::parse_files::h72d75d63b0a7b726
[INFO] [stdout]                                at /opt/rustwide/workdir/tests/fixtures.rs:140:9
[INFO] [stdout]   19:     0x638e0dc610a5 - fixtures::parse_x11_symbols::he85407f708e76699
[INFO] [stdout]                                at /opt/rustwide/workdir/tests/fixtures.rs:51:5
[INFO] [stdout]   20:     0x638e0dc60fe7 - fixtures::parse_x11_symbols::{{closure}}::h9f02bb797b28b758
[INFO] [stdout]                                at /opt/rustwide/workdir/tests/fixtures.rs:48:27
[INFO] [stdout]   21:     0x638e0dc65c06 - core::ops::function::FnOnce::call_once::h44ab681b37546380
[INFO] [stdout]                                at /rustc/202008a1b8de96d2e5b6bc02d379db03a877d34d/library/core/src/ops/function.rs:250:5
[INFO] [stdout]   22:     0x638e0ddf4dab - core::ops::function::FnOnce::call_once::h871bf86719ec9aa4
[INFO] [stdout]                                at /rustc/202008a1b8de96d2e5b6bc02d379db03a877d34d/library/core/src/ops/function.rs:250:5
[INFO] [stdout]   23:     0x638e0ddf4dab - test::__rust_begin_short_backtrace::h2167df1e2b7d76fd
[INFO] [stdout]                                at /rustc/202008a1b8de96d2e5b6bc02d379db03a877d34d/library/test/src/lib.rs:632:18
[INFO] [stdout]   24:     0x638e0ddf4798 - test::run_test_in_process::{{closure}}::h15d92f75a3adfb79
[INFO] [stdout]                                at /rustc/202008a1b8de96d2e5b6bc02d379db03a877d34d/library/test/src/lib.rs:655:60
[INFO] [stdout]   25:     0x638e0ddf4798 - <core::panic::unwind_safe::AssertUnwindSafe<F> as core::ops::function::FnOnce<()>>::call_once::hb6c8955835a8dbbb
[INFO] [stdout]                                at /rustc/202008a1b8de96d2e5b6bc02d379db03a877d34d/library/core/src/panic/unwind_safe.rs:272:9
[INFO] [stdout]   26:     0x638e0ddf4798 - std::panicking::try::do_call::hc79d0fc888a0bd30
[INFO] [stdout]                                at /rustc/202008a1b8de96d2e5b6bc02d379db03a877d34d/library/std/src/panicking.rs:557:40
[INFO] [stdout]   27:     0x638e0ddf4798 - std::panicking::try::hb8a7878e3a8589d6
[INFO] [stdout]                                at /rustc/202008a1b8de96d2e5b6bc02d379db03a877d34d/library/std/src/panicking.rs:520:19
[INFO] [stdout]   28:     0x638e0ddf4798 - std::panic::catch_unwind::hb8e4600ff0ff5cfa
[INFO] [stdout]                                at /rustc/202008a1b8de96d2e5b6bc02d379db03a877d34d/library/std/src/panic.rs:358:14
[INFO] [stdout]   29:     0x638e0ddf4798 - test::run_test_in_process::hc2900b0b18688dd6
[INFO] [stdout]                                at /rustc/202008a1b8de96d2e5b6bc02d379db03a877d34d/library/test/src/lib.rs:655:27
[INFO] [stdout]   30:     0x638e0ddf4798 - test::run_test::{{closure}}::hac2a9cb07be3d48d
[INFO] [stdout]                                at /rustc/202008a1b8de96d2e5b6bc02d379db03a877d34d/library/test/src/lib.rs:576:43
[INFO] [stdout]   31:     0x638e0ddb823a - test::run_test::{{closure}}::h4a5b729e66a38cd8
[INFO] [stdout]                                at /rustc/202008a1b8de96d2e5b6bc02d379db03a877d34d/library/test/src/lib.rs:606:41
[INFO] [stdout]   32:     0x638e0ddb823a - std::sys::backtrace::__rust_begin_short_backtrace::h0496fb742492f573
[INFO] [stdout]                                at /rustc/202008a1b8de96d2e5b6bc02d379db03a877d34d/library/std/src/sys/backtrace.rs:154:18
[INFO] [stdout]   33:     0x638e0ddbbbb4 - std::thread::Builder::spawn_unchecked_::{{closure}}::{{closure}}::hbb6d257c550a54bd
[INFO] [stdout]                                at /rustc/202008a1b8de96d2e5b6bc02d379db03a877d34d/library/std/src/thread/mod.rs:561:17
[INFO] [stdout]   34:     0x638e0ddbbbb4 - <core::panic::unwind_safe::AssertUnwindSafe<F> as core::ops::function::FnOnce<()>>::call_once::h46696fe4a6832328
[INFO] [stdout]                                at /rustc/202008a1b8de96d2e5b6bc02d379db03a877d34d/library/core/src/panic/unwind_safe.rs:272:9
[INFO] [stdout]   35:     0x638e0ddbbbb4 - std::panicking::try::do_call::h2625a51b667bfb64
[INFO] [stdout]                                at /rustc/202008a1b8de96d2e5b6bc02d379db03a877d34d/library/std/src/panicking.rs:557:40
[INFO] [stdout]   36:     0x638e0ddbbbb4 - std::panicking::try::hb956a59a1973aa4c
[INFO] [stdout]                                at /rustc/202008a1b8de96d2e5b6bc02d379db03a877d34d/library/std/src/panicking.rs:520:19
[INFO] [stdout]   37:     0x638e0ddbbbb4 - std::panic::catch_unwind::h64f3b9d1067ef6a0
[INFO] [stdout]                                at /rustc/202008a1b8de96d2e5b6bc02d379db03a877d34d/library/std/src/panic.rs:358:14
[INFO] [stdout]   38:     0x638e0ddbbbb4 - std::thread::Builder::spawn_unchecked_::{{closure}}::h42b2841295b6c0b2
[INFO] [stdout]                                at /rustc/202008a1b8de96d2e5b6bc02d379db03a877d34d/library/std/src/thread/mod.rs:559:30
[INFO] [stdout]   39:     0x638e0ddbbbb4 - core::ops::function::FnOnce::call_once{{vtable.shim}}::h6127de71b8124639
[INFO] [stdout]                                at /rustc/202008a1b8de96d2e5b6bc02d379db03a877d34d/library/core/src/ops/function.rs:250:5
[INFO] [stdout]   40:     0x638e0df3789b - <alloc::boxed::Box<F,A> as core::ops::function::FnOnce<Args>>::call_once::h42f0ba71002a1b2c
[INFO] [stdout]                                at /rustc/202008a1b8de96d2e5b6bc02d379db03a877d34d/library/alloc/src/boxed.rs:1972:9
[INFO] [stdout]   41:     0x638e0df3789b - <alloc::boxed::Box<F,A> as core::ops::function::FnOnce<Args>>::call_once::had9e47d7a3dcecb8
[INFO] [stdout]                                at /rustc/202008a1b8de96d2e5b6bc02d379db03a877d34d/library/alloc/src/boxed.rs:1972:9
[INFO] [stdout]   42:     0x638e0df3789b - std::sys::pal::unix::thread::Thread::new::thread_start::h48cf765408f6f5f2
[INFO] [stdout]                                at /rustc/202008a1b8de96d2e5b6bc02d379db03a877d34d/library/std/src/sys/pal/unix/thread.rs:105:17
[INFO] [stdout]   43:     0x7dc3a590eac3 - <unknown>
[INFO] [stdout]   44:     0x7dc3a599fa04 - clone
[INFO] [stdout]   45:                0x0 - <unknown>
[INFO] [stdout] 
[INFO] [stdout] ---- parse_kbdgen_fixtures stdout ----
[INFO] [stdout] thread 'parse_kbdgen_fixtures' panicked at tests/fixtures.rs:140:9:
[INFO] [stdout] 5 tests failed -- Set `VERBOSE_PARSE_ERRORS=1` for error messages
[INFO] [stdout] stack backtrace:
[INFO] [stdout]    0:     0x638e0df314fa - std::backtrace_rs::backtrace::libunwind::trace::h8810477743020387
[INFO] [stdout]                                at /rustc/202008a1b8de96d2e5b6bc02d379db03a877d34d/library/std/src/../../backtrace/src/backtrace/libunwind.rs:116:5
[INFO] [stdout]    1:     0x638e0df314fa - std::backtrace_rs::backtrace::trace_unsynchronized::h3aa55355dd6c54a6
[INFO] [stdout]                                at /rustc/202008a1b8de96d2e5b6bc02d379db03a877d34d/library/std/src/../../backtrace/src/backtrace/mod.rs:66:5
[INFO] [stdout]    2:     0x638e0df314fa - std::sys::backtrace::_print_fmt::h8588b0f62410823f
[INFO] [stdout]                                at /rustc/202008a1b8de96d2e5b6bc02d379db03a877d34d/library/std/src/sys/backtrace.rs:66:9
[INFO] [stdout]    3:     0x638e0df314fa - <std::sys::backtrace::BacktraceLock::print::DisplayBacktrace as core::fmt::Display>::fmt::h98c26ac25ffe89bb
[INFO] [stdout]                                at /rustc/202008a1b8de96d2e5b6bc02d379db03a877d34d/library/std/src/sys/backtrace.rs:39:26
[INFO] [stdout]    4:     0x638e0df57b73 - core::fmt::rt::Argument::fmt::hf95377f4aebd453b
[INFO] [stdout]                                at /rustc/202008a1b8de96d2e5b6bc02d379db03a877d34d/library/core/src/fmt/rt.rs:177:76
[INFO] [stdout]    5:     0x638e0df57b73 - core::fmt::write::h0dd5f6e2238c7982
[INFO] [stdout]                                at /rustc/202008a1b8de96d2e5b6bc02d379db03a877d34d/library/core/src/fmt/mod.rs:1189:21
[INFO] [stdout]    6:     0x638e0df2e173 - std::io::Write::write_fmt::h03bb0ca26e6faf8c
[INFO] [stdout]                                at /rustc/202008a1b8de96d2e5b6bc02d379db03a877d34d/library/std/src/io/mod.rs:1884:15
[INFO] [stdout]    7:     0x638e0df31342 - std::sys::backtrace::BacktraceLock::print::h5c19c1c038ee186d
[INFO] [stdout]                                at /rustc/202008a1b8de96d2e5b6bc02d379db03a877d34d/library/std/src/sys/backtrace.rs:42:9
[INFO] [stdout]    8:     0x638e0df3297d - std::panicking::default_hook::{{closure}}::h77172f079a1fcb13
[INFO] [stdout]                                at /rustc/202008a1b8de96d2e5b6bc02d379db03a877d34d/library/std/src/panicking.rs:268:22
[INFO] [stdout]    9:     0x638e0df32787 - std::panicking::default_hook::he5f8e3b203ccddba
[INFO] [stdout]                                at /rustc/202008a1b8de96d2e5b6bc02d379db03a877d34d/library/std/src/panicking.rs:292:9
[INFO] [stdout]   10:     0x638e0ddf0287 - <alloc::boxed::Box<F,A> as core::ops::function::Fn<Args>>::call::h7a3c7b4a1ae77f2f
[INFO] [stdout]                                at /rustc/202008a1b8de96d2e5b6bc02d379db03a877d34d/library/alloc/src/boxed.rs:1986:9
[INFO] [stdout]   11:     0x638e0ddf0287 - test::test_main::{{closure}}::hf0d3b69ae9b353d1
[INFO] [stdout]                                at /rustc/202008a1b8de96d2e5b6bc02d379db03a877d34d/library/test/src/lib.rs:134:21
[INFO] [stdout]   12:     0x638e0df33028 - <alloc::boxed::Box<F,A> as core::ops::function::Fn<Args>>::call::h6332e82e7b189abd
[INFO] [stdout]                                at /rustc/202008a1b8de96d2e5b6bc02d379db03a877d34d/library/alloc/src/boxed.rs:1986:9
[INFO] [stdout]   13:     0x638e0df33028 - std::panicking::rust_panic_with_hook::h53863d4e9018df39
[INFO] [stdout]                                at /rustc/202008a1b8de96d2e5b6bc02d379db03a877d34d/library/std/src/panicking.rs:809:13
[INFO] [stdout]   14:     0x638e0df32dea - std::panicking::begin_panic_handler::{{closure}}::h67280e6fa0757873
[INFO] [stdout]                                at /rustc/202008a1b8de96d2e5b6bc02d379db03a877d34d/library/std/src/panicking.rs:674:13
[INFO] [stdout]   15:     0x638e0df319d9 - std::sys::backtrace::__rust_end_short_backtrace::h1dac3f54d6fbbeb2
[INFO] [stdout]                                at /rustc/202008a1b8de96d2e5b6bc02d379db03a877d34d/library/std/src/sys/backtrace.rs:170:18
[INFO] [stdout]   16:     0x638e0df32a7c - rust_begin_unwind
[INFO] [stdout]                                at /rustc/202008a1b8de96d2e5b6bc02d379db03a877d34d/library/std/src/panicking.rs:665:5
[INFO] [stdout]   17:     0x638e0dc551b0 - core::panicking::panic_fmt::h6792bd1b2bf01041
[INFO] [stdout]                                at /rustc/202008a1b8de96d2e5b6bc02d379db03a877d34d/library/core/src/panicking.rs:76:14
[INFO] [stdout]   18:     0x638e0dc5f2d3 - fixtures::parse_files::h72d75d63b0a7b726
[INFO] [stdout]                                at /opt/rustwide/workdir/tests/fixtures.rs:140:9
[INFO] [stdout]   19:     0x638e0dc60e3a - fixtures::parse_kbdgen_fixtures::h258b5c11681cab57
[INFO] [stdout]                                at /opt/rustwide/workdir/tests/fixtures.rs:36:5
[INFO] [stdout]   20:     0x638e0dc60d67 - fixtures::parse_kbdgen_fixtures::{{closure}}::h0a9d709a4bd687c0
[INFO] [stdout]                                at /opt/rustwide/workdir/tests/fixtures.rs:33:31
[INFO] [stdout]   21:     0x638e0dc65bc6 - core::ops::function::FnOnce::call_once::h4379a7343649228c
[INFO] [stdout]                                at /rustc/202008a1b8de96d2e5b6bc02d379db03a877d34d/library/core/src/ops/function.rs:250:5
[INFO] [stdout]   22:     0x638e0ddf4dab - core::ops::function::FnOnce::call_once::h871bf86719ec9aa4
[INFO] [stdout]                                at /rustc/202008a1b8de96d2e5b6bc02d379db03a877d34d/library/core/src/ops/function.rs:250:5
[INFO] [stdout]   23:     0x638e0ddf4dab - test::__rust_begin_short_backtrace::h2167df1e2b7d76fd
[INFO] [stdout]                                at /rustc/202008a1b8de96d2e5b6bc02d379db03a877d34d/library/test/src/lib.rs:632:18
[INFO] [stdout]   24:     0x638e0ddf4798 - test::run_test_in_process::{{closure}}::h15d92f75a3adfb79
[INFO] [stdout]                                at /rustc/202008a1b8de96d2e5b6bc02d379db03a877d34d/library/test/src/lib.rs:655:60
[INFO] [stdout]   25:     0x638e0ddf4798 - <core::panic::unwind_safe::AssertUnwindSafe<F> as core::ops::function::FnOnce<()>>::call_once::hb6c8955835a8dbbb
[INFO] [stdout]                                at /rustc/202008a1b8de96d2e5b6bc02d379db03a877d34d/library/core/src/panic/unwind_safe.rs:272:9
[INFO] [stdout]   26:     0x638e0ddf4798 - std::panicking::try::do_call::hc79d0fc888a0bd30
[INFO] [stdout]                                at /rustc/202008a1b8de96d2e5b6bc02d379db03a877d34d/library/std/src/panicking.rs:557:40
[INFO] [stdout]   27:     0x638e0ddf4798 - std::panicking::try::hb8a7878e3a8589d6
[INFO] [stdout]                                at /rustc/202008a1b8de96d2e5b6bc02d379db03a877d34d/library/std/src/panicking.rs:520:19
[INFO] [stdout]   28:     0x638e0ddf4798 - std::panic::catch_unwind::hb8e4600ff0ff5cfa
[INFO] [stdout]                                at /rustc/202008a1b8de96d2e5b6bc02d379db03a877d34d/library/std/src/panic.rs:358:14
[INFO] [stdout]   29:     0x638e0ddf4798 - test::run_test_in_process::hc2900b0b18688dd6
[INFO] [stdout]                                at /rustc/202008a1b8de96d2e5b6bc02d379db03a877d34d/library/test/src/lib.rs:655:27
[INFO] [stdout]   30:     0x638e0ddf4798 - test::run_test::{{closure}}::hac2a9cb07be3d48d
[INFO] [stdout]                                at /rustc/202008a1b8de96d2e5b6bc02d379db03a877d34d/library/test/src/lib.rs:576:43
[INFO] [stdout]   31:     0x638e0ddb823a - test::run_test::{{closure}}::h4a5b729e66a38cd8
[INFO] [stdout]                                at /rustc/202008a1b8de96d2e5b6bc02d379db03a877d34d/library/test/src/lib.rs:606:41
[INFO] [stdout]   32:     0x638e0ddb823a - std::sys::backtrace::__rust_begin_short_backtrace::h0496fb742492f573
[INFO] [stdout]                                at /rustc/202008a1b8de96d2e5b6bc02d379db03a877d34d/library/std/src/sys/backtrace.rs:154:18
[INFO] [stdout]   33:     0x638e0ddbbbb4 - std::thread::Builder::spawn_unchecked_::{{closure}}::{{closure}}::hbb6d257c550a54bd
[INFO] [stdout]                                at /rustc/202008a1b8de96d2e5b6bc02d379db03a877d34d/library/std/src/thread/mod.rs:561:17
[INFO] [stdout]   34:     0x638e0ddbbbb4 - <core::panic::unwind_safe::AssertUnwindSafe<F> as core::ops::function::FnOnce<()>>::call_once::h46696fe4a6832328
[INFO] [stdout]                                at /rustc/202008a1b8de96d2e5b6bc02d379db03a877d34d/library/core/src/panic/unwind_safe.rs:272:9
[INFO] [stdout]   35:     0x638e0ddbbbb4 - std::panicking::try::do_call::h2625a51b667bfb64
[INFO] [stdout]                                at /rustc/202008a1b8de96d2e5b6bc02d379db03a877d34d/library/std/src/panicking.rs:557:40
[INFO] [stdout]   36:     0x638e0ddbbbb4 - std::panicking::try::hb956a59a1973aa4c
[INFO] [stdout]                                at /rustc/202008a1b8de96d2e5b6bc02d379db03a877d34d/library/std/src/panicking.rs:520:19
[INFO] [stdout]   37:     0x638e0ddbbbb4 - std::panic::catch_unwind::h64f3b9d1067ef6a0
[INFO] [stdout]                                at /rustc/202008a1b8de96d2e5b6bc02d379db03a877d34d/library/std/src/panic.rs:358:14
[INFO] [stdout]   38:     0x638e0ddbbbb4 - std::thread::Builder::spawn_unchecked_::{{closure}}::h42b2841295b6c0b2
[INFO] [stdout]                                at /rustc/202008a1b8de96d2e5b6bc02d379db03a877d34d/library/std/src/thread/mod.rs:559:30
[INFO] [stdout]   39:     0x638e0ddbbbb4 - core::ops::function::FnOnce::call_once{{vtable.shim}}::h6127de71b8124639
[INFO] [stdout]                                at /rustc/202008a1b8de96d2e5b6bc02d379db03a877d34d/library/core/src/ops/function.rs:250:5
[INFO] [stdout]   40:     0x638e0df3789b - <alloc::boxed::Box<F,A> as core::ops::function::FnOnce<Args>>::call_once::h42f0ba71002a1b2c
[INFO] [stdout]                                at /rustc/202008a1b8de96d2e5b6bc02d379db03a877d34d/library/alloc/src/boxed.rs:1972:9
[INFO] [stdout]   41:     0x638e0df3789b - <alloc::boxed::Box<F,A> as core::ops::function::FnOnce<Args>>::call_once::had9e47d7a3dcecb8
[INFO] [stdout]                                at /rustc/202008a1b8de96d2e5b6bc02d379db03a877d34d/library/alloc/src/boxed.rs:1972:9
[INFO] [stdout]   42:     0x638e0df3789b - std::sys::pal::unix::thread::Thread::new::thread_start::h48cf765408f6f5f2
[INFO] [stdout]                                at /rustc/202008a1b8de96d2e5b6bc02d379db03a877d34d/library/std/src/sys/pal/unix/thread.rs:105:17
[INFO] [stdout]   43:     0x7dc3a590eac3 - <unknown>
[INFO] [stdout]   44:     0x7dc3a599fa04 - clone
[INFO] [stdout]   45:                0x0 - <unknown>
[INFO] [stdout] 
[INFO] [stdout] ---- parse_x11_geometry stdout ----
[INFO] [stdout] thread 'parse_x11_geometry' panicked at tests/fixtures.rs:140:9:
[INFO] [stdout] 30 tests failed -- Set `VERBOSE_PARSE_ERRORS=1` for error messages
[INFO] [stdout] stack backtrace:
[INFO] [stdout]    0:     0x638e0df314fa - std::backtrace_rs::backtrace::libunwind::trace::h8810477743020387
[INFO] [stdout]                                at /rustc/202008a1b8de96d2e5b6bc02d379db03a877d34d/library/std/src/../../backtrace/src/backtrace/libunwind.rs:116:5
[INFO] [stdout]    1:     0x638e0df314fa - std::backtrace_rs::backtrace::trace_unsynchronized::h3aa55355dd6c54a6
[INFO] [stdout]                                at /rustc/202008a1b8de96d2e5b6bc02d379db03a877d34d/library/std/src/../../backtrace/src/backtrace/mod.rs:66:5
[INFO] [stdout]    2:     0x638e0df314fa - std::sys::backtrace::_print_fmt::h8588b0f62410823f
[INFO] [stdout]                                at /rustc/202008a1b8de96d2e5b6bc02d379db03a877d34d/library/std/src/sys/backtrace.rs:66:9
[INFO] [stdout]    3:     0x638e0df314fa - <std::sys::backtrace::BacktraceLock::print::DisplayBacktrace as core::fmt::Display>::fmt::h98c26ac25ffe89bb
[INFO] [stdout]                                at /rustc/202008a1b8de96d2e5b6bc02d379db03a877d34d/library/std/src/sys/backtrace.rs:39:26
[INFO] [stdout]    4:     0x638e0df57b73 - core::fmt::rt::Argument::fmt::hf95377f4aebd453b
[INFO] [stdout]                                at /rustc/202008a1b8de96d2e5b6bc02d379db03a877d34d/library/core/src/fmt/rt.rs:177:76
[INFO] [stdout]    5:     0x638e0df57b73 - core::fmt::write::h0dd5f6e2238c7982
[INFO] [stdout]                                at /rustc/202008a1b8de96d2e5b6bc02d379db03a877d34d/library/core/src/fmt/mod.rs:1189:21
[INFO] [stdout]    6:     0x638e0df2e173 - std::io::Write::write_fmt::h03bb0ca26e6faf8c
[INFO] [stdout]                                at /rustc/202008a1b8de96d2e5b6bc02d379db03a877d34d/library/std/src/io/mod.rs:1884:15
[INFO] [stdout]    7:     0x638e0df31342 - std::sys::backtrace::BacktraceLock::print::h5c19c1c038ee186d
[INFO] [stdout]                                at /rustc/202008a1b8de96d2e5b6bc02d379db03a877d34d/library/std/src/sys/backtrace.rs:42:9
[INFO] [stdout]    8:     0x638e0df3297d - std::panicking::default_hook::{{closure}}::h77172f079a1fcb13
[INFO] [stdout]                                at /rustc/202008a1b8de96d2e5b6bc02d379db03a877d34d/library/std/src/panicking.rs:268:22
[INFO] [stdout]    9:     0x638e0df32787 - std::panicking::default_hook::he5f8e3b203ccddba
[INFO] [stdout]                                at /rustc/202008a1b8de96d2e5b6bc02d379db03a877d34d/library/std/src/panicking.rs:292:9
[INFO] [stdout]   10:     0x638e0ddf0287 - <alloc::boxed::Box<F,A> as core::ops::function::Fn<Args>>::call::h7a3c7b4a1ae77f2f
[INFO] [stdout]                                at /rustc/202008a1b8de96d2e5b6bc02d379db03a877d34d/library/alloc/src/boxed.rs:1986:9
[INFO] [stdout]   11:     0x638e0ddf0287 - test::test_main::{{closure}}::hf0d3b69ae9b353d1
[INFO] [stdout]                                at /rustc/202008a1b8de96d2e5b6bc02d379db03a877d34d/library/test/src/lib.rs:134:21
[INFO] [stdout]   12:     0x638e0df33028 - <alloc::boxed::Box<F,A> as core::ops::function::Fn<Args>>::call::h6332e82e7b189abd
[INFO] [stdout]                                at /rustc/202008a1b8de96d2e5b6bc02d379db03a877d34d/library/alloc/src/boxed.rs:1986:9
[INFO] [stdout]   13:     0x638e0df33028 - std::panicking::rust_panic_with_hook::h53863d4e9018df39
[INFO] [stdout]                                at /rustc/202008a1b8de96d2e5b6bc02d379db03a877d34d/library/std/src/panicking.rs:809:13
[INFO] [stdout]   14:     0x638e0df32dea - std::panicking::begin_panic_handler::{{closure}}::h67280e6fa0757873
[INFO] [stdout]                                at /rustc/202008a1b8de96d2e5b6bc02d379db03a877d34d/library/std/src/panicking.rs:674:13
[INFO] [stdout]   15:     0x638e0df319d9 - std::sys::backtrace::__rust_end_short_backtrace::h1dac3f54d6fbbeb2
[INFO] [stdout]                                at /rustc/202008a1b8de96d2e5b6bc02d379db03a877d34d/library/std/src/sys/backtrace.rs:170:18
[INFO] [stdout]   16:     0x638e0df32a7c - rust_begin_unwind
[INFO] [stdout]                                at /rustc/202008a1b8de96d2e5b6bc02d379db03a877d34d/library/std/src/panicking.rs:665:5
[INFO] [stdout]   17:     0x638e0dc551b0 - core::panicking::panic_fmt::h6792bd1b2bf01041
[INFO] [stdout]                                at /rustc/202008a1b8de96d2e5b6bc02d379db03a877d34d/library/core/src/panicking.rs:76:14
[INFO] [stdout]   18:     0x638e0dc5f2d3 - fixtures::parse_files::h72d75d63b0a7b726
[INFO] [stdout]                                at /opt/rustwide/workdir/tests/fixtures.rs:140:9
[INFO] [stdout]   19:     0x638e0dc61698 - fixtures::parse_x11_geometry::h63ebdf5f5ed8a6dc
[INFO] [stdout]                                at /opt/rustwide/workdir/tests/fixtures.rs:95:5
[INFO] [stdout]   20:     0x638e0dc615b7 - fixtures::parse_x11_geometry::{{closure}}::h92625ef01a037a1a
[INFO] [stdout]                                at /opt/rustwide/workdir/tests/fixtures.rs:90:28
[INFO] [stdout]   21:     0x638e0dc65d06 - core::ops::function::FnOnce::call_once::hc3c13d63262f4f57
[INFO] [stdout]                                at /rustc/202008a1b8de96d2e5b6bc02d379db03a877d34d/library/core/src/ops/function.rs:250:5
[INFO] [stdout]   22:     0x638e0ddf4dab - core::ops::function::FnOnce::call_once::h871bf86719ec9aa4
[INFO] [stdout]                                at /rustc/202008a1b8de96d2e5b6bc02d379db03a877d34d/library/core/src/ops/function.rs:250:5
[INFO] [stdout]   23:     0x638e0ddf4dab - test::__rust_begin_short_backtrace::h2167df1e2b7d76fd
[INFO] [stdout]                                at /rustc/202008a1b8de96d2e5b6bc02d379db03a877d34d/library/test/src/lib.rs:632:18
[INFO] [stdout]   24:     0x638e0ddf4798 - test::run_test_in_process::{{closure}}::h15d92f75a3adfb79
[INFO] [stdout]                                at /rustc/202008a1b8de96d2e5b6bc02d379db03a877d34d/library/test/src/lib.rs:655:60
[INFO] [stdout]   25:     0x638e0ddf4798 - <core::panic::unwind_safe::AssertUnwindSafe<F> as core::ops::function::FnOnce<()>>::call_once::hb6c8955835a8dbbb
[INFO] [stdout]                                at /rustc/202008a1b8de96d2e5b6bc02d379db03a877d34d/library/core/src/panic/unwind_safe.rs:272:9
[INFO] [stdout]   26:     0x638e0ddf4798 - std::panicking::try::do_call::hc79d0fc888a0bd30
[INFO] [stdout]                                at /rustc/202008a1b8de96d2e5b6bc02d379db03a877d34d/library/std/src/panicking.rs:557:40
[INFO] [stdout]   27:     0x638e0ddf4798 - std::panicking::try::hb8a7878e3a8589d6
[INFO] [stdout]                                at /rustc/202008a1b8de96d2e5b6bc02d379db03a877d34d/library/std/src/panicking.rs:520:19
[INFO] [stdout]   28:     0x638e0ddf4798 - std::panic::catch_unwind::hb8e4600ff0ff5cfa
[INFO] [stdout]                                at /rustc/202008a1b8de96d2e5b6bc02d379db03a877d34d/library/std/src/panic.rs:358:14
[INFO] [stdout]   29:     0x638e0ddf4798 - test::run_test_in_process::hc2900b0b18688dd6
[INFO] [stdout]                                at /rustc/202008a1b8de96d2e5b6bc02d379db03a877d34d/library/test/src/lib.rs:655:27
[INFO] [stdout]   30:     0x638e0ddf4798 - test::run_test::{{closure}}::hac2a9cb07be3d48d
[INFO] [stdout]                                at /rustc/202008a1b8de96d2e5b6bc02d379db03a877d34d/library/test/src/lib.rs:576:43
[INFO] [stdout]   31:     0x638e0ddb823a - test::run_test::{{closure}}::h4a5b729e66a38cd8
[INFO] [stdout]                                at /rustc/202008a1b8de96d2e5b6bc02d379db03a877d34d/library/test/src/lib.rs:606:41
[INFO] [stdout]   32:     0x638e0ddb823a - std::sys::backtrace::__rust_begin_short_backtrace::h0496fb742492f573
[INFO] [stdout]                                at /rustc/202008a1b8de96d2e5b6bc02d379db03a877d34d/library/std/src/sys/backtrace.rs:154:18
[INFO] [stdout]   33:     0x638e0ddbbbb4 - std::thread::Builder::spawn_unchecked_::{{closure}}::{{closure}}::hbb6d257c550a54bd
[INFO] [stdout]                                at /rustc/202008a1b8de96d2e5b6bc02d379db03a877d34d/library/std/src/thread/mod.rs:561:17
[INFO] [stdout]   34:     0x638e0ddbbbb4 - <core::panic::unwind_safe::AssertUnwindSafe<F> as core::ops::function::FnOnce<()>>::call_once::h46696fe4a6832328
[INFO] [stdout]                                at /rustc/202008a1b8de96d2e5b6bc02d379db03a877d34d/library/core/src/panic/unwind_safe.rs:272:9
[INFO] [stdout]   35:     0x638e0ddbbbb4 - std::panicking::try::do_call::h2625a51b667bfb64
[INFO] [stdout]                                at /rustc/202008a1b8de96d2e5b6bc02d379db03a877d34d/library/std/src/panicking.rs:557:40
[INFO] [stdout]   36:     0x638e0ddbbbb4 - std::panicking::try::hb956a59a1973aa4c
[INFO] [stdout]                                at /rustc/202008a1b8de96d2e5b6bc02d379db03a877d34d/library/std/src/panicking.rs:520:19
[INFO] [stdout]   37:     0x638e0ddbbbb4 - std::panic::catch_unwind::h64f3b9d1067ef6a0
[INFO] [stdout]                                at /rustc/202008a1b8de96d2e5b6bc02d379db03a877d34d/library/std/src/panic.rs:358:14
[INFO] [stdout]   38:     0x638e0ddbbbb4 - std::thread::Builder::spawn_unchecked_::{{closure}}::h42b2841295b6c0b2
[INFO] [stdout]                                at /rustc/202008a1b8de96d2e5b6bc02d379db03a877d34d/library/std/src/thread/mod.rs:559:30
[INFO] [stdout]   39:     0x638e0ddbbbb4 - core::ops::function::FnOnce::call_once{{vtable.shim}}::h6127de71b8124639
[INFO] [stdout]                                at /rustc/202008a1b8de96d2e5b6bc02d379db03a877d34d/library/core/src/ops/function.rs:250:5
[INFO] [stdout]   40:     0x638e0df3789b - <alloc::boxed::Box<F,A> as core::ops::function::FnOnce<Args>>::call_once::h42f0ba71002a1b2c
[INFO] [stdout]                                at /rustc/202008a1b8de96d2e5b6bc02d379db03a877d34d/library/alloc/src/boxed.rs:1972:9
[INFO] [stdout]   41:     0x638e0df3789b - <alloc::boxed::Box<F,A> as core::ops::function::FnOnce<Args>>::call_once::had9e47d7a3dcecb8
[INFO] [stdout]                                at /rustc/202008a1b8de96d2e5b6bc02d379db03a877d34d/library/alloc/src/boxed.rs:1972:9
[INFO] [stdout]   42:     0x638e0df3789b - std::sys::pal::unix::thread::Thread::new::thread_start::h48cf765408f6f5f2
[INFO] [stdout]                                at /rustc/202008a1b8de96d2e5b6bc02d379db03a877d34d/library/std/src/sys/pal/unix/thread.rs:105:17
[INFO] [stdout]   43:     0x7dc3a590eac3 - <unknown>
[INFO] [stdout]   44:     0x7dc3a599fa04 - clone
[INFO] [stdout]   45:                0x0 - <unknown>
[INFO] [stdout] 
[INFO] [stdout] 
[INFO] [stdout] failures:
[INFO] [stdout]     parse_custom_fixtures
[INFO] [stdout]     parse_kbdgen_fixtures
[INFO] [stdout]     parse_x11_geometry
[INFO] [stdout]     parse_x11_keycodes
[INFO] [stdout]     parse_x11_symbols
[INFO] [stdout]     parse_x11_types
[INFO] [stdout] 
[INFO] [stdout] test result: FAILED. 0 passed; 6 failed; 1 ignored; 0 measured; 0 filtered out; finished in 3.97s
[INFO] [stdout] 
[INFO] [stderr] error: test failed, to rerun pass `--test fixtures`
[INFO] running `Command { std: "docker" "inspect" "ccd9ee8f5ab19d94464d0e7186ba9a6655d7fcc8c0aa88adc2283c29f3c55961", kill_on_drop: false }`
[INFO] running `Command { std: "docker" "rm" "-f" "ccd9ee8f5ab19d94464d0e7186ba9a6655d7fcc8c0aa88adc2283c29f3c55961", kill_on_drop: false }`
[INFO] [stdout] ccd9ee8f5ab19d94464d0e7186ba9a6655d7fcc8c0aa88adc2283c29f3c55961
