[INFO] fetching crate xdgkit 3.2.5...
[INFO] testing xdgkit-3.2.5 against beta-2024-12-08 for beta-1.84.0-4-retry
[INFO] extracting crate xdgkit 3.2.5 into /workspace/builds/worker-3-tc2/source
[INFO] validating manifest of crates.io crate xdgkit 3.2.5 on toolchain beta-2024-12-08
[INFO] running `Command { std: CARGO_HOME="/workspace/cargo-home" RUSTUP_HOME="/workspace/rustup-home" "/workspace/cargo-home/bin/cargo" "+beta-2024-12-08" "metadata" "--manifest-path" "Cargo.toml" "--no-deps", kill_on_drop: false }`
[INFO] started tweaking crates.io crate xdgkit 3.2.5
[INFO] finished tweaking crates.io crate xdgkit 3.2.5
[INFO] tweaked toml for crates.io crate xdgkit 3.2.5 written to /workspace/builds/worker-3-tc2/source/Cargo.toml
[INFO] crate crates.io crate xdgkit 3.2.5 already has a lockfile, it will not be regenerated
[INFO] running `Command { std: CARGO_HOME="/workspace/cargo-home" RUSTUP_HOME="/workspace/rustup-home" "/workspace/cargo-home/bin/cargo" "+beta-2024-12-08" "fetch" "--manifest-path" "Cargo.toml", kill_on_drop: false }`
[INFO] running `Command { std: "docker" "create" "-v" "/var/lib/crater-agent-workspace/builds/worker-3-tc2/target:/opt/rustwide/target:rw,Z" "-v" "/var/lib/crater-agent-workspace/builds/worker-3-tc2/source:/opt/rustwide/workdir:ro,Z" "-v" "/var/lib/crater-agent-workspace/cargo-home:/opt/rustwide/cargo-home:ro,Z" "-v" "/var/lib/crater-agent-workspace/rustup-home:/opt/rustwide/rustup-home:ro,Z" "-e" "SOURCE_DIR=/opt/rustwide/workdir" "-e" "CARGO_TARGET_DIR=/opt/rustwide/target" "-e" "CARGO_HOME=/opt/rustwide/cargo-home" "-e" "RUSTUP_HOME=/opt/rustwide/rustup-home" "-w" "/opt/rustwide/workdir" "-m" "1610612736" "--user" "0:0" "--network" "none" "ghcr.io/rust-lang/crates-build-env/linux@sha256:f3a9d4ad9d972b27faf3965f35b62e55ba32bbce8f20bc8fe909558a86702fde" "/opt/rustwide/cargo-home/bin/cargo" "+beta-2024-12-08" "metadata" "--no-deps" "--format-version=1", kill_on_drop: false }`
[INFO] [stdout] 7062bf16fdd04e9aee6cf462d6390f0a7f9e7dce3d143cea841a467ca05fb226
[INFO] running `Command { std: "docker" "start" "-a" "7062bf16fdd04e9aee6cf462d6390f0a7f9e7dce3d143cea841a467ca05fb226", kill_on_drop: false }`
[INFO] running `Command { std: "docker" "inspect" "7062bf16fdd04e9aee6cf462d6390f0a7f9e7dce3d143cea841a467ca05fb226", kill_on_drop: false }`
[INFO] running `Command { std: "docker" "rm" "-f" "7062bf16fdd04e9aee6cf462d6390f0a7f9e7dce3d143cea841a467ca05fb226", kill_on_drop: false }`
[INFO] [stdout] 7062bf16fdd04e9aee6cf462d6390f0a7f9e7dce3d143cea841a467ca05fb226
[INFO] running `Command { std: "docker" "create" "-v" "/var/lib/crater-agent-workspace/builds/worker-3-tc2/target:/opt/rustwide/target:rw,Z" "-v" "/var/lib/crater-agent-workspace/builds/worker-3-tc2/source:/opt/rustwide/workdir:ro,Z" "-v" "/var/lib/crater-agent-workspace/cargo-home:/opt/rustwide/cargo-home:ro,Z" "-v" "/var/lib/crater-agent-workspace/rustup-home:/opt/rustwide/rustup-home:ro,Z" "-e" "SOURCE_DIR=/opt/rustwide/workdir" "-e" "CARGO_TARGET_DIR=/opt/rustwide/target" "-e" "CARGO_INCREMENTAL=0" "-e" "RUST_BACKTRACE=full" "-e" "RUSTFLAGS=--cap-lints=warn" "-e" "RUSTDOCFLAGS=--cap-lints=warn" "-e" "CARGO_HOME=/opt/rustwide/cargo-home" "-e" "RUSTUP_HOME=/opt/rustwide/rustup-home" "-w" "/opt/rustwide/workdir" "-m" "1610612736" "--user" "0:0" "--network" "none" "ghcr.io/rust-lang/crates-build-env/linux@sha256:f3a9d4ad9d972b27faf3965f35b62e55ba32bbce8f20bc8fe909558a86702fde" "/opt/rustwide/cargo-home/bin/cargo" "+beta-2024-12-08" "build" "--frozen" "--message-format=json", kill_on_drop: false }`
[INFO] [stdout] 35df698f1cd87be05662881e436b14cd692f27e5c825212ec4df876a4d5586b9
[INFO] running `Command { std: "docker" "start" "-a" "35df698f1cd87be05662881e436b14cd692f27e5c825212ec4df876a4d5586b9", kill_on_drop: false }`
[INFO] [stderr]    Compiling proc-macro2 v1.0.27
[INFO] [stderr]    Compiling unicode-xid v0.2.2
[INFO] [stderr]    Compiling syn v1.0.72
[INFO] [stderr]    Compiling version_check v0.9.3
[INFO] [stderr]    Compiling serde_derive v1.0.130
[INFO] [stderr]    Compiling libc v0.2.94
[INFO] [stderr]    Compiling autocfg v1.0.1
[INFO] [stderr]    Compiling serde v1.0.130
[INFO] [stderr]    Compiling unicode-segmentation v1.7.1
[INFO] [stderr]    Compiling proc-macro-error-attr v1.0.4
[INFO] [stderr]    Compiling proc-macro-error v1.0.4
[INFO] [stderr]    Compiling bitflags v1.2.1
[INFO] [stderr]    Compiling indexmap v1.6.2
[INFO] [stderr]    Compiling memchr v2.4.1
[INFO] [stderr]    Compiling heck v0.3.2
[INFO] [stderr]    Compiling linked-hash-map v0.5.4
[INFO] [stderr]    Compiling hashbrown v0.9.1
[INFO] [stderr]    Compiling unicode-width v0.1.8
[INFO] [stderr]    Compiling yaml-rust v0.4.5
[INFO] [stderr]    Compiling textwrap v0.12.1
[INFO] [stderr]    Compiling lazy_static v1.4.0
[INFO] [stderr]    Compiling vec_map v0.8.2
[INFO] [stderr]    Compiling strsim v0.10.0
[INFO] [stderr]    Compiling os_str_bytes v2.4.0
[INFO] [stderr]    Compiling termcolor v1.1.2
[INFO] [stderr]    Compiling tini v1.3.0
[INFO] [stderr]    Compiling quote v1.0.9
[INFO] [stderr]    Compiling atty v0.2.14
[INFO] [stderr]    Compiling clap_derive v3.0.0-beta.2
[INFO] [stderr]    Compiling clap v3.0.0-beta.2
[INFO] [stderr]    Compiling quick-xml v0.21.0
[INFO] [stderr]    Compiling xdgkit v3.2.5 (/opt/rustwide/workdir)
[INFO] [stdout] warning: unused variable: `theme_name`
[INFO] [stdout]    --> src/icon_finder.rs:129:10
[INFO] [stdout]     |
[INFO] [stdout] 129 |     for (theme_name, ref mut return_paths) in themes {
[INFO] [stdout]     |          ^^^^^^^^^^ help: if this is intentional, prefix it with an underscore: `_theme_name`
[INFO] [stdout]     |
[INFO] [stdout]     = note: `#[warn(unused_variables)]` on by default
[INFO] [stdout] 
[INFO] [stdout] 
[INFO] [stdout] warning: unused variable: `theme_name`
[INFO] [stdout]    --> src/icon_finder.rs:129:10
[INFO] [stdout]     |
[INFO] [stdout] 129 |     for (theme_name, ref mut return_paths) in themes {
[INFO] [stdout]     |          ^^^^^^^^^^ help: if this is intentional, prefix it with an underscore: `_theme_name`
[INFO] [stdout]     |
[INFO] [stdout]     = note: `#[warn(unused_variables)]` on by default
[INFO] [stdout] 
[INFO] [stdout] 
[INFO] [stdout] warning: field `encoding` is never read
[INFO] [stdout]    --> src/desktop_entry.rs:262:9
[INFO] [stdout]     |
[INFO] [stdout] 260 | pub struct DesktopEntry {
[INFO] [stdout]     |            ------------ field in this struct
[INFO] [stdout] 261 |     /// Encoding is used by pingus.desktop so I added it
[INFO] [stdout] 262 |     pub encoding:Option<String>,
[INFO] [stdout]     |         ^^^^^^^^
[INFO] [stdout]     |
[INFO] [stdout]     = note: `DesktopEntry` has derived impls for the traits `Clone` and `Debug`, but these are intentionally ignored during dead code analysis
[INFO] [stdout]     = note: `#[warn(dead_code)]` on by default
[INFO] [stdout] 
[INFO] [stdout] 
[INFO] [stdout] warning: fields `name`, `tooltip`, `executable`, and `terminal` are never read
[INFO] [stdout]    --> src/desktop_menu.rs:362:9
[INFO] [stdout]     |
[INFO] [stdout] 360 | pub struct MenuItem {
[INFO] [stdout]     |            -------- fields in this struct
[INFO] [stdout] 361 |     /// Name
[INFO] [stdout] 362 |     pub name:String,
[INFO] [stdout]     |         ^^^^
[INFO] [stdout] ...
[INFO] [stdout] 366 |     pub tooltip:String,
[INFO] [stdout]     |         ^^^^^^^
[INFO] [stdout] 367 |     ///  Executable
[INFO] [stdout] 368 |     pub executable:String,
[INFO] [stdout]     |         ^^^^^^^^^^
[INFO] [stdout] ...
[INFO] [stdout] 372 |     pub terminal:bool,
[INFO] [stdout]     |         ^^^^^^^^
[INFO] [stdout]     |
[INFO] [stdout]     = note: `MenuItem` has derived impls for the traits `Clone` and `Debug`, but these are intentionally ignored during dead code analysis
[INFO] [stdout] 
[INFO] [stdout] 
[INFO] [stdout] warning: function `find_best_icon` is never used
[INFO] [stdout]    --> src/icon_finder.rs:528:8
[INFO] [stdout]     |
[INFO] [stdout] 528 | pub fn find_best_icon(icon_list:Vec<String>, size:i32, scale:i32) -> Option<PathBuf> {
[INFO] [stdout]     |        ^^^^^^^^^^^^^^
[INFO] [stdout] 
[INFO] [stdout] 
[INFO] [stdout] warning: function `find_best_icon_helper` is never used
[INFO] [stdout]    --> src/icon_finder.rs:572:8
[INFO] [stdout]     |
[INFO] [stdout] 572 | pub fn find_best_icon_helper(icon_list:Vec<String>, size:i32, scale:i32, theme:IconTheme, dir_list_vector:Vec<DirList>) -> Option<PathBuf> {
[INFO] [stdout]     |        ^^^^^^^^^^^^^^^^^^^^^
[INFO] [stdout] 
[INFO] [stdout] 
[INFO] [stdout] warning: fields `name`, `tooltip`, `executable`, and `terminal` are never read
[INFO] [stdout]    --> src/menu.rs:382:9
[INFO] [stdout]     |
[INFO] [stdout] 380 | pub struct MenuItem {
[INFO] [stdout]     |            -------- fields in this struct
[INFO] [stdout] 381 |     /// Name
[INFO] [stdout] 382 |     pub name:String,
[INFO] [stdout]     |         ^^^^
[INFO] [stdout] ...
[INFO] [stdout] 386 |     pub tooltip:String,
[INFO] [stdout]     |         ^^^^^^^
[INFO] [stdout] 387 |     ///  Executable
[INFO] [stdout] 388 |     pub executable:String,
[INFO] [stdout]     |         ^^^^^^^^^^
[INFO] [stdout] ...
[INFO] [stdout] 392 |     pub terminal:bool,
[INFO] [stdout]     |         ^^^^^^^^
[INFO] [stdout]     |
[INFO] [stdout]     = note: `MenuItem` has derived impls for the traits `Clone` and `Debug`, but these are intentionally ignored during dead code analysis
[INFO] [stdout] 
[INFO] [stdout] 
[INFO] [stdout] warning: struct `AppMenu` is never constructed
[INFO] [stdout]    --> src/menu.rs:430:12
[INFO] [stdout]     |
[INFO] [stdout] 430 | pub struct AppMenu {
[INFO] [stdout]     |            ^^^^^^^
[INFO] [stdout]     |
[INFO] [stdout]     = note: `AppMenu` has derived impls for the traits `Clone` and `Debug`, but these are intentionally ignored during dead code analysis
[INFO] [stdout] 
[INFO] [stdout] 
[INFO] [stdout] warning: multiple fields are never read
[INFO] [stdout]   --> src/user_dirs.rs:38:9
[INFO] [stdout]    |
[INFO] [stdout] 36 | pub struct UserDirs {
[INFO] [stdout]    |            -------- fields in this struct
[INFO] [stdout] 37 |     /// xdg default is: $HOME/Desktop
[INFO] [stdout] 38 |     pub desktop:String,
[INFO] [stdout]    |         ^^^^^^^
[INFO] [stdout] 39 |     /// xdg default is: $HOME/Downloads
[INFO] [stdout] 40 |     pub download:String,
[INFO] [stdout]    |         ^^^^^^^^
[INFO] [stdout] 41 |     /// xdg default is: $HOME/Templates
[INFO] [stdout] 42 |     pub template:String,
[INFO] [stdout]    |         ^^^^^^^^
[INFO] [stdout] 43 |     /// xdg default is: $HOME/Public
[INFO] [stdout] 44 |     pub public_share:String,
[INFO] [stdout]    |         ^^^^^^^^^^^^
[INFO] [stdout] 45 |     /// xdg default is: $HOME/Documents
[INFO] [stdout] 46 |     pub documents:String,
[INFO] [stdout]    |         ^^^^^^^^^
[INFO] [stdout] 47 |     /// xdg default is: $HOME/Music
[INFO] [stdout] 48 |     pub music:String,
[INFO] [stdout]    |         ^^^^^
[INFO] [stdout] 49 |     /// xdg default is: $HOME/Pictures
[INFO] [stdout] 50 |     pub pictures:String,
[INFO] [stdout]    |         ^^^^^^^^
[INFO] [stdout] 51 |     /// xdg default is: $HOME/Videos
[INFO] [stdout] 52 |     pub videos:String,
[INFO] [stdout]    |         ^^^^^^
[INFO] [stdout]    |
[INFO] [stdout]    = note: `UserDirs` has derived impls for the traits `Debug` and `Clone`, but these are intentionally ignored during dead code analysis
[INFO] [stdout] 
[INFO] [stdout] 
[INFO] [stderr]     Finished `dev` profile [unoptimized + debuginfo] target(s) in 31.20s
[INFO] [stderr] warning: the following packages contain code that will be rejected by a future version of Rust: quick-xml v0.21.0
[INFO] [stderr] note: to see what the problems were, use the option `--future-incompat-report`, or run `cargo report future-incompatibilities --id 1`
[INFO] running `Command { std: "docker" "inspect" "35df698f1cd87be05662881e436b14cd692f27e5c825212ec4df876a4d5586b9", kill_on_drop: false }`
[INFO] running `Command { std: "docker" "rm" "-f" "35df698f1cd87be05662881e436b14cd692f27e5c825212ec4df876a4d5586b9", kill_on_drop: false }`
[INFO] [stdout] 35df698f1cd87be05662881e436b14cd692f27e5c825212ec4df876a4d5586b9
[INFO] running `Command { std: "docker" "create" "-v" "/var/lib/crater-agent-workspace/builds/worker-3-tc2/target:/opt/rustwide/target:rw,Z" "-v" "/var/lib/crater-agent-workspace/builds/worker-3-tc2/source:/opt/rustwide/workdir:ro,Z" "-v" "/var/lib/crater-agent-workspace/cargo-home:/opt/rustwide/cargo-home:ro,Z" "-v" "/var/lib/crater-agent-workspace/rustup-home:/opt/rustwide/rustup-home:ro,Z" "-e" "SOURCE_DIR=/opt/rustwide/workdir" "-e" "CARGO_TARGET_DIR=/opt/rustwide/target" "-e" "CARGO_INCREMENTAL=0" "-e" "RUST_BACKTRACE=full" "-e" "RUSTFLAGS=--cap-lints=warn" "-e" "RUSTDOCFLAGS=--cap-lints=warn" "-e" "CARGO_HOME=/opt/rustwide/cargo-home" "-e" "RUSTUP_HOME=/opt/rustwide/rustup-home" "-w" "/opt/rustwide/workdir" "-m" "1610612736" "--user" "0:0" "--network" "none" "ghcr.io/rust-lang/crates-build-env/linux@sha256:f3a9d4ad9d972b27faf3965f35b62e55ba32bbce8f20bc8fe909558a86702fde" "/opt/rustwide/cargo-home/bin/cargo" "+beta-2024-12-08" "test" "--frozen" "--no-run" "--message-format=json", kill_on_drop: false }`
[INFO] [stdout] 670fd2154eacf977016ef837ea5df88741baa8a03c6c0b09f005a5746d94449f
[INFO] running `Command { std: "docker" "start" "-a" "670fd2154eacf977016ef837ea5df88741baa8a03c6c0b09f005a5746d94449f", kill_on_drop: false }`
[INFO] [stderr]    Compiling xdgkit v3.2.5 (/opt/rustwide/workdir)
[INFO] [stdout] warning: unused variable: `theme_name`
[INFO] [stdout]    --> src/icon_finder.rs:129:10
[INFO] [stdout]     |
[INFO] [stdout] 129 |     for (theme_name, ref mut return_paths) in themes {
[INFO] [stdout]     |          ^^^^^^^^^^ help: if this is intentional, prefix it with an underscore: `_theme_name`
[INFO] [stdout]     |
[INFO] [stdout]     = note: `#[warn(unused_variables)]` on by default
[INFO] [stdout] 
[INFO] [stdout] 
[INFO] [stdout] warning: unused variable: `theme_name`
[INFO] [stdout]    --> src/icon_finder.rs:129:10
[INFO] [stdout]     |
[INFO] [stdout] 129 |     for (theme_name, ref mut return_paths) in themes {
[INFO] [stdout]     |          ^^^^^^^^^^ help: if this is intentional, prefix it with an underscore: `_theme_name`
[INFO] [stdout]     |
[INFO] [stdout]     = note: `#[warn(unused_variables)]` on by default
[INFO] [stdout] 
[INFO] [stdout] 
[INFO] [stdout] warning: variable does not need to be mutable
[INFO] [stdout]    --> src/lib.rs:152:5
[INFO] [stdout]     |
[INFO] [stdout] 152 | let mut split = res.split(";");
[INFO] [stdout]     |     ----^^^^^
[INFO] [stdout]     |     |
[INFO] [stdout]     |     help: remove this `mut`
[INFO] [stdout]     |
[INFO] [stdout]     = note: `#[warn(unused_mut)]` on by default
[INFO] [stdout] 
[INFO] [stdout] 
[INFO] [stdout] warning: unused variable: `menu`
[INFO] [stdout]    --> src/lib.rs:208:13
[INFO] [stdout]     |
[INFO] [stdout] 208 |         let menu = DesktopMenu::read("/etc/xdg/menus/applications.menu");
[INFO] [stdout]     |             ^^^^ help: if this is intentional, prefix it with an underscore: `_menu`
[INFO] [stdout] 
[INFO] [stdout] 
[INFO] [stdout] warning: constant `TEST_MENU_XML` is never used
[INFO] [stdout]    --> src/lib.rs:197:7
[INFO] [stdout]     |
[INFO] [stdout] 197 | const TEST_MENU_XML:&str = "<!DOCTYPE Menu PUBLIC \"-//freedesktop//DTD Menu 1.0//EN\"           \"http://www.freedesktop.org/standards/m...
[INFO] [stdout]     |       ^^^^^^^^^^^^^
[INFO] [stdout]     |
[INFO] [stdout]     = note: `#[warn(dead_code)]` on by default
[INFO] [stdout] 
[INFO] [stdout] 
[INFO] [stdout] warning: unused variable: `theme_name`
[INFO] [stdout]    --> src/icon_finder.rs:129:10
[INFO] [stdout]     |
[INFO] [stdout] 129 |     for (theme_name, ref mut return_paths) in themes {
[INFO] [stdout]     |          ^^^^^^^^^^ help: if this is intentional, prefix it with an underscore: `_theme_name`
[INFO] [stdout]     |
[INFO] [stdout]     = note: `#[warn(unused_variables)]` on by default
[INFO] [stdout] 
[INFO] [stdout] 
[INFO] [stdout] warning: field `encoding` is never read
[INFO] [stdout]    --> src/desktop_entry.rs:262:9
[INFO] [stdout]     |
[INFO] [stdout] 260 | pub struct DesktopEntry {
[INFO] [stdout]     |            ------------ field in this struct
[INFO] [stdout] 261 |     /// Encoding is used by pingus.desktop so I added it
[INFO] [stdout] 262 |     pub encoding:Option<String>,
[INFO] [stdout]     |         ^^^^^^^^
[INFO] [stdout]     |
[INFO] [stdout]     = note: `DesktopEntry` has derived impls for the traits `Clone` and `Debug`, but these are intentionally ignored during dead code analysis
[INFO] [stdout]     = note: `#[warn(dead_code)]` on by default
[INFO] [stdout] 
[INFO] [stdout] 
[INFO] [stdout] warning: fields `name`, `tooltip`, `executable`, and `terminal` are never read
[INFO] [stdout]    --> src/desktop_menu.rs:362:9
[INFO] [stdout]     |
[INFO] [stdout] 360 | pub struct MenuItem {
[INFO] [stdout]     |            -------- fields in this struct
[INFO] [stdout] 361 |     /// Name
[INFO] [stdout] 362 |     pub name:String,
[INFO] [stdout]     |         ^^^^
[INFO] [stdout] ...
[INFO] [stdout] 366 |     pub tooltip:String,
[INFO] [stdout]     |         ^^^^^^^
[INFO] [stdout] 367 |     ///  Executable
[INFO] [stdout] 368 |     pub executable:String,
[INFO] [stdout]     |         ^^^^^^^^^^
[INFO] [stdout] ...
[INFO] [stdout] 372 |     pub terminal:bool,
[INFO] [stdout]     |         ^^^^^^^^
[INFO] [stdout]     |
[INFO] [stdout]     = note: `MenuItem` has derived impls for the traits `Clone` and `Debug`, but these are intentionally ignored during dead code analysis
[INFO] [stdout] 
[INFO] [stdout] 
[INFO] [stdout] warning: function `find_best_icon` is never used
[INFO] [stdout]    --> src/icon_finder.rs:528:8
[INFO] [stdout]     |
[INFO] [stdout] 528 | pub fn find_best_icon(icon_list:Vec<String>, size:i32, scale:i32) -> Option<PathBuf> {
[INFO] [stdout]     |        ^^^^^^^^^^^^^^
[INFO] [stdout] 
[INFO] [stdout] 
[INFO] [stdout] warning: function `find_best_icon_helper` is never used
[INFO] [stdout]    --> src/icon_finder.rs:572:8
[INFO] [stdout]     |
[INFO] [stdout] 572 | pub fn find_best_icon_helper(icon_list:Vec<String>, size:i32, scale:i32, theme:IconTheme, dir_list_vector:Vec<DirList>) -> Option<PathBuf> {
[INFO] [stdout]     |        ^^^^^^^^^^^^^^^^^^^^^
[INFO] [stdout] 
[INFO] [stdout] 
[INFO] [stdout] warning: fields `name`, `tooltip`, `executable`, and `terminal` are never read
[INFO] [stdout]    --> src/menu.rs:382:9
[INFO] [stdout]     |
[INFO] [stdout] 380 | pub struct MenuItem {
[INFO] [stdout]     |            -------- fields in this struct
[INFO] [stdout] 381 |     /// Name
[INFO] [stdout] 382 |     pub name:String,
[INFO] [stdout]     |         ^^^^
[INFO] [stdout] ...
[INFO] [stdout] 386 |     pub tooltip:String,
[INFO] [stdout]     |         ^^^^^^^
[INFO] [stdout] 387 |     ///  Executable
[INFO] [stdout] 388 |     pub executable:String,
[INFO] [stdout]     |         ^^^^^^^^^^
[INFO] [stdout] ...
[INFO] [stdout] 392 |     pub terminal:bool,
[INFO] [stdout]     |         ^^^^^^^^
[INFO] [stdout]     |
[INFO] [stdout]     = note: `MenuItem` has derived impls for the traits `Clone` and `Debug`, but these are intentionally ignored during dead code analysis
[INFO] [stdout] 
[INFO] [stdout] 
[INFO] [stdout] warning: struct `AppMenu` is never constructed
[INFO] [stdout]    --> src/menu.rs:430:12
[INFO] [stdout]     |
[INFO] [stdout] 430 | pub struct AppMenu {
[INFO] [stdout]     |            ^^^^^^^
[INFO] [stdout]     |
[INFO] [stdout]     = note: `AppMenu` has derived impls for the traits `Clone` and `Debug`, but these are intentionally ignored during dead code analysis
[INFO] [stdout] 
[INFO] [stdout] 
[INFO] [stdout] warning: multiple fields are never read
[INFO] [stdout]   --> src/user_dirs.rs:38:9
[INFO] [stdout]    |
[INFO] [stdout] 36 | pub struct UserDirs {
[INFO] [stdout]    |            -------- fields in this struct
[INFO] [stdout] 37 |     /// xdg default is: $HOME/Desktop
[INFO] [stdout] 38 |     pub desktop:String,
[INFO] [stdout]    |         ^^^^^^^
[INFO] [stdout] 39 |     /// xdg default is: $HOME/Downloads
[INFO] [stdout] 40 |     pub download:String,
[INFO] [stdout]    |         ^^^^^^^^
[INFO] [stdout] 41 |     /// xdg default is: $HOME/Templates
[INFO] [stdout] 42 |     pub template:String,
[INFO] [stdout]    |         ^^^^^^^^
[INFO] [stdout] 43 |     /// xdg default is: $HOME/Public
[INFO] [stdout] 44 |     pub public_share:String,
[INFO] [stdout]    |         ^^^^^^^^^^^^
[INFO] [stdout] 45 |     /// xdg default is: $HOME/Documents
[INFO] [stdout] 46 |     pub documents:String,
[INFO] [stdout]    |         ^^^^^^^^^
[INFO] [stdout] 47 |     /// xdg default is: $HOME/Music
[INFO] [stdout] 48 |     pub music:String,
[INFO] [stdout]    |         ^^^^^
[INFO] [stdout] 49 |     /// xdg default is: $HOME/Pictures
[INFO] [stdout] 50 |     pub pictures:String,
[INFO] [stdout]    |         ^^^^^^^^
[INFO] [stdout] 51 |     /// xdg default is: $HOME/Videos
[INFO] [stdout] 52 |     pub videos:String,
[INFO] [stdout]    |         ^^^^^^
[INFO] [stdout]    |
[INFO] [stdout]    = note: `UserDirs` has derived impls for the traits `Debug` and `Clone`, but these are intentionally ignored during dead code analysis
[INFO] [stdout] 
[INFO] [stdout] 
[INFO] [stderr]     Finished `test` profile [unoptimized + debuginfo] target(s) in 2.49s
[INFO] [stderr] warning: the following packages contain code that will be rejected by a future version of Rust: quick-xml v0.21.0
[INFO] [stderr] note: to see what the problems were, use the option `--future-incompat-report`, or run `cargo report future-incompatibilities --id 1`
[INFO] running `Command { std: "docker" "inspect" "670fd2154eacf977016ef837ea5df88741baa8a03c6c0b09f005a5746d94449f", kill_on_drop: false }`
[INFO] running `Command { std: "docker" "rm" "-f" "670fd2154eacf977016ef837ea5df88741baa8a03c6c0b09f005a5746d94449f", kill_on_drop: false }`
[INFO] [stdout] 670fd2154eacf977016ef837ea5df88741baa8a03c6c0b09f005a5746d94449f
[INFO] running `Command { std: "docker" "create" "-v" "/var/lib/crater-agent-workspace/builds/worker-3-tc2/target:/opt/rustwide/target:rw,Z" "-v" "/var/lib/crater-agent-workspace/builds/worker-3-tc2/source:/opt/rustwide/workdir:ro,Z" "-v" "/var/lib/crater-agent-workspace/cargo-home:/opt/rustwide/cargo-home:ro,Z" "-v" "/var/lib/crater-agent-workspace/rustup-home:/opt/rustwide/rustup-home:ro,Z" "-e" "SOURCE_DIR=/opt/rustwide/workdir" "-e" "CARGO_TARGET_DIR=/opt/rustwide/target" "-e" "CARGO_INCREMENTAL=0" "-e" "RUST_BACKTRACE=full" "-e" "RUSTFLAGS=--cap-lints=warn" "-e" "RUSTDOCFLAGS=--cap-lints=warn" "-e" "CARGO_HOME=/opt/rustwide/cargo-home" "-e" "RUSTUP_HOME=/opt/rustwide/rustup-home" "-w" "/opt/rustwide/workdir" "-m" "1610612736" "--user" "0:0" "--network" "none" "ghcr.io/rust-lang/crates-build-env/linux@sha256:f3a9d4ad9d972b27faf3965f35b62e55ba32bbce8f20bc8fe909558a86702fde" "/opt/rustwide/cargo-home/bin/cargo" "+beta-2024-12-08" "test" "--frozen", kill_on_drop: false }`
[INFO] [stdout] 9355729c33d510ff510a2634e20455ec22d6125538406a1bf88c62aa8cef8951
[INFO] running `Command { std: "docker" "start" "-a" "9355729c33d510ff510a2634e20455ec22d6125538406a1bf88c62aa8cef8951", kill_on_drop: false }`
[INFO] [stderr] warning: unused variable: `theme_name`
[INFO] [stderr]    --> src/icon_finder.rs:129:10
[INFO] [stderr]     |
[INFO] [stderr] 129 |     for (theme_name, ref mut return_paths) in themes {
[INFO] [stderr]     |          ^^^^^^^^^^ help: if this is intentional, prefix it with an underscore: `_theme_name`
[INFO] [stderr]     |
[INFO] [stderr]     = note: `#[warn(unused_variables)]` on by default
[INFO] [stderr] 
[INFO] [stderr] warning: variable does not need to be mutable
[INFO] [stderr]    --> src/lib.rs:152:5
[INFO] [stderr]     |
[INFO] [stderr] 152 | let mut split = res.split(";");
[INFO] [stderr]     |     ----^^^^^
[INFO] [stderr]     |     |
[INFO] [stderr]     |     help: remove this `mut`
[INFO] [stderr]     |
[INFO] [stderr]     = note: `#[warn(unused_mut)]` on by default
[INFO] [stderr] 
[INFO] [stderr] warning: unused variable: `menu`
[INFO] [stderr]    --> src/lib.rs:208:13
[INFO] [stderr]     |
[INFO] [stderr] 208 |         let menu = DesktopMenu::read("/etc/xdg/menus/applications.menu");
[INFO] [stderr]     |             ^^^^ help: if this is intentional, prefix it with an underscore: `_menu`
[INFO] [stderr] 
[INFO] [stderr] warning: constant `TEST_MENU_XML` is never used
[INFO] [stderr]    --> src/lib.rs:197:7
[INFO] [stderr]     |
[INFO] [stderr] 197 | const TEST_MENU_XML:&str = "<!DOCTYPE Menu PUBLIC \"-//freedesktop//DTD Menu 1.0//EN\"           \"http://www.freedesktop.org/standards/m...
[INFO] [stderr]     |       ^^^^^^^^^^^^^
[INFO] [stderr]     |
[INFO] [stderr]     = note: `#[warn(dead_code)]` on by default
[INFO] [stderr] 
[INFO] [stderr] warning: `xdgkit` (lib) generated 1 warning
[INFO] [stderr] warning: `xdgkit` (lib test) generated 4 warnings (1 duplicate) (run `cargo fix --lib -p xdgkit --tests` to apply 1 suggestion)
[INFO] [stderr] warning: field `encoding` is never read
[INFO] [stderr]    --> src/desktop_entry.rs:262:9
[INFO] [stderr]     |
[INFO] [stderr] 260 | pub struct DesktopEntry {
[INFO] [stderr]     |            ------------ field in this struct
[INFO] [stderr] 261 |     /// Encoding is used by pingus.desktop so I added it
[INFO] [stderr] 262 |     pub encoding:Option<String>,
[INFO] [stderr]     |         ^^^^^^^^
[INFO] [stderr]     |
[INFO] [stderr]     = note: `DesktopEntry` has derived impls for the traits `Clone` and `Debug`, but these are intentionally ignored during dead code analysis
[INFO] [stderr]     = note: `#[warn(dead_code)]` on by default
[INFO] [stderr] 
[INFO] [stderr] warning: fields `name`, `tooltip`, `executable`, and `terminal` are never read
[INFO] [stderr]    --> src/desktop_menu.rs:362:9
[INFO] [stderr]     |
[INFO] [stderr] 360 | pub struct MenuItem {
[INFO] [stderr]     |            -------- fields in this struct
[INFO] [stderr] 361 |     /// Name
[INFO] [stderr] 362 |     pub name:String,
[INFO] [stderr]     |         ^^^^
[INFO] [stderr] ...
[INFO] [stderr] 366 |     pub tooltip:String,
[INFO] [stderr]     |         ^^^^^^^
[INFO] [stderr] 367 |     ///  Executable
[INFO] [stderr] 368 |     pub executable:String,
[INFO] [stderr]     |         ^^^^^^^^^^
[INFO] [stderr] ...
[INFO] [stderr] 372 |     pub terminal:bool,
[INFO] [stderr]     |         ^^^^^^^^
[INFO] [stderr]     |
[INFO] [stderr]     = note: `MenuItem` has derived impls for the traits `Clone` and `Debug`, but these are intentionally ignored during dead code analysis
[INFO] [stderr] 
[INFO] [stderr] warning: function `find_best_icon` is never used
[INFO] [stderr]    --> src/icon_finder.rs:528:8
[INFO] [stderr]     |
[INFO] [stderr] 528 | pub fn find_best_icon(icon_list:Vec<String>, size:i32, scale:i32) -> Option<PathBuf> {
[INFO] [stderr]     |        ^^^^^^^^^^^^^^
[INFO] [stderr] 
[INFO] [stderr] warning: function `find_best_icon_helper` is never used
[INFO] [stderr]    --> src/icon_finder.rs:572:8
[INFO] [stderr]     |
[INFO] [stderr] 572 | pub fn find_best_icon_helper(icon_list:Vec<String>, size:i32, scale:i32, theme:IconTheme, dir_list_vector:Vec<DirList>) -> Option<PathBuf> {
[INFO] [stderr]     |        ^^^^^^^^^^^^^^^^^^^^^
[INFO] [stderr] 
[INFO] [stderr] warning: fields `name`, `tooltip`, `executable`, and `terminal` are never read
[INFO] [stderr]    --> src/menu.rs:382:9
[INFO] [stderr]     |
[INFO] [stderr] 380 | pub struct MenuItem {
[INFO] [stderr]     |            -------- fields in this struct
[INFO] [stderr] 381 |     /// Name
[INFO] [stderr] 382 |     pub name:String,
[INFO] [stderr]     |         ^^^^
[INFO] [stderr] ...
[INFO] [stderr] 386 |     pub tooltip:String,
[INFO] [stderr]     |         ^^^^^^^
[INFO] [stderr] 387 |     ///  Executable
[INFO] [stderr] 388 |     pub executable:String,
[INFO] [stderr]     |         ^^^^^^^^^^
[INFO] [stderr] ...
[INFO] [stderr] 392 |     pub terminal:bool,
[INFO] [stderr]     |         ^^^^^^^^
[INFO] [stderr]     |
[INFO] [stderr]     = note: `MenuItem` has derived impls for the traits `Clone` and `Debug`, but these are intentionally ignored during dead code analysis
[INFO] [stderr] 
[INFO] [stderr] warning: struct `AppMenu` is never constructed
[INFO] [stderr]    --> src/menu.rs:430:12
[INFO] [stderr]     |
[INFO] [stderr] 430 | pub struct AppMenu {
[INFO] [stderr]     |            ^^^^^^^
[INFO] [stderr]     |
[INFO] [stderr]     = note: `AppMenu` has derived impls for the traits `Clone` and `Debug`, but these are intentionally ignored during dead code analysis
[INFO] [stderr] 
[INFO] [stderr] warning: multiple fields are never read
[INFO] [stderr]   --> src/user_dirs.rs:38:9
[INFO] [stderr]    |
[INFO] [stderr] 36 | pub struct UserDirs {
[INFO] [stderr]    |            -------- fields in this struct
[INFO] [stderr] 37 |     /// xdg default is: $HOME/Desktop
[INFO] [stderr] 38 |     pub desktop:String,
[INFO] [stderr]    |         ^^^^^^^
[INFO] [stderr] 39 |     /// xdg default is: $HOME/Downloads
[INFO] [stderr] 40 |     pub download:String,
[INFO] [stderr]    |         ^^^^^^^^
[INFO] [stderr] 41 |     /// xdg default is: $HOME/Templates
[INFO] [stderr] 42 |     pub template:String,
[INFO] [stderr]    |         ^^^^^^^^
[INFO] [stderr] 43 |     /// xdg default is: $HOME/Public
[INFO] [stderr] 44 |     pub public_share:String,
[INFO] [stderr]    |         ^^^^^^^^^^^^
[INFO] [stderr] 45 |     /// xdg default is: $HOME/Documents
[INFO] [stderr] 46 |     pub documents:String,
[INFO] [stderr]    |         ^^^^^^^^^
[INFO] [stderr] 47 |     /// xdg default is: $HOME/Music
[INFO] [stderr] 48 |     pub music:String,
[INFO] [stderr]    |         ^^^^^
[INFO] [stderr] 49 |     /// xdg default is: $HOME/Pictures
[INFO] [stderr] 50 |     pub pictures:String,
[INFO] [stderr]    |         ^^^^^^^^
[INFO] [stderr] 51 |     /// xdg default is: $HOME/Videos
[INFO] [stderr] 52 |     pub videos:String,
[INFO] [stderr]    |         ^^^^^^
[INFO] [stderr]    |
[INFO] [stderr]    = note: `UserDirs` has derived impls for the traits `Debug` and `Clone`, but these are intentionally ignored during dead code analysis
[INFO] [stderr] 
[INFO] [stderr] warning: `xdgkit` (bin "xdgkit" test) generated 8 warnings (1 duplicate)
[INFO] [stderr]     Finished `test` profile [unoptimized + debuginfo] target(s) in 0.07s
[INFO] [stderr] warning: the following packages contain code that will be rejected by a future version of Rust: quick-xml v0.21.0
[INFO] [stderr] note: to see what the problems were, use the option `--future-incompat-report`, or run `cargo report future-incompatibilities --id 1`
[INFO] [stdout] 
[INFO] [stdout] running 6 tests
[INFO] [stderr]      Running unittests src/lib.rs (/opt/rustwide/target/debug/deps/xdgkit-09ee2855b7b34b3c)
[INFO] [stdout] test tests::desktop_entry_test_bad ... ok
[INFO] [stdout] test tests::basedir_test ... ok
[INFO] [stdout] test tests::menu_test ... ok
[INFO] [stdout] test tests::recent_test ... ok
[INFO] [stdout] test tests::desktop_entry_test_good ... FAILED
[INFO] [stdout] test tests::utils_converter ... FAILED
[INFO] [stdout] 
[INFO] [stdout] failures:
[INFO] [stdout] 
[INFO] [stdout] ---- tests::desktop_entry_test_good stdout ----
[INFO] [stdout] thread 'tests::desktop_entry_test_good' panicked at src/lib.rs:155:1:
[INFO] [stdout] assertion `left == right` failed
[INFO] [stdout]   left: ["Utility"]
[INFO] [stdout]  right: ["Utility", "Core", "System"]
[INFO] [stdout] stack backtrace:
[INFO] [stdout]    0:     0x58c4d40fff2a - std::backtrace_rs::backtrace::libunwind::trace::h8810477743020387
[INFO] [stdout]                                at /rustc/202008a1b8de96d2e5b6bc02d379db03a877d34d/library/std/src/../../backtrace/src/backtrace/libunwind.rs:116:5
[INFO] [stdout]    1:     0x58c4d40fff2a - std::backtrace_rs::backtrace::trace_unsynchronized::h3aa55355dd6c54a6
[INFO] [stdout]                                at /rustc/202008a1b8de96d2e5b6bc02d379db03a877d34d/library/std/src/../../backtrace/src/backtrace/mod.rs:66:5
[INFO] [stdout]    2:     0x58c4d40fff2a - std::sys::backtrace::_print_fmt::h8588b0f62410823f
[INFO] [stdout]                                at /rustc/202008a1b8de96d2e5b6bc02d379db03a877d34d/library/std/src/sys/backtrace.rs:66:9
[INFO] [stdout]    3:     0x58c4d40fff2a - <std::sys::backtrace::BacktraceLock::print::DisplayBacktrace as core::fmt::Display>::fmt::h98c26ac25ffe89bb
[INFO] [stdout]                                at /rustc/202008a1b8de96d2e5b6bc02d379db03a877d34d/library/std/src/sys/backtrace.rs:39:26
[INFO] [stdout]    4:     0x58c4d4125b03 - core::fmt::rt::Argument::fmt::hf95377f4aebd453b
[INFO] [stdout]                                at /rustc/202008a1b8de96d2e5b6bc02d379db03a877d34d/library/core/src/fmt/rt.rs:177:76
[INFO] [stdout]    5:     0x58c4d4125b03 - core::fmt::write::h0dd5f6e2238c7982
[INFO] [stdout]                                at /rustc/202008a1b8de96d2e5b6bc02d379db03a877d34d/library/core/src/fmt/mod.rs:1189:21
[INFO] [stdout]    6:     0x58c4d40fd0c3 - std::io::Write::write_fmt::h03bb0ca26e6faf8c
[INFO] [stdout]                                at /rustc/202008a1b8de96d2e5b6bc02d379db03a877d34d/library/std/src/io/mod.rs:1884:15
[INFO] [stdout]    7:     0x58c4d40ffd72 - std::sys::backtrace::BacktraceLock::print::h5c19c1c038ee186d
[INFO] [stdout]                                at /rustc/202008a1b8de96d2e5b6bc02d379db03a877d34d/library/std/src/sys/backtrace.rs:42:9
[INFO] [stdout]    8:     0x58c4d41013ad - std::panicking::default_hook::{{closure}}::h77172f079a1fcb13
[INFO] [stdout]                                at /rustc/202008a1b8de96d2e5b6bc02d379db03a877d34d/library/std/src/panicking.rs:268:22
[INFO] [stdout]    9:     0x58c4d41011b7 - std::panicking::default_hook::he5f8e3b203ccddba
[INFO] [stdout]                                at /rustc/202008a1b8de96d2e5b6bc02d379db03a877d34d/library/std/src/panicking.rs:292:9
[INFO] [stdout]   10:     0x58c4d40587f7 - <alloc::boxed::Box<F,A> as core::ops::function::Fn<Args>>::call::h7a3c7b4a1ae77f2f
[INFO] [stdout]                                at /rustc/202008a1b8de96d2e5b6bc02d379db03a877d34d/library/alloc/src/boxed.rs:1986:9
[INFO] [stdout]   11:     0x58c4d40587f7 - test::test_main::{{closure}}::hf0d3b69ae9b353d1
[INFO] [stdout]                                at /rustc/202008a1b8de96d2e5b6bc02d379db03a877d34d/library/test/src/lib.rs:134:21
[INFO] [stdout]   12:     0x58c4d4101a58 - <alloc::boxed::Box<F,A> as core::ops::function::Fn<Args>>::call::h6332e82e7b189abd
[INFO] [stdout]                                at /rustc/202008a1b8de96d2e5b6bc02d379db03a877d34d/library/alloc/src/boxed.rs:1986:9
[INFO] [stdout]   13:     0x58c4d4101a58 - std::panicking::rust_panic_with_hook::h53863d4e9018df39
[INFO] [stdout]                                at /rustc/202008a1b8de96d2e5b6bc02d379db03a877d34d/library/std/src/panicking.rs:809:13
[INFO] [stdout]   14:     0x58c4d410181a - std::panicking::begin_panic_handler::{{closure}}::h67280e6fa0757873
[INFO] [stdout]                                at /rustc/202008a1b8de96d2e5b6bc02d379db03a877d34d/library/std/src/panicking.rs:674:13
[INFO] [stdout]   15:     0x58c4d4100409 - std::sys::backtrace::__rust_end_short_backtrace::h1dac3f54d6fbbeb2
[INFO] [stdout]                                at /rustc/202008a1b8de96d2e5b6bc02d379db03a877d34d/library/std/src/sys/backtrace.rs:170:18
[INFO] [stdout]   16:     0x58c4d41014ac - rust_begin_unwind
[INFO] [stdout]                                at /rustc/202008a1b8de96d2e5b6bc02d379db03a877d34d/library/std/src/panicking.rs:665:5
[INFO] [stdout]   17:     0x58c4d3fe5080 - core::panicking::panic_fmt::h6792bd1b2bf01041
[INFO] [stdout]                                at /rustc/202008a1b8de96d2e5b6bc02d379db03a877d34d/library/core/src/panicking.rs:76:14
[INFO] [stdout]   18:     0x58c4d3fe544b - core::panicking::assert_failed_inner::hf2c17e6d30928787
[INFO] [stdout]   19:     0x58c4d4006062 - core::panicking::assert_failed::hc480d1a4b98ba9c0
[INFO] [stdout]                                at /rustc/202008a1b8de96d2e5b6bc02d379db03a877d34d/library/core/src/panicking.rs:373:5
[INFO] [stdout]   20:     0x58c4d4010edc - xdgkit::tests::desktop_entry_test_good::h475c5c9bb9d5376b
[INFO] [stdout]                                at /opt/rustwide/workdir/src/lib.rs:155:1
[INFO] [stdout]   21:     0x58c4d4010b57 - xdgkit::tests::desktop_entry_test_good::{{closure}}::h25e2895cd9c3fdfa
[INFO] [stdout]                                at /opt/rustwide/workdir/src/lib.rs:147:33
[INFO] [stdout]   22:     0x58c4d4002126 - core::ops::function::FnOnce::call_once::h67db4a48c690b06a
[INFO] [stdout]                                at /rustc/202008a1b8de96d2e5b6bc02d379db03a877d34d/library/core/src/ops/function.rs:250:5
[INFO] [stdout]   23:     0x58c4d405d31b - core::ops::function::FnOnce::call_once::h871bf86719ec9aa4
[INFO] [stdout]                                at /rustc/202008a1b8de96d2e5b6bc02d379db03a877d34d/library/core/src/ops/function.rs:250:5
[INFO] [stdout]   24:     0x58c4d405d31b - test::__rust_begin_short_backtrace::h2167df1e2b7d76fd
[INFO] [stdout]                                at /rustc/202008a1b8de96d2e5b6bc02d379db03a877d34d/library/test/src/lib.rs:632:18
[INFO] [stdout]   25:     0x58c4d405cd08 - test::run_test_in_process::{{closure}}::h15d92f75a3adfb79
[INFO] [stdout]                                at /rustc/202008a1b8de96d2e5b6bc02d379db03a877d34d/library/test/src/lib.rs:655:60
[INFO] [stdout]   26:     0x58c4d405cd08 - <core::panic::unwind_safe::AssertUnwindSafe<F> as core::ops::function::FnOnce<()>>::call_once::hb6c8955835a8dbbb
[INFO] [stdout]                                at /rustc/202008a1b8de96d2e5b6bc02d379db03a877d34d/library/core/src/panic/unwind_safe.rs:272:9
[INFO] [stdout]   27:     0x58c4d405cd08 - std::panicking::try::do_call::hc79d0fc888a0bd30
[INFO] [stdout]                                at /rustc/202008a1b8de96d2e5b6bc02d379db03a877d34d/library/std/src/panicking.rs:557:40
[INFO] [stdout]   28:     0x58c4d405cd08 - std::panicking::try::hb8a7878e3a8589d6
[INFO] [stdout]                                at /rustc/202008a1b8de96d2e5b6bc02d379db03a877d34d/library/std/src/panicking.rs:520:19
[INFO] [stdout]   29:     0x58c4d405cd08 - std::panic::catch_unwind::hb8e4600ff0ff5cfa
[INFO] [stdout]                                at /rustc/202008a1b8de96d2e5b6bc02d379db03a877d34d/library/std/src/panic.rs:358:14
[INFO] [stdout]   30:     0x58c4d405cd08 - test::run_test_in_process::hc2900b0b18688dd6
[INFO] [stdout]                                at /rustc/202008a1b8de96d2e5b6bc02d379db03a877d34d/library/test/src/lib.rs:655:27
[INFO] [stdout]   31:     0x58c4d405cd08 - test::run_test::{{closure}}::hac2a9cb07be3d48d
[INFO] [stdout]                                at /rustc/202008a1b8de96d2e5b6bc02d379db03a877d34d/library/test/src/lib.rs:576:43
[INFO] [stdout]   32:     0x58c4d40207aa - test::run_test::{{closure}}::h4a5b729e66a38cd8
[INFO] [stdout]                                at /rustc/202008a1b8de96d2e5b6bc02d379db03a877d34d/library/test/src/lib.rs:606:41
[INFO] [stdout]   33:     0x58c4d40207aa - std::sys::backtrace::__rust_begin_short_backtrace::h0496fb742492f573
[INFO] [stdout]                                at /rustc/202008a1b8de96d2e5b6bc02d379db03a877d34d/library/std/src/sys/backtrace.rs:154:18
[INFO] [stdout]   34:     0x58c4d4024124 - std::thread::Builder::spawn_unchecked_::{{closure}}::{{closure}}::hbb6d257c550a54bd
[INFO] [stdout]                                at /rustc/202008a1b8de96d2e5b6bc02d379db03a877d34d/library/std/src/thread/mod.rs:561:17
[INFO] [stdout]   35:     0x58c4d4024124 - <core::panic::unwind_safe::AssertUnwindSafe<F> as core::ops::function::FnOnce<()>>::call_once::h46696fe4a6832328
[INFO] [stdout]                                at /rustc/202008a1b8de96d2e5b6bc02d379db03a877d34d/library/core/src/panic/unwind_safe.rs:272:9
[INFO] [stdout]   36:     0x58c4d4024124 - std::panicking::try::do_call::h2625a51b667bfb64
[INFO] [stdout]                                at /rustc/202008a1b8de96d2e5b6bc02d379db03a877d34d/library/std/src/panicking.rs:557:40
[INFO] [stdout]   37:     0x58c4d4024124 - std::panicking::try::hb956a59a1973aa4c
[INFO] [stdout]                                at /rustc/202008a1b8de96d2e5b6bc02d379db03a877d34d/library/std/src/panicking.rs:520:19
[INFO] [stdout]   38:     0x58c4d4024124 - std::panic::catch_unwind::h64f3b9d1067ef6a0
[INFO] [stdout]                                at /rustc/202008a1b8de96d2e5b6bc02d379db03a877d34d/library/std/src/panic.rs:358:14
[INFO] [stdout]   39:     0x58c4d4024124 - std::thread::Builder::spawn_unchecked_::{{closure}}::h42b2841295b6c0b2
[INFO] [stdout]                                at /rustc/202008a1b8de96d2e5b6bc02d379db03a877d34d/library/std/src/thread/mod.rs:559:30
[INFO] [stdout]   40:     0x58c4d4024124 - core::ops::function::FnOnce::call_once{{vtable.shim}}::h6127de71b8124639
[INFO] [stdout]                                at /rustc/202008a1b8de96d2e5b6bc02d379db03a877d34d/library/core/src/ops/function.rs:250:5
[INFO] [stdout]   41:     0x58c4d410599b - <alloc::boxed::Box<F,A> as core::ops::function::FnOnce<Args>>::call_once::h42f0ba71002a1b2c
[INFO] [stdout]                                at /rustc/202008a1b8de96d2e5b6bc02d379db03a877d34d/library/alloc/src/boxed.rs:1972:9
[INFO] [stdout]   42:     0x58c4d410599b - <alloc::boxed::Box<F,A> as core::ops::function::FnOnce<Args>>::call_once::had9e47d7a3dcecb8
[INFO] [stdout]                                at /rustc/202008a1b8de96d2e5b6bc02d379db03a877d34d/library/alloc/src/boxed.rs:1972:9
[INFO] [stdout]   43:     0x58c4d410599b - std::sys::pal::unix::thread::Thread::new::thread_start::h48cf765408f6f5f2
[INFO] [stdout]                                at /rustc/202008a1b8de96d2e5b6bc02d379db03a877d34d/library/std/src/sys/pal/unix/thread.rs:105:17
[INFO] [stdout]   44:     0x76e985e22ac3 - <unknown>
[INFO] [stdout]   45:     0x76e985eb3a04 - clone
[INFO] [stdout]   46:                0x0 - <unknown>
[INFO] [stdout] 
[INFO] [stdout] ---- tests::utils_converter stdout ----
[INFO] [stdout] thread 'tests::utils_converter' panicked at src/lib.rs:176:13:
[INFO] [stdout] assertion `left != right` failed
[INFO] [stdout]   left: None
[INFO] [stdout]  right: None
[INFO] [stdout] stack backtrace:
[INFO] [stdout]    0:     0x58c4d40fff2a - std::backtrace_rs::backtrace::libunwind::trace::h8810477743020387
[INFO] [stdout]                                at /rustc/202008a1b8de96d2e5b6bc02d379db03a877d34d/library/std/src/../../backtrace/src/backtrace/libunwind.rs:116:5
[INFO] [stdout]    1:     0x58c4d40fff2a - std::backtrace_rs::backtrace::trace_unsynchronized::h3aa55355dd6c54a6
[INFO] [stdout]                                at /rustc/202008a1b8de96d2e5b6bc02d379db03a877d34d/library/std/src/../../backtrace/src/backtrace/mod.rs:66:5
[INFO] [stdout]    2:     0x58c4d40fff2a - std::sys::backtrace::_print_fmt::h8588b0f62410823f
[INFO] [stdout]                                at /rustc/202008a1b8de96d2e5b6bc02d379db03a877d34d/library/std/src/sys/backtrace.rs:66:9
[INFO] [stdout]    3:     0x58c4d40fff2a - <std::sys::backtrace::BacktraceLock::print::DisplayBacktrace as core::fmt::Display>::fmt::h98c26ac25ffe89bb
[INFO] [stdout]                                at /rustc/202008a1b8de96d2e5b6bc02d379db03a877d34d/library/std/src/sys/backtrace.rs:39:26
[INFO] [stdout]    4:     0x58c4d4125b03 - core::fmt::rt::Argument::fmt::hf95377f4aebd453b
[INFO] [stdout]                                at /rustc/202008a1b8de96d2e5b6bc02d379db03a877d34d/library/core/src/fmt/rt.rs:177:76
[INFO] [stdout]    5:     0x58c4d4125b03 - core::fmt::write::h0dd5f6e2238c7982
[INFO] [stdout]                                at /rustc/202008a1b8de96d2e5b6bc02d379db03a877d34d/library/core/src/fmt/mod.rs:1189:21
[INFO] [stdout]    6:     0x58c4d40fd0c3 - std::io::Write::write_fmt::h03bb0ca26e6faf8c
[INFO] [stdout]                                at /rustc/202008a1b8de96d2e5b6bc02d379db03a877d34d/library/std/src/io/mod.rs:1884:15
[INFO] [stdout]    7:     0x58c4d40ffd72 - std::sys::backtrace::BacktraceLock::print::h5c19c1c038ee186d
[INFO] [stdout]                                at /rustc/202008a1b8de96d2e5b6bc02d379db03a877d34d/library/std/src/sys/backtrace.rs:42:9
[INFO] [stdout]    8:     0x58c4d41013ad - std::panicking::default_hook::{{closure}}::h77172f079a1fcb13
[INFO] [stdout]                                at /rustc/202008a1b8de96d2e5b6bc02d379db03a877d34d/library/std/src/panicking.rs:268:22
[INFO] [stdout]    9:     0x58c4d41011b7 - std::panicking::default_hook::he5f8e3b203ccddba
[INFO] [stdout]                                at /rustc/202008a1b8de96d2e5b6bc02d379db03a877d34d/library/std/src/panicking.rs:292:9
[INFO] [stdout]   10:     0x58c4d40587f7 - <alloc::boxed::Box<F,A> as core::ops::function::Fn<Args>>::call::h7a3c7b4a1ae77f2f
[INFO] [stdout]                                at /rustc/202008a1b8de96d2e5b6bc02d379db03a877d34d/library/alloc/src/boxed.rs:1986:9
[INFO] [stdout]   11:     0x58c4d40587f7 - test::test_main::{{closure}}::hf0d3b69ae9b353d1
[INFO] [stdout]                                at /rustc/202008a1b8de96d2e5b6bc02d379db03a877d34d/library/test/src/lib.rs:134:21
[INFO] [stdout]   12:     0x58c4d4101a58 - <alloc::boxed::Box<F,A> as core::ops::function::Fn<Args>>::call::h6332e82e7b189abd
[INFO] [stdout]                                at /rustc/202008a1b8de96d2e5b6bc02d379db03a877d34d/library/alloc/src/boxed.rs:1986:9
[INFO] [stdout]   13:     0x58c4d4101a58 - std::panicking::rust_panic_with_hook::h53863d4e9018df39
[INFO] [stdout]                                at /rustc/202008a1b8de96d2e5b6bc02d379db03a877d34d/library/std/src/panicking.rs:809:13
[INFO] [stdout]   14:     0x58c4d410181a - std::panicking::begin_panic_handler::{{closure}}::h67280e6fa0757873
[INFO] [stdout]                                at /rustc/202008a1b8de96d2e5b6bc02d379db03a877d34d/library/std/src/panicking.rs:674:13
[INFO] [stdout]   15:     0x58c4d4100409 - std::sys::backtrace::__rust_end_short_backtrace::h1dac3f54d6fbbeb2
[INFO] [stdout]                                at /rustc/202008a1b8de96d2e5b6bc02d379db03a877d34d/library/std/src/sys/backtrace.rs:170:18
[INFO] [stdout]   16:     0x58c4d41014ac - rust_begin_unwind
[INFO] [stdout]                                at /rustc/202008a1b8de96d2e5b6bc02d379db03a877d34d/library/std/src/panicking.rs:665:5
[INFO] [stdout]   17:     0x58c4d3fe5080 - core::panicking::panic_fmt::h6792bd1b2bf01041
[INFO] [stdout]                                at /rustc/202008a1b8de96d2e5b6bc02d379db03a877d34d/library/core/src/panicking.rs:76:14
[INFO] [stdout]   18:     0x58c4d3fe544b - core::panicking::assert_failed_inner::hf2c17e6d30928787
[INFO] [stdout]   19:     0x58c4d4005fe6 - core::panicking::assert_failed::h6ce801b65bd80a53
[INFO] [stdout]                                at /rustc/202008a1b8de96d2e5b6bc02d379db03a877d34d/library/core/src/panicking.rs:373:5
[INFO] [stdout]   20:     0x58c4d4011208 - xdgkit::tests::utils_converter::h5f0a957511fdb1a8
[INFO] [stdout]                                at /opt/rustwide/workdir/src/lib.rs:176:13
[INFO] [stdout]   21:     0x58c4d4010fa7 - xdgkit::tests::utils_converter::{{closure}}::hda668d0d8345dcd4
[INFO] [stdout]                                at /opt/rustwide/workdir/src/lib.rs:169:25
[INFO] [stdout]   22:     0x58c4d4002086 - core::ops::function::FnOnce::call_once::h4f59b31bbca846aa
[INFO] [stdout]                                at /rustc/202008a1b8de96d2e5b6bc02d379db03a877d34d/library/core/src/ops/function.rs:250:5
[INFO] [stdout]   23:     0x58c4d405d31b - core::ops::function::FnOnce::call_once::h871bf86719ec9aa4
[INFO] [stdout]                                at /rustc/202008a1b8de96d2e5b6bc02d379db03a877d34d/library/core/src/ops/function.rs:250:5
[INFO] [stdout]   24:     0x58c4d405d31b - test::__rust_begin_short_backtrace::h2167df1e2b7d76fd
[INFO] [stdout]                                at /rustc/202008a1b8de96d2e5b6bc02d379db03a877d34d/library/test/src/lib.rs:632:18
[INFO] [stdout]   25:     0x58c4d405cd08 - test::run_test_in_process::{{closure}}::h15d92f75a3adfb79
[INFO] [stdout]                                at /rustc/202008a1b8de96d2e5b6bc02d379db03a877d34d/library/test/src/lib.rs:655:60
[INFO] [stdout]   26:     0x58c4d405cd08 - <core::panic::unwind_safe::AssertUnwindSafe<F> as core::ops::function::FnOnce<()>>::call_once::hb6c8955835a8dbbb
[INFO] [stdout]                                at /rustc/202008a1b8de96d2e5b6bc02d379db03a877d34d/library/core/src/panic/unwind_safe.rs:272:9
[INFO] [stdout]   27:     0x58c4d405cd08 - std::panicking::try::do_call::hc79d0fc888a0bd30
[INFO] [stdout]                                at /rustc/202008a1b8de96d2e5b6bc02d379db03a877d34d/library/std/src/panicking.rs:557:40
[INFO] [stdout]   28:     0x58c4d405cd08 - std::panicking::try::hb8a7878e3a8589d6
[INFO] [stdout]                                at /rustc/202008a1b8de96d2e5b6bc02d379db03a877d34d/library/std/src/panicking.rs:520:19
[INFO] [stdout]   29:     0x58c4d405cd08 - std::panic::catch_unwind::hb8e4600ff0ff5cfa
[INFO] [stdout]                                at /rustc/202008a1b8de96d2e5b6bc02d379db03a877d34d/library/std/src/panic.rs:358:14
[INFO] [stdout]   30:     0x58c4d405cd08 - test::run_test_in_process::hc2900b0b18688dd6
[INFO] [stdout]                                at /rustc/202008a1b8de96d2e5b6bc02d379db03a877d34d/library/test/src/lib.rs:655:27
[INFO] [stdout]   31:     0x58c4d405cd08 - test::run_test::{{closure}}::hac2a9cb07be3d48d
[INFO] [stdout]                                at /rustc/202008a1b8de96d2e5b6bc02d379db03a877d34d/library/test/src/lib.rs:576:43
[INFO] [stdout]   32:     0x58c4d40207aa - test::run_test::{{closure}}::h4a5b729e66a38cd8
[INFO] [stdout]                                at /rustc/202008a1b8de96d2e5b6bc02d379db03a877d34d/library/test/src/lib.rs:606:41
[INFO] [stdout]   33:     0x58c4d40207aa - std::sys::backtrace::__rust_begin_short_backtrace::h0496fb742492f573
[INFO] [stdout]                                at /rustc/202008a1b8de96d2e5b6bc02d379db03a877d34d/library/std/src/sys/backtrace.rs:154:18
[INFO] [stdout]   34:     0x58c4d4024124 - std::thread::Builder::spawn_unchecked_::{{closure}}::{{closure}}::hbb6d257c550a54bd
[INFO] [stdout]                                at /rustc/202008a1b8de96d2e5b6bc02d379db03a877d34d/library/std/src/thread/mod.rs:561:17
[INFO] [stdout]   35:     0x58c4d4024124 - <core::panic::unwind_safe::AssertUnwindSafe<F> as core::ops::function::FnOnce<()>>::call_once::h46696fe4a6832328
[INFO] [stdout]                                at /rustc/202008a1b8de96d2e5b6bc02d379db03a877d34d/library/core/src/panic/unwind_safe.rs:272:9
[INFO] [stdout]   36:     0x58c4d4024124 - std::panicking::try::do_call::h2625a51b667bfb64
[INFO] [stdout]                                at /rustc/202008a1b8de96d2e5b6bc02d379db03a877d34d/library/std/src/panicking.rs:557:40
[INFO] [stdout]   37:     0x58c4d4024124 - std::panicking::try::hb956a59a1973aa4c
[INFO] [stdout]                                at /rustc/202008a1b8de96d2e5b6bc02d379db03a877d34d/library/std/src/panicking.rs:520:19
[INFO] [stdout]   38:     0x58c4d4024124 - std::panic::catch_unwind::h64f3b9d1067ef6a0
[INFO] [stdout]                                at /rustc/202008a1b8de96d2e5b6bc02d379db03a877d34d/library/std/src/panic.rs:358:14
[INFO] [stdout]   39:     0x58c4d4024124 - std::thread::Builder::spawn_unchecked_::{{closure}}::h42b2841295b6c0b2
[INFO] [stdout]                                at /rustc/202008a1b8de96d2e5b6bc02d379db03a877d34d/library/std/src/thread/mod.rs:559:30
[INFO] [stdout]   40:     0x58c4d4024124 - core::ops::function::FnOnce::call_once{{vtable.shim}}::h6127de71b8124639
[INFO] [stdout]                                at /rustc/202008a1b8de96d2e5b6bc02d379db03a877d34d/library/core/src/ops/function.rs:250:5
[INFO] [stdout]   41:     0x58c4d410599b - <alloc::boxed::Box<F,A> as core::ops::function::FnOnce<Args>>::call_once::h42f0ba71002a1b2c
[INFO] [stdout]                                at /rustc/202008a1b8de96d2e5b6bc02d379db03a877d34d/library/alloc/src/boxed.rs:1972:9
[INFO] [stdout]   42:     0x58c4d410599b - <alloc::boxed::Box<F,A> as core::ops::function::FnOnce<Args>>::call_once::had9e47d7a3dcecb8
[INFO] [stdout]                                at /rustc/202008a1b8de96d2e5b6bc02d379db03a877d34d/library/alloc/src/boxed.rs:1972:9
[INFO] [stdout]   43:     0x58c4d410599b - std::sys::pal::unix::thread::Thread::new::thread_start::h48cf765408f6f5f2
[INFO] [stdout]                                at /rustc/202008a1b8de96d2e5b6bc02d379db03a877d34d/library/std/src/sys/pal/unix/thread.rs:105:17
[INFO] [stdout]   44:     0x76e985e22ac3 - <unknown>
[INFO] [stdout]   45:     0x76e985eb3a04 - clone
[INFO] [stdout]   46:                0x0 - <unknown>
[INFO] [stdout] 
[INFO] [stdout] 
[INFO] [stdout] failures:
[INFO] [stdout]     tests::desktop_entry_test_good
[INFO] [stdout]     tests::utils_converter
[INFO] [stdout] 
[INFO] [stdout] test result: FAILED. 4 passed; 2 failed; 0 ignored; 0 measured; 0 filtered out; finished in 0.04s
[INFO] [stdout] 
[INFO] [stderr] error: test failed, to rerun pass `--lib`
[INFO] running `Command { std: "docker" "inspect" "9355729c33d510ff510a2634e20455ec22d6125538406a1bf88c62aa8cef8951", kill_on_drop: false }`
[INFO] running `Command { std: "docker" "rm" "-f" "9355729c33d510ff510a2634e20455ec22d6125538406a1bf88c62aa8cef8951", kill_on_drop: false }`
[INFO] [stdout] 9355729c33d510ff510a2634e20455ec22d6125538406a1bf88c62aa8cef8951
