[INFO] fetching crate xdc_macros 0.1.0...
[INFO] testing xdc_macros-0.1.0 against beta-2024-12-08 for beta-1.84.0-4-retry
[INFO] extracting crate xdc_macros 0.1.0 into /workspace/builds/worker-1-tc2/source
[INFO] validating manifest of crates.io crate xdc_macros 0.1.0 on toolchain beta-2024-12-08
[INFO] running `Command { std: CARGO_HOME="/workspace/cargo-home" RUSTUP_HOME="/workspace/rustup-home" "/workspace/cargo-home/bin/cargo" "+beta-2024-12-08" "metadata" "--manifest-path" "Cargo.toml" "--no-deps", kill_on_drop: false }`
[INFO] started tweaking crates.io crate xdc_macros 0.1.0
[INFO] finished tweaking crates.io crate xdc_macros 0.1.0
[INFO] tweaked toml for crates.io crate xdc_macros 0.1.0 written to /workspace/builds/worker-1-tc2/source/Cargo.toml
[INFO] running `Command { std: CARGO_HOME="/workspace/cargo-home" RUSTUP_HOME="/workspace/rustup-home" "/workspace/cargo-home/bin/cargo" "+beta-2024-12-08" "generate-lockfile" "--manifest-path" "Cargo.toml", kill_on_drop: false }`
[INFO] [stderr]     Updating crates.io index
[INFO] [stderr]      Locking 7 packages to latest compatible versions
[INFO] [stderr]       Adding syn v1.0.109 (available: v2.0.90)
[INFO] running `Command { std: CARGO_HOME="/workspace/cargo-home" RUSTUP_HOME="/workspace/rustup-home" "/workspace/cargo-home/bin/cargo" "+beta-2024-12-08" "fetch" "--manifest-path" "Cargo.toml", kill_on_drop: false }`
[INFO] running `Command { std: "docker" "create" "-v" "/var/lib/crater-agent-workspace/builds/worker-1-tc2/target:/opt/rustwide/target:rw,Z" "-v" "/var/lib/crater-agent-workspace/builds/worker-1-tc2/source:/opt/rustwide/workdir:ro,Z" "-v" "/var/lib/crater-agent-workspace/cargo-home:/opt/rustwide/cargo-home:ro,Z" "-v" "/var/lib/crater-agent-workspace/rustup-home:/opt/rustwide/rustup-home:ro,Z" "-e" "SOURCE_DIR=/opt/rustwide/workdir" "-e" "CARGO_TARGET_DIR=/opt/rustwide/target" "-e" "CARGO_HOME=/opt/rustwide/cargo-home" "-e" "RUSTUP_HOME=/opt/rustwide/rustup-home" "-w" "/opt/rustwide/workdir" "-m" "1610612736" "--user" "0:0" "--network" "none" "ghcr.io/rust-lang/crates-build-env/linux@sha256:f3a9d4ad9d972b27faf3965f35b62e55ba32bbce8f20bc8fe909558a86702fde" "/opt/rustwide/cargo-home/bin/cargo" "+beta-2024-12-08" "metadata" "--no-deps" "--format-version=1", kill_on_drop: false }`
[INFO] [stdout] 59b43f4930afd9870a10350d8a13d7b4132127736eb08488dcb874c48a1bc5b2
[INFO] running `Command { std: "docker" "start" "-a" "59b43f4930afd9870a10350d8a13d7b4132127736eb08488dcb874c48a1bc5b2", kill_on_drop: false }`
[INFO] running `Command { std: "docker" "inspect" "59b43f4930afd9870a10350d8a13d7b4132127736eb08488dcb874c48a1bc5b2", kill_on_drop: false }`
[INFO] running `Command { std: "docker" "rm" "-f" "59b43f4930afd9870a10350d8a13d7b4132127736eb08488dcb874c48a1bc5b2", kill_on_drop: false }`
[INFO] [stdout] 59b43f4930afd9870a10350d8a13d7b4132127736eb08488dcb874c48a1bc5b2
[INFO] running `Command { std: "docker" "create" "-v" "/var/lib/crater-agent-workspace/builds/worker-1-tc2/target:/opt/rustwide/target:rw,Z" "-v" "/var/lib/crater-agent-workspace/builds/worker-1-tc2/source:/opt/rustwide/workdir:ro,Z" "-v" "/var/lib/crater-agent-workspace/cargo-home:/opt/rustwide/cargo-home:ro,Z" "-v" "/var/lib/crater-agent-workspace/rustup-home:/opt/rustwide/rustup-home:ro,Z" "-e" "SOURCE_DIR=/opt/rustwide/workdir" "-e" "CARGO_TARGET_DIR=/opt/rustwide/target" "-e" "CARGO_INCREMENTAL=0" "-e" "RUST_BACKTRACE=full" "-e" "RUSTFLAGS=--cap-lints=warn" "-e" "RUSTDOCFLAGS=--cap-lints=warn" "-e" "CARGO_HOME=/opt/rustwide/cargo-home" "-e" "RUSTUP_HOME=/opt/rustwide/rustup-home" "-w" "/opt/rustwide/workdir" "-m" "1610612736" "--user" "0:0" "--network" "none" "ghcr.io/rust-lang/crates-build-env/linux@sha256:f3a9d4ad9d972b27faf3965f35b62e55ba32bbce8f20bc8fe909558a86702fde" "/opt/rustwide/cargo-home/bin/cargo" "+beta-2024-12-08" "build" "--frozen" "--message-format=json", kill_on_drop: false }`
[INFO] [stdout] 75838058e07dc72ea65d71721660a2610ade8675c9887010ce95b7a3d519848b
[INFO] running `Command { std: "docker" "start" "-a" "75838058e07dc72ea65d71721660a2610ade8675c9887010ce95b7a3d519848b", kill_on_drop: false }`
[INFO] [stderr]    Compiling version_check v0.9.5
[INFO] [stderr]    Compiling syn v1.0.109
[INFO] [stderr]    Compiling proc-macro-error-attr v1.0.4
[INFO] [stderr]    Compiling proc-macro-error v1.0.4
[INFO] [stderr]    Compiling xdc_macros v0.1.0 (/opt/rustwide/workdir)
[INFO] [stderr]     Finished `dev` profile [unoptimized + debuginfo] target(s) in 7.35s
[INFO] running `Command { std: "docker" "inspect" "75838058e07dc72ea65d71721660a2610ade8675c9887010ce95b7a3d519848b", kill_on_drop: false }`
[INFO] running `Command { std: "docker" "rm" "-f" "75838058e07dc72ea65d71721660a2610ade8675c9887010ce95b7a3d519848b", kill_on_drop: false }`
[INFO] [stdout] 75838058e07dc72ea65d71721660a2610ade8675c9887010ce95b7a3d519848b
[INFO] running `Command { std: "docker" "create" "-v" "/var/lib/crater-agent-workspace/builds/worker-1-tc2/target:/opt/rustwide/target:rw,Z" "-v" "/var/lib/crater-agent-workspace/builds/worker-1-tc2/source:/opt/rustwide/workdir:ro,Z" "-v" "/var/lib/crater-agent-workspace/cargo-home:/opt/rustwide/cargo-home:ro,Z" "-v" "/var/lib/crater-agent-workspace/rustup-home:/opt/rustwide/rustup-home:ro,Z" "-e" "SOURCE_DIR=/opt/rustwide/workdir" "-e" "CARGO_TARGET_DIR=/opt/rustwide/target" "-e" "CARGO_INCREMENTAL=0" "-e" "RUST_BACKTRACE=full" "-e" "RUSTFLAGS=--cap-lints=warn" "-e" "RUSTDOCFLAGS=--cap-lints=warn" "-e" "CARGO_HOME=/opt/rustwide/cargo-home" "-e" "RUSTUP_HOME=/opt/rustwide/rustup-home" "-w" "/opt/rustwide/workdir" "-m" "1610612736" "--user" "0:0" "--network" "none" "ghcr.io/rust-lang/crates-build-env/linux@sha256:f3a9d4ad9d972b27faf3965f35b62e55ba32bbce8f20bc8fe909558a86702fde" "/opt/rustwide/cargo-home/bin/cargo" "+beta-2024-12-08" "test" "--frozen" "--no-run" "--message-format=json", kill_on_drop: false }`
[INFO] [stdout] 23354ac0e2f7a013f2bd90d8a04a8134e17088af13368e69a09d2cffaf1786e7
[INFO] running `Command { std: "docker" "start" "-a" "23354ac0e2f7a013f2bd90d8a04a8134e17088af13368e69a09d2cffaf1786e7", kill_on_drop: false }`
[INFO] [stderr]    Compiling xdc_macros v0.1.0 (/opt/rustwide/workdir)
[INFO] [stderr]     Finished `test` profile [unoptimized + debuginfo] target(s) in 1.00s
[INFO] running `Command { std: "docker" "inspect" "23354ac0e2f7a013f2bd90d8a04a8134e17088af13368e69a09d2cffaf1786e7", kill_on_drop: false }`
[INFO] running `Command { std: "docker" "rm" "-f" "23354ac0e2f7a013f2bd90d8a04a8134e17088af13368e69a09d2cffaf1786e7", kill_on_drop: false }`
[INFO] [stdout] 23354ac0e2f7a013f2bd90d8a04a8134e17088af13368e69a09d2cffaf1786e7
[INFO] running `Command { std: "docker" "create" "-v" "/var/lib/crater-agent-workspace/builds/worker-1-tc2/target:/opt/rustwide/target:rw,Z" "-v" "/var/lib/crater-agent-workspace/builds/worker-1-tc2/source:/opt/rustwide/workdir:ro,Z" "-v" "/var/lib/crater-agent-workspace/cargo-home:/opt/rustwide/cargo-home:ro,Z" "-v" "/var/lib/crater-agent-workspace/rustup-home:/opt/rustwide/rustup-home:ro,Z" "-e" "SOURCE_DIR=/opt/rustwide/workdir" "-e" "CARGO_TARGET_DIR=/opt/rustwide/target" "-e" "CARGO_INCREMENTAL=0" "-e" "RUST_BACKTRACE=full" "-e" "RUSTFLAGS=--cap-lints=warn" "-e" "RUSTDOCFLAGS=--cap-lints=warn" "-e" "CARGO_HOME=/opt/rustwide/cargo-home" "-e" "RUSTUP_HOME=/opt/rustwide/rustup-home" "-w" "/opt/rustwide/workdir" "-m" "1610612736" "--user" "0:0" "--network" "none" "ghcr.io/rust-lang/crates-build-env/linux@sha256:f3a9d4ad9d972b27faf3965f35b62e55ba32bbce8f20bc8fe909558a86702fde" "/opt/rustwide/cargo-home/bin/cargo" "+beta-2024-12-08" "test" "--frozen", kill_on_drop: false }`
[INFO] [stdout] 4d0218cb03430bbecfb86d190ed9594ea1c8b42ff8219ca8f20736c1adc81839
[INFO] running `Command { std: "docker" "start" "-a" "4d0218cb03430bbecfb86d190ed9594ea1c8b42ff8219ca8f20736c1adc81839", kill_on_drop: false }`
[INFO] [stderr]     Finished `test` profile [unoptimized + debuginfo] target(s) in 0.04s
[INFO] [stderr]      Running unittests src/lib.rs (/opt/rustwide/target/debug/deps/xdc_macros-f355de8592451486)
[INFO] [stdout] 
[INFO] [stderr]    Doc-tests xdc_macros
[INFO] [stdout] running 0 tests
[INFO] [stdout] 
[INFO] [stdout] test result: ok. 0 passed; 0 failed; 0 ignored; 0 measured; 0 filtered out; finished in 0.00s
[INFO] [stdout] 
[INFO] [stdout] 
[INFO] [stdout] running 3 tests
[INFO] [stdout] test src/lib.rs - xdc_trait (line 35) ... FAILED
[INFO] [stdout] test src/lib.rs - xdc_struct (line 84) ... FAILED
[INFO] [stdout] test src/lib.rs - xdc_impl (line 162) ... FAILED
[INFO] [stdout] 
[INFO] [stdout] failures:
[INFO] [stdout] 
[INFO] [stdout] ---- src/lib.rs - xdc_trait (line 35) stdout ----
[INFO] [stdout] error[E0432]: unresolved import `xdc`
[INFO] [stdout]  --> src/lib.rs:36:5
[INFO] [stdout]   |
[INFO] [stdout] 3 | use xdc::*;
[INFO] [stdout]   |     ^^^ use of undeclared crate or module `xdc`
[INFO] [stdout] 
[INFO] [stdout] error: cannot find attribute `xdc_trait` in this scope
[INFO] [stdout]  --> src/lib.rs:37:3
[INFO] [stdout]   |
[INFO] [stdout] 4 | #[xdc_trait]
[INFO] [stdout]   |   ^^^^^^^^^
[INFO] [stdout]   |
[INFO] [stdout] help: consider importing this attribute macro
[INFO] [stdout]   |
[INFO] [stdout] 2 + use xdc_macros::xdc_trait;
[INFO] [stdout]   |
[INFO] [stdout] 
[INFO] [stdout] error: aborting due to 2 previous errors
[INFO] [stdout] 
[INFO] [stdout] For more information about this error, try `rustc --explain E0432`.
[INFO] [stdout] Couldn't compile the test.
[INFO] [stdout] ---- src/lib.rs - xdc_struct (line 84) stdout ----
[INFO] [stdout] error[E0432]: unresolved import `xdc`
[INFO] [stdout]  --> src/lib.rs:85:5
[INFO] [stdout]   |
[INFO] [stdout] 3 | use xdc::*;
[INFO] [stdout]   |     ^^^ use of undeclared crate or module `xdc`
[INFO] [stdout] 
[INFO] [stdout] error: cannot find attribute `xdc_struct` in this scope
[INFO] [stdout]  --> src/lib.rs:86:3
[INFO] [stdout]   |
[INFO] [stdout] 4 | #[xdc_struct]
[INFO] [stdout]   |   ^^^^^^^^^^
[INFO] [stdout]   |
[INFO] [stdout] help: consider importing this attribute macro
[INFO] [stdout]   |
[INFO] [stdout] 2 + use xdc_macros::xdc_struct;
[INFO] [stdout]   |
[INFO] [stdout] 
[INFO] [stdout] error: aborting due to 2 previous errors
[INFO] [stdout] 
[INFO] [stdout] For more information about this error, try `rustc --explain E0432`.
[INFO] [stdout] Couldn't compile the test.
[INFO] [stdout] ---- src/lib.rs - xdc_impl (line 162) stdout ----
[INFO] [stdout] error[E0432]: unresolved import `xdc`
[INFO] [stdout]  --> src/lib.rs:163:5
[INFO] [stdout]   |
[INFO] [stdout] 3 | use xdc::*;
[INFO] [stdout]   |     ^^^ use of undeclared crate or module `xdc`
[INFO] [stdout] 
[INFO] [stdout] error: cannot find attribute `xdc_impl` in this scope
[INFO] [stdout]  --> src/lib.rs:168:3
[INFO] [stdout]   |
[INFO] [stdout] 8 | #[xdc_impl]
[INFO] [stdout]   |   ^^^^^^^^
[INFO] [stdout]   |
[INFO] [stdout] help: consider importing this attribute macro
[INFO] [stdout]   |
[INFO] [stdout] 2 + use xdc_macros::xdc_impl;
[INFO] [stdout]   |
[INFO] [stdout] 
[INFO] [stdout] error: cannot find attribute `xdc_struct` in this scope
[INFO] [stdout]  --> src/lib.rs:166:3
[INFO] [stdout]   |
[INFO] [stdout] 6 | #[xdc_struct]
[INFO] [stdout]   |   ^^^^^^^^^^
[INFO] [stdout]   |
[INFO] [stdout] help: consider importing this attribute macro
[INFO] [stdout]   |
[INFO] [stdout] 2 + use xdc_macros::xdc_struct;
[INFO] [stdout]   |
[INFO] [stdout] 
[INFO] [stdout] error: cannot find attribute `xdc_trait` in this scope
[INFO] [stdout]  --> src/lib.rs:164:3
[INFO] [stdout]   |
[INFO] [stdout] 4 | #[xdc_trait]
[INFO] [stdout]   |   ^^^^^^^^^
[INFO] [stdout]   |
[INFO] [stdout] help: consider importing this attribute macro
[INFO] [stdout]   |
[INFO] [stdout] 2 + use xdc_macros::xdc_trait;
[INFO] [stdout]   |
[INFO] [stdout] 
[INFO] [stdout] error: aborting due to 4 previous errors
[INFO] [stdout] 
[INFO] [stdout] For more information about this error, try `rustc --explain E0432`.
[INFO] [stdout] Couldn't compile the test.
[INFO] [stdout] 
[INFO] [stdout] failures:
[INFO] [stdout]     src/lib.rs - xdc_impl (line 162)
[INFO] [stdout]     src/lib.rs - xdc_struct (line 84)
[INFO] [stdout]     src/lib.rs - xdc_trait (line 35)
[INFO] [stdout] 
[INFO] [stdout] test result: FAILED. 0 passed; 3 failed; 0 ignored; 0 measured; 0 filtered out; finished in 0.21s
[INFO] [stdout] 
[INFO] [stderr] error: doctest failed, to rerun pass `--doc`
[INFO] running `Command { std: "docker" "inspect" "4d0218cb03430bbecfb86d190ed9594ea1c8b42ff8219ca8f20736c1adc81839", kill_on_drop: false }`
[INFO] running `Command { std: "docker" "rm" "-f" "4d0218cb03430bbecfb86d190ed9594ea1c8b42ff8219ca8f20736c1adc81839", kill_on_drop: false }`
[INFO] [stdout] 4d0218cb03430bbecfb86d190ed9594ea1c8b42ff8219ca8f20736c1adc81839
