[INFO] fetching crate xcb 1.5.0...
[INFO] testing xcb-1.5.0 against beta-2024-12-08 for beta-1.84.0-4-retry
[INFO] extracting crate xcb 1.5.0 into /workspace/builds/worker-0-tc2/source
[INFO] validating manifest of crates.io crate xcb 1.5.0 on toolchain beta-2024-12-08
[INFO] running `Command { std: CARGO_HOME="/workspace/cargo-home" RUSTUP_HOME="/workspace/rustup-home" "/workspace/cargo-home/bin/cargo" "+beta-2024-12-08" "metadata" "--manifest-path" "Cargo.toml" "--no-deps", kill_on_drop: false }`
[INFO] started tweaking crates.io crate xcb 1.5.0
[INFO] removed 0 missing examples
[INFO] finished tweaking crates.io crate xcb 1.5.0
[INFO] tweaked toml for crates.io crate xcb 1.5.0 written to /workspace/builds/worker-0-tc2/source/Cargo.toml
[INFO] crate crates.io crate xcb 1.5.0 already has a lockfile, it will not be regenerated
[INFO] running `Command { std: CARGO_HOME="/workspace/cargo-home" RUSTUP_HOME="/workspace/rustup-home" "/workspace/cargo-home/bin/cargo" "+beta-2024-12-08" "fetch" "--manifest-path" "Cargo.toml", kill_on_drop: false }`
[INFO] running `Command { std: "docker" "create" "-v" "/var/lib/crater-agent-workspace/builds/worker-0-tc2/target:/opt/rustwide/target:rw,Z" "-v" "/var/lib/crater-agent-workspace/builds/worker-0-tc2/source:/opt/rustwide/workdir:ro,Z" "-v" "/var/lib/crater-agent-workspace/cargo-home:/opt/rustwide/cargo-home:ro,Z" "-v" "/var/lib/crater-agent-workspace/rustup-home:/opt/rustwide/rustup-home:ro,Z" "-e" "SOURCE_DIR=/opt/rustwide/workdir" "-e" "CARGO_TARGET_DIR=/opt/rustwide/target" "-e" "CARGO_HOME=/opt/rustwide/cargo-home" "-e" "RUSTUP_HOME=/opt/rustwide/rustup-home" "-w" "/opt/rustwide/workdir" "-m" "1610612736" "--user" "0:0" "--network" "none" "ghcr.io/rust-lang/crates-build-env/linux@sha256:f3a9d4ad9d972b27faf3965f35b62e55ba32bbce8f20bc8fe909558a86702fde" "/opt/rustwide/cargo-home/bin/cargo" "+beta-2024-12-08" "metadata" "--no-deps" "--format-version=1", kill_on_drop: false }`
[INFO] [stdout] 65f4da163c15bb3477048969adb7e008f1621f88f2c07766ee1d521bc18f5b23
[INFO] running `Command { std: "docker" "start" "-a" "65f4da163c15bb3477048969adb7e008f1621f88f2c07766ee1d521bc18f5b23", kill_on_drop: false }`
[INFO] running `Command { std: "docker" "inspect" "65f4da163c15bb3477048969adb7e008f1621f88f2c07766ee1d521bc18f5b23", kill_on_drop: false }`
[INFO] running `Command { std: "docker" "rm" "-f" "65f4da163c15bb3477048969adb7e008f1621f88f2c07766ee1d521bc18f5b23", kill_on_drop: false }`
[INFO] [stdout] 65f4da163c15bb3477048969adb7e008f1621f88f2c07766ee1d521bc18f5b23
[INFO] running `Command { std: "docker" "create" "-v" "/var/lib/crater-agent-workspace/builds/worker-0-tc2/target:/opt/rustwide/target:rw,Z" "-v" "/var/lib/crater-agent-workspace/builds/worker-0-tc2/source:/opt/rustwide/workdir:ro,Z" "-v" "/var/lib/crater-agent-workspace/cargo-home:/opt/rustwide/cargo-home:ro,Z" "-v" "/var/lib/crater-agent-workspace/rustup-home:/opt/rustwide/rustup-home:ro,Z" "-e" "SOURCE_DIR=/opt/rustwide/workdir" "-e" "CARGO_TARGET_DIR=/opt/rustwide/target" "-e" "CARGO_INCREMENTAL=0" "-e" "RUST_BACKTRACE=full" "-e" "RUSTFLAGS=--cap-lints=warn" "-e" "RUSTDOCFLAGS=--cap-lints=warn" "-e" "CARGO_HOME=/opt/rustwide/cargo-home" "-e" "RUSTUP_HOME=/opt/rustwide/rustup-home" "-w" "/opt/rustwide/workdir" "-m" "1610612736" "--user" "0:0" "--network" "none" "ghcr.io/rust-lang/crates-build-env/linux@sha256:f3a9d4ad9d972b27faf3965f35b62e55ba32bbce8f20bc8fe909558a86702fde" "/opt/rustwide/cargo-home/bin/cargo" "+beta-2024-12-08" "build" "--frozen" "--message-format=json", kill_on_drop: false }`
[INFO] [stdout] b6ae14d4ce34a04c003372982534aadbc767e40eaba3f28c88ac6842f70efc68
[INFO] running `Command { std: "docker" "start" "-a" "b6ae14d4ce34a04c003372982534aadbc767e40eaba3f28c88ac6842f70efc68", kill_on_drop: false }`
[INFO] [stderr]    Compiling memchr v2.6.4
[INFO] [stderr]    Compiling libc v0.2.150
[INFO] [stderr]    Compiling bitflags v1.3.2
[INFO] [stderr]    Compiling quick-xml v0.30.0
[INFO] [stderr]    Compiling xcb v1.5.0 (/opt/rustwide/workdir)
[INFO] [stderr]     Finished `dev` profile [unoptimized + debuginfo] target(s) in 9.05s
[INFO] running `Command { std: "docker" "inspect" "b6ae14d4ce34a04c003372982534aadbc767e40eaba3f28c88ac6842f70efc68", kill_on_drop: false }`
[INFO] running `Command { std: "docker" "rm" "-f" "b6ae14d4ce34a04c003372982534aadbc767e40eaba3f28c88ac6842f70efc68", kill_on_drop: false }`
[INFO] [stdout] b6ae14d4ce34a04c003372982534aadbc767e40eaba3f28c88ac6842f70efc68
[INFO] running `Command { std: "docker" "create" "-v" "/var/lib/crater-agent-workspace/builds/worker-0-tc2/target:/opt/rustwide/target:rw,Z" "-v" "/var/lib/crater-agent-workspace/builds/worker-0-tc2/source:/opt/rustwide/workdir:ro,Z" "-v" "/var/lib/crater-agent-workspace/cargo-home:/opt/rustwide/cargo-home:ro,Z" "-v" "/var/lib/crater-agent-workspace/rustup-home:/opt/rustwide/rustup-home:ro,Z" "-e" "SOURCE_DIR=/opt/rustwide/workdir" "-e" "CARGO_TARGET_DIR=/opt/rustwide/target" "-e" "CARGO_INCREMENTAL=0" "-e" "RUST_BACKTRACE=full" "-e" "RUSTFLAGS=--cap-lints=warn" "-e" "RUSTDOCFLAGS=--cap-lints=warn" "-e" "CARGO_HOME=/opt/rustwide/cargo-home" "-e" "RUSTUP_HOME=/opt/rustwide/rustup-home" "-w" "/opt/rustwide/workdir" "-m" "1610612736" "--user" "0:0" "--network" "none" "ghcr.io/rust-lang/crates-build-env/linux@sha256:f3a9d4ad9d972b27faf3965f35b62e55ba32bbce8f20bc8fe909558a86702fde" "/opt/rustwide/cargo-home/bin/cargo" "+beta-2024-12-08" "test" "--frozen" "--no-run" "--message-format=json", kill_on_drop: false }`
[INFO] [stdout] b66b75d224459e9571d2a2ae43c1f04b9fae9b7e41cd87cb2b67e6afe008ef2b
[INFO] running `Command { std: "docker" "start" "-a" "b66b75d224459e9571d2a2ae43c1f04b9fae9b7e41cd87cb2b67e6afe008ef2b", kill_on_drop: false }`
[INFO] [stderr]    Compiling khronos_api v3.1.0
[INFO] [stderr]    Compiling xml-rs v0.8.19
[INFO] [stderr]    Compiling log v0.4.20
[INFO] [stderr]    Compiling crc32fast v1.3.2
[INFO] [stderr]    Compiling simd-adler32 v0.3.7
[INFO] [stderr]    Compiling pkg-config v0.3.27
[INFO] [stderr]    Compiling adler v1.0.2
[INFO] [stderr]    Compiling miniz_oxide v0.7.1
[INFO] [stderr]    Compiling fdeflate v0.3.1
[INFO] [stderr]    Compiling x11 v2.21.0
[INFO] [stderr]    Compiling flate2 v1.0.28
[INFO] [stderr]    Compiling gl_generator v0.14.0
[INFO] [stderr]    Compiling png v0.17.10
[INFO] [stderr]    Compiling gl v0.14.0
[INFO] [stderr]    Compiling xcb v1.5.0 (/opt/rustwide/workdir)
[INFO] [stderr]     Finished `test` profile [unoptimized + debuginfo] target(s) in 12.58s
[INFO] running `Command { std: "docker" "inspect" "b66b75d224459e9571d2a2ae43c1f04b9fae9b7e41cd87cb2b67e6afe008ef2b", kill_on_drop: false }`
[INFO] running `Command { std: "docker" "rm" "-f" "b66b75d224459e9571d2a2ae43c1f04b9fae9b7e41cd87cb2b67e6afe008ef2b", kill_on_drop: false }`
[INFO] [stdout] b66b75d224459e9571d2a2ae43c1f04b9fae9b7e41cd87cb2b67e6afe008ef2b
[INFO] running `Command { std: "docker" "create" "-v" "/var/lib/crater-agent-workspace/builds/worker-0-tc2/target:/opt/rustwide/target:rw,Z" "-v" "/var/lib/crater-agent-workspace/builds/worker-0-tc2/source:/opt/rustwide/workdir:ro,Z" "-v" "/var/lib/crater-agent-workspace/cargo-home:/opt/rustwide/cargo-home:ro,Z" "-v" "/var/lib/crater-agent-workspace/rustup-home:/opt/rustwide/rustup-home:ro,Z" "-e" "SOURCE_DIR=/opt/rustwide/workdir" "-e" "CARGO_TARGET_DIR=/opt/rustwide/target" "-e" "CARGO_INCREMENTAL=0" "-e" "RUST_BACKTRACE=full" "-e" "RUSTFLAGS=--cap-lints=warn" "-e" "RUSTDOCFLAGS=--cap-lints=warn" "-e" "CARGO_HOME=/opt/rustwide/cargo-home" "-e" "RUSTUP_HOME=/opt/rustwide/rustup-home" "-w" "/opt/rustwide/workdir" "-m" "1610612736" "--user" "0:0" "--network" "none" "ghcr.io/rust-lang/crates-build-env/linux@sha256:f3a9d4ad9d972b27faf3965f35b62e55ba32bbce8f20bc8fe909558a86702fde" "/opt/rustwide/cargo-home/bin/cargo" "+beta-2024-12-08" "test" "--frozen", kill_on_drop: false }`
[INFO] [stdout] c6d99cd109e5c093950e4a3462928605194e7851351155f5df6f9b23fe2583d9
[INFO] running `Command { std: "docker" "start" "-a" "c6d99cd109e5c093950e4a3462928605194e7851351155f5df6f9b23fe2583d9", kill_on_drop: false }`
[INFO] [stderr]     Finished `test` profile [unoptimized + debuginfo] target(s) in 0.04s
[INFO] [stderr]      Running unittests src/lib.rs (/opt/rustwide/target/debug/deps/xcb-055492e47f8d55ff)
[INFO] [stdout] 
[INFO] [stdout] running 29 tests
[INFO] [stdout] test event::test_event_send_sync ... ok
[INFO] [stdout] test lat1_str::test_latin_str ... ok
[INFO] [stdout] test test::test_cw_is_sorted_distinct ... ok
[INFO] [stdout] test test::test_dynbuf_from_data ... ok
[INFO] [stdout] test test::test_cw_cmp ... ok
[INFO] [stdout] test test::atom_hashmap ... ok
[INFO] [stdout] test base::test_align_pad ... ok
[INFO] [stdout] test test::test_event_new ... ok
[INFO] [stdout] test xproto::test_sizeof_char2b ... ok
[INFO] [stdout] test xproto::test_sizeof_charinfo ... ok
[INFO] [stdout] test xproto::test_sizeof_coloritem ... ok
[INFO] [stdout] test xproto::test_sizeof_colormap ... ok
[INFO] [stdout] test xproto::test_sizeof_cursor ... ok
[INFO] [stdout] test xproto::test_sizeof_font ... ok
[INFO] [stdout] test xproto::test_sizeof_fontprop ... ok
[INFO] [stdout] test xproto::test_sizeof_format ... ok
[INFO] [stdout] test xproto::test_sizeof_point ... ok
[INFO] [stdout] test xproto::test_sizeof_gcontext ... ok
[INFO] [stdout] test xproto::test_sizeof_pixmap ... ok
[INFO] [stdout] test xproto::test_sizeof_rectangle ... ok
[INFO] [stdout] test xproto::test_sizeof_rgb ... ok
[INFO] [stdout] test xproto::test_sizeof_segment ... ok
[INFO] [stdout] test xproto::test_sizeof_timecoord ... ok
[INFO] [stdout] test xproto::test_sizeof_visualtype ... ok
[INFO] [stdout] test xproto::test_sizeof_window ... ok
[INFO] [stdout] test test::test_fixbuf_from_data ... ok
[INFO] [stdout] test xproto::test_sizeof_arc ... ok
[INFO] [stdout] test xproto::test_sizeof_atom ... ok
[INFO] [stdout] test test::test_dynbuf_from_data_panic - should panic ... ok
[INFO] [stdout] 
[INFO] [stdout] test result: ok. 29 passed; 0 failed; 0 ignored; 0 measured; 0 filtered out; finished in 0.03s
[INFO] [stdout] 
[INFO] [stderr]    Doc-tests xcb
[INFO] [stdout] 
[INFO] [stdout] running 28 tests
[INFO] [stdout] test /opt/rustwide/target/debug/build/xcb-4193eb18caa48f1f/out/xproto.rs - xproto::GrabKeyboard (line 15417) - compile ... ok
[INFO] [stdout] test /opt/rustwide/target/debug/build/xcb-4193eb18caa48f1f/out/xproto.rs - xproto::ChangeGc (line 19032) - compile ... ok
[INFO] [stdout] test /opt/rustwide/target/debug/build/xcb-4193eb18caa48f1f/out/xproto.rs - xproto::ChangeProperty (line 13614) - compile ... ok
[INFO] [stdout] test /opt/rustwide/target/debug/build/xcb-4193eb18caa48f1f/out/xproto.rs - xproto::GrabPointer (line 14866) - compile ... ok
[INFO] [stdout] test /opt/rustwide/target/debug/build/xcb-4193eb18caa48f1f/out/xproto.rs - xproto::ConfigureWindow (line 12481) - compile ... ok
[INFO] [stdout] test /opt/rustwide/target/debug/build/xcb-4193eb18caa48f1f/out/xproto.rs - xproto::GetProperty (line 13977) - compile ... ok
[INFO] [stdout] test /opt/rustwide/target/debug/build/xcb-4193eb18caa48f1f/out/xproto.rs - xproto::GetGeometry (line 12825) - compile ... ok
[INFO] [stdout] test /opt/rustwide/target/debug/build/xcb-4193eb18caa48f1f/out/xproto.rs - xproto::SendEvent (line 14620) - compile ... ok
[INFO] [stdout] test /opt/rustwide/target/debug/build/xcb-4193eb18caa48f1f/out/xproto.rs - xproto::PolyLine (line 19611) - compile ... ok
[INFO] [stdout] test /opt/rustwide/target/debug/build/xcb-4193eb18caa48f1f/out/xproto.rs - xproto::InternAtom (line 13306) - compile ... ok
[INFO] [stdout] test src/base.rs - base::Connection::connect (line 713) - compile ... ok
[INFO] [stdout] test src/base.rs - base::Connection::check_request (line 1586) - compile ... ok
[INFO] [stdout] test /opt/rustwide/target/debug/build/xcb-4193eb18caa48f1f/out/xproto.rs - xproto::QueryTree (line 13088) - compile ... ok
[INFO] [stdout] test src/base.rs - base::Connection::connect_with_extensions (line 738) - compile ... FAILED
[INFO] [stdout] test src/base.rs - base::Connection::generate_id (line 1179) - compile ... ok
[INFO] [stdout] test src/base.rs - base::Connection::send_and_check_request (line 1620) - compile ... ok
[INFO] [stdout] test src/base.rs - base::Connection::poll_for_reply (line 1709) - compile ... ok
[INFO] [stdout] test src/base.rs - base::Connection::active_extensions (line 1080) - compile ... FAILED
[INFO] [stdout] test src/base.rs - base::Connection::send_request_unchecked (line 1552) - compile ... ok
[INFO] [stdout] test src/base.rs - base::Connection::send_request_checked (line 1528) - compile ... ok
[INFO] [stdout] test src/base.rs - base::Connection::send_request (line 1477) - compile ... ok
[INFO] [stdout] test src/base.rs - base::Connection::wait_for_event (line 1239) - compile ... ok
[INFO] [stdout] test src/base.rs - base::Connection::poll_for_reply_unchecked (line 1791) - compile ... ok
[INFO] [stdout] test src/base.rs - base::Connection::wait_for_reply (line 1642) - compile ... ok
[INFO] [stdout] test src/lib.rs - (line 69) - compile ... ok
[INFO] [stdout] test src/base.rs - base::Connection::wait_for_reply_unchecked (line 1677) - compile ... ok
[INFO] [stdout] test src/lib.rs - atoms_struct (line 411) - compile ... ok
[INFO] [stdout] test src/base.rs - base::parse_display (line 479) ... ok
[INFO] [stdout] 
[INFO] [stdout] failures:
[INFO] [stdout] 
[INFO] [stdout] ---- src/base.rs - base::Connection::connect_with_extensions (line 738) stdout ----
[INFO] [stdout] error[E0599]: no variant or associated item named `Input` found for enum `Extension` in the current scope
[INFO] [stdout]  --> src/base.rs:742:33
[INFO] [stdout]   |
[INFO] [stdout] 6 |         None, &[xcb::Extension::Input, xcb::Extension::Xkb], &[]
[INFO] [stdout]   |                                 ^^^^^ variant or associated item not found in `Extension`
[INFO] [stdout] 
[INFO] [stdout] error[E0599]: no variant or associated item named `Xkb` found for enum `Extension` in the current scope
[INFO] [stdout]  --> src/base.rs:742:56
[INFO] [stdout]   |
[INFO] [stdout] 6 |         None, &[xcb::Extension::Input, xcb::Extension::Xkb], &[]
[INFO] [stdout]   |                                                        ^^^ variant or associated item not found in `Extension`
[INFO] [stdout] 
[INFO] [stdout] error: aborting due to 2 previous errors
[INFO] [stdout] 
[INFO] [stdout] For more information about this error, try `rustc --explain E0599`.
[INFO] [stdout] Couldn't compile the test.
[INFO] [stdout] ---- src/base.rs - base::Connection::active_extensions (line 1080) stdout ----
[INFO] [stdout] error[E0599]: no variant or associated item named `Xkb` found for enum `Extension` in the current scope
[INFO] [stdout]  --> src/base.rs:1085:33
[INFO] [stdout]   |
[INFO] [stdout] 7 |         None, &[xcb::Extension::Xkb], &[xcb::Extension::Input]
[INFO] [stdout]   |                                 ^^^ variant or associated item not found in `Extension`
[INFO] [stdout] 
[INFO] [stdout] error[E0599]: no variant or associated item named `Input` found for enum `Extension` in the current scope
[INFO] [stdout]  --> src/base.rs:1085:57
[INFO] [stdout]   |
[INFO] [stdout] 7 |         None, &[xcb::Extension::Xkb], &[xcb::Extension::Input]
[INFO] [stdout]   |                                                         ^^^^^ variant or associated item not found in `Extension`
[INFO] [stdout] 
[INFO] [stdout] error[E0599]: no variant or associated item named `Input` found for enum `Extension` in the current scope
[INFO] [stdout]   --> src/base.rs:1088:79
[INFO] [stdout]    |
[INFO] [stdout] 10 |     let has_input_ext = conn.active_extensions().any(|e| e == xcb::Extension::Input);
[INFO] [stdout]    |                                                                               ^^^^^ variant or associated item not found in `Extension`
[INFO] [stdout] 
[INFO] [stdout] error: aborting due to 3 previous errors
[INFO] [stdout] 
[INFO] [stdout] For more information about this error, try `rustc --explain E0599`.
[INFO] [stdout] Couldn't compile the test.
[INFO] [stdout] 
[INFO] [stdout] failures:
[INFO] [stdout]     src/base.rs - base::Connection::active_extensions (line 1080)
[INFO] [stdout]     src/base.rs - base::Connection::connect_with_extensions (line 738)
[INFO] [stdout] 
[INFO] [stdout] test result: FAILED. 26 passed; 2 failed; 0 ignored; 0 measured; 0 filtered out; finished in 0.88s
[INFO] [stdout] 
[INFO] [stderr] error: doctest failed, to rerun pass `--doc`
[INFO] running `Command { std: "docker" "inspect" "c6d99cd109e5c093950e4a3462928605194e7851351155f5df6f9b23fe2583d9", kill_on_drop: false }`
[INFO] running `Command { std: "docker" "rm" "-f" "c6d99cd109e5c093950e4a3462928605194e7851351155f5df6f9b23fe2583d9", kill_on_drop: false }`
[INFO] [stdout] c6d99cd109e5c093950e4a3462928605194e7851351155f5df6f9b23fe2583d9
