[INFO] fetching crate wwsvc-rs-derive 3.1.4...
[INFO] testing wwsvc-rs-derive-3.1.4 against 1.83.0 for beta-1.84.0-4-retry
[INFO] extracting crate wwsvc-rs-derive 3.1.4 into /workspace/builds/worker-5-tc1/source
[INFO] validating manifest of crates.io crate wwsvc-rs-derive 3.1.4 on toolchain 1.83.0
[INFO] running `Command { std: CARGO_HOME="/workspace/cargo-home" RUSTUP_HOME="/workspace/rustup-home" "/workspace/cargo-home/bin/cargo" "+1.83.0" "metadata" "--manifest-path" "Cargo.toml" "--no-deps", kill_on_drop: false }`
[INFO] started tweaking crates.io crate wwsvc-rs-derive 3.1.4
[INFO] finished tweaking crates.io crate wwsvc-rs-derive 3.1.4
[INFO] tweaked toml for crates.io crate wwsvc-rs-derive 3.1.4 written to /workspace/builds/worker-5-tc1/source/Cargo.toml
[INFO] running `Command { std: CARGO_HOME="/workspace/cargo-home" RUSTUP_HOME="/workspace/rustup-home" "/workspace/cargo-home/bin/cargo" "+1.83.0" "generate-lockfile" "--manifest-path" "Cargo.toml", kill_on_drop: false }`
[INFO] [stderr]     Updating crates.io index
[INFO] [stderr]      Locking 10 packages to latest compatible versions
[INFO] running `Command { std: CARGO_HOME="/workspace/cargo-home" RUSTUP_HOME="/workspace/rustup-home" "/workspace/cargo-home/bin/cargo" "+1.83.0" "fetch" "--manifest-path" "Cargo.toml", kill_on_drop: false }`
[INFO] running `Command { std: "docker" "create" "-v" "/var/lib/crater-agent-workspace/builds/worker-5-tc1/target:/opt/rustwide/target:rw,Z" "-v" "/var/lib/crater-agent-workspace/builds/worker-5-tc1/source:/opt/rustwide/workdir:ro,Z" "-v" "/var/lib/crater-agent-workspace/cargo-home:/opt/rustwide/cargo-home:ro,Z" "-v" "/var/lib/crater-agent-workspace/rustup-home:/opt/rustwide/rustup-home:ro,Z" "-e" "SOURCE_DIR=/opt/rustwide/workdir" "-e" "CARGO_TARGET_DIR=/opt/rustwide/target" "-e" "CARGO_HOME=/opt/rustwide/cargo-home" "-e" "RUSTUP_HOME=/opt/rustwide/rustup-home" "-w" "/opt/rustwide/workdir" "-m" "1610612736" "--user" "0:0" "--network" "none" "ghcr.io/rust-lang/crates-build-env/linux@sha256:f3a9d4ad9d972b27faf3965f35b62e55ba32bbce8f20bc8fe909558a86702fde" "/opt/rustwide/cargo-home/bin/cargo" "+1.83.0" "metadata" "--no-deps" "--format-version=1", kill_on_drop: false }`
[INFO] [stdout] 3fe2ff20f65505ee14a4fc5da6db819206f8d6ce088dac31e12f487b91119ba0
[INFO] running `Command { std: "docker" "start" "-a" "3fe2ff20f65505ee14a4fc5da6db819206f8d6ce088dac31e12f487b91119ba0", kill_on_drop: false }`
[INFO] running `Command { std: "docker" "inspect" "3fe2ff20f65505ee14a4fc5da6db819206f8d6ce088dac31e12f487b91119ba0", kill_on_drop: false }`
[INFO] running `Command { std: "docker" "rm" "-f" "3fe2ff20f65505ee14a4fc5da6db819206f8d6ce088dac31e12f487b91119ba0", kill_on_drop: false }`
[INFO] [stdout] 3fe2ff20f65505ee14a4fc5da6db819206f8d6ce088dac31e12f487b91119ba0
[INFO] running `Command { std: "docker" "create" "-v" "/var/lib/crater-agent-workspace/builds/worker-5-tc1/target:/opt/rustwide/target:rw,Z" "-v" "/var/lib/crater-agent-workspace/builds/worker-5-tc1/source:/opt/rustwide/workdir:ro,Z" "-v" "/var/lib/crater-agent-workspace/cargo-home:/opt/rustwide/cargo-home:ro,Z" "-v" "/var/lib/crater-agent-workspace/rustup-home:/opt/rustwide/rustup-home:ro,Z" "-e" "SOURCE_DIR=/opt/rustwide/workdir" "-e" "CARGO_TARGET_DIR=/opt/rustwide/target" "-e" "CARGO_INCREMENTAL=0" "-e" "RUST_BACKTRACE=full" "-e" "RUSTFLAGS=--cap-lints=warn" "-e" "RUSTDOCFLAGS=--cap-lints=warn" "-e" "CARGO_HOME=/opt/rustwide/cargo-home" "-e" "RUSTUP_HOME=/opt/rustwide/rustup-home" "-w" "/opt/rustwide/workdir" "-m" "1610612736" "--user" "0:0" "--network" "none" "ghcr.io/rust-lang/crates-build-env/linux@sha256:f3a9d4ad9d972b27faf3965f35b62e55ba32bbce8f20bc8fe909558a86702fde" "/opt/rustwide/cargo-home/bin/cargo" "+1.83.0" "build" "--frozen" "--message-format=json", kill_on_drop: false }`
[INFO] [stdout] 304d561864e2461b02b29f31cac99c876effc861ba7a070125cf63f98b9c51b8
[INFO] running `Command { std: "docker" "start" "-a" "304d561864e2461b02b29f31cac99c876effc861ba7a070125cf63f98b9c51b8", kill_on_drop: false }`
[INFO] [stderr]    Compiling proc-macro2 v1.0.92
[INFO] [stderr]    Compiling unicode-ident v1.0.14
[INFO] [stderr]    Compiling strsim v0.11.1
[INFO] [stderr]    Compiling fnv v1.0.7
[INFO] [stderr]    Compiling ident_case v1.0.1
[INFO] [stderr]    Compiling quote v1.0.37
[INFO] [stderr]    Compiling syn v2.0.90
[INFO] [stderr]    Compiling darling_core v0.20.10
[INFO] [stderr]    Compiling darling_macro v0.20.10
[INFO] [stderr]    Compiling darling v0.20.10
[INFO] [stderr]    Compiling wwsvc-rs-derive v3.1.4 (/opt/rustwide/workdir)
[INFO] [stderr]     Finished `dev` profile [unoptimized + debuginfo] target(s) in 9.48s
[INFO] running `Command { std: "docker" "inspect" "304d561864e2461b02b29f31cac99c876effc861ba7a070125cf63f98b9c51b8", kill_on_drop: false }`
[INFO] running `Command { std: "docker" "rm" "-f" "304d561864e2461b02b29f31cac99c876effc861ba7a070125cf63f98b9c51b8", kill_on_drop: false }`
[INFO] [stdout] 304d561864e2461b02b29f31cac99c876effc861ba7a070125cf63f98b9c51b8
[INFO] running `Command { std: "docker" "create" "-v" "/var/lib/crater-agent-workspace/builds/worker-5-tc1/target:/opt/rustwide/target:rw,Z" "-v" "/var/lib/crater-agent-workspace/builds/worker-5-tc1/source:/opt/rustwide/workdir:ro,Z" "-v" "/var/lib/crater-agent-workspace/cargo-home:/opt/rustwide/cargo-home:ro,Z" "-v" "/var/lib/crater-agent-workspace/rustup-home:/opt/rustwide/rustup-home:ro,Z" "-e" "SOURCE_DIR=/opt/rustwide/workdir" "-e" "CARGO_TARGET_DIR=/opt/rustwide/target" "-e" "CARGO_INCREMENTAL=0" "-e" "RUST_BACKTRACE=full" "-e" "RUSTFLAGS=--cap-lints=warn" "-e" "RUSTDOCFLAGS=--cap-lints=warn" "-e" "CARGO_HOME=/opt/rustwide/cargo-home" "-e" "RUSTUP_HOME=/opt/rustwide/rustup-home" "-w" "/opt/rustwide/workdir" "-m" "1610612736" "--user" "0:0" "--network" "none" "ghcr.io/rust-lang/crates-build-env/linux@sha256:f3a9d4ad9d972b27faf3965f35b62e55ba32bbce8f20bc8fe909558a86702fde" "/opt/rustwide/cargo-home/bin/cargo" "+1.83.0" "test" "--frozen" "--no-run" "--message-format=json", kill_on_drop: false }`
[INFO] [stdout] 973591e7d11cee85568977dea053a9b0daa52c7493c119c007e4a6ca938e5cb0
[INFO] running `Command { std: "docker" "start" "-a" "973591e7d11cee85568977dea053a9b0daa52c7493c119c007e4a6ca938e5cb0", kill_on_drop: false }`
[INFO] [stderr]    Compiling wwsvc-rs-derive v3.1.4 (/opt/rustwide/workdir)
[INFO] [stderr]     Finished `test` profile [unoptimized + debuginfo] target(s) in 0.82s
[INFO] running `Command { std: "docker" "inspect" "973591e7d11cee85568977dea053a9b0daa52c7493c119c007e4a6ca938e5cb0", kill_on_drop: false }`
[INFO] running `Command { std: "docker" "rm" "-f" "973591e7d11cee85568977dea053a9b0daa52c7493c119c007e4a6ca938e5cb0", kill_on_drop: false }`
[INFO] [stdout] 973591e7d11cee85568977dea053a9b0daa52c7493c119c007e4a6ca938e5cb0
[INFO] running `Command { std: "docker" "create" "-v" "/var/lib/crater-agent-workspace/builds/worker-5-tc1/target:/opt/rustwide/target:rw,Z" "-v" "/var/lib/crater-agent-workspace/builds/worker-5-tc1/source:/opt/rustwide/workdir:ro,Z" "-v" "/var/lib/crater-agent-workspace/cargo-home:/opt/rustwide/cargo-home:ro,Z" "-v" "/var/lib/crater-agent-workspace/rustup-home:/opt/rustwide/rustup-home:ro,Z" "-e" "SOURCE_DIR=/opt/rustwide/workdir" "-e" "CARGO_TARGET_DIR=/opt/rustwide/target" "-e" "CARGO_INCREMENTAL=0" "-e" "RUST_BACKTRACE=full" "-e" "RUSTFLAGS=--cap-lints=warn" "-e" "RUSTDOCFLAGS=--cap-lints=warn" "-e" "CARGO_HOME=/opt/rustwide/cargo-home" "-e" "RUSTUP_HOME=/opt/rustwide/rustup-home" "-w" "/opt/rustwide/workdir" "-m" "1610612736" "--user" "0:0" "--network" "none" "ghcr.io/rust-lang/crates-build-env/linux@sha256:f3a9d4ad9d972b27faf3965f35b62e55ba32bbce8f20bc8fe909558a86702fde" "/opt/rustwide/cargo-home/bin/cargo" "+1.83.0" "test" "--frozen", kill_on_drop: false }`
[INFO] [stdout] 0d18b9b21ea95ca4b54fdb0e9fe5699bf4c23cbbcccfde9ae439f8779ef52259
[INFO] running `Command { std: "docker" "start" "-a" "0d18b9b21ea95ca4b54fdb0e9fe5699bf4c23cbbcccfde9ae439f8779ef52259", kill_on_drop: false }`
[INFO] [stderr]     Finished `test` profile [unoptimized + debuginfo] target(s) in 0.02s
[INFO] [stderr]      Running unittests src/lib.rs (/opt/rustwide/target/debug/deps/wwsvc_rs_derive-760b4df6f3d7dea2)
[INFO] [stdout] 
[INFO] [stdout] running 0 tests
[INFO] [stdout] 
[INFO] [stdout] test result: ok. 0 passed; 0 failed; 0 ignored; 0 measured; 0 filtered out; finished in 0.00s
[INFO] [stdout] 
[INFO] [stderr]    Doc-tests wwsvc_rs_derive
[INFO] [stdout] 
[INFO] [stdout] running 1 test
[INFO] [stdout] test src/lib.rs - wwsvc_wrapper_derive (line 70) ... FAILED
[INFO] [stdout] 
[INFO] [stdout] failures:
[INFO] [stdout] 
[INFO] [stdout] ---- src/lib.rs - wwsvc_wrapper_derive (line 70) stdout ----
[INFO] [stdout] error[E0432]: unresolved import `wwsvc_rs_proc`
[INFO] [stdout]  --> src/lib.rs:71:5
[INFO] [stdout]   |
[INFO] [stdout] 3 | use wwsvc_rs_proc::WWSVCGetData;
[INFO] [stdout]   |     ^^^^^^^^^^^^^ use of undeclared crate or module `wwsvc_rs_proc`
[INFO] [stdout] 
[INFO] [stdout] error[E0433]: failed to resolve: use of undeclared crate or module `serde`
[INFO] [stdout]  --> src/lib.rs:73:24
[INFO] [stdout]   |
[INFO] [stdout] 5 | #[derive(WWSVCGetData, serde::Deserialize, Clone)]
[INFO] [stdout]   |                        ^^^^^ use of undeclared crate or module `serde`
[INFO] [stdout] 
[INFO] [stdout] error: cannot find attribute `wwsvc` in this scope
[INFO] [stdout]  --> src/lib.rs:74:3
[INFO] [stdout]   |
[INFO] [stdout] 6 | #[wwsvc(function = "IDBID0026")]
[INFO] [stdout]   |   ^^^^^
[INFO] [stdout] 
[INFO] [stdout] error: cannot find attribute `serde` in this scope
[INFO] [stdout]  --> src/lib.rs:76:7
[INFO] [stdout]   |
[INFO] [stdout] 8 |     #[serde(rename = "IDB_0_20")]
[INFO] [stdout]   |       ^^^^^
[INFO] [stdout] 
[INFO] [stdout] error: aborting due to 4 previous errors
[INFO] [stdout] 
[INFO] [stdout] Some errors have detailed explanations: E0432, E0433.
[INFO] [stdout] For more information about an error, try `rustc --explain E0432`.
[INFO] [stdout] Couldn't compile the test.
[INFO] [stdout] 
[INFO] [stdout] failures:
[INFO] [stdout]     src/lib.rs - wwsvc_wrapper_derive (line 70)
[INFO] [stdout] 
[INFO] [stdout] test result: FAILED. 0 passed; 1 failed; 0 ignored; 0 measured; 0 filtered out; finished in 0.10s
[INFO] [stdout] 
[INFO] [stderr] error: doctest failed, to rerun pass `--doc`
[INFO] running `Command { std: "docker" "inspect" "0d18b9b21ea95ca4b54fdb0e9fe5699bf4c23cbbcccfde9ae439f8779ef52259", kill_on_drop: false }`
[INFO] running `Command { std: "docker" "rm" "-f" "0d18b9b21ea95ca4b54fdb0e9fe5699bf4c23cbbcccfde9ae439f8779ef52259", kill_on_drop: false }`
[INFO] [stdout] 0d18b9b21ea95ca4b54fdb0e9fe5699bf4c23cbbcccfde9ae439f8779ef52259
