[INFO] fetching crate wtf 0.1.0...
[INFO] testing wtf-0.1.0 against beta-2024-12-08 for beta-1.84.0-4-retry
[INFO] extracting crate wtf 0.1.0 into /workspace/builds/worker-1-tc2/source
[INFO] validating manifest of crates.io crate wtf 0.1.0 on toolchain beta-2024-12-08
[INFO] running `Command { std: CARGO_HOME="/workspace/cargo-home" RUSTUP_HOME="/workspace/rustup-home" "/workspace/cargo-home/bin/cargo" "+beta-2024-12-08" "metadata" "--manifest-path" "Cargo.toml" "--no-deps", kill_on_drop: false }`
[INFO] started tweaking crates.io crate wtf 0.1.0
[INFO] finished tweaking crates.io crate wtf 0.1.0
[INFO] tweaked toml for crates.io crate wtf 0.1.0 written to /workspace/builds/worker-1-tc2/source/Cargo.toml
[INFO] running `Command { std: CARGO_HOME="/workspace/cargo-home" RUSTUP_HOME="/workspace/rustup-home" "/workspace/cargo-home/bin/cargo" "+beta-2024-12-08" "generate-lockfile" "--manifest-path" "Cargo.toml", kill_on_drop: false }`
[INFO] [stderr]     Blocking waiting for file lock on package cache
[INFO] [stderr]     Updating crates.io index
[INFO] [stderr]     Blocking waiting for file lock on package cache
[INFO] [stderr]      Locking 50 packages to latest compatible versions
[INFO] [stderr]       Adding flume v0.10.14 (available: v0.11.1)
[INFO] running `Command { std: CARGO_HOME="/workspace/cargo-home" RUSTUP_HOME="/workspace/rustup-home" "/workspace/cargo-home/bin/cargo" "+beta-2024-12-08" "fetch" "--manifest-path" "Cargo.toml", kill_on_drop: false }`
[INFO] [stderr]     Blocking waiting for file lock on package cache
[INFO] running `Command { std: "docker" "create" "-v" "/var/lib/crater-agent-workspace/builds/worker-1-tc2/target:/opt/rustwide/target:rw,Z" "-v" "/var/lib/crater-agent-workspace/builds/worker-1-tc2/source:/opt/rustwide/workdir:ro,Z" "-v" "/var/lib/crater-agent-workspace/cargo-home:/opt/rustwide/cargo-home:ro,Z" "-v" "/var/lib/crater-agent-workspace/rustup-home:/opt/rustwide/rustup-home:ro,Z" "-e" "SOURCE_DIR=/opt/rustwide/workdir" "-e" "CARGO_TARGET_DIR=/opt/rustwide/target" "-e" "CARGO_HOME=/opt/rustwide/cargo-home" "-e" "RUSTUP_HOME=/opt/rustwide/rustup-home" "-w" "/opt/rustwide/workdir" "-m" "1610612736" "--user" "0:0" "--network" "none" "ghcr.io/rust-lang/crates-build-env/linux@sha256:f3a9d4ad9d972b27faf3965f35b62e55ba32bbce8f20bc8fe909558a86702fde" "/opt/rustwide/cargo-home/bin/cargo" "+beta-2024-12-08" "metadata" "--no-deps" "--format-version=1", kill_on_drop: false }`
[INFO] [stdout] 80eb6d3318f1b720cd02a2e05c7d44074eb2e9f69fa7dee8a80da3fefeba2545
[INFO] running `Command { std: "docker" "start" "-a" "80eb6d3318f1b720cd02a2e05c7d44074eb2e9f69fa7dee8a80da3fefeba2545", kill_on_drop: false }`
[INFO] running `Command { std: "docker" "inspect" "80eb6d3318f1b720cd02a2e05c7d44074eb2e9f69fa7dee8a80da3fefeba2545", kill_on_drop: false }`
[INFO] running `Command { std: "docker" "rm" "-f" "80eb6d3318f1b720cd02a2e05c7d44074eb2e9f69fa7dee8a80da3fefeba2545", kill_on_drop: false }`
[INFO] [stdout] 80eb6d3318f1b720cd02a2e05c7d44074eb2e9f69fa7dee8a80da3fefeba2545
[INFO] running `Command { std: "docker" "create" "-v" "/var/lib/crater-agent-workspace/builds/worker-1-tc2/target:/opt/rustwide/target:rw,Z" "-v" "/var/lib/crater-agent-workspace/builds/worker-1-tc2/source:/opt/rustwide/workdir:ro,Z" "-v" "/var/lib/crater-agent-workspace/cargo-home:/opt/rustwide/cargo-home:ro,Z" "-v" "/var/lib/crater-agent-workspace/rustup-home:/opt/rustwide/rustup-home:ro,Z" "-e" "SOURCE_DIR=/opt/rustwide/workdir" "-e" "CARGO_TARGET_DIR=/opt/rustwide/target" "-e" "CARGO_INCREMENTAL=0" "-e" "RUST_BACKTRACE=full" "-e" "RUSTFLAGS=--cap-lints=warn" "-e" "RUSTDOCFLAGS=--cap-lints=warn" "-e" "CARGO_HOME=/opt/rustwide/cargo-home" "-e" "RUSTUP_HOME=/opt/rustwide/rustup-home" "-w" "/opt/rustwide/workdir" "-m" "1610612736" "--user" "0:0" "--network" "none" "ghcr.io/rust-lang/crates-build-env/linux@sha256:f3a9d4ad9d972b27faf3965f35b62e55ba32bbce8f20bc8fe909558a86702fde" "/opt/rustwide/cargo-home/bin/cargo" "+beta-2024-12-08" "build" "--frozen" "--message-format=json", kill_on_drop: false }`
[INFO] [stdout] dac1d1b48c201d8bb520d5785d9d8e3e7cff8c63bdf994dd4955dbcedc826933
[INFO] running `Command { std: "docker" "start" "-a" "dac1d1b48c201d8bb520d5785d9d8e3e7cff8c63bdf994dd4955dbcedc826933", kill_on_drop: false }`
[INFO] [stderr]    Compiling proc-macro2 v1.0.92
[INFO] [stderr]    Compiling unicode-ident v1.0.14
[INFO] [stderr]    Compiling serde v1.0.216
[INFO] [stderr]    Compiling snap v1.1.1
[INFO] [stderr]    Compiling quote v1.0.37
[INFO] [stderr]    Compiling syn v2.0.90
[INFO] [stderr]    Compiling serde_derive v1.0.216
[INFO] [stderr]    Compiling bincode v1.3.3
[INFO] [stderr]    Compiling wtf v0.1.0 (/opt/rustwide/workdir)
[INFO] [stderr]     Finished `dev` profile [unoptimized + debuginfo] target(s) in 11.73s
[INFO] running `Command { std: "docker" "inspect" "dac1d1b48c201d8bb520d5785d9d8e3e7cff8c63bdf994dd4955dbcedc826933", kill_on_drop: false }`
[INFO] running `Command { std: "docker" "rm" "-f" "dac1d1b48c201d8bb520d5785d9d8e3e7cff8c63bdf994dd4955dbcedc826933", kill_on_drop: false }`
[INFO] [stdout] dac1d1b48c201d8bb520d5785d9d8e3e7cff8c63bdf994dd4955dbcedc826933
[INFO] running `Command { std: "docker" "create" "-v" "/var/lib/crater-agent-workspace/builds/worker-1-tc2/target:/opt/rustwide/target:rw,Z" "-v" "/var/lib/crater-agent-workspace/builds/worker-1-tc2/source:/opt/rustwide/workdir:ro,Z" "-v" "/var/lib/crater-agent-workspace/cargo-home:/opt/rustwide/cargo-home:ro,Z" "-v" "/var/lib/crater-agent-workspace/rustup-home:/opt/rustwide/rustup-home:ro,Z" "-e" "SOURCE_DIR=/opt/rustwide/workdir" "-e" "CARGO_TARGET_DIR=/opt/rustwide/target" "-e" "CARGO_INCREMENTAL=0" "-e" "RUST_BACKTRACE=full" "-e" "RUSTFLAGS=--cap-lints=warn" "-e" "RUSTDOCFLAGS=--cap-lints=warn" "-e" "CARGO_HOME=/opt/rustwide/cargo-home" "-e" "RUSTUP_HOME=/opt/rustwide/rustup-home" "-w" "/opt/rustwide/workdir" "-m" "1610612736" "--user" "0:0" "--network" "none" "ghcr.io/rust-lang/crates-build-env/linux@sha256:f3a9d4ad9d972b27faf3965f35b62e55ba32bbce8f20bc8fe909558a86702fde" "/opt/rustwide/cargo-home/bin/cargo" "+beta-2024-12-08" "test" "--frozen" "--no-run" "--message-format=json", kill_on_drop: false }`
[INFO] [stdout] 94c31984d9a191652dc7ad33c185bfff90597620b8d0bcf1d2d85d6528c569ff
[INFO] running `Command { std: "docker" "start" "-a" "94c31984d9a191652dc7ad33c185bfff90597620b8d0bcf1d2d85d6528c569ff", kill_on_drop: false }`
[INFO] [stderr]    Compiling wtf v0.1.0 (/opt/rustwide/workdir)
[INFO] [stderr]     Finished `test` profile [unoptimized + debuginfo] target(s) in 0.53s
[INFO] running `Command { std: "docker" "inspect" "94c31984d9a191652dc7ad33c185bfff90597620b8d0bcf1d2d85d6528c569ff", kill_on_drop: false }`
[INFO] running `Command { std: "docker" "rm" "-f" "94c31984d9a191652dc7ad33c185bfff90597620b8d0bcf1d2d85d6528c569ff", kill_on_drop: false }`
[INFO] [stdout] 94c31984d9a191652dc7ad33c185bfff90597620b8d0bcf1d2d85d6528c569ff
[INFO] running `Command { std: "docker" "create" "-v" "/var/lib/crater-agent-workspace/builds/worker-1-tc2/target:/opt/rustwide/target:rw,Z" "-v" "/var/lib/crater-agent-workspace/builds/worker-1-tc2/source:/opt/rustwide/workdir:ro,Z" "-v" "/var/lib/crater-agent-workspace/cargo-home:/opt/rustwide/cargo-home:ro,Z" "-v" "/var/lib/crater-agent-workspace/rustup-home:/opt/rustwide/rustup-home:ro,Z" "-e" "SOURCE_DIR=/opt/rustwide/workdir" "-e" "CARGO_TARGET_DIR=/opt/rustwide/target" "-e" "CARGO_INCREMENTAL=0" "-e" "RUST_BACKTRACE=full" "-e" "RUSTFLAGS=--cap-lints=warn" "-e" "RUSTDOCFLAGS=--cap-lints=warn" "-e" "CARGO_HOME=/opt/rustwide/cargo-home" "-e" "RUSTUP_HOME=/opt/rustwide/rustup-home" "-w" "/opt/rustwide/workdir" "-m" "1610612736" "--user" "0:0" "--network" "none" "ghcr.io/rust-lang/crates-build-env/linux@sha256:f3a9d4ad9d972b27faf3965f35b62e55ba32bbce8f20bc8fe909558a86702fde" "/opt/rustwide/cargo-home/bin/cargo" "+beta-2024-12-08" "test" "--frozen", kill_on_drop: false }`
[INFO] [stdout] 6ce0221a418133ec8147ceaf0d193470b493c640942ed600e71043331c746bbb
[INFO] running `Command { std: "docker" "start" "-a" "6ce0221a418133ec8147ceaf0d193470b493c640942ed600e71043331c746bbb", kill_on_drop: false }`
[INFO] [stderr]     Finished `test` profile [unoptimized + debuginfo] target(s) in 0.04s
[INFO] [stderr]      Running unittests src/lib.rs (/opt/rustwide/target/debug/deps/wtf-8eaadb2760f3ffcb)
[INFO] [stdout] 
[INFO] [stdout] running 0 tests
[INFO] [stdout] 
[INFO] [stdout] test result: ok. 0 passed; 0 failed; 0 ignored; 0 measured; 0 filtered out; finished in 0.00s
[INFO] [stdout] 
[INFO] [stderr]    Doc-tests wtf
[INFO] [stdout] 
[INFO] [stdout] running 3 tests
[INFO] [stdout] test src/lib.rs - (line 40) ... FAILED
[INFO] [stdout] test src/lib.rs - (line 32) ... FAILED
[INFO] [stdout] test src/lib.rs - (line 35) ... FAILED
[INFO] [stdout] 
[INFO] [stdout] failures:
[INFO] [stdout] 
[INFO] [stdout] ---- src/lib.rs - (line 40) stdout ----
[INFO] [stdout] error[E0433]: failed to resolve: use of undeclared crate or module `winit`
[INFO] [stdout]  --> src/lib.rs:45:5
[INFO] [stdout]   |
[INFO] [stdout] 7 | use winit::event::Event;
[INFO] [stdout]   |     ^^^^^ use of undeclared crate or module `winit`
[INFO] [stdout] 
[INFO] [stdout] error[E0425]: cannot find value `event_loop` in this scope
[INFO] [stdout]   --> src/lib.rs:73:5
[INFO] [stdout]    |
[INFO] [stdout] 35 |     event_loop.run(move |event, _, _| match &event {
[INFO] [stdout]    |     ^^^^^^^^^^ not found in this scope
[INFO] [stdout] 
[INFO] [stdout] error[E0425]: cannot find value `window` in this scope
[INFO] [stdout]   --> src/lib.rs:84:13
[INFO] [stdout]    |
[INFO] [stdout] 46 |             window.request_redraw();
[INFO] [stdout]    |             ^^^^^^ not found in this scope
[INFO] [stdout] 
[INFO] [stdout] error[E0425]: cannot find function `thread_task_1` in this scope
[INFO] [stdout]   --> src/lib.rs:59:21
[INFO] [stdout]    |
[INFO] [stdout] 21 |                     thread_task_1();
[INFO] [stdout]    |                     ^^^^^^^^^^^^^ not found in this scope
[INFO] [stdout] 
[INFO] [stdout] error[E0425]: cannot find function `thread_task_2` in this scope
[INFO] [stdout]   --> src/lib.rs:60:21
[INFO] [stdout]    |
[INFO] [stdout] 22 |                     thread_task_2();
[INFO] [stdout]    |                     ^^^^^^^^^^^^^ not found in this scope
[INFO] [stdout] 
[INFO] [stdout] error[E0425]: cannot find function `thread_task_3` in this scope
[INFO] [stdout]   --> src/lib.rs:61:21
[INFO] [stdout]    |
[INFO] [stdout] 23 |                     thread_task_3();
[INFO] [stdout]    |                     ^^^^^^^^^^^^^ not found in this scope
[INFO] [stdout] 
[INFO] [stdout] error[E0425]: cannot find function `thread_task_4` in this scope
[INFO] [stdout]   --> src/lib.rs:66:21
[INFO] [stdout]    |
[INFO] [stdout] 28 |                     thread_task_4();
[INFO] [stdout]    |                     ^^^^^^^^^^^^^ not found in this scope
[INFO] [stdout] 
[INFO] [stdout] error[E0425]: cannot find function `thread_task_5` in this scope
[INFO] [stdout]   --> src/lib.rs:67:21
[INFO] [stdout]    |
[INFO] [stdout] 29 |                     thread_task_5();
[INFO] [stdout]    |                     ^^^^^^^^^^^^^ not found in this scope
[INFO] [stdout] 
[INFO] [stdout] error[E0425]: cannot find function `update_state` in this scope
[INFO] [stdout]   --> src/lib.rs:80:13
[INFO] [stdout]    |
[INFO] [stdout] 42 |             update_state();
[INFO] [stdout]    |             ^^^^^^^^^^^^ not found in this scope
[INFO] [stdout] 
[INFO] [stdout] error[E0425]: cannot find function `update_positions` in this scope
[INFO] [stdout]   --> src/lib.rs:81:13
[INFO] [stdout]    |
[INFO] [stdout] 43 |             update_positions();
[INFO] [stdout]    |             ^^^^^^^^^^^^^^^^ not found in this scope
[INFO] [stdout] 
[INFO] [stdout] error: aborting due to 10 previous errors
[INFO] [stdout] 
[INFO] [stdout] Some errors have detailed explanations: E0425, E0433.
[INFO] [stdout] For more information about an error, try `rustc --explain E0425`.
[INFO] [stdout] Couldn't compile the test.
[INFO] [stdout] ---- src/lib.rs - (line 32) stdout ----
[INFO] [stdout] error[E0433]: failed to resolve: use of undeclared type `Profiler`
[INFO] [stdout]  --> src/lib.rs:33:16
[INFO] [stdout]   |
[INFO] [stdout] 3 | let _profile = Profiler::new_frame();
[INFO] [stdout]   |                ^^^^^^^^ use of undeclared type `Profiler`
[INFO] [stdout]   |
[INFO] [stdout] help: consider importing this struct
[INFO] [stdout]   |
[INFO] [stdout] 2 + use wtf::Profiler;
[INFO] [stdout]   |
[INFO] [stdout] 
[INFO] [stdout] error: aborting due to 1 previous error
[INFO] [stdout] 
[INFO] [stdout] For more information about this error, try `rustc --explain E0433`.
[INFO] [stdout] Couldn't compile the test.
[INFO] [stdout] ---- src/lib.rs - (line 35) stdout ----
[INFO] [stdout] error[E0433]: failed to resolve: use of undeclared type `Profiler`
[INFO] [stdout]  --> src/lib.rs:36:16
[INFO] [stdout]   |
[INFO] [stdout] 3 | let _profile = Profiler::new_task("foo");
[INFO] [stdout]   |                ^^^^^^^^ use of undeclared type `Profiler`
[INFO] [stdout]   |
[INFO] [stdout] help: consider importing this struct
[INFO] [stdout]   |
[INFO] [stdout] 2 + use wtf::Profiler;
[INFO] [stdout]   |
[INFO] [stdout] 
[INFO] [stdout] error: aborting due to 1 previous error
[INFO] [stdout] 
[INFO] [stdout] For more information about this error, try `rustc --explain E0433`.
[INFO] [stdout] Couldn't compile the test.
[INFO] [stdout] 
[INFO] [stdout] failures:
[INFO] [stdout]     src/lib.rs - (line 32)
[INFO] [stdout]     src/lib.rs - (line 35)
[INFO] [stdout]     src/lib.rs - (line 40)
[INFO] [stdout] 
[INFO] [stdout] test result: FAILED. 0 passed; 3 failed; 0 ignored; 0 measured; 0 filtered out; finished in 0.20s
[INFO] [stdout] 
[INFO] [stderr] error: doctest failed, to rerun pass `--doc`
[INFO] running `Command { std: "docker" "inspect" "6ce0221a418133ec8147ceaf0d193470b493c640942ed600e71043331c746bbb", kill_on_drop: false }`
[INFO] running `Command { std: "docker" "rm" "-f" "6ce0221a418133ec8147ceaf0d193470b493c640942ed600e71043331c746bbb", kill_on_drop: false }`
[INFO] [stdout] 6ce0221a418133ec8147ceaf0d193470b493c640942ed600e71043331c746bbb
