[INFO] fetching crate ws-sdk 0.1.17...
[INFO] testing ws-sdk-0.1.17 against 1.83.0 for beta-1.84.0-4-retry
[INFO] extracting crate ws-sdk 0.1.17 into /workspace/builds/worker-7-tc1/source
[INFO] validating manifest of crates.io crate ws-sdk 0.1.17 on toolchain 1.83.0
[INFO] running `Command { std: CARGO_HOME="/workspace/cargo-home" RUSTUP_HOME="/workspace/rustup-home" "/workspace/cargo-home/bin/cargo" "+1.83.0" "metadata" "--manifest-path" "Cargo.toml" "--no-deps", kill_on_drop: false }`
[INFO] started tweaking crates.io crate ws-sdk 0.1.17
[INFO] finished tweaking crates.io crate ws-sdk 0.1.17
[INFO] tweaked toml for crates.io crate ws-sdk 0.1.17 written to /workspace/builds/worker-7-tc1/source/Cargo.toml
[INFO] running `Command { std: CARGO_HOME="/workspace/cargo-home" RUSTUP_HOME="/workspace/rustup-home" "/workspace/cargo-home/bin/cargo" "+1.83.0" "generate-lockfile" "--manifest-path" "Cargo.toml", kill_on_drop: false }`
[INFO] [stderr]     Blocking waiting for file lock on package cache
[INFO] [stderr]     Updating crates.io index
[INFO] [stderr]     Blocking waiting for file lock on package cache
[INFO] [stderr]      Locking 93 packages to latest compatible versions
[INFO] [stderr]       Adding base64 v0.21.7 (available: v0.22.1)
[INFO] [stderr]       Adding serde_with v2.3.3 (available: v3.11.0)
[INFO] running `Command { std: CARGO_HOME="/workspace/cargo-home" RUSTUP_HOME="/workspace/rustup-home" "/workspace/cargo-home/bin/cargo" "+1.83.0" "fetch" "--manifest-path" "Cargo.toml", kill_on_drop: false }`
[INFO] [stderr]     Blocking waiting for file lock on package cache
[INFO] [stderr]  Downloading crates ...
[INFO] [stderr]   Downloaded unicode-ident v1.0.14
[INFO] [stderr]   Downloaded serde_derive v1.0.216
[INFO] [stderr]   Downloaded serde v1.0.216
[INFO] [stderr]   Downloaded proc-macro2 v1.0.92
[INFO] [stderr]   Downloaded serde_with v2.3.3
[INFO] [stderr]   Downloaded time-macros v0.2.19
[INFO] [stderr]   Downloaded syn v2.0.90
[INFO] [stderr]   Downloaded group v0.13.0
[INFO] [stderr]   Downloaded rfc6979 v0.4.0
[INFO] [stderr]   Downloaded shlex v1.3.0
[INFO] [stderr]   Downloaded cc v1.2.4
[INFO] [stderr]   Downloaded base64 v0.21.7
[INFO] [stderr]   Downloaded anyhow v1.0.94
[INFO] [stderr]   Downloaded hmac v0.12.1
[INFO] [stderr]   Downloaded chrono v0.4.39
[INFO] [stderr]   Downloaded pem-rfc7468 v0.7.0
[INFO] [stderr]   Downloaded ff v0.13.0
[INFO] [stderr]   Downloaded js-sys v0.3.76
[INFO] [stderr]   Downloaded primeorder v0.13.6
[INFO] [stderr]   Downloaded darling v0.20.10
[INFO] [stderr]   Downloaded ecdsa v0.16.9
[INFO] [stderr]   Downloaded crypto-bigint v0.5.5
[INFO] [stderr]   Downloaded spki v0.7.3
[INFO] [stderr]   Downloaded subtle v2.6.1
[INFO] [stderr]   Downloaded once_cell v1.20.2
[INFO] [stderr]   Downloaded wasm-bindgen-backend v0.2.99
[INFO] [stderr]   Downloaded wasm-bindgen v0.2.99
[INFO] [stderr]   Downloaded k256 v0.13.4
[INFO] [stderr]   Downloaded libc v0.2.168
[INFO] [stderr]   Downloaded autocfg v1.4.0
[INFO] [stderr]   Downloaded darling_macro v0.20.10
[INFO] [stderr]   Downloaded serde_with_macros v2.3.3
[INFO] [stderr]   Downloaded pkcs8 v0.10.2
[INFO] [stderr]   Downloaded sec1 v0.7.3
[INFO] [stderr]   Downloaded der v0.7.9
[INFO] [stderr]   Downloaded bumpalo v3.16.0
[INFO] [stderr]   Downloaded serde_json v1.0.133
[INFO] [stderr]   Downloaded signature v2.2.0
[INFO] [stderr]   Downloaded base16ct v0.2.0
[INFO] [stderr]   Downloaded base64ct v1.6.0
[INFO] [stderr]   Downloaded cpufeatures v0.2.16
[INFO] [stderr]   Downloaded version_check v0.9.5
[INFO] [stderr]   Downloaded zeroize v1.8.1
[INFO] [stderr]   Downloaded sha2 v0.10.8
[INFO] [stderr]   Downloaded log v0.4.22
[INFO] [stderr]   Downloaded wasm-bindgen-shared v0.2.99
[INFO] [stderr]   Downloaded wasm-bindgen-macro-support v0.2.99
[INFO] [stderr]   Downloaded wasm-bindgen-macro v0.2.99
[INFO] [stderr]   Downloaded num-traits v0.2.19
[INFO] [stderr]   Downloaded memchr v2.7.4
[INFO] [stderr]   Downloaded ryu v1.0.18
[INFO] [stderr]   Downloaded darling_core v0.20.10
[INFO] [stderr]   Downloaded itoa v1.0.14
[INFO] [stderr]   Downloaded time v0.3.37
[INFO] [stderr]   Downloaded elliptic-curve v0.13.8
[INFO] [stderr]   Downloaded const-oid v0.9.6
[INFO] [stderr]   Downloaded p256 v0.13.2
[INFO] [stderr]   Downloaded core-foundation-sys v0.8.7
[INFO] [stderr]   Downloaded iana-time-zone v0.1.61
[INFO] running `Command { std: "docker" "create" "-v" "/var/lib/crater-agent-workspace/builds/worker-7-tc1/target:/opt/rustwide/target:rw,Z" "-v" "/var/lib/crater-agent-workspace/builds/worker-7-tc1/source:/opt/rustwide/workdir:ro,Z" "-v" "/var/lib/crater-agent-workspace/cargo-home:/opt/rustwide/cargo-home:ro,Z" "-v" "/var/lib/crater-agent-workspace/rustup-home:/opt/rustwide/rustup-home:ro,Z" "-e" "SOURCE_DIR=/opt/rustwide/workdir" "-e" "CARGO_TARGET_DIR=/opt/rustwide/target" "-e" "CARGO_HOME=/opt/rustwide/cargo-home" "-e" "RUSTUP_HOME=/opt/rustwide/rustup-home" "-w" "/opt/rustwide/workdir" "-m" "1610612736" "--user" "0:0" "--network" "none" "ghcr.io/rust-lang/crates-build-env/linux@sha256:f3a9d4ad9d972b27faf3965f35b62e55ba32bbce8f20bc8fe909558a86702fde" "/opt/rustwide/cargo-home/bin/cargo" "+1.83.0" "metadata" "--no-deps" "--format-version=1", kill_on_drop: false }`
[INFO] [stdout] 64095977ee1359823c5fdbbc798e28b11018116bf4aec4ea6f1137970e6c3c21
[INFO] running `Command { std: "docker" "start" "-a" "64095977ee1359823c5fdbbc798e28b11018116bf4aec4ea6f1137970e6c3c21", kill_on_drop: false }`
[INFO] running `Command { std: "docker" "inspect" "64095977ee1359823c5fdbbc798e28b11018116bf4aec4ea6f1137970e6c3c21", kill_on_drop: false }`
[INFO] running `Command { std: "docker" "rm" "-f" "64095977ee1359823c5fdbbc798e28b11018116bf4aec4ea6f1137970e6c3c21", kill_on_drop: false }`
[INFO] [stdout] 64095977ee1359823c5fdbbc798e28b11018116bf4aec4ea6f1137970e6c3c21
[INFO] running `Command { std: "docker" "create" "-v" "/var/lib/crater-agent-workspace/builds/worker-7-tc1/target:/opt/rustwide/target:rw,Z" "-v" "/var/lib/crater-agent-workspace/builds/worker-7-tc1/source:/opt/rustwide/workdir:ro,Z" "-v" "/var/lib/crater-agent-workspace/cargo-home:/opt/rustwide/cargo-home:ro,Z" "-v" "/var/lib/crater-agent-workspace/rustup-home:/opt/rustwide/rustup-home:ro,Z" "-e" "SOURCE_DIR=/opt/rustwide/workdir" "-e" "CARGO_TARGET_DIR=/opt/rustwide/target" "-e" "CARGO_INCREMENTAL=0" "-e" "RUST_BACKTRACE=full" "-e" "RUSTFLAGS=--cap-lints=warn" "-e" "RUSTDOCFLAGS=--cap-lints=warn" "-e" "CARGO_HOME=/opt/rustwide/cargo-home" "-e" "RUSTUP_HOME=/opt/rustwide/rustup-home" "-w" "/opt/rustwide/workdir" "-m" "1610612736" "--user" "0:0" "--network" "none" "ghcr.io/rust-lang/crates-build-env/linux@sha256:f3a9d4ad9d972b27faf3965f35b62e55ba32bbce8f20bc8fe909558a86702fde" "/opt/rustwide/cargo-home/bin/cargo" "+1.83.0" "build" "--frozen" "--message-format=json", kill_on_drop: false }`
[INFO] [stdout] dd35085ffd8e671166c92900944f11410451ad0fc84901487a7eccbe41c8af64
[INFO] running `Command { std: "docker" "start" "-a" "dd35085ffd8e671166c92900944f11410451ad0fc84901487a7eccbe41c8af64", kill_on_drop: false }`
[INFO] [stderr]    Compiling version_check v0.9.5
[INFO] [stderr]    Compiling zeroize v1.8.1
[INFO] [stderr]    Compiling const-oid v0.9.6
[INFO] [stderr]    Compiling fnv v1.0.7
[INFO] [stderr]    Compiling ident_case v1.0.1
[INFO] [stderr]    Compiling strsim v0.11.1
[INFO] [stderr]    Compiling subtle v2.6.1
[INFO] [stderr]    Compiling syn v2.0.90
[INFO] [stderr]    Compiling rand_core v0.6.4
[INFO] [stderr]    Compiling serde v1.0.216
[INFO] [stderr]    Compiling der v0.7.9
[INFO] [stderr]    Compiling base16ct v0.2.0
[INFO] [stderr]    Compiling anyhow v1.0.94
[INFO] [stderr]    Compiling serde_json v1.0.133
[INFO] [stderr]    Compiling itoa v1.0.14
[INFO] [stderr]    Compiling memchr v2.7.4
[INFO] [stderr]    Compiling generic-array v0.14.7
[INFO] [stderr]    Compiling ryu v1.0.18
[INFO] [stderr]    Compiling base64 v0.21.7
[INFO] [stderr]    Compiling hex v0.4.3
[INFO] [stderr]    Compiling crypto-common v0.1.6
[INFO] [stderr]    Compiling block-buffer v0.10.4
[INFO] [stderr]    Compiling crypto-bigint v0.5.5
[INFO] [stderr]    Compiling digest v0.10.7
[INFO] [stderr]    Compiling sec1 v0.7.3
[INFO] [stderr]    Compiling signature v2.2.0
[INFO] [stderr]    Compiling elliptic-curve v0.13.8
[INFO] [stderr]    Compiling ecdsa v0.16.9
[INFO] [stderr]    Compiling darling_core v0.20.10
[INFO] [stderr]    Compiling serde_derive v1.0.216
[INFO] [stderr]    Compiling darling_macro v0.20.10
[INFO] [stderr]    Compiling darling v0.20.10
[INFO] [stderr]    Compiling serde_with_macros v2.3.3
[INFO] [stderr]    Compiling serde_with v2.3.3
[INFO] [stderr]    Compiling ws-sdk v0.1.17 (/opt/rustwide/workdir)
[INFO] [stdout] warning: unused import: `self::alloc::*`
[INFO] [stdout]  --> src/host/mod.rs:4:9
[INFO] [stdout]   |
[INFO] [stdout] 4 | pub use self::alloc::*;
[INFO] [stdout]   |         ^^^^^^^^^^^^^^
[INFO] [stdout]   |
[INFO] [stdout]   = note: `#[warn(unused_imports)]` on by default
[INFO] [stdout] 
[INFO] [stdout] 
[INFO] [stderr]     Finished `dev` profile [unoptimized + debuginfo] target(s) in 26.83s
[INFO] running `Command { std: "docker" "inspect" "dd35085ffd8e671166c92900944f11410451ad0fc84901487a7eccbe41c8af64", kill_on_drop: false }`
[INFO] running `Command { std: "docker" "rm" "-f" "dd35085ffd8e671166c92900944f11410451ad0fc84901487a7eccbe41c8af64", kill_on_drop: false }`
[INFO] [stdout] dd35085ffd8e671166c92900944f11410451ad0fc84901487a7eccbe41c8af64
[INFO] running `Command { std: "docker" "create" "-v" "/var/lib/crater-agent-workspace/builds/worker-7-tc1/target:/opt/rustwide/target:rw,Z" "-v" "/var/lib/crater-agent-workspace/builds/worker-7-tc1/source:/opt/rustwide/workdir:ro,Z" "-v" "/var/lib/crater-agent-workspace/cargo-home:/opt/rustwide/cargo-home:ro,Z" "-v" "/var/lib/crater-agent-workspace/rustup-home:/opt/rustwide/rustup-home:ro,Z" "-e" "SOURCE_DIR=/opt/rustwide/workdir" "-e" "CARGO_TARGET_DIR=/opt/rustwide/target" "-e" "CARGO_INCREMENTAL=0" "-e" "RUST_BACKTRACE=full" "-e" "RUSTFLAGS=--cap-lints=warn" "-e" "RUSTDOCFLAGS=--cap-lints=warn" "-e" "CARGO_HOME=/opt/rustwide/cargo-home" "-e" "RUSTUP_HOME=/opt/rustwide/rustup-home" "-w" "/opt/rustwide/workdir" "-m" "1610612736" "--user" "0:0" "--network" "none" "ghcr.io/rust-lang/crates-build-env/linux@sha256:f3a9d4ad9d972b27faf3965f35b62e55ba32bbce8f20bc8fe909558a86702fde" "/opt/rustwide/cargo-home/bin/cargo" "+1.83.0" "test" "--frozen" "--no-run" "--message-format=json", kill_on_drop: false }`
[INFO] [stdout] 2273b73e03ebfb05d73a51cb876e9ba1d689643eae9f9f392ba8d93b2ae92a0f
[INFO] running `Command { std: "docker" "start" "-a" "2273b73e03ebfb05d73a51cb876e9ba1d689643eae9f9f392ba8d93b2ae92a0f", kill_on_drop: false }`
[INFO] [stderr]    Compiling ws-sdk v0.1.17 (/opt/rustwide/workdir)
[INFO] [stdout] warning: unused import: `self::alloc::*`
[INFO] [stdout]  --> src/host/mod.rs:4:9
[INFO] [stdout]   |
[INFO] [stdout] 4 | pub use self::alloc::*;
[INFO] [stdout]   |         ^^^^^^^^^^^^^^
[INFO] [stdout]   |
[INFO] [stdout]   = note: `#[warn(unused_imports)]` on by default
[INFO] [stdout] 
[INFO] [stdout] 
[INFO] [stdout] warning: unused import: `self::alloc::*`
[INFO] [stdout]  --> src/host/mod.rs:4:9
[INFO] [stdout]   |
[INFO] [stdout] 4 | pub use self::alloc::*;
[INFO] [stdout]   |         ^^^^^^^^^^^^^^
[INFO] [stdout]   |
[INFO] [stdout]   = note: `#[warn(unused_imports)]` on by default
[INFO] [stdout] 
[INFO] [stdout] 
[INFO] [stderr]     Finished `test` profile [unoptimized + debuginfo] target(s) in 0.64s
[INFO] running `Command { std: "docker" "inspect" "2273b73e03ebfb05d73a51cb876e9ba1d689643eae9f9f392ba8d93b2ae92a0f", kill_on_drop: false }`
[INFO] running `Command { std: "docker" "rm" "-f" "2273b73e03ebfb05d73a51cb876e9ba1d689643eae9f9f392ba8d93b2ae92a0f", kill_on_drop: false }`
[INFO] [stdout] 2273b73e03ebfb05d73a51cb876e9ba1d689643eae9f9f392ba8d93b2ae92a0f
[INFO] running `Command { std: "docker" "create" "-v" "/var/lib/crater-agent-workspace/builds/worker-7-tc1/target:/opt/rustwide/target:rw,Z" "-v" "/var/lib/crater-agent-workspace/builds/worker-7-tc1/source:/opt/rustwide/workdir:ro,Z" "-v" "/var/lib/crater-agent-workspace/cargo-home:/opt/rustwide/cargo-home:ro,Z" "-v" "/var/lib/crater-agent-workspace/rustup-home:/opt/rustwide/rustup-home:ro,Z" "-e" "SOURCE_DIR=/opt/rustwide/workdir" "-e" "CARGO_TARGET_DIR=/opt/rustwide/target" "-e" "CARGO_INCREMENTAL=0" "-e" "RUST_BACKTRACE=full" "-e" "RUSTFLAGS=--cap-lints=warn" "-e" "RUSTDOCFLAGS=--cap-lints=warn" "-e" "CARGO_HOME=/opt/rustwide/cargo-home" "-e" "RUSTUP_HOME=/opt/rustwide/rustup-home" "-w" "/opt/rustwide/workdir" "-m" "1610612736" "--user" "0:0" "--network" "none" "ghcr.io/rust-lang/crates-build-env/linux@sha256:f3a9d4ad9d972b27faf3965f35b62e55ba32bbce8f20bc8fe909558a86702fde" "/opt/rustwide/cargo-home/bin/cargo" "+1.83.0" "test" "--frozen", kill_on_drop: false }`
[INFO] [stdout] a038ff61d2e32c54ff4e815975fd3f2c70e57ff538bfc17bfcc3f4f191590ba1
[INFO] running `Command { std: "docker" "start" "-a" "a038ff61d2e32c54ff4e815975fd3f2c70e57ff538bfc17bfcc3f4f191590ba1", kill_on_drop: false }`
[INFO] [stderr] warning: unused import: `self::alloc::*`
[INFO] [stderr]  --> src/host/mod.rs:4:9
[INFO] [stderr]   |
[INFO] [stderr] 4 | pub use self::alloc::*;
[INFO] [stderr]   |         ^^^^^^^^^^^^^^
[INFO] [stderr]   |
[INFO] [stderr]   = note: `#[warn(unused_imports)]` on by default
[INFO] [stderr] 
[INFO] [stderr] warning: `ws-sdk` (lib) generated 1 warning (run `cargo fix --lib -p ws-sdk` to apply 1 suggestion)
[INFO] [stderr] warning: `ws-sdk` (lib test) generated 1 warning (1 duplicate)
[INFO] [stderr]     Finished `test` profile [unoptimized + debuginfo] target(s) in 0.09s
[INFO] [stderr]      Running unittests src/lib.rs (/opt/rustwide/target/debug/deps/ws_sdk-163c55b96d0472d2)
[INFO] [stdout] 
[INFO] [stdout] running 0 tests
[INFO] [stdout] 
[INFO] [stdout] test result: ok. 0 passed; 0 failed; 0 ignored; 0 measured; 0 filtered out; finished in 0.00s
[INFO] [stdout] 
[INFO] [stderr]    Doc-tests ws_sdk
[INFO] [stdout] 
[INFO] [stdout] running 14 tests
[INFO] [stdout] test src/blockchain/jrpc.rs - blockchain::jrpc::send_tx (line 19) - compile ... FAILED
[INFO] [stdout] test src/database/kv.rs - database::kv::set (line 25) - compile ... FAILED
[INFO] [stdout] test src/lib.rs - (line 29) - compile ... ok
[INFO] [stdout] test src/log/log.rs - log::log::log_error (line 32) - compile ... FAILED
[INFO] [stdout] test src/blockchain/jrpc.rs - blockchain::jrpc::call_contract (line 56) - compile ... FAILED
[INFO] [stdout] test src/database/sql.rs - database::sql::execute (line 10) - compile ... FAILED
[INFO] [stdout] test src/database/sql.rs - database::sql::query (line 32) - compile ... FAILED
[INFO] [stdout] test src/database/kv.rs - database::kv::get (line 8) - compile ... FAILED
[INFO] [stdout] test src/log/log.rs - log::log::log_info (line 17) - compile ... FAILED
[INFO] [stdout] test src/stream/mqtt.rs - stream::mqtt::publish (line 8) - compile ... FAILED
[INFO] [stdout] test src/metrics/metrics.rs - metrics::metrics::submit_metrics (line 9) - compile ... FAILED
[INFO] [stdout] test src/stream/env.rs - stream::env::get_env (line 8) - compile ... FAILED
[INFO] [stdout] test src/stream/data.rs - stream::data::get_data (line 8) - compile ... FAILED
[INFO] [stdout] test src/stream/data.rs - stream::data::set_data (line 25) - compile ... FAILED
[INFO] [stdout] 
[INFO] [stdout] failures:
[INFO] [stdout] 
[INFO] [stdout] ---- src/blockchain/jrpc.rs - blockchain::jrpc::send_tx (line 19) stdout ----
[INFO] [stdout] error: expected one of `::`, `;`, or `as`, found `-`
[INFO] [stdout]  --> src/blockchain/jrpc.rs:20:7
[INFO] [stdout]   |
[INFO] [stdout] 3 | use ws-sdk::blockchain::send_tx
[INFO] [stdout]   |       ^ expected one of `::`, `;`, or `as`
[INFO] [stdout] 
[INFO] [stdout] error: aborting due to 1 previous error
[INFO] [stdout] 
[INFO] [stdout] Couldn't compile the test.
[INFO] [stdout] ---- src/database/kv.rs - database::kv::set (line 25) stdout ----
[INFO] [stdout] error: expected one of `::`, `;`, or `as`, found `-`
[INFO] [stdout]  --> src/database/kv.rs:26:7
[INFO] [stdout]   |
[INFO] [stdout] 3 | use ws-sdk::database::kv::set
[INFO] [stdout]   |       ^ expected one of `::`, `;`, or `as`
[INFO] [stdout] 
[INFO] [stdout] error: aborting due to 1 previous error
[INFO] [stdout] 
[INFO] [stdout] Couldn't compile the test.
[INFO] [stdout] ---- src/log/log.rs - log::log::log_error (line 32) stdout ----
[INFO] [stdout] error: expected one of `::`, `;`, or `as`, found `-`
[INFO] [stdout]  --> src/log/log.rs:33:7
[INFO] [stdout]   |
[INFO] [stdout] 3 | use ws-sdk::log::log_error
[INFO] [stdout]   |       ^ expected one of `::`, `;`, or `as`
[INFO] [stdout] 
[INFO] [stdout] error: aborting due to 1 previous error
[INFO] [stdout] 
[INFO] [stdout] Couldn't compile the test.
[INFO] [stdout] ---- src/blockchain/jrpc.rs - blockchain::jrpc::call_contract (line 56) stdout ----
[INFO] [stdout] error: expected one of `::`, `;`, or `as`, found `-`
[INFO] [stdout]  --> src/blockchain/jrpc.rs:57:7
[INFO] [stdout]   |
[INFO] [stdout] 3 | use ws-sdk::blockchain::call_contract
[INFO] [stdout]   |       ^ expected one of `::`, `;`, or `as`
[INFO] [stdout] 
[INFO] [stdout] error: aborting due to 1 previous error
[INFO] [stdout] 
[INFO] [stdout] Couldn't compile the test.
[INFO] [stdout] ---- src/database/sql.rs - database::sql::execute (line 10) stdout ----
[INFO] [stdout] error: expected one of `::`, `;`, or `as`, found `-`
[INFO] [stdout]  --> src/database/sql.rs:11:7
[INFO] [stdout]   |
[INFO] [stdout] 3 | use ws-sdk::database::sql::execute
[INFO] [stdout]   |       ^ expected one of `::`, `;`, or `as`
[INFO] [stdout] 
[INFO] [stdout] error: aborting due to 1 previous error
[INFO] [stdout] 
[INFO] [stdout] Couldn't compile the test.
[INFO] [stdout] ---- src/database/sql.rs - database::sql::query (line 32) stdout ----
[INFO] [stdout] error: expected one of `::`, `;`, or `as`, found `-`
[INFO] [stdout]  --> src/database/sql.rs:33:7
[INFO] [stdout]   |
[INFO] [stdout] 3 | use ws-sdk::database::sql::query
[INFO] [stdout]   |       ^ expected one of `::`, `;`, or `as`
[INFO] [stdout] 
[INFO] [stdout] error: aborting due to 1 previous error
[INFO] [stdout] 
[INFO] [stdout] Couldn't compile the test.
[INFO] [stdout] ---- src/database/kv.rs - database::kv::get (line 8) stdout ----
[INFO] [stdout] error: expected one of `::`, `;`, or `as`, found `-`
[INFO] [stdout]  --> src/database/kv.rs:9:7
[INFO] [stdout]   |
[INFO] [stdout] 3 | use ws-sdk::database::kv::get
[INFO] [stdout]   |       ^ expected one of `::`, `;`, or `as`
[INFO] [stdout] 
[INFO] [stdout] error: aborting due to 1 previous error
[INFO] [stdout] 
[INFO] [stdout] Couldn't compile the test.
[INFO] [stdout] ---- src/log/log.rs - log::log::log_info (line 17) stdout ----
[INFO] [stdout] error: expected one of `::`, `;`, or `as`, found `-`
[INFO] [stdout]  --> src/log/log.rs:18:7
[INFO] [stdout]   |
[INFO] [stdout] 3 | use ws-sdk::log::log_info
[INFO] [stdout]   |       ^ expected one of `::`, `;`, or `as`
[INFO] [stdout] 
[INFO] [stdout] error: aborting due to 1 previous error
[INFO] [stdout] 
[INFO] [stdout] Couldn't compile the test.
[INFO] [stdout] ---- src/stream/mqtt.rs - stream::mqtt::publish (line 8) stdout ----
[INFO] [stdout] error: expected one of `::`, `;`, or `as`, found `-`
[INFO] [stdout]  --> src/stream/mqtt.rs:9:7
[INFO] [stdout]   |
[INFO] [stdout] 3 | use ws-sdk::stream::mqtt::publish
[INFO] [stdout]   |       ^ expected one of `::`, `;`, or `as`
[INFO] [stdout] 
[INFO] [stdout] error: aborting due to 1 previous error
[INFO] [stdout] 
[INFO] [stdout] Couldn't compile the test.
[INFO] [stdout] ---- src/metrics/metrics.rs - metrics::metrics::submit_metrics (line 9) stdout ----
[INFO] [stdout] error: expected one of `::`, `;`, or `as`, found `-`
[INFO] [stdout]  --> src/metrics/metrics.rs:10:7
[INFO] [stdout]   |
[INFO] [stdout] 3 | use ws-sdk::metrics::submit_metrics
[INFO] [stdout]   |       ^ expected one of `::`, `;`, or `as`
[INFO] [stdout] 
[INFO] [stdout] error: aborting due to 1 previous error
[INFO] [stdout] 
[INFO] [stdout] Couldn't compile the test.
[INFO] [stdout] ---- src/stream/env.rs - stream::env::get_env (line 8) stdout ----
[INFO] [stdout] error: expected one of `::`, `;`, or `as`, found `-`
[INFO] [stdout]  --> src/stream/env.rs:9:7
[INFO] [stdout]   |
[INFO] [stdout] 3 | use ws-sdk::stream
[INFO] [stdout]   |       ^ expected one of `::`, `;`, or `as`
[INFO] [stdout] 
[INFO] [stdout] error: aborting due to 1 previous error
[INFO] [stdout] 
[INFO] [stdout] Couldn't compile the test.
[INFO] [stdout] ---- src/stream/data.rs - stream::data::get_data (line 8) stdout ----
[INFO] [stdout] error: expected one of `::`, `;`, or `as`, found `-`
[INFO] [stdout]  --> src/stream/data.rs:9:7
[INFO] [stdout]   |
[INFO] [stdout] 3 | use ws-sdk::stream::get_data
[INFO] [stdout]   |       ^ expected one of `::`, `;`, or `as`
[INFO] [stdout] 
[INFO] [stdout] error: aborting due to 1 previous error
[INFO] [stdout] 
[INFO] [stdout] Couldn't compile the test.
[INFO] [stdout] ---- src/stream/data.rs - stream::data::set_data (line 25) stdout ----
[INFO] [stdout] error: expected one of `::`, `;`, or `as`, found `-`
[INFO] [stdout]  --> src/stream/data.rs:26:7
[INFO] [stdout]   |
[INFO] [stdout] 3 | use ws-sdk::stream::set_data
[INFO] [stdout]   |       ^ expected one of `::`, `;`, or `as`
[INFO] [stdout] 
[INFO] [stdout] error: aborting due to 1 previous error
[INFO] [stdout] 
[INFO] [stdout] Couldn't compile the test.
[INFO] [stdout] 
[INFO] [stdout] failures:
[INFO] [stdout]     src/blockchain/jrpc.rs - blockchain::jrpc::call_contract (line 56)
[INFO] [stdout]     src/blockchain/jrpc.rs - blockchain::jrpc::send_tx (line 19)
[INFO] [stdout]     src/database/kv.rs - database::kv::get (line 8)
[INFO] [stdout]     src/database/kv.rs - database::kv::set (line 25)
[INFO] [stdout]     src/database/sql.rs - database::sql::execute (line 10)
[INFO] [stdout]     src/database/sql.rs - database::sql::query (line 32)
[INFO] [stdout]     src/log/log.rs - log::log::log_error (line 32)
[INFO] [stdout]     src/log/log.rs - log::log::log_info (line 17)
[INFO] [stdout]     src/metrics/metrics.rs - metrics::metrics::submit_metrics (line 9)
[INFO] [stdout]     src/stream/data.rs - stream::data::get_data (line 8)
[INFO] [stdout]     src/stream/data.rs - stream::data::set_data (line 25)
[INFO] [stdout]     src/stream/env.rs - stream::env::get_env (line 8)
[INFO] [stdout]     src/stream/mqtt.rs - stream::mqtt::publish (line 8)
[INFO] [stdout] 
[INFO] [stdout] test result: FAILED. 1 passed; 13 failed; 0 ignored; 0 measured; 0 filtered out; finished in 0.50s
[INFO] [stdout] 
[INFO] [stderr] error: doctest failed, to rerun pass `--doc`
[INFO] running `Command { std: "docker" "inspect" "a038ff61d2e32c54ff4e815975fd3f2c70e57ff538bfc17bfcc3f4f191590ba1", kill_on_drop: false }`
[INFO] running `Command { std: "docker" "rm" "-f" "a038ff61d2e32c54ff4e815975fd3f2c70e57ff538bfc17bfcc3f4f191590ba1", kill_on_drop: false }`
[INFO] [stdout] a038ff61d2e32c54ff4e815975fd3f2c70e57ff538bfc17bfcc3f4f191590ba1
